Build Information
Failed to build GlassFan, reference 0.1.0 (b60844), with Swift 6.1 for macOS (SPM) on 14 Sep 2026 09:16:33 UTC.
Build Command
env DEVELOPER_DIR=/Applications/Xcode-16.3.0.app xcrun swift build --arch arm64Build Log
========================================
RunAll
========================================
Builder version: 5.0.2
Interrupt handler set up.
========================================
Checkout
========================================
Clone URL: https://github.com/ny000815/GlassFan.git
Reference: 0.1.0
Initialized empty Git repository in /Users/admin/builder/spi-builder-workspace/.git/
From https://github.com/ny000815/GlassFan
* tag 0.1.0 -> FETCH_HEAD
HEAD is now at b608448 README: 検索性を上げる(同義語・バッジ・具体的な alt、ハンドル確定)
Cloned https://github.com/ny000815/GlassFan.git
Revision (git rev-parse @):
b60844855eec6d969752e9878089932e648610b4
SUCCESS checkout https://github.com/ny000815/GlassFan.git at 0.1.0
========================================
Build
========================================
Selected platform: macosSpm
Swift version: 6.1
Building package at path: $PWD
https://github.com/ny000815/GlassFan.git
https://github.com/ny000815/GlassFan.git
{
"dependencies" : [
],
"manifest_display_name" : "GlassFan",
"name" : "GlassFan",
"path" : "/Users/admin/builder/spi-builder-workspace",
"platforms" : [
{
"name" : "ios",
"version" : "26.0"
}
],
"products" : [
{
"name" : "GlassFan",
"targets" : [
"GlassFan"
],
"type" : {
"library" : [
"automatic"
]
}
}
],
"targets" : [
{
"c99name" : "GlassFan",
"module_type" : "SwiftTarget",
"name" : "GlassFan",
"path" : "Sources/GlassFan",
"product_memberships" : [
"GlassFan"
],
"sources" : [
"RadialAction.swift",
"RadialMenu.swift",
"RadialMenuLayer.swift"
],
"type" : "library"
}
],
"tools_version" : "6.0"
}
Running build ...
env DEVELOPER_DIR=/Applications/Xcode-16.3.0.app xcrun swift build --arch arm64 -Xswiftc -Xfrontend -Xswiftc -stats-output-dir -Xswiftc -Xfrontend -Xswiftc .stats
Building for debugging...
[0/2] Write sources
[1/2] Write swift-version-2F0A5646E1D333AE.txt
error: emit-module command failed with exit code 1 (use -v to see invocation)
[3/6] Emitting module GlassFan
/Users/admin/builder/spi-builder-workspace/Sources/GlassFan/RadialMenuLayer.swift:11:8: error: no such module 'UIKit'
9 |
10 | import SwiftUI
11 | import UIKit
| `- error: no such module 'UIKit'
12 |
13 | // MARK: - Layer
[4/6] Compiling GlassFan RadialMenuLayer.swift
/Users/admin/builder/spi-builder-workspace/Sources/GlassFan/RadialMenuLayer.swift:11:8: error: no such module 'UIKit'
9 |
10 | import SwiftUI
11 | import UIKit
| `- error: no such module 'UIKit'
12 |
13 | // MARK: - Layer
[5/6] Compiling GlassFan RadialAction.swift
/Users/admin/builder/spi-builder-workspace/Sources/GlassFan/RadialMenuLayer.swift:11:8: error: no such module 'UIKit'
9 |
10 | import SwiftUI
11 | import UIKit
| `- error: no such module 'UIKit'
12 |
13 | // MARK: - Layer
[6/6] Compiling GlassFan RadialMenu.swift
/Users/admin/builder/spi-builder-workspace/Sources/GlassFan/RadialMenuLayer.swift:11:8: error: no such module 'UIKit'
9 |
10 | import SwiftUI
11 | import UIKit
| `- error: no such module 'UIKit'
12 |
13 | // MARK: - Layer
Running build ...
env DEVELOPER_DIR=/Applications/Xcode-16.3.0.app xcrun swift build --arch arm64
[0/1] Planning build
Building for debugging...
[0/1] Write swift-version-2F0A5646E1D333AE.txt
error: emit-module command failed with exit code 1 (use -v to see invocation)
[2/5] Emitting module GlassFan
/Users/admin/builder/spi-builder-workspace/Sources/GlassFan/RadialMenuLayer.swift:11:8: error: no such module 'UIKit'
9 |
10 | import SwiftUI
11 | import UIKit
| `- error: no such module 'UIKit'
12 |
13 | // MARK: - Layer
[3/5] Compiling GlassFan RadialAction.swift
/Users/admin/builder/spi-builder-workspace/Sources/GlassFan/RadialMenuLayer.swift:11:8: error: no such module 'UIKit'
9 |
10 | import SwiftUI
11 | import UIKit
| `- error: no such module 'UIKit'
12 |
13 | // MARK: - Layer
[4/5] Compiling GlassFan RadialMenu.swift
/Users/admin/builder/spi-builder-workspace/Sources/GlassFan/RadialMenuLayer.swift:11:8: error: no such module 'UIKit'
9 |
10 | import SwiftUI
11 | import UIKit
| `- error: no such module 'UIKit'
12 |
13 | // MARK: - Layer
[5/5] Compiling GlassFan RadialMenuLayer.swift
/Users/admin/builder/spi-builder-workspace/Sources/GlassFan/RadialMenuLayer.swift:11:8: error: no such module 'UIKit'
9 |
10 | import SwiftUI
11 | import UIKit
| `- error: no such module 'UIKit'
12 |
13 | // MARK: - Layer
BUILD FAILURE 6.1 macosSpm