Build Information
Failed to build TTBaseUIKit, reference master (8cd532), with Swift 6.3 for watchOS using Xcode 26.4 on 19 Jul 2026 04:31:53 UTC.
Build Command
env DEVELOPER_DIR=/Applications/Xcode-26.4.0.app xcrun xcodebuild -IDEClonedSourcePackagesDirPathOverride=$PWD/.dependencies -skipMacroValidation -skipPackagePluginValidation -derivedDataPath $PWD/.derivedData build -scheme TTBaseUIKit -destination generic/platform=watchOSBuild Log
========================================
RunAll
========================================
Builder version: undefined version: run 'make version' to update
Interrupt handler set up.
========================================
Checkout
========================================
Clone URL: https://github.com/tqtuan1201/TTBaseUIKit.git
Reference: master
Initialized empty Git repository in /Users/admin/builder/spi-builder-workspace/.git/
From https://github.com/tqtuan1201/TTBaseUIKit
* branch master -> FETCH_HEAD
* [new branch] master -> origin/master
HEAD is now at 8cd532e docs: point TTBDebugPlus download to latest DMG on dev
Cloned https://github.com/tqtuan1201/TTBaseUIKit.git
Revision (git rev-parse @):
8cd532e3d7eb9f4c11c4208e6edeb5094cfc0d40
SUCCESS checkout https://github.com/tqtuan1201/TTBaseUIKit.git at master
========================================
Build
========================================
Selected platform: watchOS
Swift version: 6.3
Building package at path: $PWD
https://github.com/tqtuan1201/TTBaseUIKit.git
Command line invocation:
/Applications/Xcode-26.4.0.app/Contents/Developer/usr/bin/xcodebuild -IDEClonedSourcePackagesDirPathOverride=/Users/admin/builder/spi-builder-workspace/.dependencies -resolvePackageDependencies
Resolve Package Graph
Resolve Package Graph
Resolved source packages:
TTBaseUIKit: /Users/admin/builder/spi-builder-workspace
resolved source packages: TTBaseUIKit
2026-07-19 00:31:20.786 xcodebuild[537:3065] [MT] IDERunDestination: Supported platforms for the buildables in the current scheme is empty.
{
"dependencies" : [
],
"manifest_display_name" : "TTBaseUIKit",
"name" : "TTBaseUIKit",
"path" : "/Users/admin/builder/spi-builder-workspace",
"platforms" : [
{
"name" : "macos",
"version" : "10.15"
},
{
"name" : "ios",
"version" : "14.0"
},
{
"name" : "tvos",
"version" : "14.0"
},
{
"name" : "watchos",
"version" : "8.0"
}
],
"products" : [
{
"name" : "TTBaseUIKit",
"targets" : [
"TTBaseUIKit"
],
"type" : {
"library" : [
"automatic"
]
}
}
],
"swift_languages_versions" : [
"5"
],
"targets" : [
{
"c99name" : "TTBaseUIKitTests",
"module_type" : "SwiftTarget",
"name" : "TTBaseUIKitTests",
"path" : "Tests/TTBaseUIKitTests",
"sources" : [
"TTBaseUIKitTests.swift"
],
"target_dependencies" : [
"TTBaseUIKit"
],
"type" : "test"
},
{
"c99name" : "TTBaseUIKit",
"module_type" : "SwiftTarget",
"name" : "TTBaseUIKit",
"path" : "Sources/TTBaseUIKit",
"product_memberships" : [
"TTBaseUIKit"
],
"resources" : [
{
"path" : "/Users/admin/builder/spi-builder-workspace/Sources/TTBaseUIKit/Support/Resources/Fonts/fa-light-300.ttf",
"rule" : {
"process" : {
}
}
},
{
"path" : "/Users/admin/builder/spi-builder-workspace/Sources/TTBaseUIKit/Support/Resources/Fonts/fa-regular-400.ttf",
"rule" : {
"process" : {
}
}
},
{
"path" : "/Users/admin/builder/spi-builder-workspace/Sources/TTBaseUIKit/Support/Resources/Images/gif/empty.gif",
"rule" : {
"process" : {
}
}
},
{
"path" : "/Users/admin/builder/spi-builder-workspace/Sources/TTBaseUIKit/Support/Resources/Images/img.NoImage.png",
"rule" : {
"process" : {
}
}
},
{
"path" : "/Users/admin/builder/spi-builder-workspace/Sources/TTBaseUIKit/Support/Resources/Images/img.NoImage1.png",
"rule" : {
"process" : {
}
}
},
{
"path" : "/Users/admin/builder/spi-builder-workspace/Sources/TTBaseUIKit/Support/Resources/Images/img.NoImage2.png",
"rule" : {
"process" : {
}
}
},
{
"path" : "/Users/admin/builder/spi-builder-workspace/Sources/TTBaseUIKit/Support/Resources/Images/img.hideKeyboard.png",
"rule" : {
"process" : {
}
}
},
{
"path" : "/Users/admin/builder/spi-builder-workspace/Sources/TTBaseUIKit/Support/Resources/Images/img.icon.down.png",
"rule" : {
"process" : {
}
}
},
{
"path" : "/Users/admin/builder/spi-builder-workspace/Sources/TTBaseUIKit/Support/Resources/Images/img.log.png",
"rule" : {
"process" : {
}
}
},
{
"path" : "/Users/admin/builder/spi-builder-workspace/Sources/TTBaseUIKit/Support/Resources/Images/img.logo.Def.png",
"rule" : {
"process" : {
}
}
},
{
"path" : "/Users/admin/builder/spi-builder-workspace/Sources/TTBaseUIKit/Support/Resources/Images/img.logo.idea.png",
"rule" : {
"process" : {
}
}
}
],
"sources" : [
"BaseConfig/BaseConfigRepresentable.swift",
"BaseConfig/Configuration.swift",
"BaseConfig/Constant.swift",
"BaseConfig/FontConfig.swift",
"BaseConfig/ParamConfig.swift",
"BaseConfig/SharedData.swift",
"BaseConfig/SizeConfig.swift",
"BaseConfig/StyleConfig.swift",
"BaseConfig/ValueConfig.swift",
"BaseConfig/ViewConfig.swift",
"Coordinators/Coordinator.swift",
"CustomView/BaseUIView/BaBaseGradientUIImageView.swift",
"CustomView/BaseUIView/BaseBadgeInsetLabel.swift",
"CustomView/BaseUIView/BaseBorderTrailView.swift",
"CustomView/BaseUIView/BaseButtonBadge.swift",
"CustomView/BaseUIView/BaseCircleLabel.swift",
"CustomView/BaseUIView/BaseCustomViewRepresentable.swift",
"CustomView/BaseUIView/BaseDropdownCustomView.swift",
"CustomView/BaseUIView/BaseHeaderView.swift",
"CustomView/BaseUIView/BaseIconCircleView.swift",
"CustomView/BaseUIView/BaseInsetLabel.swift",
"CustomView/BaseUIView/BaseLabelIconHorizontalView.swift",
"CustomView/BaseUIView/BaseLabelTextViewByVerticalView.swift",
"CustomView/BaseUIView/BaseLableWithButtonView.swift",
"CustomView/BaseUIView/BaseLinePinView.swift",
"CustomView/BaseUIView/BaseLinePinsView.swift",
"CustomView/BaseUIView/BaseNewSegmentedControl.swift",
"CustomView/BaseUIView/BasePaddingGenericView.swift",
"CustomView/BaseUIView/BasePanelButtonView.swift",
"CustomView/BaseUIView/BasePanelViewUIStackView.swift",
"CustomView/BaseUIView/BasePasswordUITextField.swift",
"CustomView/BaseUIView/BaseRadioButtonView.swift",
"CustomView/BaseUIView/BaseScrollHorizontalUIStackView.swift",
"CustomView/BaseUIView/BaseScrollPanelView.swift",
"CustomView/BaseUIView/BaseScrollUIStackView.swift",
"CustomView/BaseUIView/BaseSearchView.swift",
"CustomView/BaseUIView/BaseShadowPanelView.swift",
"CustomView/BaseUIView/BaseSkeletonMarkView.swift",
"CustomView/BaseUIView/BaseSquarePinView.swift",
"CustomView/BaseUIView/BaseSquarePinsView.swift",
"CustomView/BaseUIView/BaseStackPanelView.swift",
"CustomView/BaseUIView/BaseStackShadowPanelView.swift",
"CustomView/BaseUIView/BaseTextViewWithPlaceHolderView.swift",
"CustomView/BaseUIView/BaseTitlePanelView.swift",
"CustomView/BaseUIView/BaseTriangleView.swift",
"CustomView/BaseUIView/BaseTwoStackButtonView.swift",
"CustomView/BaseUIView/BaseUIButton.swift",
"CustomView/BaseUIView/BaseUICollectionView.swift",
"CustomView/BaseUIView/BaseUICricleView.swift",
"CustomView/BaseUIView/BaseUIImageFontView.swift",
"CustomView/BaseUIView/BaseUIImageView.swift",
"CustomView/BaseUIView/BaseUILabel.swift",
"CustomView/BaseUIView/BaseUINavigationView.swift",
"CustomView/BaseUIView/BaseUIProgressView.swift",
"CustomView/BaseUIView/BaseUISearchBar.swift",
"CustomView/BaseUIView/BaseUISegmentedControl.swift",
"CustomView/BaseUIView/BaseUIStackView.swift",
"CustomView/BaseUIView/BaseUITableView.swift",
"CustomView/BaseUIView/BaseUITextField.swift",
"CustomView/BaseUIView/BaseUITextView.swift",
"CustomView/BaseUIView/BaseUIView.swift",
"CustomView/BaseUIView/BaseWKWebView.swift",
"CustomView/BaseUIView/ButtonsPanelStackView.swift",
"CustomView/BaseUIView/CellColectionView/BaseShadowCollectionViewCell.swift",
"CustomView/BaseUIView/CellColectionView/BaseUICollectionViewCell.swift",
"CustomView/BaseUIView/CellColectionView/SlideImageCollectionViewCell.swift",
"CustomView/BaseUIView/CellHeaderFooterTableView/BaseUITableViewHeaderFooterView.swift",
"CustomView/BaseUIView/CellHeaderFooterTableView/LineTableHeaderFooterViewCell.swift",
"CustomView/BaseUIView/CellHeaderFooterTableView/SpaceTableHeaderViewCell.swift",
"CustomView/BaseUIView/CellHeaderFooterTableView/TextLeftRightTableHeaderFooterViewCell.swift",
"CustomView/BaseUIView/CellHeaderFooterTableView/TextSubTextTableHeaderFooterViewCell.swift",
"CustomView/BaseUIView/CellHeaderFooterTableView/TextTableHeaderFooterViewCell.swift",
"CustomView/BaseUIView/CellTableView/BaseShadowTableViewCell.swift",
"CustomView/BaseUIView/CellTableView/BaseTextSubtextHorTableViewCell.swift",
"CustomView/BaseUIView/CellTableView/BaseUITableViewCell.swift",
"CustomView/BaseUIView/CellTableView/IconTextSubtextTableViewCell.swift",
"CustomView/BaseUIView/CellTableView/IconTextSubtextTextSubTextRightTableViewCell.swift",
"CustomView/BaseUIView/CellTableView/TextIconTableViewCell.swift",
"CustomView/BaseUIView/CellTableView/TextSubtextIconTableViewCell.swift",
"CustomView/BaseUIView/CircleProgressView.swift",
"CustomView/BaseUIView/DatePicker/BaseDatePicker.swift",
"CustomView/BaseUIView/DatePicker/BaseMonthYearPicker.swift",
"CustomView/BaseUIView/DismissView.swift",
"CustomView/BaseUIView/NotificationView/BaseNotificationView.swift",
"CustomView/BaseUIView/NotificationView/BaseNotificationViewConfig.swift",
"CustomView/BaseUIView/PopupView/BasePopupViewController.swift",
"CustomView/BaseUIView/PopupView/PopupViewController.swift",
"CustomView/BaseUIView/PresentationController/BasePresentationController.swift",
"CustomView/BaseUIView/PresentationController/CoverVerticalPresentationController.swift",
"CustomView/BaseUIView/PresentationController/CoverVerticalViewController.swift",
"CustomView/BaseUIView/UIImageCircleView.swift",
"CustomView/BaseUIView/UIImageFontCircleView.swift",
"CustomView/BaseUIView/UIImageFontPaddingView.swift",
"CustomView/BaseUIView/ViewController/BaseMessagePopupViewController.swift",
"CustomView/BaseUIView/ViewController/BaseScrollViewController.swift",
"CustomView/BaseUIView/ViewController/BaseStackScrollViewController.swift",
"CustomView/BaseUIView/ViewController/BaseUICollectionViewController.swift",
"CustomView/BaseUIView/ViewController/BaseUISearchViewController.swift",
"CustomView/BaseUIView/ViewController/BaseUITableViewController.swift",
"CustomView/BaseUIView/ViewController/BaseUIViewController.swift",
"CustomView/Custom/BaseTwoButtonDiffWidthView.swift",
"CustomView/Custom/ButtonPanelView.swift",
"CustomView/Custom/IconLabelHorizontalView.swift",
"CustomView/Custom/IconLabelTextFieldHorizontalView.swift",
"CustomView/Custom/IconLabelTextFieldView.swift",
"CustomView/Custom/IconLabelView.swift",
"CustomView/Custom/LabelLeftRightView.swift",
"CustomView/Custom/LabelTextFieldView.swift",
"CustomView/Custom/LableSubLabelView.swift",
"CustomView/Custom/LineView.swift",
"CustomView/Custom/PanelScrollView.swift",
"CustomView/Custom/RowTableView.swift",
"CustomView/Custom/TTBaseShadowView.swift",
"CustomView/Custom/TwoButtomView.swift",
"CustomView/Helpers/ContraintHelpers.swift",
"CustomView/ViewCodable/ViewCodable.swift",
"Extensions/CLLocationCoordinate2D+Config.swift",
"Extensions/Date+Config.swift",
"Extensions/Double+Config.swift",
"Extensions/Encodable+Config.swift",
"Extensions/General+Config.swift",
"Extensions/String+Config.swift",
"Extensions/UIApplication+Config.swift",
"Extensions/UIColor+Config.swift",
"Extensions/UIScrollView+Config.swift",
"Extensions/UITableView+UICollectionView.swift",
"Extensions/UIView+Config.swift",
"Extensions/UIViewController+Config.swift",
"Service.swift",
"Support/AwesomePro.swift",
"Support/DebugBridge/ConnectionDiagnostics.swift",
"Support/DebugBridge/DebugBridgeStatusView.swift",
"Support/DebugBridge/DebugProtocol.swift",
"Support/DebugBridge/LogInterceptor.swift",
"Support/DebugBridge/NetworkDiagnosticUtils.swift",
"Support/DebugBridge/QRScannerView.swift",
"Support/DebugBridge/TTDebugBridge.swift",
"Support/Ekhoo_Device/Device.swift",
"Support/Ekhoo_Device/DeviceSize.swift",
"Support/Ekhoo_Device/DeviceType.swift",
"Support/Ekhoo_Device/DeviceVersion.swift",
"Support/Helper/LogView/Components/FilterBarView.swift",
"Support/Helper/LogView/Components/JSONTextView.swift",
"Support/Helper/LogView/Components/LogRowView.swift",
"Support/Helper/LogView/Components/LogViewTheme.swift",
"Support/Helper/LogView/Extensions/LogViewModel+Extensions.swift",
"Support/Helper/LogView/LogViewHelper.swift",
"Support/Helper/LogView/Model/LogTrackingViewModel.swift",
"Support/Helper/LogView/Model/LogViewModel.swift",
"Support/Helper/LogView/Screens/LogDetailScreen.swift",
"Support/Helper/LogView/Screens/LogListScreen.swift",
"Support/Helper/LogView/ViewModels/LogDetailViewModel.swift",
"Support/Helper/LogView/ViewModels/LogListViewModel.swift",
"Support/Networking/TTBaseAPIService.swift",
"Support/Test/ListCellTestTableViewController.swift",
"Support/Utilities/GlobalFunctions.swift",
"Support/Utilities/JailbreakDetector.swift",
"Support/Utilities/SwiftHash.swift",
"Support/Utilities/TTBaseCheckNewVersion.swift",
"Support/Utilities/TTBaseDebugKit.swift",
"Support/Utilities/TTBaseFunc.swift",
"Support/Utilities/TTBaseNetworkSpeedTest.swift",
"Support/Utilities/TTBaseUIKitSetting.swift",
"Support/Utilities/TTBaseUtil.swift",
"Support/Utilities/TTLanguageManager.swift",
"Support/Utilities/TextValidation.swift",
"Support/Utilities/Validation.swift",
"Support/Utilities/VietNamLunar.swift",
"SwiftUIView/BaseStyle/BaseButtonStyle.swift",
"SwiftUIView/BaseViewModifier/TextBorderModifier.swift",
"SwiftUIView/BaseViews/BaseEqualHeightGridView.swift",
"SwiftUIView/BaseViews/BaseHorizontalDivider.swift",
"SwiftUIView/BaseViews/BaseNavigationLink.swift",
"SwiftUIView/BaseViews/BaseNewVersionPopupView.swift",
"SwiftUIView/BaseViews/BaseSUIAsyncImage.swift",
"SwiftUIView/BaseViews/BaseSUIButton.swift",
"SwiftUIView/BaseViews/BaseSUICircleImage.swift",
"SwiftUIView/BaseViews/BaseSUIGroup.swift",
"SwiftUIView/BaseViews/BaseSUIHStack.swift",
"SwiftUIView/BaseViews/BaseSUIImage.swift",
"SwiftUIView/BaseViews/BaseSUILazyHGrid.swift",
"SwiftUIView/BaseViews/BaseSUILazyHStack.swift",
"SwiftUIView/BaseViews/BaseSUILazyVGrid.swift",
"SwiftUIView/BaseViews/BaseSUILazyVStack.swift",
"SwiftUIView/BaseViews/BaseSUIList.swift",
"SwiftUIView/BaseViews/BaseSUIProgressView.swift",
"SwiftUIView/BaseViews/BaseSUIScroll.swift",
"SwiftUIView/BaseViews/BaseSUIShadowView.swift",
"SwiftUIView/BaseViews/BaseSUISlider.swift",
"SwiftUIView/BaseViews/BaseSUISpacer.swift",
"SwiftUIView/BaseViews/BaseSUITabView.swift",
"SwiftUIView/BaseViews/BaseSUIText.swift",
"SwiftUIView/BaseViews/BaseSUITextField.swift",
"SwiftUIView/BaseViews/BaseSUIToggle.swift",
"SwiftUIView/BaseViews/BaseSUIVStack.swift",
"SwiftUIView/BaseViews/BaseSUIVerticalDivider.swift",
"SwiftUIView/BaseViews/BaseSUIView.swift",
"SwiftUIView/BaseViews/BaseSUIZStack.swift",
"SwiftUIView/Extension+Configs/HostingController+Configs+Extension.swift",
"SwiftUIView/Extension+Configs/TTBaseUIKit+SwiftUI.swift",
"SwiftUIView/Extension+Configs/UITabBar+Config+Extension.swift",
"SwiftUIView/Extension+Configs/View+Config+Extension.swift",
"SwiftUIView/Extension+Configs/View+LayoutPriority.swift",
"SwiftUIView/Extension+Configs/View+LiquidGlass+Extension.swift",
"SwiftUIView/Extension+Configs/View+Spacing.swift",
"SwiftUIView/Extension+Configs/View+Style.swift",
"SwiftUIView/Extension+Configs/View+Swipe.swift",
"SwiftUIView/UIViewPreview/UIViewLivePreview.swift",
"SwiftUIView/Util+Animations/SUIUtil+Extensions.swift",
"SwiftUIView/Util+Animations/Shimmer.swift"
],
"type" : "library"
}
],
"tools_version" : "5.6"
}
{
"workspace" : {
"name" : "spi-builder-workspace",
"schemes" : [
"TTBaseUIKit"
]
}
}
2026-07-19 00:31:43.251 xcodebuild[744:4592] [MT] IDERunDestination: Supported platforms for the buildables in the current scheme is empty.
Running build ...
env DEVELOPER_DIR=/Applications/Xcode-26.4.0.app xcrun xcodebuild -IDEClonedSourcePackagesDirPathOverride=$PWD/.dependencies -skipMacroValidation -skipPackagePluginValidation -derivedDataPath $PWD/.derivedData build -scheme TTBaseUIKit -destination generic/platform=watchOS
Command line invocation:
/Applications/Xcode-26.4.0.app/Contents/Developer/usr/bin/xcodebuild -IDEClonedSourcePackagesDirPathOverride=/Users/admin/builder/spi-builder-workspace/.dependencies -skipMacroValidation -skipPackagePluginValidation -derivedDataPath /Users/admin/builder/spi-builder-workspace/.derivedData build -scheme TTBaseUIKit -destination generic/platform=watchOS
Resolve Package Graph
Resolved source packages:
TTBaseUIKit: /Users/admin/builder/spi-builder-workspace
ComputePackagePrebuildTargetDependencyGraph
Prepare packages
CreateBuildRequest
SendProjectDescription
CreateBuildOperation
ComputeTargetDependencyGraph
note: Building targets in dependency order
note: Target dependency graph (3 targets)
Target 'TTBaseUIKit' in project 'TTBaseUIKit'
➜ Explicit dependency on target 'TTBaseUIKit' in project 'TTBaseUIKit'
➜ Explicit dependency on target 'TTBaseUIKit_TTBaseUIKit' in project 'TTBaseUIKit'
Target 'TTBaseUIKit' in project 'TTBaseUIKit'
➜ Explicit dependency on target 'TTBaseUIKit_TTBaseUIKit' in project 'TTBaseUIKit'
Target 'TTBaseUIKit_TTBaseUIKit' in project 'TTBaseUIKit' (no dependencies)
GatherProvisioningInputs
CreateBuildDescription
ExecuteExternalTool /Applications/Xcode-26.4.0.app/Contents/Developer/Toolchains/XcodeDefault.xctoolchain/usr/bin/clang -v -E -dM -isysroot /Applications/Xcode-26.4.0.app/Contents/Developer/Platforms/WatchOS.platform/Developer/SDKs/WatchOS26.4.sdk -x c -c /dev/null
ExecuteExternalTool /Applications/Xcode-26.4.0.app/Contents/Developer/Toolchains/XcodeDefault.xctoolchain/usr/bin/swiftc --version
ExecuteExternalTool /Applications/Xcode-26.4.0.app/Contents/Developer/Toolchains/XcodeDefault.xctoolchain/usr/bin/ld -version_details
Build description signature: a0137f0f9788840d77a12f12ed6db3bd
Build description path: /Users/admin/builder/spi-builder-workspace/.derivedData/Build/Intermediates.noindex/XCBuildData/a0137f0f9788840d77a12f12ed6db3bd.xcbuilddata
ClangStatCache /Applications/Xcode-26.4.0.app/Contents/Developer/Toolchains/XcodeDefault.xctoolchain/usr/bin/clang-stat-cache /Applications/Xcode-26.4.0.app/Contents/Developer/Platforms/WatchOS.platform/Developer/SDKs/WatchOS26.4.sdk /Users/admin/builder/spi-builder-workspace/.derivedData/SDKStatCaches.noindex/watchos26.4-23T238-688ef53f1462e2c8f657fdc38a81448f9e51884a582f42380855760c9d4cc599.sdkstatcache
cd /Users/admin/builder/spi-builder-workspace/.swiftpm/xcode
/Applications/Xcode-26.4.0.app/Contents/Developer/Toolchains/XcodeDefault.xctoolchain/usr/bin/clang-stat-cache /Applications/Xcode-26.4.0.app/Contents/Developer/Platforms/WatchOS.platform/Developer/SDKs/WatchOS26.4.sdk -o /Users/admin/builder/spi-builder-workspace/.derivedData/SDKStatCaches.noindex/watchos26.4-23T238-688ef53f1462e2c8f657fdc38a81448f9e51884a582f42380855760c9d4cc599.sdkstatcache
CreateBuildDirectory /Users/admin/builder/spi-builder-workspace/.derivedData/Build/Products
cd /Users/admin/builder/spi-builder-workspace/.swiftpm/xcode
builtin-create-build-directory /Users/admin/builder/spi-builder-workspace/.derivedData/Build/Products
CreateBuildDirectory /Users/admin/builder/spi-builder-workspace/.derivedData/Build/Intermediates.noindex
cd /Users/admin/builder/spi-builder-workspace/.swiftpm/xcode
builtin-create-build-directory /Users/admin/builder/spi-builder-workspace/.derivedData/Build/Intermediates.noindex
CreateBuildDirectory /Users/admin/builder/spi-builder-workspace/.derivedData/Build/Products/Debug-watchos
cd /Users/admin/builder/spi-builder-workspace/.swiftpm/xcode
builtin-create-build-directory /Users/admin/builder/spi-builder-workspace/.derivedData/Build/Products/Debug-watchos
CreateBuildDirectory /Users/admin/builder/spi-builder-workspace/.derivedData/Build/Intermediates.noindex/SwiftExplicitPrecompiledModules
cd /Users/admin/builder/spi-builder-workspace/.swiftpm/xcode
builtin-create-build-directory /Users/admin/builder/spi-builder-workspace/.derivedData/Build/Intermediates.noindex/SwiftExplicitPrecompiledModules
CreateBuildDirectory /Users/admin/builder/spi-builder-workspace/.derivedData/Build/Intermediates.noindex/ExplicitPrecompiledModules
cd /Users/admin/builder/spi-builder-workspace/.swiftpm/xcode
builtin-create-build-directory /Users/admin/builder/spi-builder-workspace/.derivedData/Build/Intermediates.noindex/ExplicitPrecompiledModules
CreateBuildDirectory /Users/admin/builder/spi-builder-workspace/.derivedData/Build/Intermediates.noindex/EagerLinkingTBDs/Debug-watchos
cd /Users/admin/builder/spi-builder-workspace/.swiftpm/xcode
builtin-create-build-directory /Users/admin/builder/spi-builder-workspace/.derivedData/Build/Intermediates.noindex/EagerLinkingTBDs/Debug-watchos
CreateBuildDirectory /Users/admin/builder/spi-builder-workspace/.derivedData/Build/Products/Debug-watchos/PackageFrameworks
cd /Users/admin/builder/spi-builder-workspace/.swiftpm/xcode
builtin-create-build-directory /Users/admin/builder/spi-builder-workspace/.derivedData/Build/Products/Debug-watchos/PackageFrameworks
WriteAuxiliaryFile /Users/admin/builder/spi-builder-workspace/.derivedData/Build/Intermediates.noindex/TTBaseUIKit.build/Debug-watchos/TTBaseUIKit_TTBaseUIKit.build/TTBaseUIKit_TTBaseUIKit.DependencyMetadataFileList (in target 'TTBaseUIKit_TTBaseUIKit' from project 'TTBaseUIKit')
cd /Users/admin/builder/spi-builder-workspace
write-file /Users/admin/builder/spi-builder-workspace/.derivedData/Build/Intermediates.noindex/TTBaseUIKit.build/Debug-watchos/TTBaseUIKit_TTBaseUIKit.build/TTBaseUIKit_TTBaseUIKit.DependencyMetadataFileList
WriteAuxiliaryFile /Users/admin/builder/spi-builder-workspace/.derivedData/Build/Intermediates.noindex/TTBaseUIKit.build/Debug-watchos/TTBaseUIKit_TTBaseUIKit.build/empty-TTBaseUIKit_TTBaseUIKit.plist (in target 'TTBaseUIKit_TTBaseUIKit' from project 'TTBaseUIKit')
cd /Users/admin/builder/spi-builder-workspace
write-file /Users/admin/builder/spi-builder-workspace/.derivedData/Build/Intermediates.noindex/TTBaseUIKit.build/Debug-watchos/TTBaseUIKit_TTBaseUIKit.build/empty-TTBaseUIKit_TTBaseUIKit.plist
WriteAuxiliaryFile /Users/admin/builder/spi-builder-workspace/.derivedData/Build/Intermediates.noindex/TTBaseUIKit.build/Debug-watchos/TTBaseUIKit.build/TTBaseUIKit.DependencyStaticMetadataFileList (in target 'TTBaseUIKit' from project 'TTBaseUIKit')
cd /Users/admin/builder/spi-builder-workspace
write-file /Users/admin/builder/spi-builder-workspace/.derivedData/Build/Intermediates.noindex/TTBaseUIKit.build/Debug-watchos/TTBaseUIKit.build/TTBaseUIKit.DependencyStaticMetadataFileList
WriteAuxiliaryFile /Users/admin/builder/spi-builder-workspace/.derivedData/Build/Intermediates.noindex/TTBaseUIKit.build/Debug-watchos/TTBaseUIKit_TTBaseUIKit.build/TTBaseUIKit_TTBaseUIKit.DependencyStaticMetadataFileList (in target 'TTBaseUIKit_TTBaseUIKit' from project 'TTBaseUIKit')
cd /Users/admin/builder/spi-builder-workspace
write-file /Users/admin/builder/spi-builder-workspace/.derivedData/Build/Intermediates.noindex/TTBaseUIKit.build/Debug-watchos/TTBaseUIKit_TTBaseUIKit.build/TTBaseUIKit_TTBaseUIKit.DependencyStaticMetadataFileList
WriteAuxiliaryFile /Users/admin/builder/spi-builder-workspace/.derivedData/Build/Intermediates.noindex/TTBaseUIKit.build/Debug-watchos/TTBaseUIKit.build/TTBaseUIKit.modulemap (in target 'TTBaseUIKit' from project 'TTBaseUIKit')
cd /Users/admin/builder/spi-builder-workspace
write-file /Users/admin/builder/spi-builder-workspace/.derivedData/Build/Intermediates.noindex/TTBaseUIKit.build/Debug-watchos/TTBaseUIKit.build/TTBaseUIKit.modulemap
WriteAuxiliaryFile /Users/admin/builder/spi-builder-workspace/.derivedData/Build/Intermediates.noindex/TTBaseUIKit.build/Debug-watchos/TTBaseUIKit.build/TTBaseUIKit.DependencyMetadataFileList (in target 'TTBaseUIKit' from project 'TTBaseUIKit')
cd /Users/admin/builder/spi-builder-workspace
write-file /Users/admin/builder/spi-builder-workspace/.derivedData/Build/Intermediates.noindex/TTBaseUIKit.build/Debug-watchos/TTBaseUIKit.build/TTBaseUIKit.DependencyMetadataFileList
WriteAuxiliaryFile /Users/admin/builder/spi-builder-workspace/.derivedData/Build/Intermediates.noindex/TTBaseUIKit.build/Debug-watchos/TTBaseUIKit.build/Objects-normal/armv7k/TTBaseUIKit_const_extract_protocols.json (in target 'TTBaseUIKit' from project 'TTBaseUIKit')
cd /Users/admin/builder/spi-builder-workspace
write-file /Users/admin/builder/spi-builder-workspace/.derivedData/Build/Intermediates.noindex/TTBaseUIKit.build/Debug-watchos/TTBaseUIKit.build/Objects-normal/armv7k/TTBaseUIKit_const_extract_protocols.json
WriteAuxiliaryFile /Users/admin/builder/spi-builder-workspace/.derivedData/Build/Intermediates.noindex/TTBaseUIKit.build/Debug-watchos/TTBaseUIKit.build/Objects-normal/armv7k/TTBaseUIKit-OutputFileMap.json (in target 'TTBaseUIKit' from project 'TTBaseUIKit')
cd /Users/admin/builder/spi-builder-workspace
write-file /Users/admin/builder/spi-builder-workspace/.derivedData/Build/Intermediates.noindex/TTBaseUIKit.build/Debug-watchos/TTBaseUIKit.build/Objects-normal/armv7k/TTBaseUIKit-OutputFileMap.json
WriteAuxiliaryFile /Users/admin/builder/spi-builder-workspace/.derivedData/Build/Intermediates.noindex/TTBaseUIKit.build/Debug-watchos/TTBaseUIKit.build/Objects-normal/arm64_32/TTBaseUIKit_const_extract_protocols.json (in target 'TTBaseUIKit' from project 'TTBaseUIKit')
cd /Users/admin/builder/spi-builder-workspace
write-file /Users/admin/builder/spi-builder-workspace/.derivedData/Build/Intermediates.noindex/TTBaseUIKit.build/Debug-watchos/TTBaseUIKit.build/Objects-normal/arm64_32/TTBaseUIKit_const_extract_protocols.json
WriteAuxiliaryFile /Users/admin/builder/spi-builder-workspace/.derivedData/Build/Intermediates.noindex/TTBaseUIKit.build/Debug-watchos/TTBaseUIKit.build/Objects-normal/armv7k/TTBaseUIKit.SwiftFileList (in target 'TTBaseUIKit' from project 'TTBaseUIKit')
cd /Users/admin/builder/spi-builder-workspace
write-file /Users/admin/builder/spi-builder-workspace/.derivedData/Build/Intermediates.noindex/TTBaseUIKit.build/Debug-watchos/TTBaseUIKit.build/Objects-normal/armv7k/TTBaseUIKit.SwiftFileList
WriteAuxiliaryFile /Users/admin/builder/spi-builder-workspace/.derivedData/Build/Intermediates.noindex/TTBaseUIKit.build/Debug-watchos/TTBaseUIKit.build/Objects-normal/armv7k/TTBaseUIKit.SwiftConstValuesFileList (in target 'TTBaseUIKit' from project 'TTBaseUIKit')
cd /Users/admin/builder/spi-builder-workspace
write-file /Users/admin/builder/spi-builder-workspace/.derivedData/Build/Intermediates.noindex/TTBaseUIKit.build/Debug-watchos/TTBaseUIKit.build/Objects-normal/armv7k/TTBaseUIKit.SwiftConstValuesFileList
WriteAuxiliaryFile /Users/admin/builder/spi-builder-workspace/.derivedData/Build/Intermediates.noindex/TTBaseUIKit.build/Debug-watchos/TTBaseUIKit.build/Objects-normal/armv7k/TTBaseUIKit.LinkFileList (in target 'TTBaseUIKit' from project 'TTBaseUIKit')
cd /Users/admin/builder/spi-builder-workspace
write-file /Users/admin/builder/spi-builder-workspace/.derivedData/Build/Intermediates.noindex/TTBaseUIKit.build/Debug-watchos/TTBaseUIKit.build/Objects-normal/armv7k/TTBaseUIKit.LinkFileList
WriteAuxiliaryFile /Users/admin/builder/spi-builder-workspace/.derivedData/Build/Intermediates.noindex/TTBaseUIKit.build/Debug-watchos/TTBaseUIKit.build/Objects-normal/arm64_32/TTBaseUIKit.SwiftFileList (in target 'TTBaseUIKit' from project 'TTBaseUIKit')
cd /Users/admin/builder/spi-builder-workspace
write-file /Users/admin/builder/spi-builder-workspace/.derivedData/Build/Intermediates.noindex/TTBaseUIKit.build/Debug-watchos/TTBaseUIKit.build/Objects-normal/arm64_32/TTBaseUIKit.SwiftFileList
WriteAuxiliaryFile /Users/admin/builder/spi-builder-workspace/.derivedData/Build/Intermediates.noindex/TTBaseUIKit.build/Debug-watchos/TTBaseUIKit.build/Objects-normal/arm64_32/TTBaseUIKit.SwiftConstValuesFileList (in target 'TTBaseUIKit' from project 'TTBaseUIKit')
cd /Users/admin/builder/spi-builder-workspace
write-file /Users/admin/builder/spi-builder-workspace/.derivedData/Build/Intermediates.noindex/TTBaseUIKit.build/Debug-watchos/TTBaseUIKit.build/Objects-normal/arm64_32/TTBaseUIKit.SwiftConstValuesFileList
WriteAuxiliaryFile /Users/admin/builder/spi-builder-workspace/.derivedData/Build/Intermediates.noindex/TTBaseUIKit.build/Debug-watchos/TTBaseUIKit.build/Objects-normal/arm64_32/TTBaseUIKit.LinkFileList (in target 'TTBaseUIKit' from project 'TTBaseUIKit')
cd /Users/admin/builder/spi-builder-workspace
write-file /Users/admin/builder/spi-builder-workspace/.derivedData/Build/Intermediates.noindex/TTBaseUIKit.build/Debug-watchos/TTBaseUIKit.build/Objects-normal/arm64_32/TTBaseUIKit.LinkFileList
WriteAuxiliaryFile /Users/admin/builder/spi-builder-workspace/.derivedData/Build/Intermediates.noindex/TTBaseUIKit.build/Debug-watchos/TTBaseUIKit.build/Objects-normal/arm64_32/TTBaseUIKit-OutputFileMap.json (in target 'TTBaseUIKit' from project 'TTBaseUIKit')
cd /Users/admin/builder/spi-builder-workspace
write-file /Users/admin/builder/spi-builder-workspace/.derivedData/Build/Intermediates.noindex/TTBaseUIKit.build/Debug-watchos/TTBaseUIKit.build/Objects-normal/arm64_32/TTBaseUIKit-OutputFileMap.json
WriteAuxiliaryFile /Users/admin/builder/spi-builder-workspace/.derivedData/Build/Intermediates.noindex/TTBaseUIKit.build/Debug-watchos/TTBaseUIKit.build/Objects-normal/arm64/TTBaseUIKit.SwiftConstValuesFileList (in target 'TTBaseUIKit' from project 'TTBaseUIKit')
cd /Users/admin/builder/spi-builder-workspace
write-file /Users/admin/builder/spi-builder-workspace/.derivedData/Build/Intermediates.noindex/TTBaseUIKit.build/Debug-watchos/TTBaseUIKit.build/Objects-normal/arm64/TTBaseUIKit.SwiftConstValuesFileList
WriteAuxiliaryFile /Users/admin/builder/spi-builder-workspace/.derivedData/Build/Intermediates.noindex/TTBaseUIKit.build/Debug-watchos/TTBaseUIKit.build/Objects-normal/arm64/TTBaseUIKit_const_extract_protocols.json (in target 'TTBaseUIKit' from project 'TTBaseUIKit')
cd /Users/admin/builder/spi-builder-workspace
write-file /Users/admin/builder/spi-builder-workspace/.derivedData/Build/Intermediates.noindex/TTBaseUIKit.build/Debug-watchos/TTBaseUIKit.build/Objects-normal/arm64/TTBaseUIKit_const_extract_protocols.json
WriteAuxiliaryFile /Users/admin/builder/spi-builder-workspace/.derivedData/Build/Intermediates.noindex/TTBaseUIKit.build/Debug-watchos/TTBaseUIKit.build/Objects-normal/arm64/TTBaseUIKit.SwiftFileList (in target 'TTBaseUIKit' from project 'TTBaseUIKit')
cd /Users/admin/builder/spi-builder-workspace
write-file /Users/admin/builder/spi-builder-workspace/.derivedData/Build/Intermediates.noindex/TTBaseUIKit.build/Debug-watchos/TTBaseUIKit.build/Objects-normal/arm64/TTBaseUIKit.SwiftFileList
WriteAuxiliaryFile /Users/admin/builder/spi-builder-workspace/.derivedData/Build/Intermediates.noindex/TTBaseUIKit.build/Debug-watchos/TTBaseUIKit.build/Objects-normal/arm64/TTBaseUIKit.LinkFileList (in target 'TTBaseUIKit' from project 'TTBaseUIKit')
cd /Users/admin/builder/spi-builder-workspace
write-file /Users/admin/builder/spi-builder-workspace/.derivedData/Build/Intermediates.noindex/TTBaseUIKit.build/Debug-watchos/TTBaseUIKit.build/Objects-normal/arm64/TTBaseUIKit.LinkFileList
WriteAuxiliaryFile /Users/admin/builder/spi-builder-workspace/.derivedData/Build/Intermediates.noindex/TTBaseUIKit.build/Debug-watchos/TTBaseUIKit.build/Objects-normal/arm64/TTBaseUIKit-OutputFileMap.json (in target 'TTBaseUIKit' from project 'TTBaseUIKit')
cd /Users/admin/builder/spi-builder-workspace
write-file /Users/admin/builder/spi-builder-workspace/.derivedData/Build/Intermediates.noindex/TTBaseUIKit.build/Debug-watchos/TTBaseUIKit.build/Objects-normal/arm64/TTBaseUIKit-OutputFileMap.json
WriteAuxiliaryFile /Users/admin/builder/spi-builder-workspace/.derivedData/Build/Intermediates.noindex/TTBaseUIKit.build/Debug-watchos/TTBaseUIKit.build/DerivedSources/resource_bundle_accessor.swift (in target 'TTBaseUIKit' from project 'TTBaseUIKit')
cd /Users/admin/builder/spi-builder-workspace
write-file /Users/admin/builder/spi-builder-workspace/.derivedData/Build/Intermediates.noindex/TTBaseUIKit.build/Debug-watchos/TTBaseUIKit.build/DerivedSources/resource_bundle_accessor.swift
MkDir /Users/admin/builder/spi-builder-workspace/.derivedData/Build/Products/Debug-watchos/TTBaseUIKit_TTBaseUIKit.bundle (in target 'TTBaseUIKit_TTBaseUIKit' from project 'TTBaseUIKit')
cd /Users/admin/builder/spi-builder-workspace
/bin/mkdir -p /Users/admin/builder/spi-builder-workspace/.derivedData/Build/Products/Debug-watchos/TTBaseUIKit_TTBaseUIKit.bundle
Copy /Users/admin/builder/spi-builder-workspace/.derivedData/Build/Intermediates.noindex/GeneratedModuleMaps-watchos/TTBaseUIKit.modulemap /Users/admin/builder/spi-builder-workspace/.derivedData/Build/Intermediates.noindex/TTBaseUIKit.build/Debug-watchos/TTBaseUIKit.build/TTBaseUIKit.modulemap (in target 'TTBaseUIKit' from project 'TTBaseUIKit')
cd /Users/admin/builder/spi-builder-workspace
builtin-copy -exclude .DS_Store -exclude CVS -exclude .svn -exclude .git -exclude .hg -resolve-src-symlinks /Users/admin/builder/spi-builder-workspace/.derivedData/Build/Intermediates.noindex/TTBaseUIKit.build/Debug-watchos/TTBaseUIKit.build/TTBaseUIKit.modulemap /Users/admin/builder/spi-builder-workspace/.derivedData/Build/Intermediates.noindex/GeneratedModuleMaps-watchos
CpResource /Users/admin/builder/spi-builder-workspace/.derivedData/Build/Products/Debug-watchos/TTBaseUIKit_TTBaseUIKit.bundle/img.logo.idea.png /Users/admin/builder/spi-builder-workspace/Sources/TTBaseUIKit/Support/Resources/Images/img.logo.idea.png (in target 'TTBaseUIKit_TTBaseUIKit' from project 'TTBaseUIKit')
cd /Users/admin/builder/spi-builder-workspace
builtin-copy -exclude .DS_Store -exclude CVS -exclude .svn -exclude .git -exclude .hg -resolve-src-symlinks /Users/admin/builder/spi-builder-workspace/Sources/TTBaseUIKit/Support/Resources/Images/img.logo.idea.png /Users/admin/builder/spi-builder-workspace/.derivedData/Build/Products/Debug-watchos/TTBaseUIKit_TTBaseUIKit.bundle
CpResource /Users/admin/builder/spi-builder-workspace/.derivedData/Build/Products/Debug-watchos/TTBaseUIKit_TTBaseUIKit.bundle/img.logo.Def.png /Users/admin/builder/spi-builder-workspace/Sources/TTBaseUIKit/Support/Resources/Images/img.logo.Def.png (in target 'TTBaseUIKit_TTBaseUIKit' from project 'TTBaseUIKit')
cd /Users/admin/builder/spi-builder-workspace
builtin-copy -exclude .DS_Store -exclude CVS -exclude .svn -exclude .git -exclude .hg -resolve-src-symlinks /Users/admin/builder/spi-builder-workspace/Sources/TTBaseUIKit/Support/Resources/Images/img.logo.Def.png /Users/admin/builder/spi-builder-workspace/.derivedData/Build/Products/Debug-watchos/TTBaseUIKit_TTBaseUIKit.bundle
CpResource /Users/admin/builder/spi-builder-workspace/.derivedData/Build/Products/Debug-watchos/TTBaseUIKit_TTBaseUIKit.bundle/img.log.png /Users/admin/builder/spi-builder-workspace/Sources/TTBaseUIKit/Support/Resources/Images/img.log.png (in target 'TTBaseUIKit_TTBaseUIKit' from project 'TTBaseUIKit')
cd /Users/admin/builder/spi-builder-workspace
builtin-copy -exclude .DS_Store -exclude CVS -exclude .svn -exclude .git -exclude .hg -resolve-src-symlinks /Users/admin/builder/spi-builder-workspace/Sources/TTBaseUIKit/Support/Resources/Images/img.log.png /Users/admin/builder/spi-builder-workspace/.derivedData/Build/Products/Debug-watchos/TTBaseUIKit_TTBaseUIKit.bundle
ProcessInfoPlistFile /Users/admin/builder/spi-builder-workspace/.derivedData/Build/Products/Debug-watchos/TTBaseUIKit_TTBaseUIKit.bundle/Info.plist /Users/admin/builder/spi-builder-workspace/.derivedData/Build/Intermediates.noindex/TTBaseUIKit.build/Debug-watchos/TTBaseUIKit_TTBaseUIKit.build/empty-TTBaseUIKit_TTBaseUIKit.plist (in target 'TTBaseUIKit_TTBaseUIKit' from project 'TTBaseUIKit')
cd /Users/admin/builder/spi-builder-workspace
builtin-infoPlistUtility /Users/admin/builder/spi-builder-workspace/.derivedData/Build/Intermediates.noindex/TTBaseUIKit.build/Debug-watchos/TTBaseUIKit_TTBaseUIKit.build/empty-TTBaseUIKit_TTBaseUIKit.plist -producttype com.apple.product-type.bundle -expandbuildsettings -format binary -platform watchos -o /Users/admin/builder/spi-builder-workspace/.derivedData/Build/Products/Debug-watchos/TTBaseUIKit_TTBaseUIKit.bundle/Info.plist
CpResource /Users/admin/builder/spi-builder-workspace/.derivedData/Build/Products/Debug-watchos/TTBaseUIKit_TTBaseUIKit.bundle/img.icon.down.png /Users/admin/builder/spi-builder-workspace/Sources/TTBaseUIKit/Support/Resources/Images/img.icon.down.png (in target 'TTBaseUIKit_TTBaseUIKit' from project 'TTBaseUIKit')
cd /Users/admin/builder/spi-builder-workspace
builtin-copy -exclude .DS_Store -exclude CVS -exclude .svn -exclude .git -exclude .hg -resolve-src-symlinks /Users/admin/builder/spi-builder-workspace/Sources/TTBaseUIKit/Support/Resources/Images/img.icon.down.png /Users/admin/builder/spi-builder-workspace/.derivedData/Build/Products/Debug-watchos/TTBaseUIKit_TTBaseUIKit.bundle
CpResource /Users/admin/builder/spi-builder-workspace/.derivedData/Build/Products/Debug-watchos/TTBaseUIKit_TTBaseUIKit.bundle/img.hideKeyboard.png /Users/admin/builder/spi-builder-workspace/Sources/TTBaseUIKit/Support/Resources/Images/img.hideKeyboard.png (in target 'TTBaseUIKit_TTBaseUIKit' from project 'TTBaseUIKit')
cd /Users/admin/builder/spi-builder-workspace
builtin-copy -exclude .DS_Store -exclude CVS -exclude .svn -exclude .git -exclude .hg -resolve-src-symlinks /Users/admin/builder/spi-builder-workspace/Sources/TTBaseUIKit/Support/Resources/Images/img.hideKeyboard.png /Users/admin/builder/spi-builder-workspace/.derivedData/Build/Products/Debug-watchos/TTBaseUIKit_TTBaseUIKit.bundle
CpResource /Users/admin/builder/spi-builder-workspace/.derivedData/Build/Products/Debug-watchos/TTBaseUIKit_TTBaseUIKit.bundle/img.NoImage2.png /Users/admin/builder/spi-builder-workspace/Sources/TTBaseUIKit/Support/Resources/Images/img.NoImage2.png (in target 'TTBaseUIKit_TTBaseUIKit' from project 'TTBaseUIKit')
cd /Users/admin/builder/spi-builder-workspace
builtin-copy -exclude .DS_Store -exclude CVS -exclude .svn -exclude .git -exclude .hg -resolve-src-symlinks /Users/admin/builder/spi-builder-workspace/Sources/TTBaseUIKit/Support/Resources/Images/img.NoImage2.png /Users/admin/builder/spi-builder-workspace/.derivedData/Build/Products/Debug-watchos/TTBaseUIKit_TTBaseUIKit.bundle
CpResource /Users/admin/builder/spi-builder-workspace/.derivedData/Build/Products/Debug-watchos/TTBaseUIKit_TTBaseUIKit.bundle/img.NoImage1.png /Users/admin/builder/spi-builder-workspace/Sources/TTBaseUIKit/Support/Resources/Images/img.NoImage1.png (in target 'TTBaseUIKit_TTBaseUIKit' from project 'TTBaseUIKit')
cd /Users/admin/builder/spi-builder-workspace
builtin-copy -exclude .DS_Store -exclude CVS -exclude .svn -exclude .git -exclude .hg -resolve-src-symlinks /Users/admin/builder/spi-builder-workspace/Sources/TTBaseUIKit/Support/Resources/Images/img.NoImage1.png /Users/admin/builder/spi-builder-workspace/.derivedData/Build/Products/Debug-watchos/TTBaseUIKit_TTBaseUIKit.bundle
CpResource /Users/admin/builder/spi-builder-workspace/.derivedData/Build/Products/Debug-watchos/TTBaseUIKit_TTBaseUIKit.bundle/img.NoImage.png /Users/admin/builder/spi-builder-workspace/Sources/TTBaseUIKit/Support/Resources/Images/img.NoImage.png (in target 'TTBaseUIKit_TTBaseUIKit' from project 'TTBaseUIKit')
cd /Users/admin/builder/spi-builder-workspace
builtin-copy -exclude .DS_Store -exclude CVS -exclude .svn -exclude .git -exclude .hg -resolve-src-symlinks /Users/admin/builder/spi-builder-workspace/Sources/TTBaseUIKit/Support/Resources/Images/img.NoImage.png /Users/admin/builder/spi-builder-workspace/.derivedData/Build/Products/Debug-watchos/TTBaseUIKit_TTBaseUIKit.bundle
CpResource /Users/admin/builder/spi-builder-workspace/.derivedData/Build/Products/Debug-watchos/TTBaseUIKit_TTBaseUIKit.bundle/fa-regular-400.ttf /Users/admin/builder/spi-builder-workspace/Sources/TTBaseUIKit/Support/Resources/Fonts/fa-regular-400.ttf (in target 'TTBaseUIKit_TTBaseUIKit' from project 'TTBaseUIKit')
cd /Users/admin/builder/spi-builder-workspace
builtin-copy -exclude .DS_Store -exclude CVS -exclude .svn -exclude .git -exclude .hg -resolve-src-symlinks /Users/admin/builder/spi-builder-workspace/Sources/TTBaseUIKit/Support/Resources/Fonts/fa-regular-400.ttf /Users/admin/builder/spi-builder-workspace/.derivedData/Build/Products/Debug-watchos/TTBaseUIKit_TTBaseUIKit.bundle
CpResource /Users/admin/builder/spi-builder-workspace/.derivedData/Build/Products/Debug-watchos/TTBaseUIKit_TTBaseUIKit.bundle/fa-light-300.ttf /Users/admin/builder/spi-builder-workspace/Sources/TTBaseUIKit/Support/Resources/Fonts/fa-light-300.ttf (in target 'TTBaseUIKit_TTBaseUIKit' from project 'TTBaseUIKit')
cd /Users/admin/builder/spi-builder-workspace
builtin-copy -exclude .DS_Store -exclude CVS -exclude .svn -exclude .git -exclude .hg -resolve-src-symlinks /Users/admin/builder/spi-builder-workspace/Sources/TTBaseUIKit/Support/Resources/Fonts/fa-light-300.ttf /Users/admin/builder/spi-builder-workspace/.derivedData/Build/Products/Debug-watchos/TTBaseUIKit_TTBaseUIKit.bundle
CpResource /Users/admin/builder/spi-builder-workspace/.derivedData/Build/Products/Debug-watchos/TTBaseUIKit_TTBaseUIKit.bundle/empty.gif /Users/admin/builder/spi-builder-workspace/Sources/TTBaseUIKit/Support/Resources/Images/gif/empty.gif (in target 'TTBaseUIKit_TTBaseUIKit' from project 'TTBaseUIKit')
cd /Users/admin/builder/spi-builder-workspace
builtin-copy -exclude .DS_Store -exclude CVS -exclude .svn -exclude .git -exclude .hg -resolve-src-symlinks /Users/admin/builder/spi-builder-workspace/Sources/TTBaseUIKit/Support/Resources/Images/gif/empty.gif /Users/admin/builder/spi-builder-workspace/.derivedData/Build/Products/Debug-watchos/TTBaseUIKit_TTBaseUIKit.bundle
RegisterExecutionPolicyException /Users/admin/builder/spi-builder-workspace/.derivedData/Build/Products/Debug-watchos/TTBaseUIKit_TTBaseUIKit.bundle (in target 'TTBaseUIKit_TTBaseUIKit' from project 'TTBaseUIKit')
cd /Users/admin/builder/spi-builder-workspace
builtin-RegisterExecutionPolicyException /Users/admin/builder/spi-builder-workspace/.derivedData/Build/Products/Debug-watchos/TTBaseUIKit_TTBaseUIKit.bundle
Touch /Users/admin/builder/spi-builder-workspace/.derivedData/Build/Products/Debug-watchos/TTBaseUIKit_TTBaseUIKit.bundle (in target 'TTBaseUIKit_TTBaseUIKit' from project 'TTBaseUIKit')
cd /Users/admin/builder/spi-builder-workspace
/usr/bin/touch -c /Users/admin/builder/spi-builder-workspace/.derivedData/Build/Products/Debug-watchos/TTBaseUIKit_TTBaseUIKit.bundle
SwiftDriver TTBaseUIKit normal arm64_32 com.apple.xcode.tools.swift.compiler (in target 'TTBaseUIKit' from project 'TTBaseUIKit')
cd /Users/admin/builder/spi-builder-workspace/.swiftpm/xcode
builtin-SwiftDriver -- /Applications/Xcode-26.4.0.app/Contents/Developer/Toolchains/XcodeDefault.xctoolchain/usr/bin/swiftc -module-name TTBaseUIKit -Onone @/Users/admin/builder/spi-builder-workspace/.derivedData/Build/Intermediates.noindex/TTBaseUIKit.build/Debug-watchos/TTBaseUIKit.build/Objects-normal/arm64_32/TTBaseUIKit.SwiftFileList -DSWIFT_PACKAGE -DDEBUG -DSWIFT_MODULE_RESOURCE_BUNDLE_AVAILABLE -DXcode -plugin-path /Applications/Xcode-26.4.0.app/Contents/Developer/Toolchains/XcodeDefault.xctoolchain/usr/lib/swift/host/plugins/testing -enable-experimental-feature DebugDescriptionMacro -sdk /Applications/Xcode-26.4.0.app/Contents/Developer/Platforms/WatchOS.platform/Developer/SDKs/WatchOS26.4.sdk -target arm64_32-apple-watchos8.0 -g -module-cache-path /Users/admin/builder/spi-builder-workspace/.derivedData/ModuleCache.noindex -Xfrontend -serialize-debugging-options -profile-coverage-mapping -profile-generate -enable-testing -index-store-path /Users/admin/builder/spi-builder-workspace/.derivedData/Index.noindex/DataStore -Xcc -D_LIBCPP_HARDENING_MODE\=_LIBCPP_HARDENING_MODE_DEBUG -swift-version 5 -I /Users/admin/builder/spi-builder-workspace/.derivedData/Build/Products/Debug-watchos -Isystem /Applications/Xcode-26.4.0.app/Contents/Developer/Platforms/WatchOS.platform/Developer/usr/lib -F /Users/admin/builder/spi-builder-workspace/.derivedData/Build/Products/Debug-watchos -F /Applications/Xcode-26.4.0.app/Contents/Developer/Platforms/WatchOS.platform/Developer/Library/Frameworks -F /Applications/Xcode-26.4.0.app/Contents/Developer/Platforms/WatchOS.platform/Developer/SDKs/WatchOS26.4.sdk/Developer/Library/Frameworks -c -j10 -enable-batch-mode -incremental -Xcc -ivfsstatcache -Xcc /Users/admin/builder/spi-builder-workspace/.derivedData/SDKStatCaches.noindex/watchos26.4-23T238-688ef53f1462e2c8f657fdc38a81448f9e51884a582f42380855760c9d4cc599.sdkstatcache -output-file-map /Users/admin/builder/spi-builder-workspace/.derivedData/Build/Intermediates.noindex/TTBaseUIKit.build/Debug-watchos/TTBaseUIKit.build/Objects-normal/arm64_32/TTBaseUIKit-OutputFileMap.json -use-frontend-parseable-output -save-temps -no-color-diagnostics -explicit-module-build -module-cache-path /Users/admin/builder/spi-builder-workspace/.derivedData/Build/Intermediates.noindex/SwiftExplicitPrecompiledModules -clang-scanner-module-cache-path /Users/admin/builder/spi-builder-workspace/.derivedData/ModuleCache.noindex -sdk-module-cache-path /Users/admin/builder/spi-builder-workspace/.derivedData/ModuleCache.noindex -serialize-diagnostics -emit-dependencies -emit-module -emit-module-path /Users/admin/builder/spi-builder-workspace/.derivedData/Build/Intermediates.noindex/TTBaseUIKit.build/Debug-watchos/TTBaseUIKit.build/Objects-normal/arm64_32/TTBaseUIKit.swiftmodule -validate-clang-modules-once -clang-build-session-file /Users/admin/builder/spi-builder-workspace/.derivedData/ModuleCache.noindex/Session.modulevalidation -Xcc -I/Users/admin/builder/spi-builder-workspace/.derivedData/Build/Intermediates.noindex/TTBaseUIKit.build/Debug-watchos/TTBaseUIKit.build/swift-overrides.hmap -emit-const-values -Xfrontend -const-gather-protocols-file -Xfrontend /Users/admin/builder/spi-builder-workspace/.derivedData/Build/Intermediates.noindex/TTBaseUIKit.build/Debug-watchos/TTBaseUIKit.build/Objects-normal/arm64_32/TTBaseUIKit_const_extract_protocols.json -Xcc -I/Users/admin/builder/spi-builder-workspace/.derivedData/Build/Products/Debug-watchos/include -Xcc -I/Users/admin/builder/spi-builder-workspace/.derivedData/Build/Intermediates.noindex/TTBaseUIKit.build/Debug-watchos/TTBaseUIKit.build/DerivedSources-normal/arm64_32 -Xcc -I/Users/admin/builder/spi-builder-workspace/.derivedData/Build/Intermediates.noindex/TTBaseUIKit.build/Debug-watchos/TTBaseUIKit.build/DerivedSources/arm64_32 -Xcc -I/Users/admin/builder/spi-builder-workspace/.derivedData/Build/Intermediates.noindex/TTBaseUIKit.build/Debug-watchos/TTBaseUIKit.build/DerivedSources -Xcc -DSWIFT_PACKAGE -Xcc -DDEBUG\=1 -emit-objc-header -emit-objc-header-path /Users/admin/builder/spi-builder-workspace/.derivedData/Build/Intermediates.noindex/TTBaseUIKit.build/Debug-watchos/TTBaseUIKit.build/Objects-normal/arm64_32/TTBaseUIKit-Swift.h -working-directory /Users/admin/builder/spi-builder-workspace/.swiftpm/xcode -experimental-emit-module-separately -disable-cmo
/Users/admin/builder/spi-builder-workspace/Sources/TTBaseUIKit/CustomView/BaseUIView/BaseWKWebView.swift:10:8: error: Unable to resolve module dependency: 'WebKit'
import WebKit
^ (in target 'TTBaseUIKit' from project 'TTBaseUIKit')
/Users/admin/builder/spi-builder-workspace/Sources/TTBaseUIKit/CustomView/BaseUIView/BaseWKWebView.swift:10:8: note: A dependency of main module 'TTBaseUIKit'
import WebKit
^ (in target 'TTBaseUIKit' from project 'TTBaseUIKit')
/Users/admin/builder/spi-builder-workspace/Sources/TTBaseUIKit/Extensions/UIViewController+Config.swift:210:8: error: Unable to resolve module dependency: 'MessageUI'
import MessageUI
^ (in target 'TTBaseUIKit' from project 'TTBaseUIKit')
/Users/admin/builder/spi-builder-workspace/Sources/TTBaseUIKit/Extensions/UIViewController+Config.swift:210:8: note: A dependency of main module 'TTBaseUIKit'
import MessageUI
^ (in target 'TTBaseUIKit' from project 'TTBaseUIKit')
/Users/admin/builder/spi-builder-workspace/Sources/TTBaseUIKit/Extensions/UIViewController+Config.swift:211:8: error: Unable to resolve module dependency: 'ContactsUI'
import ContactsUI
^ (in target 'TTBaseUIKit' from project 'TTBaseUIKit')
/Users/admin/builder/spi-builder-workspace/Sources/TTBaseUIKit/Extensions/UIViewController+Config.swift:211:8: note: A dependency of main module 'TTBaseUIKit'
import ContactsUI
^ (in target 'TTBaseUIKit' from project 'TTBaseUIKit')
/Users/admin/builder/spi-builder-workspace/Sources/TTBaseUIKit/Support/Utilities/TTBaseDebugKit.swift:11:8: error: Unable to resolve module dependency: 'PencilKit'
import PencilKit
^ (in target 'TTBaseUIKit' from project 'TTBaseUIKit')
/Users/admin/builder/spi-builder-workspace/Sources/TTBaseUIKit/Support/Utilities/TTBaseDebugKit.swift:11:8: note: A dependency of main module 'TTBaseUIKit'
import PencilKit
^ (in target 'TTBaseUIKit' from project 'TTBaseUIKit')
/Users/admin/builder/spi-builder-workspace/Sources/TTBaseUIKit/Support/Utilities/TTBaseUtil.swift:10:8: error: Unable to resolve module dependency: 'SystemConfiguration'
import SystemConfiguration
^ (in target 'TTBaseUIKit' from project 'TTBaseUIKit')
/Users/admin/builder/spi-builder-workspace/Sources/TTBaseUIKit/Support/Utilities/TTBaseUtil.swift:10:8: note: A dependency of main module 'TTBaseUIKit'
import SystemConfiguration
^ (in target 'TTBaseUIKit' from project 'TTBaseUIKit')
SwiftDriver TTBaseUIKit normal arm64 com.apple.xcode.tools.swift.compiler (in target 'TTBaseUIKit' from project 'TTBaseUIKit')
cd /Users/admin/builder/spi-builder-workspace/.swiftpm/xcode
builtin-SwiftDriver -- /Applications/Xcode-26.4.0.app/Contents/Developer/Toolchains/XcodeDefault.xctoolchain/usr/bin/swiftc -module-name TTBaseUIKit -Onone @/Users/admin/builder/spi-builder-workspace/.derivedData/Build/Intermediates.noindex/TTBaseUIKit.build/Debug-watchos/TTBaseUIKit.build/Objects-normal/arm64/TTBaseUIKit.SwiftFileList -DSWIFT_PACKAGE -DDEBUG -DSWIFT_MODULE_RESOURCE_BUNDLE_AVAILABLE -DXcode -plugin-path /Applications/Xcode-26.4.0.app/Contents/Developer/Toolchains/XcodeDefault.xctoolchain/usr/lib/swift/host/plugins/testing -enable-experimental-feature DebugDescriptionMacro -sdk /Applications/Xcode-26.4.0.app/Contents/Developer/Platforms/WatchOS.platform/Developer/SDKs/WatchOS26.4.sdk -target arm64-apple-watchos8.0 -g -module-cache-path /Users/admin/builder/spi-builder-workspace/.derivedData/ModuleCache.noindex -Xfrontend -serialize-debugging-options -profile-coverage-mapping -profile-generate -enable-testing -index-store-path /Users/admin/builder/spi-builder-workspace/.derivedData/Index.noindex/DataStore -Xcc -D_LIBCPP_HARDENING_MODE\=_LIBCPP_HARDENING_MODE_DEBUG -swift-version 5 -I /Users/admin/builder/spi-builder-workspace/.derivedData/Build/Products/Debug-watchos -Isystem /Applications/Xcode-26.4.0.app/Contents/Developer/Platforms/WatchOS.platform/Developer/usr/lib -F /Users/admin/builder/spi-builder-workspace/.derivedData/Build/Products/Debug-watchos -F /Applications/Xcode-26.4.0.app/Contents/Developer/Platforms/WatchOS.platform/Developer/Library/Frameworks -F /Applications/Xcode-26.4.0.app/Contents/Developer/Platforms/WatchOS.platform/Developer/SDKs/WatchOS26.4.sdk/Developer/Library/Frameworks -c -j10 -enable-batch-mode -incremental -Xcc -ivfsstatcache -Xcc /Users/admin/builder/spi-builder-workspace/.derivedData/SDKStatCaches.noindex/watchos26.4-23T238-688ef53f1462e2c8f657fdc38a81448f9e51884a582f42380855760c9d4cc599.sdkstatcache -output-file-map /Users/admin/builder/spi-builder-workspace/.derivedData/Build/Intermediates.noindex/TTBaseUIKit.build/Debug-watchos/TTBaseUIKit.build/Objects-normal/arm64/TTBaseUIKit-OutputFileMap.json -use-frontend-parseable-output -save-temps -no-color-diagnostics -explicit-module-build -module-cache-path /Users/admin/builder/spi-builder-workspace/.derivedData/Build/Intermediates.noindex/SwiftExplicitPrecompiledModules -clang-scanner-module-cache-path /Users/admin/builder/spi-builder-workspace/.derivedData/ModuleCache.noindex -sdk-module-cache-path /Users/admin/builder/spi-builder-workspace/.derivedData/ModuleCache.noindex -serialize-diagnostics -emit-dependencies -emit-module -emit-module-path /Users/admin/builder/spi-builder-workspace/.derivedData/Build/Intermediates.noindex/TTBaseUIKit.build/Debug-watchos/TTBaseUIKit.build/Objects-normal/arm64/TTBaseUIKit.swiftmodule -validate-clang-modules-once -clang-build-session-file /Users/admin/builder/spi-builder-workspace/.derivedData/ModuleCache.noindex/Session.modulevalidation -Xcc -I/Users/admin/builder/spi-builder-workspace/.derivedData/Build/Intermediates.noindex/TTBaseUIKit.build/Debug-watchos/TTBaseUIKit.build/swift-overrides.hmap -emit-const-values -Xfrontend -const-gather-protocols-file -Xfrontend /Users/admin/builder/spi-builder-workspace/.derivedData/Build/Intermediates.noindex/TTBaseUIKit.build/Debug-watchos/TTBaseUIKit.build/Objects-normal/arm64/TTBaseUIKit_const_extract_protocols.json -Xcc -I/Users/admin/builder/spi-builder-workspace/.derivedData/Build/Products/Debug-watchos/include -Xcc -I/Users/admin/builder/spi-builder-workspace/.derivedData/Build/Intermediates.noindex/TTBaseUIKit.build/Debug-watchos/TTBaseUIKit.build/DerivedSources-normal/arm64 -Xcc -I/Users/admin/builder/spi-builder-workspace/.derivedData/Build/Intermediates.noindex/TTBaseUIKit.build/Debug-watchos/TTBaseUIKit.build/DerivedSources/arm64 -Xcc -I/Users/admin/builder/spi-builder-workspace/.derivedData/Build/Intermediates.noindex/TTBaseUIKit.build/Debug-watchos/TTBaseUIKit.build/DerivedSources -Xcc -DSWIFT_PACKAGE -Xcc -DDEBUG\=1 -emit-objc-header -emit-objc-header-path /Users/admin/builder/spi-builder-workspace/.derivedData/Build/Intermediates.noindex/TTBaseUIKit.build/Debug-watchos/TTBaseUIKit.build/Objects-normal/arm64/TTBaseUIKit-Swift.h -working-directory /Users/admin/builder/spi-builder-workspace/.swiftpm/xcode -experimental-emit-module-separately -disable-cmo
/Users/admin/builder/spi-builder-workspace/Sources/TTBaseUIKit/CustomView/BaseUIView/BaseWKWebView.swift:10:8: error: Unable to resolve module dependency: 'WebKit'
import WebKit
^ (in target 'TTBaseUIKit' from project 'TTBaseUIKit')
/Users/admin/builder/spi-builder-workspace/Sources/TTBaseUIKit/CustomView/BaseUIView/BaseWKWebView.swift:10:8: note: A dependency of main module 'TTBaseUIKit'
import WebKit
^ (in target 'TTBaseUIKit' from project 'TTBaseUIKit')
/Users/admin/builder/spi-builder-workspace/Sources/TTBaseUIKit/Extensions/UIViewController+Config.swift:210:8: error: Unable to resolve module dependency: 'MessageUI'
import MessageUI
^ (in target 'TTBaseUIKit' from project 'TTBaseUIKit')
/Users/admin/builder/spi-builder-workspace/Sources/TTBaseUIKit/Extensions/UIViewController+Config.swift:210:8: note: A dependency of main module 'TTBaseUIKit'
import MessageUI
^ (in target 'TTBaseUIKit' from project 'TTBaseUIKit')
/Users/admin/builder/spi-builder-workspace/Sources/TTBaseUIKit/Extensions/UIViewController+Config.swift:211:8: error: Unable to resolve module dependency: 'ContactsUI'
import ContactsUI
^ (in target 'TTBaseUIKit' from project 'TTBaseUIKit')
/Users/admin/builder/spi-builder-workspace/Sources/TTBaseUIKit/Extensions/UIViewController+Config.swift:211:8: note: A dependency of main module 'TTBaseUIKit'
import ContactsUI
^ (in target 'TTBaseUIKit' from project 'TTBaseUIKit')
/Users/admin/builder/spi-builder-workspace/Sources/TTBaseUIKit/Support/Utilities/TTBaseDebugKit.swift:11:8: error: Unable to resolve module dependency: 'PencilKit'
import PencilKit
^ (in target 'TTBaseUIKit' from project 'TTBaseUIKit')
/Users/admin/builder/spi-builder-workspace/Sources/TTBaseUIKit/Support/Utilities/TTBaseDebugKit.swift:11:8: note: A dependency of main module 'TTBaseUIKit'
import PencilKit
^ (in target 'TTBaseUIKit' from project 'TTBaseUIKit')
/Users/admin/builder/spi-builder-workspace/Sources/TTBaseUIKit/Support/Utilities/TTBaseUtil.swift:10:8: error: Unable to resolve module dependency: 'SystemConfiguration'
import SystemConfiguration
^ (in target 'TTBaseUIKit' from project 'TTBaseUIKit')
/Users/admin/builder/spi-builder-workspace/Sources/TTBaseUIKit/Support/Utilities/TTBaseUtil.swift:10:8: note: A dependency of main module 'TTBaseUIKit'
import SystemConfiguration
^ (in target 'TTBaseUIKit' from project 'TTBaseUIKit')
SwiftDriver TTBaseUIKit normal armv7k com.apple.xcode.tools.swift.compiler (in target 'TTBaseUIKit' from project 'TTBaseUIKit')
cd /Users/admin/builder/spi-builder-workspace/.swiftpm/xcode
builtin-SwiftDriver -- /Applications/Xcode-26.4.0.app/Contents/Developer/Toolchains/XcodeDefault.xctoolchain/usr/bin/swiftc -module-name TTBaseUIKit -Onone @/Users/admin/builder/spi-builder-workspace/.derivedData/Build/Intermediates.noindex/TTBaseUIKit.build/Debug-watchos/TTBaseUIKit.build/Objects-normal/armv7k/TTBaseUIKit.SwiftFileList -DSWIFT_PACKAGE -DDEBUG -DSWIFT_MODULE_RESOURCE_BUNDLE_AVAILABLE -DXcode -plugin-path /Applications/Xcode-26.4.0.app/Contents/Developer/Toolchains/XcodeDefault.xctoolchain/usr/lib/swift/host/plugins/testing -enable-experimental-feature DebugDescriptionMacro -sdk /Applications/Xcode-26.4.0.app/Contents/Developer/Platforms/WatchOS.platform/Developer/SDKs/WatchOS26.4.sdk -target armv7k-apple-watchos8.0 -g -module-cache-path /Users/admin/builder/spi-builder-workspace/.derivedData/ModuleCache.noindex -Xfrontend -serialize-debugging-options -profile-coverage-mapping -profile-generate -enable-testing -index-store-path /Users/admin/builder/spi-builder-workspace/.derivedData/Index.noindex/DataStore -Xcc -D_LIBCPP_HARDENING_MODE\=_LIBCPP_HARDENING_MODE_DEBUG -swift-version 5 -I /Users/admin/builder/spi-builder-workspace/.derivedData/Build/Products/Debug-watchos -Isystem /Applications/Xcode-26.4.0.app/Contents/Developer/Platforms/WatchOS.platform/Developer/usr/lib -F /Users/admin/builder/spi-builder-workspace/.derivedData/Build/Products/Debug-watchos -F /Applications/Xcode-26.4.0.app/Contents/Developer/Platforms/WatchOS.platform/Developer/Library/Frameworks -F /Applications/Xcode-26.4.0.app/Contents/Developer/Platforms/WatchOS.platform/Developer/SDKs/WatchOS26.4.sdk/Developer/Library/Frameworks -c -j10 -enable-batch-mode -incremental -Xcc -ivfsstatcache -Xcc /Users/admin/builder/spi-builder-workspace/.derivedData/SDKStatCaches.noindex/watchos26.4-23T238-688ef53f1462e2c8f657fdc38a81448f9e51884a582f42380855760c9d4cc599.sdkstatcache -output-file-map /Users/admin/builder/spi-builder-workspace/.derivedData/Build/Intermediates.noindex/TTBaseUIKit.build/Debug-watchos/TTBaseUIKit.build/Objects-normal/armv7k/TTBaseUIKit-OutputFileMap.json -use-frontend-parseable-output -save-temps -no-color-diagnostics -explicit-module-build -module-cache-path /Users/admin/builder/spi-builder-workspace/.derivedData/Build/Intermediates.noindex/SwiftExplicitPrecompiledModules -clang-scanner-module-cache-path /Users/admin/builder/spi-builder-workspace/.derivedData/ModuleCache.noindex -sdk-module-cache-path /Users/admin/builder/spi-builder-workspace/.derivedData/ModuleCache.noindex -serialize-diagnostics -emit-dependencies -emit-module -emit-module-path /Users/admin/builder/spi-builder-workspace/.derivedData/Build/Intermediates.noindex/TTBaseUIKit.build/Debug-watchos/TTBaseUIKit.build/Objects-normal/armv7k/TTBaseUIKit.swiftmodule -validate-clang-modules-once -clang-build-session-file /Users/admin/builder/spi-builder-workspace/.derivedData/ModuleCache.noindex/Session.modulevalidation -Xcc -I/Users/admin/builder/spi-builder-workspace/.derivedData/Build/Intermediates.noindex/TTBaseUIKit.build/Debug-watchos/TTBaseUIKit.build/swift-overrides.hmap -emit-const-values -Xfrontend -const-gather-protocols-file -Xfrontend /Users/admin/builder/spi-builder-workspace/.derivedData/Build/Intermediates.noindex/TTBaseUIKit.build/Debug-watchos/TTBaseUIKit.build/Objects-normal/armv7k/TTBaseUIKit_const_extract_protocols.json -Xcc -I/Users/admin/builder/spi-builder-workspace/.derivedData/Build/Products/Debug-watchos/include -Xcc -I/Users/admin/builder/spi-builder-workspace/.derivedData/Build/Intermediates.noindex/TTBaseUIKit.build/Debug-watchos/TTBaseUIKit.build/DerivedSources-normal/armv7k -Xcc -I/Users/admin/builder/spi-builder-workspace/.derivedData/Build/Intermediates.noindex/TTBaseUIKit.build/Debug-watchos/TTBaseUIKit.build/DerivedSources/armv7k -Xcc -I/Users/admin/builder/spi-builder-workspace/.derivedData/Build/Intermediates.noindex/TTBaseUIKit.build/Debug-watchos/TTBaseUIKit.build/DerivedSources -Xcc -DSWIFT_PACKAGE -Xcc -DDEBUG\=1 -emit-objc-header -emit-objc-header-path /Users/admin/builder/spi-builder-workspace/.derivedData/Build/Intermediates.noindex/TTBaseUIKit.build/Debug-watchos/TTBaseUIKit.build/Objects-normal/armv7k/TTBaseUIKit-Swift.h -working-directory /Users/admin/builder/spi-builder-workspace/.swiftpm/xcode -experimental-emit-module-separately -disable-cmo
/Users/admin/builder/spi-builder-workspace/Sources/TTBaseUIKit/CustomView/BaseUIView/BaseWKWebView.swift:10:8: error: Unable to resolve module dependency: 'WebKit'
import WebKit
^ (in target 'TTBaseUIKit' from project 'TTBaseUIKit')
/Users/admin/builder/spi-builder-workspace/Sources/TTBaseUIKit/CustomView/BaseUIView/BaseWKWebView.swift:10:8: note: A dependency of main module 'TTBaseUIKit'
import WebKit
^ (in target 'TTBaseUIKit' from project 'TTBaseUIKit')
/Users/admin/builder/spi-builder-workspace/Sources/TTBaseUIKit/Extensions/UIViewController+Config.swift:210:8: error: Unable to resolve module dependency: 'MessageUI'
import MessageUI
^ (in target 'TTBaseUIKit' from project 'TTBaseUIKit')
/Users/admin/builder/spi-builder-workspace/Sources/TTBaseUIKit/Extensions/UIViewController+Config.swift:210:8: note: A dependency of main module 'TTBaseUIKit'
import MessageUI
^ (in target 'TTBaseUIKit' from project 'TTBaseUIKit')
/Users/admin/builder/spi-builder-workspace/Sources/TTBaseUIKit/Extensions/UIViewController+Config.swift:211:8: error: Unable to resolve module dependency: 'ContactsUI'
import ContactsUI
^ (in target 'TTBaseUIKit' from project 'TTBaseUIKit')
/Users/admin/builder/spi-builder-workspace/Sources/TTBaseUIKit/Extensions/UIViewController+Config.swift:211:8: note: A dependency of main module 'TTBaseUIKit'
import ContactsUI
^ (in target 'TTBaseUIKit' from project 'TTBaseUIKit')
/Users/admin/builder/spi-builder-workspace/Sources/TTBaseUIKit/Support/Utilities/TTBaseDebugKit.swift:11:8: error: Unable to resolve module dependency: 'PencilKit'
import PencilKit
^ (in target 'TTBaseUIKit' from project 'TTBaseUIKit')
/Users/admin/builder/spi-builder-workspace/Sources/TTBaseUIKit/Support/Utilities/TTBaseDebugKit.swift:11:8: note: A dependency of main module 'TTBaseUIKit'
import PencilKit
^ (in target 'TTBaseUIKit' from project 'TTBaseUIKit')
/Users/admin/builder/spi-builder-workspace/Sources/TTBaseUIKit/Support/Utilities/TTBaseUtil.swift:10:8: error: Unable to resolve module dependency: 'SystemConfiguration'
import SystemConfiguration
^ (in target 'TTBaseUIKit' from project 'TTBaseUIKit')
/Users/admin/builder/spi-builder-workspace/Sources/TTBaseUIKit/Support/Utilities/TTBaseUtil.swift:10:8: note: A dependency of main module 'TTBaseUIKit'
import SystemConfiguration
^ (in target 'TTBaseUIKit' from project 'TTBaseUIKit')
2026-07-19 00:31:44.664 xcodebuild[749:4672] [MT] IDERunDestination: Supported platforms for the buildables in the current scheme is empty.
/Users/admin/builder/spi-builder-workspace/Sources/TTBaseUIKit/CustomView/BaseUIView/BaseWKWebView.swift:10:8: error: unable to resolve module dependency: 'WebKit'
import WebKit
^
/Users/admin/builder/spi-builder-workspace/Sources/TTBaseUIKit/CustomView/BaseUIView/BaseWKWebView.swift:10:8: note: a dependency of main module 'TTBaseUIKit'
import WebKit
^
/Users/admin/builder/spi-builder-workspace/Sources/TTBaseUIKit/Extensions/UIViewController+Config.swift:210:8: error: unable to resolve module dependency: 'MessageUI'
import MessageUI
^
/Users/admin/builder/spi-builder-workspace/Sources/TTBaseUIKit/Extensions/UIViewController+Config.swift:210:8: note: a dependency of main module 'TTBaseUIKit'
import MessageUI
^
/Users/admin/builder/spi-builder-workspace/Sources/TTBaseUIKit/Extensions/UIViewController+Config.swift:211:8: error: unable to resolve module dependency: 'ContactsUI'
import ContactsUI
^
/Users/admin/builder/spi-builder-workspace/Sources/TTBaseUIKit/Extensions/UIViewController+Config.swift:211:8: note: a dependency of main module 'TTBaseUIKit'
import ContactsUI
^
/Users/admin/builder/spi-builder-workspace/Sources/TTBaseUIKit/Support/Utilities/TTBaseDebugKit.swift:11:8: error: unable to resolve module dependency: 'PencilKit'
import PencilKit
^
/Users/admin/builder/spi-builder-workspace/Sources/TTBaseUIKit/Support/Utilities/TTBaseDebugKit.swift:11:8: note: a dependency of main module 'TTBaseUIKit'
import PencilKit
^
/Users/admin/builder/spi-builder-workspace/Sources/TTBaseUIKit/Support/Utilities/TTBaseUtil.swift:10:8: error: unable to resolve module dependency: 'SystemConfiguration'
import SystemConfiguration
^
/Users/admin/builder/spi-builder-workspace/Sources/TTBaseUIKit/Support/Utilities/TTBaseUtil.swift:10:8: note: a dependency of main module 'TTBaseUIKit'
import SystemConfiguration
^
/Users/admin/builder/spi-builder-workspace/Sources/TTBaseUIKit/CustomView/BaseUIView/BaseWKWebView.swift:10:8: error: unable to resolve module dependency: 'WebKit'
import WebKit
^
/Users/admin/builder/spi-builder-workspace/Sources/TTBaseUIKit/CustomView/BaseUIView/BaseWKWebView.swift:10:8: note: a dependency of main module 'TTBaseUIKit'
import WebKit
^
/Users/admin/builder/spi-builder-workspace/Sources/TTBaseUIKit/Extensions/UIViewController+Config.swift:210:8: error: unable to resolve module dependency: 'MessageUI'
import MessageUI
^
/Users/admin/builder/spi-builder-workspace/Sources/TTBaseUIKit/Extensions/UIViewController+Config.swift:210:8: note: a dependency of main module 'TTBaseUIKit'
import MessageUI
^
/Users/admin/builder/spi-builder-workspace/Sources/TTBaseUIKit/Extensions/UIViewController+Config.swift:211:8: error: unable to resolve module dependency: 'ContactsUI'
import ContactsUI
^
/Users/admin/builder/spi-builder-workspace/Sources/TTBaseUIKit/Extensions/UIViewController+Config.swift:211:8: note: a dependency of main module 'TTBaseUIKit'
import ContactsUI
^
/Users/admin/builder/spi-builder-workspace/Sources/TTBaseUIKit/Support/Utilities/TTBaseDebugKit.swift:11:8: error: unable to resolve module dependency: 'PencilKit'
import PencilKit
^
/Users/admin/builder/spi-builder-workspace/Sources/TTBaseUIKit/Support/Utilities/TTBaseDebugKit.swift:11:8: note: a dependency of main module 'TTBaseUIKit'
import PencilKit
^
/Users/admin/builder/spi-builder-workspace/Sources/TTBaseUIKit/Support/Utilities/TTBaseUtil.swift:10:8: error: unable to resolve module dependency: 'SystemConfiguration'
import SystemConfiguration
^
/Users/admin/builder/spi-builder-workspace/Sources/TTBaseUIKit/Support/Utilities/TTBaseUtil.swift:10:8: note: a dependency of main module 'TTBaseUIKit'
import SystemConfiguration
^
/Users/admin/builder/spi-builder-workspace/Sources/TTBaseUIKit/CustomView/BaseUIView/BaseWKWebView.swift:10:8: error: unable to resolve module dependency: 'WebKit'
import WebKit
^
/Users/admin/builder/spi-builder-workspace/Sources/TTBaseUIKit/CustomView/BaseUIView/BaseWKWebView.swift:10:8: note: a dependency of main module 'TTBaseUIKit'
import WebKit
^
/Users/admin/builder/spi-builder-workspace/Sources/TTBaseUIKit/Extensions/UIViewController+Config.swift:210:8: error: unable to resolve module dependency: 'MessageUI'
import MessageUI
^
/Users/admin/builder/spi-builder-workspace/Sources/TTBaseUIKit/Extensions/UIViewController+Config.swift:210:8: note: a dependency of main module 'TTBaseUIKit'
import MessageUI
^
/Users/admin/builder/spi-builder-workspace/Sources/TTBaseUIKit/Extensions/UIViewController+Config.swift:211:8: error: unable to resolve module dependency: 'ContactsUI'
import ContactsUI
^
/Users/admin/builder/spi-builder-workspace/Sources/TTBaseUIKit/Extensions/UIViewController+Config.swift:211:8: note: a dependency of main module 'TTBaseUIKit'
import ContactsUI
^
/Users/admin/builder/spi-builder-workspace/Sources/TTBaseUIKit/Support/Utilities/TTBaseDebugKit.swift:11:8: error: unable to resolve module dependency: 'PencilKit'
import PencilKit
^
/Users/admin/builder/spi-builder-workspace/Sources/TTBaseUIKit/Support/Utilities/TTBaseDebugKit.swift:11:8: note: a dependency of main module 'TTBaseUIKit'
import PencilKit
^
/Users/admin/builder/spi-builder-workspace/Sources/TTBaseUIKit/Support/Utilities/TTBaseUtil.swift:10:8: error: unable to resolve module dependency: 'SystemConfiguration'
import SystemConfiguration
^
/Users/admin/builder/spi-builder-workspace/Sources/TTBaseUIKit/Support/Utilities/TTBaseUtil.swift:10:8: note: a dependency of main module 'TTBaseUIKit'
import SystemConfiguration
^
** BUILD FAILED **
The following build commands failed:
SwiftDriver TTBaseUIKit normal arm64_32 com.apple.xcode.tools.swift.compiler (in target 'TTBaseUIKit' from project 'TTBaseUIKit')
SwiftDriver TTBaseUIKit normal arm64 com.apple.xcode.tools.swift.compiler (in target 'TTBaseUIKit' from project 'TTBaseUIKit')
SwiftDriver TTBaseUIKit normal armv7k com.apple.xcode.tools.swift.compiler (in target 'TTBaseUIKit' from project 'TTBaseUIKit')
Building workspace spi-builder-workspace with scheme TTBaseUIKit
(4 failures)
Command line invocation:
/Applications/Xcode-26.4.0.app/Contents/Developer/usr/bin/xcodebuild -IDEClonedSourcePackagesDirPathOverride=/Users/admin/builder/spi-builder-workspace/.dependencies -resolvePackageDependencies
Resolve Package Graph
Resolved source packages:
TTBaseUIKit: /Users/admin/builder/spi-builder-workspace
resolved source packages: TTBaseUIKit
2026-07-19 00:31:50.156 xcodebuild[766:5021] [MT] IDERunDestination: Supported platforms for the buildables in the current scheme is empty.
{
"dependencies" : [
],
"manifest_display_name" : "TTBaseUIKit",
"name" : "TTBaseUIKit",
"path" : "/Users/admin/builder/spi-builder-workspace",
"platforms" : [
{
"name" : "macos",
"version" : "10.15"
},
{
"name" : "ios",
"version" : "14.0"
},
{
"name" : "tvos",
"version" : "14.0"
},
{
"name" : "watchos",
"version" : "8.0"
}
],
"products" : [
{
"name" : "TTBaseUIKit",
"targets" : [
"TTBaseUIKit"
],
"type" : {
"library" : [
"automatic"
]
}
}
],
"swift_languages_versions" : [
"5"
],
"targets" : [
{
"c99name" : "TTBaseUIKitTests",
"module_type" : "SwiftTarget",
"name" : "TTBaseUIKitTests",
"path" : "Tests/TTBaseUIKitTests",
"sources" : [
"TTBaseUIKitTests.swift"
],
"target_dependencies" : [
"TTBaseUIKit"
],
"type" : "test"
},
{
"c99name" : "TTBaseUIKit",
"module_type" : "SwiftTarget",
"name" : "TTBaseUIKit",
"path" : "Sources/TTBaseUIKit",
"product_memberships" : [
"TTBaseUIKit"
],
"resources" : [
{
"path" : "/Users/admin/builder/spi-builder-workspace/Sources/TTBaseUIKit/Support/Resources/Fonts/fa-light-300.ttf",
"rule" : {
"process" : {
}
}
},
{
"path" : "/Users/admin/builder/spi-builder-workspace/Sources/TTBaseUIKit/Support/Resources/Fonts/fa-regular-400.ttf",
"rule" : {
"process" : {
}
}
},
{
"path" : "/Users/admin/builder/spi-builder-workspace/Sources/TTBaseUIKit/Support/Resources/Images/gif/empty.gif",
"rule" : {
"process" : {
}
}
},
{
"path" : "/Users/admin/builder/spi-builder-workspace/Sources/TTBaseUIKit/Support/Resources/Images/img.NoImage.png",
"rule" : {
"process" : {
}
}
},
{
"path" : "/Users/admin/builder/spi-builder-workspace/Sources/TTBaseUIKit/Support/Resources/Images/img.NoImage1.png",
"rule" : {
"process" : {
}
}
},
{
"path" : "/Users/admin/builder/spi-builder-workspace/Sources/TTBaseUIKit/Support/Resources/Images/img.NoImage2.png",
"rule" : {
"process" : {
}
}
},
{
"path" : "/Users/admin/builder/spi-builder-workspace/Sources/TTBaseUIKit/Support/Resources/Images/img.hideKeyboard.png",
"rule" : {
"process" : {
}
}
},
{
"path" : "/Users/admin/builder/spi-builder-workspace/Sources/TTBaseUIKit/Support/Resources/Images/img.icon.down.png",
"rule" : {
"process" : {
}
}
},
{
"path" : "/Users/admin/builder/spi-builder-workspace/Sources/TTBaseUIKit/Support/Resources/Images/img.log.png",
"rule" : {
"process" : {
}
}
},
{
"path" : "/Users/admin/builder/spi-builder-workspace/Sources/TTBaseUIKit/Support/Resources/Images/img.logo.Def.png",
"rule" : {
"process" : {
}
}
},
{
"path" : "/Users/admin/builder/spi-builder-workspace/Sources/TTBaseUIKit/Support/Resources/Images/img.logo.idea.png",
"rule" : {
"process" : {
}
}
}
],
"sources" : [
"BaseConfig/BaseConfigRepresentable.swift",
"BaseConfig/Configuration.swift",
"BaseConfig/Constant.swift",
"BaseConfig/FontConfig.swift",
"BaseConfig/ParamConfig.swift",
"BaseConfig/SharedData.swift",
"BaseConfig/SizeConfig.swift",
"BaseConfig/StyleConfig.swift",
"BaseConfig/ValueConfig.swift",
"BaseConfig/ViewConfig.swift",
"Coordinators/Coordinator.swift",
"CustomView/BaseUIView/BaBaseGradientUIImageView.swift",
"CustomView/BaseUIView/BaseBadgeInsetLabel.swift",
"CustomView/BaseUIView/BaseBorderTrailView.swift",
"CustomView/BaseUIView/BaseButtonBadge.swift",
"CustomView/BaseUIView/BaseCircleLabel.swift",
"CustomView/BaseUIView/BaseCustomViewRepresentable.swift",
"CustomView/BaseUIView/BaseDropdownCustomView.swift",
"CustomView/BaseUIView/BaseHeaderView.swift",
"CustomView/BaseUIView/BaseIconCircleView.swift",
"CustomView/BaseUIView/BaseInsetLabel.swift",
"CustomView/BaseUIView/BaseLabelIconHorizontalView.swift",
"CustomView/BaseUIView/BaseLabelTextViewByVerticalView.swift",
"CustomView/BaseUIView/BaseLableWithButtonView.swift",
"CustomView/BaseUIView/BaseLinePinView.swift",
"CustomView/BaseUIView/BaseLinePinsView.swift",
"CustomView/BaseUIView/BaseNewSegmentedControl.swift",
"CustomView/BaseUIView/BasePaddingGenericView.swift",
"CustomView/BaseUIView/BasePanelButtonView.swift",
"CustomView/BaseUIView/BasePanelViewUIStackView.swift",
"CustomView/BaseUIView/BasePasswordUITextField.swift",
"CustomView/BaseUIView/BaseRadioButtonView.swift",
"CustomView/BaseUIView/BaseScrollHorizontalUIStackView.swift",
"CustomView/BaseUIView/BaseScrollPanelView.swift",
"CustomView/BaseUIView/BaseScrollUIStackView.swift",
"CustomView/BaseUIView/BaseSearchView.swift",
"CustomView/BaseUIView/BaseShadowPanelView.swift",
"CustomView/BaseUIView/BaseSkeletonMarkView.swift",
"CustomView/BaseUIView/BaseSquarePinView.swift",
"CustomView/BaseUIView/BaseSquarePinsView.swift",
"CustomView/BaseUIView/BaseStackPanelView.swift",
"CustomView/BaseUIView/BaseStackShadowPanelView.swift",
"CustomView/BaseUIView/BaseTextViewWithPlaceHolderView.swift",
"CustomView/BaseUIView/BaseTitlePanelView.swift",
"CustomView/BaseUIView/BaseTriangleView.swift",
"CustomView/BaseUIView/BaseTwoStackButtonView.swift",
"CustomView/BaseUIView/BaseUIButton.swift",
"CustomView/BaseUIView/BaseUICollectionView.swift",
"CustomView/BaseUIView/BaseUICricleView.swift",
"CustomView/BaseUIView/BaseUIImageFontView.swift",
"CustomView/BaseUIView/BaseUIImageView.swift",
"CustomView/BaseUIView/BaseUILabel.swift",
"CustomView/BaseUIView/BaseUINavigationView.swift",
"CustomView/BaseUIView/BaseUIProgressView.swift",
"CustomView/BaseUIView/BaseUISearchBar.swift",
"CustomView/BaseUIView/BaseUISegmentedControl.swift",
"CustomView/BaseUIView/BaseUIStackView.swift",
"CustomView/BaseUIView/BaseUITableView.swift",
"CustomView/BaseUIView/BaseUITextField.swift",
"CustomView/BaseUIView/BaseUITextView.swift",
"CustomView/BaseUIView/BaseUIView.swift",
"CustomView/BaseUIView/BaseWKWebView.swift",
"CustomView/BaseUIView/ButtonsPanelStackView.swift",
"CustomView/BaseUIView/CellColectionView/BaseShadowCollectionViewCell.swift",
"CustomView/BaseUIView/CellColectionView/BaseUICollectionViewCell.swift",
"CustomView/BaseUIView/CellColectionView/SlideImageCollectionViewCell.swift",
"CustomView/BaseUIView/CellHeaderFooterTableView/BaseUITableViewHeaderFooterView.swift",
"CustomView/BaseUIView/CellHeaderFooterTableView/LineTableHeaderFooterViewCell.swift",
"CustomView/BaseUIView/CellHeaderFooterTableView/SpaceTableHeaderViewCell.swift",
"CustomView/BaseUIView/CellHeaderFooterTableView/TextLeftRightTableHeaderFooterViewCell.swift",
"CustomView/BaseUIView/CellHeaderFooterTableView/TextSubTextTableHeaderFooterViewCell.swift",
"CustomView/BaseUIView/CellHeaderFooterTableView/TextTableHeaderFooterViewCell.swift",
"CustomView/BaseUIView/CellTableView/BaseShadowTableViewCell.swift",
"CustomView/BaseUIView/CellTableView/BaseTextSubtextHorTableViewCell.swift",
"CustomView/BaseUIView/CellTableView/BaseUITableViewCell.swift",
"CustomView/BaseUIView/CellTableView/IconTextSubtextTableViewCell.swift",
"CustomView/BaseUIView/CellTableView/IconTextSubtextTextSubTextRightTableViewCell.swift",
"CustomView/BaseUIView/CellTableView/TextIconTableViewCell.swift",
"CustomView/BaseUIView/CellTableView/TextSubtextIconTableViewCell.swift",
"CustomView/BaseUIView/CircleProgressView.swift",
"CustomView/BaseUIView/DatePicker/BaseDatePicker.swift",
"CustomView/BaseUIView/DatePicker/BaseMonthYearPicker.swift",
"CustomView/BaseUIView/DismissView.swift",
"CustomView/BaseUIView/NotificationView/BaseNotificationView.swift",
"CustomView/BaseUIView/NotificationView/BaseNotificationViewConfig.swift",
"CustomView/BaseUIView/PopupView/BasePopupViewController.swift",
"CustomView/BaseUIView/PopupView/PopupViewController.swift",
"CustomView/BaseUIView/PresentationController/BasePresentationController.swift",
"CustomView/BaseUIView/PresentationController/CoverVerticalPresentationController.swift",
"CustomView/BaseUIView/PresentationController/CoverVerticalViewController.swift",
"CustomView/BaseUIView/UIImageCircleView.swift",
"CustomView/BaseUIView/UIImageFontCircleView.swift",
"CustomView/BaseUIView/UIImageFontPaddingView.swift",
"CustomView/BaseUIView/ViewController/BaseMessagePopupViewController.swift",
"CustomView/BaseUIView/ViewController/BaseScrollViewController.swift",
"CustomView/BaseUIView/ViewController/BaseStackScrollViewController.swift",
"CustomView/BaseUIView/ViewController/BaseUICollectionViewController.swift",
"CustomView/BaseUIView/ViewController/BaseUISearchViewController.swift",
"CustomView/BaseUIView/ViewController/BaseUITableViewController.swift",
"CustomView/BaseUIView/ViewController/BaseUIViewController.swift",
"CustomView/Custom/BaseTwoButtonDiffWidthView.swift",
"CustomView/Custom/ButtonPanelView.swift",
"CustomView/Custom/IconLabelHorizontalView.swift",
"CustomView/Custom/IconLabelTextFieldHorizontalView.swift",
"CustomView/Custom/IconLabelTextFieldView.swift",
"CustomView/Custom/IconLabelView.swift",
"CustomView/Custom/LabelLeftRightView.swift",
"CustomView/Custom/LabelTextFieldView.swift",
"CustomView/Custom/LableSubLabelView.swift",
"CustomView/Custom/LineView.swift",
"CustomView/Custom/PanelScrollView.swift",
"CustomView/Custom/RowTableView.swift",
"CustomView/Custom/TTBaseShadowView.swift",
"CustomView/Custom/TwoButtomView.swift",
"CustomView/Helpers/ContraintHelpers.swift",
"CustomView/ViewCodable/ViewCodable.swift",
"Extensions/CLLocationCoordinate2D+Config.swift",
"Extensions/Date+Config.swift",
"Extensions/Double+Config.swift",
"Extensions/Encodable+Config.swift",
"Extensions/General+Config.swift",
"Extensions/String+Config.swift",
"Extensions/UIApplication+Config.swift",
"Extensions/UIColor+Config.swift",
"Extensions/UIScrollView+Config.swift",
"Extensions/UITableView+UICollectionView.swift",
"Extensions/UIView+Config.swift",
"Extensions/UIViewController+Config.swift",
"Service.swift",
"Support/AwesomePro.swift",
"Support/DebugBridge/ConnectionDiagnostics.swift",
"Support/DebugBridge/DebugBridgeStatusView.swift",
"Support/DebugBridge/DebugProtocol.swift",
"Support/DebugBridge/LogInterceptor.swift",
"Support/DebugBridge/NetworkDiagnosticUtils.swift",
"Support/DebugBridge/QRScannerView.swift",
"Support/DebugBridge/TTDebugBridge.swift",
"Support/Ekhoo_Device/Device.swift",
"Support/Ekhoo_Device/DeviceSize.swift",
"Support/Ekhoo_Device/DeviceType.swift",
"Support/Ekhoo_Device/DeviceVersion.swift",
"Support/Helper/LogView/Components/FilterBarView.swift",
"Support/Helper/LogView/Components/JSONTextView.swift",
"Support/Helper/LogView/Components/LogRowView.swift",
"Support/Helper/LogView/Components/LogViewTheme.swift",
"Support/Helper/LogView/Extensions/LogViewModel+Extensions.swift",
"Support/Helper/LogView/LogViewHelper.swift",
"Support/Helper/LogView/Model/LogTrackingViewModel.swift",
"Support/Helper/LogView/Model/LogViewModel.swift",
"Support/Helper/LogView/Screens/LogDetailScreen.swift",
"Support/Helper/LogView/Screens/LogListScreen.swift",
"Support/Helper/LogView/ViewModels/LogDetailViewModel.swift",
"Support/Helper/LogView/ViewModels/LogListViewModel.swift",
"Support/Networking/TTBaseAPIService.swift",
"Support/Test/ListCellTestTableViewController.swift",
"Support/Utilities/GlobalFunctions.swift",
"Support/Utilities/JailbreakDetector.swift",
"Support/Utilities/SwiftHash.swift",
"Support/Utilities/TTBaseCheckNewVersion.swift",
"Support/Utilities/TTBaseDebugKit.swift",
"Support/Utilities/TTBaseFunc.swift",
"Support/Utilities/TTBaseNetworkSpeedTest.swift",
"Support/Utilities/TTBaseUIKitSetting.swift",
"Support/Utilities/TTBaseUtil.swift",
"Support/Utilities/TTLanguageManager.swift",
"Support/Utilities/TextValidation.swift",
"Support/Utilities/Validation.swift",
"Support/Utilities/VietNamLunar.swift",
"SwiftUIView/BaseStyle/BaseButtonStyle.swift",
"SwiftUIView/BaseViewModifier/TextBorderModifier.swift",
"SwiftUIView/BaseViews/BaseEqualHeightGridView.swift",
"SwiftUIView/BaseViews/BaseHorizontalDivider.swift",
"SwiftUIView/BaseViews/BaseNavigationLink.swift",
"SwiftUIView/BaseViews/BaseNewVersionPopupView.swift",
"SwiftUIView/BaseViews/BaseSUIAsyncImage.swift",
"SwiftUIView/BaseViews/BaseSUIButton.swift",
"SwiftUIView/BaseViews/BaseSUICircleImage.swift",
"SwiftUIView/BaseViews/BaseSUIGroup.swift",
"SwiftUIView/BaseViews/BaseSUIHStack.swift",
"SwiftUIView/BaseViews/BaseSUIImage.swift",
"SwiftUIView/BaseViews/BaseSUILazyHGrid.swift",
"SwiftUIView/BaseViews/BaseSUILazyHStack.swift",
"SwiftUIView/BaseViews/BaseSUILazyVGrid.swift",
"SwiftUIView/BaseViews/BaseSUILazyVStack.swift",
"SwiftUIView/BaseViews/BaseSUIList.swift",
"SwiftUIView/BaseViews/BaseSUIProgressView.swift",
"SwiftUIView/BaseViews/BaseSUIScroll.swift",
"SwiftUIView/BaseViews/BaseSUIShadowView.swift",
"SwiftUIView/BaseViews/BaseSUISlider.swift",
"SwiftUIView/BaseViews/BaseSUISpacer.swift",
"SwiftUIView/BaseViews/BaseSUITabView.swift",
"SwiftUIView/BaseViews/BaseSUIText.swift",
"SwiftUIView/BaseViews/BaseSUITextField.swift",
"SwiftUIView/BaseViews/BaseSUIToggle.swift",
"SwiftUIView/BaseViews/BaseSUIVStack.swift",
"SwiftUIView/BaseViews/BaseSUIVerticalDivider.swift",
"SwiftUIView/BaseViews/BaseSUIView.swift",
"SwiftUIView/BaseViews/BaseSUIZStack.swift",
"SwiftUIView/Extension+Configs/HostingController+Configs+Extension.swift",
"SwiftUIView/Extension+Configs/TTBaseUIKit+SwiftUI.swift",
"SwiftUIView/Extension+Configs/UITabBar+Config+Extension.swift",
"SwiftUIView/Extension+Configs/View+Config+Extension.swift",
"SwiftUIView/Extension+Configs/View+LayoutPriority.swift",
"SwiftUIView/Extension+Configs/View+LiquidGlass+Extension.swift",
"SwiftUIView/Extension+Configs/View+Spacing.swift",
"SwiftUIView/Extension+Configs/View+Style.swift",
"SwiftUIView/Extension+Configs/View+Swipe.swift",
"SwiftUIView/UIViewPreview/UIViewLivePreview.swift",
"SwiftUIView/Util+Animations/SUIUtil+Extensions.swift",
"SwiftUIView/Util+Animations/Shimmer.swift"
],
"type" : "library"
}
],
"tools_version" : "5.6"
}
{
"workspace" : {
"name" : "spi-builder-workspace",
"schemes" : [
"TTBaseUIKit"
]
}
}
2026-07-19 00:31:51.335 xcodebuild[775:5098] [MT] IDERunDestination: Supported platforms for the buildables in the current scheme is empty.
Running build ...
env DEVELOPER_DIR=/Applications/Xcode-26.4.0.app xcrun xcodebuild -IDEClonedSourcePackagesDirPathOverride=$PWD/.dependencies -skipMacroValidation -skipPackagePluginValidation -derivedDataPath $PWD/.derivedData build -scheme TTBaseUIKit -destination generic/platform=watchOS
Command line invocation:
/Applications/Xcode-26.4.0.app/Contents/Developer/usr/bin/xcodebuild -IDEClonedSourcePackagesDirPathOverride=/Users/admin/builder/spi-builder-workspace/.dependencies -skipMacroValidation -skipPackagePluginValidation -derivedDataPath /Users/admin/builder/spi-builder-workspace/.derivedData build -scheme TTBaseUIKit -destination generic/platform=watchOS
Resolve Package Graph
Resolved source packages:
TTBaseUIKit: /Users/admin/builder/spi-builder-workspace
ComputePackagePrebuildTargetDependencyGraph
Prepare packages
CreateBuildRequest
SendProjectDescription
CreateBuildOperation
ComputeTargetDependencyGraph
note: Building targets in dependency order
note: Target dependency graph (3 targets)
Target 'TTBaseUIKit' in project 'TTBaseUIKit'
➜ Explicit dependency on target 'TTBaseUIKit' in project 'TTBaseUIKit'
➜ Explicit dependency on target 'TTBaseUIKit_TTBaseUIKit' in project 'TTBaseUIKit'
Target 'TTBaseUIKit' in project 'TTBaseUIKit'
➜ Explicit dependency on target 'TTBaseUIKit_TTBaseUIKit' in project 'TTBaseUIKit'
Target 'TTBaseUIKit_TTBaseUIKit' in project 'TTBaseUIKit' (no dependencies)
GatherProvisioningInputs
CreateBuildDescription
ClangStatCache /Applications/Xcode-26.4.0.app/Contents/Developer/Toolchains/XcodeDefault.xctoolchain/usr/bin/clang-stat-cache /Applications/Xcode-26.4.0.app/Contents/Developer/Platforms/WatchOS.platform/Developer/SDKs/WatchOS26.4.sdk /Users/admin/builder/spi-builder-workspace/.derivedData/SDKStatCaches.noindex/watchos26.4-23T238-688ef53f1462e2c8f657fdc38a81448f9e51884a582f42380855760c9d4cc599.sdkstatcache
cd /Users/admin/builder/spi-builder-workspace/.swiftpm/xcode
/Applications/Xcode-26.4.0.app/Contents/Developer/Toolchains/XcodeDefault.xctoolchain/usr/bin/clang-stat-cache /Applications/Xcode-26.4.0.app/Contents/Developer/Platforms/WatchOS.platform/Developer/SDKs/WatchOS26.4.sdk -o /Users/admin/builder/spi-builder-workspace/.derivedData/SDKStatCaches.noindex/watchos26.4-23T238-688ef53f1462e2c8f657fdc38a81448f9e51884a582f42380855760c9d4cc599.sdkstatcache
SwiftDriver TTBaseUIKit normal arm64_32 com.apple.xcode.tools.swift.compiler (in target 'TTBaseUIKit' from project 'TTBaseUIKit')
cd /Users/admin/builder/spi-builder-workspace/.swiftpm/xcode
builtin-SwiftDriver -- /Applications/Xcode-26.4.0.app/Contents/Developer/Toolchains/XcodeDefault.xctoolchain/usr/bin/swiftc -module-name TTBaseUIKit -Onone @/Users/admin/builder/spi-builder-workspace/.derivedData/Build/Intermediates.noindex/TTBaseUIKit.build/Debug-watchos/TTBaseUIKit.build/Objects-normal/arm64_32/TTBaseUIKit.SwiftFileList -DSWIFT_PACKAGE -DDEBUG -DSWIFT_MODULE_RESOURCE_BUNDLE_AVAILABLE -DXcode -plugin-path /Applications/Xcode-26.4.0.app/Contents/Developer/Toolchains/XcodeDefault.xctoolchain/usr/lib/swift/host/plugins/testing -enable-experimental-feature DebugDescriptionMacro -sdk /Applications/Xcode-26.4.0.app/Contents/Developer/Platforms/WatchOS.platform/Developer/SDKs/WatchOS26.4.sdk -target arm64_32-apple-watchos8.0 -g -module-cache-path /Users/admin/builder/spi-builder-workspace/.derivedData/ModuleCache.noindex -Xfrontend -serialize-debugging-options -profile-coverage-mapping -profile-generate -enable-testing -index-store-path /Users/admin/builder/spi-builder-workspace/.derivedData/Index.noindex/DataStore -Xcc -D_LIBCPP_HARDENING_MODE\=_LIBCPP_HARDENING_MODE_DEBUG -swift-version 5 -I /Users/admin/builder/spi-builder-workspace/.derivedData/Build/Products/Debug-watchos -Isystem /Applications/Xcode-26.4.0.app/Contents/Developer/Platforms/WatchOS.platform/Developer/usr/lib -F /Users/admin/builder/spi-builder-workspace/.derivedData/Build/Products/Debug-watchos -F /Applications/Xcode-26.4.0.app/Contents/Developer/Platforms/WatchOS.platform/Developer/Library/Frameworks -F /Applications/Xcode-26.4.0.app/Contents/Developer/Platforms/WatchOS.platform/Developer/SDKs/WatchOS26.4.sdk/Developer/Library/Frameworks -c -j10 -enable-batch-mode -incremental -Xcc -ivfsstatcache -Xcc /Users/admin/builder/spi-builder-workspace/.derivedData/SDKStatCaches.noindex/watchos26.4-23T238-688ef53f1462e2c8f657fdc38a81448f9e51884a582f42380855760c9d4cc599.sdkstatcache -output-file-map /Users/admin/builder/spi-builder-workspace/.derivedData/Build/Intermediates.noindex/TTBaseUIKit.build/Debug-watchos/TTBaseUIKit.build/Objects-normal/arm64_32/TTBaseUIKit-OutputFileMap.json -use-frontend-parseable-output -save-temps -no-color-diagnostics -explicit-module-build -module-cache-path /Users/admin/builder/spi-builder-workspace/.derivedData/Build/Intermediates.noindex/SwiftExplicitPrecompiledModules -clang-scanner-module-cache-path /Users/admin/builder/spi-builder-workspace/.derivedData/ModuleCache.noindex -sdk-module-cache-path /Users/admin/builder/spi-builder-workspace/.derivedData/ModuleCache.noindex -serialize-diagnostics -emit-dependencies -emit-module -emit-module-path /Users/admin/builder/spi-builder-workspace/.derivedData/Build/Intermediates.noindex/TTBaseUIKit.build/Debug-watchos/TTBaseUIKit.build/Objects-normal/arm64_32/TTBaseUIKit.swiftmodule -validate-clang-modules-once -clang-build-session-file /Users/admin/builder/spi-builder-workspace/.derivedData/ModuleCache.noindex/Session.modulevalidation -Xcc -I/Users/admin/builder/spi-builder-workspace/.derivedData/Build/Intermediates.noindex/TTBaseUIKit.build/Debug-watchos/TTBaseUIKit.build/swift-overrides.hmap -emit-const-values -Xfrontend -const-gather-protocols-file -Xfrontend /Users/admin/builder/spi-builder-workspace/.derivedData/Build/Intermediates.noindex/TTBaseUIKit.build/Debug-watchos/TTBaseUIKit.build/Objects-normal/arm64_32/TTBaseUIKit_const_extract_protocols.json -Xcc -I/Users/admin/builder/spi-builder-workspace/.derivedData/Build/Products/Debug-watchos/include -Xcc -I/Users/admin/builder/spi-builder-workspace/.derivedData/Build/Intermediates.noindex/TTBaseUIKit.build/Debug-watchos/TTBaseUIKit.build/DerivedSources-normal/arm64_32 -Xcc -I/Users/admin/builder/spi-builder-workspace/.derivedData/Build/Intermediates.noindex/TTBaseUIKit.build/Debug-watchos/TTBaseUIKit.build/DerivedSources/arm64_32 -Xcc -I/Users/admin/builder/spi-builder-workspace/.derivedData/Build/Intermediates.noindex/TTBaseUIKit.build/Debug-watchos/TTBaseUIKit.build/DerivedSources -Xcc -DSWIFT_PACKAGE -Xcc -DDEBUG\=1 -emit-objc-header -emit-objc-header-path /Users/admin/builder/spi-builder-workspace/.derivedData/Build/Intermediates.noindex/TTBaseUIKit.build/Debug-watchos/TTBaseUIKit.build/Objects-normal/arm64_32/TTBaseUIKit-Swift.h -working-directory /Users/admin/builder/spi-builder-workspace/.swiftpm/xcode -experimental-emit-module-separately -disable-cmo
/Users/admin/builder/spi-builder-workspace/Sources/TTBaseUIKit/CustomView/BaseUIView/BaseWKWebView.swift:10:8: error: Unable to resolve module dependency: 'WebKit'
import WebKit
^ (in target 'TTBaseUIKit' from project 'TTBaseUIKit')
/Users/admin/builder/spi-builder-workspace/Sources/TTBaseUIKit/CustomView/BaseUIView/BaseWKWebView.swift:10:8: note: A dependency of main module 'TTBaseUIKit'
import WebKit
^ (in target 'TTBaseUIKit' from project 'TTBaseUIKit')
/Users/admin/builder/spi-builder-workspace/Sources/TTBaseUIKit/Extensions/UIViewController+Config.swift:210:8: error: Unable to resolve module dependency: 'MessageUI'
import MessageUI
^ (in target 'TTBaseUIKit' from project 'TTBaseUIKit')
/Users/admin/builder/spi-builder-workspace/Sources/TTBaseUIKit/Extensions/UIViewController+Config.swift:210:8: note: A dependency of main module 'TTBaseUIKit'
import MessageUI
^ (in target 'TTBaseUIKit' from project 'TTBaseUIKit')
/Users/admin/builder/spi-builder-workspace/Sources/TTBaseUIKit/Extensions/UIViewController+Config.swift:211:8: error: Unable to resolve module dependency: 'ContactsUI'
import ContactsUI
^ (in target 'TTBaseUIKit' from project 'TTBaseUIKit')
/Users/admin/builder/spi-builder-workspace/Sources/TTBaseUIKit/Extensions/UIViewController+Config.swift:211:8: note: A dependency of main module 'TTBaseUIKit'
import ContactsUI
^ (in target 'TTBaseUIKit' from project 'TTBaseUIKit')
/Users/admin/builder/spi-builder-workspace/Sources/TTBaseUIKit/Support/Utilities/TTBaseDebugKit.swift:11:8: error: Unable to resolve module dependency: 'PencilKit'
import PencilKit
^ (in target 'TTBaseUIKit' from project 'TTBaseUIKit')
/Users/admin/builder/spi-builder-workspace/Sources/TTBaseUIKit/Support/Utilities/TTBaseDebugKit.swift:11:8: note: A dependency of main module 'TTBaseUIKit'
import PencilKit
^ (in target 'TTBaseUIKit' from project 'TTBaseUIKit')
/Users/admin/builder/spi-builder-workspace/Sources/TTBaseUIKit/Support/Utilities/TTBaseUtil.swift:10:8: error: Unable to resolve module dependency: 'SystemConfiguration'
import SystemConfiguration
^ (in target 'TTBaseUIKit' from project 'TTBaseUIKit')
/Users/admin/builder/spi-builder-workspace/Sources/TTBaseUIKit/Support/Utilities/TTBaseUtil.swift:10:8: note: A dependency of main module 'TTBaseUIKit'
import SystemConfiguration
^ (in target 'TTBaseUIKit' from project 'TTBaseUIKit')
SwiftDriver TTBaseUIKit normal armv7k com.apple.xcode.tools.swift.compiler (in target 'TTBaseUIKit' from project 'TTBaseUIKit')
cd /Users/admin/builder/spi-builder-workspace/.swiftpm/xcode
builtin-SwiftDriver -- /Applications/Xcode-26.4.0.app/Contents/Developer/Toolchains/XcodeDefault.xctoolchain/usr/bin/swiftc -module-name TTBaseUIKit -Onone @/Users/admin/builder/spi-builder-workspace/.derivedData/Build/Intermediates.noindex/TTBaseUIKit.build/Debug-watchos/TTBaseUIKit.build/Objects-normal/armv7k/TTBaseUIKit.SwiftFileList -DSWIFT_PACKAGE -DDEBUG -DSWIFT_MODULE_RESOURCE_BUNDLE_AVAILABLE -DXcode -plugin-path /Applications/Xcode-26.4.0.app/Contents/Developer/Toolchains/XcodeDefault.xctoolchain/usr/lib/swift/host/plugins/testing -enable-experimental-feature DebugDescriptionMacro -sdk /Applications/Xcode-26.4.0.app/Contents/Developer/Platforms/WatchOS.platform/Developer/SDKs/WatchOS26.4.sdk -target armv7k-apple-watchos8.0 -g -module-cache-path /Users/admin/builder/spi-builder-workspace/.derivedData/ModuleCache.noindex -Xfrontend -serialize-debugging-options -profile-coverage-mapping -profile-generate -enable-testing -index-store-path /Users/admin/builder/spi-builder-workspace/.derivedData/Index.noindex/DataStore -Xcc -D_LIBCPP_HARDENING_MODE\=_LIBCPP_HARDENING_MODE_DEBUG -swift-version 5 -I /Users/admin/builder/spi-builder-workspace/.derivedData/Build/Products/Debug-watchos -Isystem /Applications/Xcode-26.4.0.app/Contents/Developer/Platforms/WatchOS.platform/Developer/usr/lib -F /Users/admin/builder/spi-builder-workspace/.derivedData/Build/Products/Debug-watchos -F /Applications/Xcode-26.4.0.app/Contents/Developer/Platforms/WatchOS.platform/Developer/Library/Frameworks -F /Applications/Xcode-26.4.0.app/Contents/Developer/Platforms/WatchOS.platform/Developer/SDKs/WatchOS26.4.sdk/Developer/Library/Frameworks -c -j10 -enable-batch-mode -incremental -Xcc -ivfsstatcache -Xcc /Users/admin/builder/spi-builder-workspace/.derivedData/SDKStatCaches.noindex/watchos26.4-23T238-688ef53f1462e2c8f657fdc38a81448f9e51884a582f42380855760c9d4cc599.sdkstatcache -output-file-map /Users/admin/builder/spi-builder-workspace/.derivedData/Build/Intermediates.noindex/TTBaseUIKit.build/Debug-watchos/TTBaseUIKit.build/Objects-normal/armv7k/TTBaseUIKit-OutputFileMap.json -use-frontend-parseable-output -save-temps -no-color-diagnostics -explicit-module-build -module-cache-path /Users/admin/builder/spi-builder-workspace/.derivedData/Build/Intermediates.noindex/SwiftExplicitPrecompiledModules -clang-scanner-module-cache-path /Users/admin/builder/spi-builder-workspace/.derivedData/ModuleCache.noindex -sdk-module-cache-path /Users/admin/builder/spi-builder-workspace/.derivedData/ModuleCache.noindex -serialize-diagnostics -emit-dependencies -emit-module -emit-module-path /Users/admin/builder/spi-builder-workspace/.derivedData/Build/Intermediates.noindex/TTBaseUIKit.build/Debug-watchos/TTBaseUIKit.build/Objects-normal/armv7k/TTBaseUIKit.swiftmodule -validate-clang-modules-once -clang-build-session-file /Users/admin/builder/spi-builder-workspace/.derivedData/ModuleCache.noindex/Session.modulevalidation -Xcc -I/Users/admin/builder/spi-builder-workspace/.derivedData/Build/Intermediates.noindex/TTBaseUIKit.build/Debug-watchos/TTBaseUIKit.build/swift-overrides.hmap -emit-const-values -Xfrontend -const-gather-protocols-file -Xfrontend /Users/admin/builder/spi-builder-workspace/.derivedData/Build/Intermediates.noindex/TTBaseUIKit.build/Debug-watchos/TTBaseUIKit.build/Objects-normal/armv7k/TTBaseUIKit_const_extract_protocols.json -Xcc -I/Users/admin/builder/spi-builder-workspace/.derivedData/Build/Products/Debug-watchos/include -Xcc -I/Users/admin/builder/spi-builder-workspace/.derivedData/Build/Intermediates.noindex/TTBaseUIKit.build/Debug-watchos/TTBaseUIKit.build/DerivedSources-normal/armv7k -Xcc -I/Users/admin/builder/spi-builder-workspace/.derivedData/Build/Intermediates.noindex/TTBaseUIKit.build/Debug-watchos/TTBaseUIKit.build/DerivedSources/armv7k -Xcc -I/Users/admin/builder/spi-builder-workspace/.derivedData/Build/Intermediates.noindex/TTBaseUIKit.build/Debug-watchos/TTBaseUIKit.build/DerivedSources -Xcc -DSWIFT_PACKAGE -Xcc -DDEBUG\=1 -emit-objc-header -emit-objc-header-path /Users/admin/builder/spi-builder-workspace/.derivedData/Build/Intermediates.noindex/TTBaseUIKit.build/Debug-watchos/TTBaseUIKit.build/Objects-normal/armv7k/TTBaseUIKit-Swift.h -working-directory /Users/admin/builder/spi-builder-workspace/.swiftpm/xcode -experimental-emit-module-separately -disable-cmo
/Users/admin/builder/spi-builder-workspace/Sources/TTBaseUIKit/CustomView/BaseUIView/BaseWKWebView.swift:10:8: error: Unable to resolve module dependency: 'WebKit'
import WebKit
^ (in target 'TTBaseUIKit' from project 'TTBaseUIKit')
/Users/admin/builder/spi-builder-workspace/Sources/TTBaseUIKit/CustomView/BaseUIView/BaseWKWebView.swift:10:8: note: A dependency of main module 'TTBaseUIKit'
import WebKit
^ (in target 'TTBaseUIKit' from project 'TTBaseUIKit')
/Users/admin/builder/spi-builder-workspace/Sources/TTBaseUIKit/Extensions/UIViewController+Config.swift:210:8: error: Unable to resolve module dependency: 'MessageUI'
import MessageUI
^ (in target 'TTBaseUIKit' from project 'TTBaseUIKit')
/Users/admin/builder/spi-builder-workspace/Sources/TTBaseUIKit/Extensions/UIViewController+Config.swift:210:8: note: A dependency of main module 'TTBaseUIKit'
import MessageUI
^ (in target 'TTBaseUIKit' from project 'TTBaseUIKit')
/Users/admin/builder/spi-builder-workspace/Sources/TTBaseUIKit/Extensions/UIViewController+Config.swift:211:8: error: Unable to resolve module dependency: 'ContactsUI'
import ContactsUI
^ (in target 'TTBaseUIKit' from project 'TTBaseUIKit')
/Users/admin/builder/spi-builder-workspace/Sources/TTBaseUIKit/Extensions/UIViewController+Config.swift:211:8: note: A dependency of main module 'TTBaseUIKit'
import ContactsUI
^ (in target 'TTBaseUIKit' from project 'TTBaseUIKit')
/Users/admin/builder/spi-builder-workspace/Sources/TTBaseUIKit/Support/Utilities/TTBaseDebugKit.swift:11:8: error: Unable to resolve module dependency: 'PencilKit'
import PencilKit
^ (in target 'TTBaseUIKit' from project 'TTBaseUIKit')
/Users/admin/builder/spi-builder-workspace/Sources/TTBaseUIKit/Support/Utilities/TTBaseDebugKit.swift:11:8: note: A dependency of main module 'TTBaseUIKit'
import PencilKit
^ (in target 'TTBaseUIKit' from project 'TTBaseUIKit')
/Users/admin/builder/spi-builder-workspace/Sources/TTBaseUIKit/Support/Utilities/TTBaseUtil.swift:10:8: error: Unable to resolve module dependency: 'SystemConfiguration'
import SystemConfiguration
^ (in target 'TTBaseUIKit' from project 'TTBaseUIKit')
/Users/admin/builder/spi-builder-workspace/Sources/TTBaseUIKit/Support/Utilities/TTBaseUtil.swift:10:8: note: A dependency of main module 'TTBaseUIKit'
import SystemConfiguration
^ (in target 'TTBaseUIKit' from project 'TTBaseUIKit')
SwiftDriver TTBaseUIKit normal arm64 com.apple.xcode.tools.swift.compiler (in target 'TTBaseUIKit' from project 'TTBaseUIKit')
cd /Users/admin/builder/spi-builder-workspace/.swiftpm/xcode
builtin-SwiftDriver -- /Applications/Xcode-26.4.0.app/Contents/Developer/Toolchains/XcodeDefault.xctoolchain/usr/bin/swiftc -module-name TTBaseUIKit -Onone @/Users/admin/builder/spi-builder-workspace/.derivedData/Build/Intermediates.noindex/TTBaseUIKit.build/Debug-watchos/TTBaseUIKit.build/Objects-normal/arm64/TTBaseUIKit.SwiftFileList -DSWIFT_PACKAGE -DDEBUG -DSWIFT_MODULE_RESOURCE_BUNDLE_AVAILABLE -DXcode -plugin-path /Applications/Xcode-26.4.0.app/Contents/Developer/Toolchains/XcodeDefault.xctoolchain/usr/lib/swift/host/plugins/testing -enable-experimental-feature DebugDescriptionMacro -sdk /Applications/Xcode-26.4.0.app/Contents/Developer/Platforms/WatchOS.platform/Developer/SDKs/WatchOS26.4.sdk -target arm64-apple-watchos8.0 -g -module-cache-path /Users/admin/builder/spi-builder-workspace/.derivedData/ModuleCache.noindex -Xfrontend -serialize-debugging-options -profile-coverage-mapping -profile-generate -enable-testing -index-store-path /Users/admin/builder/spi-builder-workspace/.derivedData/Index.noindex/DataStore -Xcc -D_LIBCPP_HARDENING_MODE\=_LIBCPP_HARDENING_MODE_DEBUG -swift-version 5 -I /Users/admin/builder/spi-builder-workspace/.derivedData/Build/Products/Debug-watchos -Isystem /Applications/Xcode-26.4.0.app/Contents/Developer/Platforms/WatchOS.platform/Developer/usr/lib -F /Users/admin/builder/spi-builder-workspace/.derivedData/Build/Products/Debug-watchos -F /Applications/Xcode-26.4.0.app/Contents/Developer/Platforms/WatchOS.platform/Developer/Library/Frameworks -F /Applications/Xcode-26.4.0.app/Contents/Developer/Platforms/WatchOS.platform/Developer/SDKs/WatchOS26.4.sdk/Developer/Library/Frameworks -c -j10 -enable-batch-mode -incremental -Xcc -ivfsstatcache -Xcc /Users/admin/builder/spi-builder-workspace/.derivedData/SDKStatCaches.noindex/watchos26.4-23T238-688ef53f1462e2c8f657fdc38a81448f9e51884a582f42380855760c9d4cc599.sdkstatcache -output-file-map /Users/admin/builder/spi-builder-workspace/.derivedData/Build/Intermediates.noindex/TTBaseUIKit.build/Debug-watchos/TTBaseUIKit.build/Objects-normal/arm64/TTBaseUIKit-OutputFileMap.json -use-frontend-parseable-output -save-temps -no-color-diagnostics -explicit-module-build -module-cache-path /Users/admin/builder/spi-builder-workspace/.derivedData/Build/Intermediates.noindex/SwiftExplicitPrecompiledModules -clang-scanner-module-cache-path /Users/admin/builder/spi-builder-workspace/.derivedData/ModuleCache.noindex -sdk-module-cache-path /Users/admin/builder/spi-builder-workspace/.derivedData/ModuleCache.noindex -serialize-diagnostics -emit-dependencies -emit-module -emit-module-path /Users/admin/builder/spi-builder-workspace/.derivedData/Build/Intermediates.noindex/TTBaseUIKit.build/Debug-watchos/TTBaseUIKit.build/Objects-normal/arm64/TTBaseUIKit.swiftmodule -validate-clang-modules-once -clang-build-session-file /Users/admin/builder/spi-builder-workspace/.derivedData/ModuleCache.noindex/Session.modulevalidation -Xcc -I/Users/admin/builder/spi-builder-workspace/.derivedData/Build/Intermediates.noindex/TTBaseUIKit.build/Debug-watchos/TTBaseUIKit.build/swift-overrides.hmap -emit-const-values -Xfrontend -const-gather-protocols-file -Xfrontend /Users/admin/builder/spi-builder-workspace/.derivedData/Build/Intermediates.noindex/TTBaseUIKit.build/Debug-watchos/TTBaseUIKit.build/Objects-normal/arm64/TTBaseUIKit_const_extract_protocols.json -Xcc -I/Users/admin/builder/spi-builder-workspace/.derivedData/Build/Products/Debug-watchos/include -Xcc -I/Users/admin/builder/spi-builder-workspace/.derivedData/Build/Intermediates.noindex/TTBaseUIKit.build/Debug-watchos/TTBaseUIKit.build/DerivedSources-normal/arm64 -Xcc -I/Users/admin/builder/spi-builder-workspace/.derivedData/Build/Intermediates.noindex/TTBaseUIKit.build/Debug-watchos/TTBaseUIKit.build/DerivedSources/arm64 -Xcc -I/Users/admin/builder/spi-builder-workspace/.derivedData/Build/Intermediates.noindex/TTBaseUIKit.build/Debug-watchos/TTBaseUIKit.build/DerivedSources -Xcc -DSWIFT_PACKAGE -Xcc -DDEBUG\=1 -emit-objc-header -emit-objc-header-path /Users/admin/builder/spi-builder-workspace/.derivedData/Build/Intermediates.noindex/TTBaseUIKit.build/Debug-watchos/TTBaseUIKit.build/Objects-normal/arm64/TTBaseUIKit-Swift.h -working-directory /Users/admin/builder/spi-builder-workspace/.swiftpm/xcode -experimental-emit-module-separately -disable-cmo
/Users/admin/builder/spi-builder-workspace/Sources/TTBaseUIKit/CustomView/BaseUIView/BaseWKWebView.swift:10:8: error: Unable to resolve module dependency: 'WebKit'
import WebKit
^ (in target 'TTBaseUIKit' from project 'TTBaseUIKit')
/Users/admin/builder/spi-builder-workspace/Sources/TTBaseUIKit/CustomView/BaseUIView/BaseWKWebView.swift:10:8: note: A dependency of main module 'TTBaseUIKit'
import WebKit
^ (in target 'TTBaseUIKit' from project 'TTBaseUIKit')
/Users/admin/builder/spi-builder-workspace/Sources/TTBaseUIKit/Extensions/UIViewController+Config.swift:210:8: error: Unable to resolve module dependency: 'MessageUI'
import MessageUI
^ (in target 'TTBaseUIKit' from project 'TTBaseUIKit')
/Users/admin/builder/spi-builder-workspace/Sources/TTBaseUIKit/Extensions/UIViewController+Config.swift:210:8: note: A dependency of main module 'TTBaseUIKit'
import MessageUI
^ (in target 'TTBaseUIKit' from project 'TTBaseUIKit')
/Users/admin/builder/spi-builder-workspace/Sources/TTBaseUIKit/Extensions/UIViewController+Config.swift:211:8: error: Unable to resolve module dependency: 'ContactsUI'
import ContactsUI
^ (in target 'TTBaseUIKit' from project 'TTBaseUIKit')
/Users/admin/builder/spi-builder-workspace/Sources/TTBaseUIKit/Extensions/UIViewController+Config.swift:211:8: note: A dependency of main module 'TTBaseUIKit'
import ContactsUI
^ (in target 'TTBaseUIKit' from project 'TTBaseUIKit')
/Users/admin/builder/spi-builder-workspace/Sources/TTBaseUIKit/Support/Utilities/TTBaseDebugKit.swift:11:8: error: Unable to resolve module dependency: 'PencilKit'
import PencilKit
^ (in target 'TTBaseUIKit' from project 'TTBaseUIKit')
/Users/admin/builder/spi-builder-workspace/Sources/TTBaseUIKit/Support/Utilities/TTBaseDebugKit.swift:11:8: note: A dependency of main module 'TTBaseUIKit'
import PencilKit
^ (in target 'TTBaseUIKit' from project 'TTBaseUIKit')
/Users/admin/builder/spi-builder-workspace/Sources/TTBaseUIKit/Support/Utilities/TTBaseUtil.swift:10:8: error: Unable to resolve module dependency: 'SystemConfiguration'
import SystemConfiguration
^ (in target 'TTBaseUIKit' from project 'TTBaseUIKit')
/Users/admin/builder/spi-builder-workspace/Sources/TTBaseUIKit/Support/Utilities/TTBaseUtil.swift:10:8: note: A dependency of main module 'TTBaseUIKit'
import SystemConfiguration
^ (in target 'TTBaseUIKit' from project 'TTBaseUIKit')
2026-07-19 00:31:52.229 xcodebuild[777:5129] [MT] IDERunDestination: Supported platforms for the buildables in the current scheme is empty.
/Users/admin/builder/spi-builder-workspace/Sources/TTBaseUIKit/CustomView/BaseUIView/BaseWKWebView.swift:10:8: error: unable to resolve module dependency: 'WebKit'
import WebKit
^
/Users/admin/builder/spi-builder-workspace/Sources/TTBaseUIKit/CustomView/BaseUIView/BaseWKWebView.swift:10:8: note: a dependency of main module 'TTBaseUIKit'
import WebKit
^
/Users/admin/builder/spi-builder-workspace/Sources/TTBaseUIKit/Extensions/UIViewController+Config.swift:210:8: error: unable to resolve module dependency: 'MessageUI'
import MessageUI
^
/Users/admin/builder/spi-builder-workspace/Sources/TTBaseUIKit/Extensions/UIViewController+Config.swift:210:8: note: a dependency of main module 'TTBaseUIKit'
import MessageUI
^
/Users/admin/builder/spi-builder-workspace/Sources/TTBaseUIKit/Extensions/UIViewController+Config.swift:211:8: error: unable to resolve module dependency: 'ContactsUI'
import ContactsUI
^
/Users/admin/builder/spi-builder-workspace/Sources/TTBaseUIKit/Extensions/UIViewController+Config.swift:211:8: note: a dependency of main module 'TTBaseUIKit'
import ContactsUI
^
/Users/admin/builder/spi-builder-workspace/Sources/TTBaseUIKit/Support/Utilities/TTBaseDebugKit.swift:11:8: error: unable to resolve module dependency: 'PencilKit'
import PencilKit
^
/Users/admin/builder/spi-builder-workspace/Sources/TTBaseUIKit/Support/Utilities/TTBaseDebugKit.swift:11:8: note: a dependency of main module 'TTBaseUIKit'
import PencilKit
^
/Users/admin/builder/spi-builder-workspace/Sources/TTBaseUIKit/Support/Utilities/TTBaseUtil.swift:10:8: error: unable to resolve module dependency: 'SystemConfiguration'
import SystemConfiguration
^
/Users/admin/builder/spi-builder-workspace/Sources/TTBaseUIKit/Support/Utilities/TTBaseUtil.swift:10:8: note: a dependency of main module 'TTBaseUIKit'
import SystemConfiguration
^
/Users/admin/builder/spi-builder-workspace/Sources/TTBaseUIKit/CustomView/BaseUIView/BaseWKWebView.swift:10:8: error: unable to resolve module dependency: 'WebKit'
import WebKit
^
/Users/admin/builder/spi-builder-workspace/Sources/TTBaseUIKit/CustomView/BaseUIView/BaseWKWebView.swift:10:8: note: a dependency of main module 'TTBaseUIKit'
import WebKit
^
/Users/admin/builder/spi-builder-workspace/Sources/TTBaseUIKit/Extensions/UIViewController+Config.swift:210:8: error: unable to resolve module dependency: 'MessageUI'
import MessageUI
^
/Users/admin/builder/spi-builder-workspace/Sources/TTBaseUIKit/Extensions/UIViewController+Config.swift:210:8: note: a dependency of main module 'TTBaseUIKit'
import MessageUI
^
/Users/admin/builder/spi-builder-workspace/Sources/TTBaseUIKit/Extensions/UIViewController+Config.swift:211:8: error: unable to resolve module dependency: 'ContactsUI'
import ContactsUI
^
/Users/admin/builder/spi-builder-workspace/Sources/TTBaseUIKit/Extensions/UIViewController+Config.swift:211:8: note: a dependency of main module 'TTBaseUIKit'
import ContactsUI
^
/Users/admin/builder/spi-builder-workspace/Sources/TTBaseUIKit/Support/Utilities/TTBaseDebugKit.swift:11:8: error: unable to resolve module dependency: 'PencilKit'
import PencilKit
^
/Users/admin/builder/spi-builder-workspace/Sources/TTBaseUIKit/Support/Utilities/TTBaseDebugKit.swift:11:8: note: a dependency of main module 'TTBaseUIKit'
import PencilKit
^
/Users/admin/builder/spi-builder-workspace/Sources/TTBaseUIKit/Support/Utilities/TTBaseUtil.swift:10:8: error: unable to resolve module dependency: 'SystemConfiguration'
import SystemConfiguration
^
/Users/admin/builder/spi-builder-workspace/Sources/TTBaseUIKit/Support/Utilities/TTBaseUtil.swift:10:8: note: a dependency of main module 'TTBaseUIKit'
import SystemConfiguration
^
/Users/admin/builder/spi-builder-workspace/Sources/TTBaseUIKit/CustomView/BaseUIView/BaseWKWebView.swift:10:8: error: unable to resolve module dependency: 'WebKit'
import WebKit
^
/Users/admin/builder/spi-builder-workspace/Sources/TTBaseUIKit/CustomView/BaseUIView/BaseWKWebView.swift:10:8: note: a dependency of main module 'TTBaseUIKit'
import WebKit
^
/Users/admin/builder/spi-builder-workspace/Sources/TTBaseUIKit/Extensions/UIViewController+Config.swift:210:8: error: unable to resolve module dependency: 'MessageUI'
import MessageUI
^
/Users/admin/builder/spi-builder-workspace/Sources/TTBaseUIKit/Extensions/UIViewController+Config.swift:210:8: note: a dependency of main module 'TTBaseUIKit'
import MessageUI
^
/Users/admin/builder/spi-builder-workspace/Sources/TTBaseUIKit/Extensions/UIViewController+Config.swift:211:8: error: unable to resolve module dependency: 'ContactsUI'
import ContactsUI
^
/Users/admin/builder/spi-builder-workspace/Sources/TTBaseUIKit/Extensions/UIViewController+Config.swift:211:8: note: a dependency of main module 'TTBaseUIKit'
import ContactsUI
^
/Users/admin/builder/spi-builder-workspace/Sources/TTBaseUIKit/Support/Utilities/TTBaseDebugKit.swift:11:8: error: unable to resolve module dependency: 'PencilKit'
import PencilKit
^
/Users/admin/builder/spi-builder-workspace/Sources/TTBaseUIKit/Support/Utilities/TTBaseDebugKit.swift:11:8: note: a dependency of main module 'TTBaseUIKit'
import PencilKit
^
/Users/admin/builder/spi-builder-workspace/Sources/TTBaseUIKit/Support/Utilities/TTBaseUtil.swift:10:8: error: unable to resolve module dependency: 'SystemConfiguration'
import SystemConfiguration
^
/Users/admin/builder/spi-builder-workspace/Sources/TTBaseUIKit/Support/Utilities/TTBaseUtil.swift:10:8: note: a dependency of main module 'TTBaseUIKit'
import SystemConfiguration
^
** BUILD FAILED **
The following build commands failed:
SwiftDriver TTBaseUIKit normal arm64_32 com.apple.xcode.tools.swift.compiler (in target 'TTBaseUIKit' from project 'TTBaseUIKit')
SwiftDriver TTBaseUIKit normal armv7k com.apple.xcode.tools.swift.compiler (in target 'TTBaseUIKit' from project 'TTBaseUIKit')
SwiftDriver TTBaseUIKit normal arm64 com.apple.xcode.tools.swift.compiler (in target 'TTBaseUIKit' from project 'TTBaseUIKit')
Building workspace spi-builder-workspace with scheme TTBaseUIKit
(4 failures)
BUILD FAILURE 6.3 watchOS