Build Information
Failed to build stomp-nio, reference main (aaa02b), with Swift 6.3 for Wasm on 25 Oct 2026 01:54:20 UTC.
Build Command
bash -c docker run --pull=always --rm -v "checkouts-54344847-1":/host -w "$PWD" -e JAVA_HOME="/root/.sdkman/candidates/java/current" -e SPI_BUILD="1" -e SPI_PROCESSING="1" registry.gitlab.com/saguaro1/spi-images:wasm-6.3-latest swift build --swift-sdk swift-6.3.2-RELEASE_wasm 2>&1Build Log
========================================
RunAll
========================================
Builder version: 5.1.3
Interrupt handler set up.
========================================
Checkout
========================================
Clone URL: https://github.com/fpseverino/stomp-nio.git
Reference: main
Initialized empty Git repository in /host/spi-builder-workspace/.git/
hint: Using 'master' as the name for the initial branch. This default branch name
hint: is subject to change. To configure the initial branch name to use in all
hint: of your new repositories, which will suppress this warning, call:
hint:
hint: git config --global init.defaultBranch <name>
hint:
hint: Names commonly chosen instead of 'master' are 'main', 'trunk' and
hint: 'development'. The just-created branch can be renamed via this command:
hint:
hint: git branch -m <name>
From https://github.com/fpseverino/stomp-nio
* branch main -> FETCH_HEAD
* [new branch] main -> origin/main
HEAD is now at aaa02b6 Update for 0.1.0
Cloned https://github.com/fpseverino/stomp-nio.git
Revision (git rev-parse @):
aaa02b693c5757f50773dbf1886f9b435d91389f
SPI manifest file found: $PWD/.spi.yml
SUCCESS checkout https://github.com/fpseverino/stomp-nio.git at main
========================================
Build
========================================
Selected platform: wasm
Swift version: 6.3
Building package at path: $PWD
https://github.com/fpseverino/stomp-nio.git
Running build ...
bash -c docker run --pull=always --rm -v "checkouts-54344847-1":/host -w "$PWD" -e JAVA_HOME="/root/.sdkman/candidates/java/current" -e SPI_BUILD="1" -e SPI_PROCESSING="1" registry.gitlab.com/saguaro1/spi-images:wasm-6.3-latest swift build --swift-sdk swift-6.3.2-RELEASE_wasm 2>&1
wasm-6.3-latest: Pulling from saguaro1/spi-images
Digest: sha256:eea66feda95ad8894091082dbcb77ec1fc917891d37888fd1938b0b68455d992
Status: Image is up to date for registry.gitlab.com/saguaro1/spi-images:wasm-6.3-latest
Fetching https://github.com/apple/swift-nio-extras.git
Fetching https://github.com/apple/swift-http-types.git
Fetching https://github.com/apple/swift-collections.git
Fetching https://github.com/apple/swift-atomics.git
Fetching https://github.com/apple/swift-configuration.git
Fetching https://github.com/swift-server/swift-service-lifecycle.git
[1/1889] Fetching swift-atomics
[58/3850] Fetching swift-atomics, swift-http-types
[1857/6730] Fetching swift-atomics, swift-http-types, swift-service-lifecycle
[3000/13440] Fetching swift-atomics, swift-http-types, swift-service-lifecycle, swift-nio-extras
[12234/17559] Fetching swift-atomics, swift-http-types, swift-service-lifecycle, swift-nio-extras, swift-configuration
Fetched https://github.com/apple/swift-http-types.git from cache (0.54s)
Fetched https://github.com/swift-server/swift-service-lifecycle.git from cache (0.54s)
Fetched https://github.com/apple/swift-atomics.git from cache (0.54s)
Fetching https://github.com/apple/swift-nio-transport-services.git
Fetching https://github.com/apple/swift-nio-ssl.git
Fetching https://github.com/apple/swift-nio.git
[6793/10829] Fetching swift-nio-extras, swift-configuration
[6835/40130] Fetching swift-nio-extras, swift-configuration, swift-collections
Fetched https://github.com/apple/swift-configuration.git from cache (0.88s)
Fetching https://github.com/apple/swift-log.git
[26049/36011] Fetching swift-nio-extras, swift-collections
[31910/38878] Fetching swift-nio-extras, swift-collections, swift-nio-transport-services
[38822/55772] Fetching swift-nio-extras, swift-collections, swift-nio-transport-services, swift-nio-ssl
Fetched https://github.com/apple/swift-nio-transport-services.git from cache (0.48s)
[37025/52905] Fetching swift-nio-extras, swift-collections, swift-nio-ssl
Fetched https://github.com/apple/swift-nio-extras.git from cache (1.24s)
[35721/46195] Fetching swift-collections, swift-nio-ssl
Fetched https://github.com/apple/swift-collections.git from cache (1.25s)
[7603/16894] Fetching swift-nio-ssl
[8280/25267] Fetching swift-nio-ssl, swift-log
Fetched https://github.com/apple/swift-log.git from cache (0.51s)
[1/86680] Fetching swift-nio
Fetched https://github.com/apple/swift-nio-ssl.git from cache (1.20s)
Fetched https://github.com/apple/swift-nio.git from cache (3.07s)
Computing version for https://github.com/apple/swift-http-types.git
Computed https://github.com/apple/swift-http-types.git at 1.8.0 (3.79s)
Computing version for https://github.com/apple/swift-atomics.git
Computed https://github.com/apple/swift-atomics.git at 1.3.1 (0.15s)
Computing version for https://github.com/apple/swift-nio-transport-services.git
Computed https://github.com/apple/swift-nio-transport-services.git at 1.28.0 (0.15s)
Computing version for https://github.com/apple/swift-configuration.git
Computed https://github.com/apple/swift-configuration.git at 1.3.0 (0.78s)
Fetching https://github.com/apple/swift-system
[1/7373] Fetching swift-system
Fetched https://github.com/apple/swift-system from cache (0.66s)
Computing version for https://github.com/apple/swift-log.git
Computed https://github.com/apple/swift-log.git at 1.16.2 (0.81s)
Computing version for https://github.com/apple/swift-nio-ssl.git
Computed https://github.com/apple/swift-nio-ssl.git at 2.37.5 (0.18s)
Computing version for https://github.com/swift-server/swift-service-lifecycle.git
Computed https://github.com/swift-server/swift-service-lifecycle.git at 2.13.0 (0.13s)
Fetching https://github.com/apple/swift-async-algorithms.git
[1/6821] Fetching swift-async-algorithms
Fetched https://github.com/apple/swift-async-algorithms.git from cache (0.56s)
Computing version for https://github.com/apple/swift-async-algorithms.git
Computed https://github.com/apple/swift-async-algorithms.git at 1.1.7 (0.75s)
Computing version for https://github.com/apple/swift-collections.git
Computed https://github.com/apple/swift-collections.git at 1.7.4 (0.23s)
Computing version for https://github.com/apple/swift-nio.git
Computed https://github.com/apple/swift-nio.git at 2.104.0 (0.26s)
Computing version for https://github.com/apple/swift-system
Computed https://github.com/apple/swift-system at 1.8.1 (0.17s)
Computing version for https://github.com/apple/swift-nio-extras.git
Computed https://github.com/apple/swift-nio-extras.git at 1.35.1 (0.40s)
Fetching https://github.com/apple/swift-asn1.git
Fetching https://github.com/apple/swift-algorithms.git
Fetching https://github.com/apple/swift-certificates.git
Fetching https://github.com/apple/swift-http-structured-headers.git
Fetching https://github.com/apple/swift-nio-http2.git
[1/2051] Fetching swift-asn1
[1212/8210] Fetching swift-asn1, swift-algorithms
[3962/15816] Fetching swift-asn1, swift-algorithms, swift-certificates
[9885/28110] Fetching swift-asn1, swift-algorithms, swift-certificates, swift-nio-http2
[18522/29394] Fetching swift-asn1, swift-algorithms, swift-certificates, swift-nio-http2, swift-http-structured-headers
Fetched https://github.com/apple/swift-http-structured-headers.git from cache (0.83s)
Fetched https://github.com/apple/swift-asn1.git from cache (0.83s)
Fetched https://github.com/apple/swift-certificates.git from cache (0.84s)
Fetched https://github.com/apple/swift-algorithms.git from cache (0.90s)
Fetched https://github.com/apple/swift-nio-http2.git from cache (0.91s)
Computing version for https://github.com/apple/swift-algorithms.git
Computed https://github.com/apple/swift-algorithms.git at 1.2.1 (1.78s)
Fetching https://github.com/apple/swift-numerics.git
[1/6756] Fetching swift-numerics
Fetched https://github.com/apple/swift-numerics.git from cache (0.72s)
Computing version for https://github.com/apple/swift-numerics.git
Computed https://github.com/apple/swift-numerics.git at 1.1.1 (0.86s)
Computing version for https://github.com/apple/swift-http-structured-headers.git
Computed https://github.com/apple/swift-http-structured-headers.git at 1.7.0 (0.15s)
Computing version for https://github.com/apple/swift-asn1.git
Computed https://github.com/apple/swift-asn1.git at 1.7.3 (0.18s)
Computing version for https://github.com/apple/swift-certificates.git
Computed https://github.com/apple/swift-certificates.git at 1.21.0 (0.21s)
Fetching https://github.com/apple/swift-crypto.git
[1/18853] Fetching swift-crypto
Fetched https://github.com/apple/swift-crypto.git from cache (1.27s)
Computing version for https://github.com/apple/swift-nio-http2.git
Computed https://github.com/apple/swift-nio-http2.git at 1.46.0 (1.44s)
Computing version for https://github.com/apple/swift-crypto.git
Computed https://github.com/apple/swift-crypto.git at 5.0.3 (0.24s)
Creating working copy for https://github.com/apple/swift-atomics.git
Working copy of https://github.com/apple/swift-atomics.git resolved at 1.3.1
Creating working copy for https://github.com/apple/swift-nio-transport-services.git
Working copy of https://github.com/apple/swift-nio-transport-services.git resolved at 1.28.0
Creating working copy for https://github.com/apple/swift-collections.git
Working copy of https://github.com/apple/swift-collections.git resolved at 1.7.4
Creating working copy for https://github.com/apple/swift-log.git
Working copy of https://github.com/apple/swift-log.git resolved at 1.16.2
Creating working copy for https://github.com/apple/swift-asn1.git
Working copy of https://github.com/apple/swift-asn1.git resolved at 1.7.3
Creating working copy for https://github.com/apple/swift-algorithms.git
Working copy of https://github.com/apple/swift-algorithms.git resolved at 1.2.1
Creating working copy for https://github.com/apple/swift-http-structured-headers.git
Working copy of https://github.com/apple/swift-http-structured-headers.git resolved at 1.7.0
Creating working copy for https://github.com/apple/swift-numerics.git
Working copy of https://github.com/apple/swift-numerics.git resolved at 1.1.1
Creating working copy for https://github.com/apple/swift-http-types.git
Working copy of https://github.com/apple/swift-http-types.git resolved at 1.8.0
Creating working copy for https://github.com/swift-server/swift-service-lifecycle.git
Working copy of https://github.com/swift-server/swift-service-lifecycle.git resolved at 2.13.0
Creating working copy for https://github.com/apple/swift-crypto.git
Working copy of https://github.com/apple/swift-crypto.git resolved at 5.0.3
Creating working copy for https://github.com/apple/swift-certificates.git
Working copy of https://github.com/apple/swift-certificates.git resolved at 1.21.0
Creating working copy for https://github.com/apple/swift-nio-ssl.git
Working copy of https://github.com/apple/swift-nio-ssl.git resolved at 2.37.5
Creating working copy for https://github.com/apple/swift-system
Working copy of https://github.com/apple/swift-system resolved at 1.8.1
Creating working copy for https://github.com/apple/swift-nio-http2.git
Working copy of https://github.com/apple/swift-nio-http2.git resolved at 1.46.0
Creating working copy for https://github.com/apple/swift-nio.git
Working copy of https://github.com/apple/swift-nio.git resolved at 2.104.0
Creating working copy for https://github.com/apple/swift-configuration.git
Working copy of https://github.com/apple/swift-configuration.git resolved at 1.3.0
Creating working copy for https://github.com/apple/swift-async-algorithms.git
Working copy of https://github.com/apple/swift-async-algorithms.git resolved at 1.1.7
Creating working copy for https://github.com/apple/swift-nio-extras.git
Working copy of https://github.com/apple/swift-nio-extras.git resolved at 1.35.1
Building for debugging...
[0/46] Write sources
[26/46] Compiling _AtomicsShims.c
[27/46] Compiling CNIOWASI CNIOWASI.c
[28/46] Compiling CNIOPosix event_loop_id.c
[29/46] Compiling CNIOWindows shim.c
[30/46] Compiling CNIOWindows WSAStartup.c
[31/46] Compiling CSystem shims.c
[32/46] Compiling CNIOOpenBSD shim.c
[33/46] Compiling CNIOLinux liburing_shims.c
[34/46] Compiling CNIODarwin shim.c
[35/46] Compiling CNIOFreeBSD shim.c
[36/46] Compiling CNIOLinux shim.c
[37/46] Write sources
[39/46] Compiling CNIOSHA1 c_nio_sha1.c
[40/46] Compiling CNIOLLHTTP c_nio_http.c
[41/46] Write swift-version-24593BA9C3E375BF.txt
[42/46] Compiling CNIOLLHTTP c_nio_api.c
[44/128] Emitting module _NIODataStructures
[45/128] Emitting module Logging
[46/129] Emitting module SystemPackage
[47/134] Emitting module InternalCollectionsUtilities
[47/137] Compiling CNIOLLHTTP c_nio_llhttp.c
[48/147] Compiling c-nioatomics.c
[49/150] Compiling c-atomics.c
[51/168] Compiling InternalCollectionsUtilities UnsafeRawBufferPointer+Extras.swift
[52/168] Compiling InternalCollectionsUtilities _SortedCollection.swift
[53/168] Compiling InternalCollectionsUtilities _UniqueCollection.swift
[54/168] Compiling Atomics ManagedAtomic.swift
[55/168] Compiling Atomics ManagedAtomicLazyReference.swift
[56/169] Compiling Atomics Primitives.native.swift
[57/169] Compiling Atomics AtomicStorage.swift
[58/169] Compiling Atomics AtomicValue.swift
[59/169] Compiling Atomics UnsafeAtomic.swift
[62/169] Compiling Atomics UnsafeAtomicLazyReference.swift
[63/169] Compiling Atomics OptionalRawRepresentable.swift
[64/169] Compiling Atomics RawRepresentable.swift
[65/169] Compiling InternalCollectionsUtilities _UnsafeBitSet+_Word.swift
[66/169] Compiling InternalCollectionsUtilities _UnsafeBitSet.swift
[67/169] Compiling InternalCollectionsUtilities UnsafeBufferPointer+Extras.swift
[68/169] Compiling InternalCollectionsUtilities UnsafeMutableBufferPointer+Extras.swift
[69/169] Compiling InternalCollectionsUtilities Iterable+CopyContents.swift
[70/169] Compiling InternalCollectionsUtilities Iterable+Equality.swift
[71/169] Compiling InternalCollectionsUtilities LifetimeOverride.swift
[72/169] Compiling InternalCollectionsUtilities MutableRef.swift
[75/169] Compiling Atomics IntegerConformances.swift
[76/169] Compiling Atomics PointerConformances.swift
[77/169] Emitting module _NIOBase64
[78/169] Compiling _NIOBase64 Base64.swift
[83/170] Compiling SystemPackage FilePathSyntax.swift
[84/170] Compiling SystemPackage SystemString.swift
[85/170] Compiling SystemPackage Util+StringArray.swift
[86/170] Compiling SystemPackage Util.swift
[87/170] Compiling SystemPackage UtilConsumers.swift
[88/170] Compiling SystemPackage WinSDK+Overlay.swift
[95/170] Compiling Atomics AtomicMemoryOrderings.swift
[96/170] Compiling Atomics DoubleWord.swift
[97/172] Compiling Atomics AtomicInteger.swift
[98/172] Compiling Atomics AtomicOptionalWrappable.swift
[99/172] Compiling Atomics AtomicReference.swift
[100/172] Compiling HTTPTypes HTTPFields.swift
[103/172] Compiling Atomics IntegerOperations.swift
[104/172] Compiling Atomics Unmanaged extensions.swift
[109/172] Compiling _NIODataStructures PriorityQueue.swift
[110/172] Compiling Logging LoggingSystem.swift
[116/172] Compiling Atomics AtomicBool.swift
[117/173] Emitting module HTTPTypes
[122/173] Compiling _NIODataStructures _TinyArray.swift
[124/180] Compiling HTTPTypes HTTPFieldValue.swift
[127/184] Compiling SpanPreview MutableSpan+InputSpanHelpers.swift
[128/184] Compiling SpanPreview InputSpan.swift
[129/184] Emitting module SpanPreview
[130/184] Compiling SpanPreview OutputSpan+InputSpanHelpers.swift
[131/184] Compiling HTTPTypes HTTPRequest.swift
[132/185] Compiling Logging Logger+Attributes.swift
[133/185] Compiling Logging Logger.swift
[134/185] Compiling Logging Logger+With.swift
[135/185] Compiling NIOConcurrencyHelpers NIOThreadPoolWorkAvailable.swift
[137/185] Compiling Logging MetadataProvider.swift
[138/185] Compiling NIOConcurrencyHelpers lock.swift
[139/185] Compiling HTTPTypes HTTPParsedFields.swift
[140/185] Compiling HTTPTypes HTTPRequest+URL.swift
[141/185] Compiling NIOConcurrencyHelpers NIOLock.swift
[142/194] Compiling SystemPackage Backcompat.swift
[143/194] Compiling SystemPackage CInterop.swift
[144/194] Compiling SystemPackage Constants.swift
[145/194] Compiling SystemPackage Exports.swift
[146/194] Compiling SystemPackage Mocking.swift
[147/197] Compiling _NIODataStructures Heap.swift
[153/211] Compiling OrderedCollections _HashTable+Bucket.swift
[154/211] Compiling OrderedCollections _HashTable+BucketIterator.swift
[155/211] Emitting module Atomics
[157/243] Compiling ConcurrencyHelpers Lock.swift
[158/243] Compiling ConcurrencyHelpers LockedValueBox.swift
[159/243] Emitting module ConcurrencyHelpers
[160/244] Compiling NIOConcurrencyHelpers NIOAtomic.swift
[161/251] Compiling DequeModule Deque+Codable.swift
[163/251] Compiling DequeModule Deque+Collection.swift
[164/286] Compiling DequeModule RigidDeque+Insertions.swift
[165/286] Compiling DequeModule RigidDeque+Iterable.swift
[166/286] Compiling DequeModule _DequeBuffer.swift
[167/286] Compiling DequeModule _DequeBufferHeader.swift
[168/286] Compiling DequeModule RigidDeque+Append.swift
[169/286] Compiling DequeModule Deque.swift
[170/286] Compiling DequeModule RigidDeque+Descriptions.swift
[171/286] Compiling DequeModule RigidDeque+Equatable.swift
[172/286] Compiling DequeModule RigidDeque+Hashable.swift
[173/286] Compiling DequeModule RigidDeque+Initializers.swift
[174/286] Compiling HTTPTypes HTTPResponse.swift
[176/288] Compiling NIOConcurrencyHelpers atomics.swift
[177/288] Compiling NIOConcurrencyHelpers NIOLockedValueBox.swift
[179/288] Compiling DequeModule Deque+Equatable.swift
[180/288] Compiling DequeModule Deque+ExpressibleByArrayLiteral.swift
[181/289] Compiling DequeModule Deque+Hashable.swift
[182/289] Compiling DequeModule Deque+Testing.swift
[183/289] Compiling DequeModule Deque._Storage.swift
[184/289] Compiling DequeModule Deque._UnsafeHandle.swift
[186/289] Compiling DequeModule Deque+CustomReflectable.swift
[187/289] Compiling DequeModule Deque+Descriptions.swift
[191/293] Emitting module NIOConcurrencyHelpers
[193/294] Compiling UnixSignals UnixSignalsSequence.swift
[197/294] Compiling DequeModule RigidDeque+Consumption.swift
[198/294] Compiling DequeModule RigidDeque+ContainerOperations.swift
[199/294] Compiling DequeModule RigidDeque+Deprecations.swift
[200/299] Emitting module UnixSignals
[201/299] Compiling UnixSignals UnixSignal.swift
[208/300] Compiling DequeModule UniqueDeque+Consumption.swift
[209/300] Compiling DequeModule UniqueDeque+ContainerOperations.swift
[210/300] Compiling DequeModule UniqueDeque+Deprecations.swift
[211/300] Compiling DequeModule UniqueDeque+Descriptions.swift
[212/300] Compiling DequeModule UniqueDeque+Equatable.swift
[213/300] Compiling DequeModule UniqueDeque+Hashable.swift
[215/300] Compiling DequeModule UniqueDeque+Initializers.swift
[216/300] Compiling DequeModule RigidDeque+Prepend.swift
[217/300] Compiling DequeModule RigidDeque+Removals.swift
[218/300] Compiling DequeModule RigidDeque+Replacements.swift
[219/300] Compiling DequeModule RigidDeque+Testing.swift
[220/300] Compiling DequeModule RigidDeque.swift
[221/300] Compiling DequeModule UniqueDeque+Append.swift
[223/300] Compiling DequeModule UniqueDeque+Insertions.swift
[225/300] Compiling DequeModule UniqueDeque+Iterable.swift
[226/300] Compiling DequeModule UniqueDeque+Prepend.swift
[227/300] Compiling DequeModule UniqueDeque+Removals.swift
[237/307] Compiling DequeModule UniqueDeque+Replacements.swift
[238/307] Compiling DequeModule UniqueDeque.swift
[239/307] Compiling DequeModule _DequeSlot.swift
[240/307] Compiling DequeModule _UnsafeDequeHandle.swift
[241/307] Compiling DequeModule _UnsafeDequeSegments.swift
[242/307] Compiling OrderedCollections OrderedSet+Partial SetAlgebra isStrictSuperset.swift
[243/307] Compiling OrderedCollections OrderedSet+Partial SetAlgebra isSubset.swift
[272/307] Compiling OrderedCollections OrderedSet+Hashable.swift
[273/307] Compiling OrderedCollections OrderedSet+Initializers.swift
[274/307] Compiling OrderedCollections OrderedSet+Insertions.swift
[275/307] Compiling OrderedCollections OrderedSet+Invariants.swift
[276/307] Compiling OrderedCollections OrderedSet+Move.swift
[277/307] Compiling OrderedCollections OrderedSet+Partial MutableCollection.swift
[278/307] Compiling OrderedCollections OrderedSet+Partial RangeReplaceableCollection.swift
[279/307] Compiling OrderedCollections OrderedSet+Partial SetAlgebra formIntersection.swift
[280/307] Compiling DequeModule Deque+Extras.swift
[294/307] Compiling OrderedCollections OrderedSet+Sendable.swift
[295/307] Compiling OrderedCollections OrderedSet+SubSequence.swift
[296/307] Compiling OrderedCollections OrderedSet+Testing.swift
[297/307] Compiling OrderedCollections OrderedSet+UnorderedView.swift
[298/307] Compiling OrderedCollections OrderedSet+UnstableInternals.swift
[299/307] Compiling OrderedCollections OrderedSet.swift
[300/307] Compiling OrderedCollections _UnsafeBitset.swift
[301/307] Emitting module OrderedCollections
[303/308] Emitting module DequeModule
[310/484] Compiling AsyncAlgorithms AsyncChain2Sequence.swift
[311/484] Compiling AsyncAlgorithms AsyncChain3Sequence.swift
[312/484] Compiling AsyncAlgorithms AsyncChunkedByGroupSequence.swift
[313/484] Compiling AsyncAlgorithms AsyncChunkedOnProjectionSequence.swift
[314/484] Compiling AsyncAlgorithms AsyncChunksOfCountOrSignalSequence.swift
[315/484] Compiling AsyncAlgorithms AsyncChunksOfCountSequence.swift
[316/489] Compiling AsyncAlgorithms CombineLatestStorage.swift
/host/spi-builder-workspace/Sources/STOMPConnectionPool/PoolStateMachine.swift:477:27: warning: immutable value 'context' was never used; consider replacing with '_' or removing it [#no-usage]
475 | mutating func connectionEstablishFailed(_ error: any Error, for request: ConnectionRequest) -> Action {
476 | switch self.poolState {
477 | case .running(let context):
| `- warning: immutable value 'context' was never used; consider replacing with '_' or removing it [#no-usage]
478 | self.poolState = .connectionCreationFailing(
479 | .init(
/host/spi-builder-workspace/Sources/STOMPConnectionPool/PoolStateMachine.swift:1005:48: error: cannot find 'pow' in scope
1003 |
1004 | let start = Double(100_000_000)
1005 | let backoffNanosecondsDouble = start * pow(1.25, Double(attempts - 1))
| `- error: cannot find 'pow' in scope
1006 |
1007 | // Cap to 60s _before_ we convert to Int64, to avoid trapping in the Int64 initializer.
/host/spi-builder-workspace/Sources/STOMPConnectionPool/PoolStateMachine.swift:1015:74: error: referencing instance method 'randomElement()' on 'ClosedRange' requires that 'Float16' conform to 'SignedInteger'
1013 | let jitterRange = (backoffNanoseconds / 100) * 3
1014 | // Pick a random element from the range +/- jitter range.
1015 | let jitter: Duration = .nanoseconds((-jitterRange...jitterRange).randomElement()!)
| `- error: referencing instance method 'randomElement()' on 'ClosedRange' requires that 'Float16' conform to 'SignedInteger'
1016 | let jitteredBackoff = backoff + jitter
1017 | return jitteredBackoff
Swift.ClosedRange:1:11: note: requirement from conditional conformance of 'ClosedRange<Float16>' to 'Collection'
1 | extension ClosedRange : Collection, BidirectionalCollection, RandomAccessCollection where Bound : Strideable, Bound.Stride : SignedInteger {
| `- note: requirement from conditional conformance of 'ClosedRange<Float16>' to 'Collection'
2 | public typealias SubSequence = Slice<ClosedRange<Bound>>
3 | @inlinable public var startIndex: ClosedRange<Bound>.Index { get }
[317/489] Compiling AsyncAlgorithms AsyncDebounceSequence.swift
/host/spi-builder-workspace/Sources/STOMPConnectionPool/PoolStateMachine.swift:477:27: warning: immutable value 'context' was never used; consider replacing with '_' or removing it [#no-usage]
475 | mutating func connectionEstablishFailed(_ error: any Error, for request: ConnectionRequest) -> Action {
476 | switch self.poolState {
477 | case .running(let context):
| `- warning: immutable value 'context' was never used; consider replacing with '_' or removing it [#no-usage]
478 | self.poolState = .connectionCreationFailing(
479 | .init(
/host/spi-builder-workspace/Sources/STOMPConnectionPool/PoolStateMachine.swift:1005:48: error: cannot find 'pow' in scope
1003 |
1004 | let start = Double(100_000_000)
1005 | let backoffNanosecondsDouble = start * pow(1.25, Double(attempts - 1))
| `- error: cannot find 'pow' in scope
1006 |
1007 | // Cap to 60s _before_ we convert to Int64, to avoid trapping in the Int64 initializer.
/host/spi-builder-workspace/Sources/STOMPConnectionPool/PoolStateMachine.swift:1015:74: error: referencing instance method 'randomElement()' on 'ClosedRange' requires that 'Float16' conform to 'SignedInteger'
1013 | let jitterRange = (backoffNanoseconds / 100) * 3
1014 | // Pick a random element from the range +/- jitter range.
1015 | let jitter: Duration = .nanoseconds((-jitterRange...jitterRange).randomElement()!)
| `- error: referencing instance method 'randomElement()' on 'ClosedRange' requires that 'Float16' conform to 'SignedInteger'
1016 | let jitteredBackoff = backoff + jitter
1017 | return jitteredBackoff
Swift.ClosedRange:1:11: note: requirement from conditional conformance of 'ClosedRange<Float16>' to 'Collection'
1 | extension ClosedRange : Collection, BidirectionalCollection, RandomAccessCollection where Bound : Strideable, Bound.Stride : SignedInteger {
| `- note: requirement from conditional conformance of 'ClosedRange<Float16>' to 'Collection'
2 | public typealias SubSequence = Slice<ClosedRange<Bound>>
3 | @inlinable public var startIndex: ClosedRange<Bound>.Index { get }
[318/489] Compiling AsyncAlgorithms AsyncFlatMapLatestSequence.swift
[319/489] Compiling AsyncAlgorithms FlatMapLatestStateMachine.swift
[320/489] Compiling AsyncAlgorithms FlatMapLatestStorage.swift
[321/489] Compiling AsyncAlgorithms Disconnected.swift
[322/489] Compiling AsyncAlgorithms _TinyArray.swift
[323/489] Compiling AsyncAlgorithms AsyncInterspersedSequence.swift
[324/490] Compiling AsyncAlgorithms AsyncSyncSequence.swift
/host/spi-builder-workspace/Sources/STOMPConnectionPool/ConnectionRequest.swift:31:46: warning: cannot use default expression for inference of 'ConnectionIDGenerator' because it is inferrable from parameters #1, #5; this will be an error in a future Swift language mode
29 | public convenience init(
30 | configuration: ConnectionPoolConfiguration,
31 | idGenerator: ConnectionIDGenerator = _STOMPConnectionPool.ConnectionIDGenerator(),
| `- warning: cannot use default expression for inference of 'ConnectionIDGenerator' because it is inferrable from parameters #1, #5; this will be an error in a future Swift language mode
32 | keepAliveBehavior: KeepAliveBehavior,
33 | observabilityDelegate: ObservabilityDelegate,
/host/spi-builder-workspace/Sources/STOMPConnectionPool/ConnectionRequest.swift:34:24: warning: cannot use default expression for inference of 'Clock' because it is inferrable from parameters #4, #5; this will be an error in a future Swift language mode
32 | keepAliveBehavior: KeepAliveBehavior,
33 | observabilityDelegate: ObservabilityDelegate,
34 | clock: Clock = ContinuousClock(),
| `- warning: cannot use default expression for inference of 'Clock' because it is inferrable from parameters #4, #5; this will be an error in a future Swift language mode
35 | connectionFactory: @escaping ConnectionFactory
36 | ) {
[325/490] Compiling AsyncAlgorithms AsyncThrottleSequence.swift
/host/spi-builder-workspace/Sources/STOMPConnectionPool/ConnectionRequest.swift:31:46: warning: cannot use default expression for inference of 'ConnectionIDGenerator' because it is inferrable from parameters #1, #5; this will be an error in a future Swift language mode
29 | public convenience init(
30 | configuration: ConnectionPoolConfiguration,
31 | idGenerator: ConnectionIDGenerator = _STOMPConnectionPool.ConnectionIDGenerator(),
| `- warning: cannot use default expression for inference of 'ConnectionIDGenerator' because it is inferrable from parameters #1, #5; this will be an error in a future Swift language mode
32 | keepAliveBehavior: KeepAliveBehavior,
33 | observabilityDelegate: ObservabilityDelegate,
/host/spi-builder-workspace/Sources/STOMPConnectionPool/ConnectionRequest.swift:34:24: warning: cannot use default expression for inference of 'Clock' because it is inferrable from parameters #4, #5; this will be an error in a future Swift language mode
32 | keepAliveBehavior: KeepAliveBehavior,
33 | observabilityDelegate: ObservabilityDelegate,
34 | clock: Clock = ContinuousClock(),
| `- warning: cannot use default expression for inference of 'Clock' because it is inferrable from parameters #4, #5; this will be an error in a future Swift language mode
35 | connectionFactory: @escaping ConnectionFactory
36 | ) {
[326/490] Emitting module Configuration
[327/490] Compiling _STOMPConnectionPool TinyFastSequence.swift
[328/490] Compiling AsyncAlgorithms UnboundedBufferStateMachine.swift
[329/490] Compiling AsyncAlgorithms UnboundedBufferStorage.swift
[330/490] Compiling AsyncAlgorithms AsyncChannel.swift
[331/490] Compiling AsyncAlgorithms AsyncThrowingChannel.swift
[332/490] Compiling AsyncAlgorithms ChannelStateMachine.swift
[333/490] Compiling AsyncAlgorithms ChannelStorage.swift
[334/490] Compiling AsyncAlgorithms AsyncCombineLatest2Sequence.swift
[335/490] Compiling AsyncAlgorithms AsyncAdjacentPairsSequence.swift
[336/490] Compiling AsyncAlgorithms AsyncBufferedByteIterator.swift
[345/497] Compiling AsyncAlgorithms AsyncThrowingExclusiveReductionsSequence.swift
[346/497] Compiling AsyncAlgorithms AsyncThrowingInclusiveReductionsSequence.swift
[347/497] Compiling AsyncAlgorithms AsyncTimerSequence.swift
[348/497] Compiling AsyncAlgorithms AsyncBufferSequence.swift
[349/497] Compiling AsyncAlgorithms BoundedBufferStateMachine.swift
[350/497] Compiling AsyncAlgorithms BoundedBufferStorage.swift
[351/497] Emitting module AsyncAlgorithms
[352/497] Compiling Configuration Span.swift
[353/497] Compiling Configuration ConfigBytesFromStringDecoder.swift
[354/497] Compiling AsyncAlgorithms MergeStateMachine.swift
[355/497] Compiling AsyncAlgorithms MergeStorage.swift
[356/497] Compiling AsyncAlgorithms MultiProducerSingleConsumerAsyncChannel+Internal.swift
[357/497] Compiling AsyncAlgorithms MultiProducerSingleConsumerAsyncChannel.swift
[358/497] Compiling AsyncAlgorithms RangeReplaceableCollection.swift
[359/497] Compiling AsyncAlgorithms Rethrow.swift
[360/497] Compiling AsyncAlgorithms SetAlgebra.swift
[361/505] Emitting module _STOMPConnectionPool
/host/spi-builder-workspace/Sources/STOMPConnectionPool/ConnectionRequest.swift:31:46: warning: cannot use default expression for inference of 'ConnectionIDGenerator' because it is inferrable from parameters #1, #5; this will be an error in a future Swift language mode
29 | public convenience init(
30 | configuration: ConnectionPoolConfiguration,
31 | idGenerator: ConnectionIDGenerator = _STOMPConnectionPool.ConnectionIDGenerator(),
| `- warning: cannot use default expression for inference of 'ConnectionIDGenerator' because it is inferrable from parameters #1, #5; this will be an error in a future Swift language mode
32 | keepAliveBehavior: KeepAliveBehavior,
33 | observabilityDelegate: ObservabilityDelegate,
/host/spi-builder-workspace/Sources/STOMPConnectionPool/ConnectionRequest.swift:34:24: warning: cannot use default expression for inference of 'Clock' because it is inferrable from parameters #4, #5; this will be an error in a future Swift language mode
32 | keepAliveBehavior: KeepAliveBehavior,
33 | observabilityDelegate: ObservabilityDelegate,
34 | clock: Clock = ContinuousClock(),
| `- warning: cannot use default expression for inference of 'Clock' because it is inferrable from parameters #4, #5; this will be an error in a future Swift language mode
35 | connectionFactory: @escaping ConnectionFactory
36 | ) {
/host/spi-builder-workspace/Sources/STOMPConnectionPool/PoolStateMachine.swift:477:27: warning: immutable value 'context' was never used; consider replacing with '_' or removing it [#no-usage]
475 | mutating func connectionEstablishFailed(_ error: any Error, for request: ConnectionRequest) -> Action {
476 | switch self.poolState {
477 | case .running(let context):
| `- warning: immutable value 'context' was never used; consider replacing with '_' or removing it [#no-usage]
478 | self.poolState = .connectionCreationFailing(
479 | .init(
[370/505] Compiling AsyncAlgorithms Locking.swift
[380/505] Compiling AsyncAlgorithms CombineLatestStateMachine.swift
[383/505] Compiling AsyncAlgorithms DebounceStateMachine.swift
[384/505] Compiling AsyncAlgorithms DebounceStorage.swift
[385/505] Compiling AsyncAlgorithms Dictionary.swift
[389/505] Compiling AsyncAlgorithms AsyncCombineLatest3Sequence.swift
[397/505] Compiling AsyncAlgorithms AsyncCompactedSequence.swift
[398/505] Compiling AsyncAlgorithms AsyncExclusiveReductionsSequence.swift
[399/505] Compiling AsyncAlgorithms AsyncInclusiveReductionsSequence.swift
[400/505] Compiling AsyncAlgorithms AsyncJoinedBySeparatorSequence.swift
[401/505] Compiling AsyncAlgorithms AsyncJoinedSequence.swift
[408/505] Compiling Configuration CombineLatestManyStorage.swift
[409/505] Compiling Configuration AsyncSequences.swift
[410/505] Compiling Configuration FoundationExtensions.swift
[415/505] Compiling AsyncAlgorithms UnsafeTransfer.swift
[416/505] Compiling AsyncAlgorithms AsyncZip2Sequence.swift
[417/505] Compiling AsyncAlgorithms AsyncZip3Sequence.swift
[418/505] Compiling AsyncAlgorithms ZipStateMachine.swift
[419/505] Compiling AsyncAlgorithms ZipStorage.swift
/host/spi-builder-workspace/Sources/STOMPConnectionPool/NIOLock.swift:32:8: warning: public import of 'wasi_pthread' was not used in public declarations or inlinable code
30 | public import WASILibc
31 | #if canImport(wasi_pthread)
32 | public import wasi_pthread
| `- warning: public import of 'wasi_pthread' was not used in public declarations or inlinable code
33 | #endif
34 | #else
/host/spi-builder-workspace/Sources/STOMPConnectionPool/NIOLock.swift:32:8: warning: public import of 'wasi_pthread' was not used in public declarations or inlinable code
30 | public import WASILibc
31 | #if canImport(wasi_pthread)
32 | public import wasi_pthread
| `- warning: public import of 'wasi_pthread' was not used in public declarations or inlinable code
33 | #endif
34 | #else
error: cancelled
BUILD FAILURE 6.3 wasm