The Swift Package Index logo.Swift Package Index

Build Information

Failed to build FullScreenCover, reference 2.0.5 (da516a), with Swift 6.4 for macOS (Xcode) using Xcode 27.0 on 24 Sep 2026 10:09:11 UTC.

Build Command

env DEVELOPER_DIR=/Applications/Xcode-27.0.0-Release.Candidate.app xcrun xcodebuild -IDEClonedSourcePackagesDirPathOverride=$PWD/.dependencies -skipMacroValidation -skipPackagePluginValidation -derivedDataPath $PWD/.derivedData build -scheme FullScreenCover -destination platform=macOS,arch=arm64

Build Log

========================================
RunAll
========================================
Builder version: 5.1.0
Interrupt handler set up.
========================================
Checkout
========================================
Clone URL: https://github.com/wiedem/fullscreen-cover.git
Reference: 2.0.5
Initialized empty Git repository in /Users/admin/builder/spi-builder-workspace/.git/
From https://github.com/wiedem/fullscreen-cover
 * tag               2.0.5      -> FETCH_HEAD
HEAD is now at da516a2 Add missing privacy manifest keys to fix Xcode privacy report warning.
Cloned https://github.com/wiedem/fullscreen-cover.git
Revision (git rev-parse @):
da516a24907926ebe08c1c6589ac4aef0f283b0e
SUCCESS checkout https://github.com/wiedem/fullscreen-cover.git at 2.0.5
========================================
Build
========================================
Selected platform:         macosXcodebuild
Swift version:             6.4
Building package at path:  $PWD
https://github.com/wiedem/fullscreen-cover.git
Command line invocation:
    /Applications/Xcode-27.0.0-Release.Candidate.app/Contents/Developer/usr/bin/xcodebuild -IDEClonedSourcePackagesDirPathOverride=/Users/admin/builder/spi-builder-workspace/.dependencies -resolvePackageDependencies
Resolve Package Graph
Resolve Package Graph
Resolved source packages:
  FullScreenCover: /Users/admin/builder/spi-builder-workspace
resolved source packages: FullScreenCover
2026-09-24 06:08:22.289 xcodebuild[524:2979] [MT] IDERunDestination: Supported platforms for the buildables in the current scheme is empty.
{
  "dependencies" : [
  ],
  "manifest_display_name" : "FullScreenCover",
  "name" : "FullScreenCover",
  "path" : "/Users/admin/builder/spi-builder-workspace",
  "platforms" : [
    {
      "name" : "ios",
      "version" : "16.4"
    }
  ],
  "products" : [
    {
      "name" : "FullScreenCover",
      "targets" : [
        "FullScreenCover"
      ],
      "type" : {
        "library" : [
          "automatic"
        ]
      }
    }
  ],
  "swift_languages_versions" : [
    "6"
  ],
  "targets" : [
    {
      "c99name" : "FullScreenCoverTests",
      "module_type" : "SwiftTarget",
      "name" : "FullScreenCoverTests",
      "path" : "Tests/FullScreenCoverTests",
      "sources" : [
        "CombineTestHelpers.swift",
        "PresentationProxyTests.swift"
      ],
      "target_dependencies" : [
        "FullScreenCover"
      ],
      "type" : "test"
    },
    {
      "c99name" : "FullScreenCover",
      "module_type" : "SwiftTarget",
      "name" : "FullScreenCover",
      "path" : "Sources",
      "product_memberships" : [
        "FullScreenCover"
      ],
      "resources" : [
        {
          "path" : "/Users/admin/builder/spi-builder-workspace/Sources/Resources/PrivacyInfo.xcprivacy",
          "rule" : {
            "process" : {
            }
          }
        }
      ],
      "sources" : [
        "FullScreenCover/AsyncBroadcast.swift",
        "FullScreenCover/FullScreenCoverModifier.swift",
        "FullScreenCover/PresentationCoordinator.swift",
        "FullScreenCover/PresentationPhase.swift",
        "FullScreenCover/PresentationProxy.swift"
      ],
      "type" : "library"
    }
  ],
  "tools_version" : "6.1"
}
{
  "workspace" : {
    "name" : "FullScreenCover",
    "schemes" : [
      "FullScreenCover"
    ]
  }
}
2026-09-24 06:08:54.548 xcodebuild[624:3790] [MT] IDERunDestination: Supported platforms for the buildables in the current scheme is empty.
Running build ...
env DEVELOPER_DIR=/Applications/Xcode-27.0.0-Release.Candidate.app xcrun xcodebuild -IDEClonedSourcePackagesDirPathOverride=$PWD/.dependencies -skipMacroValidation -skipPackagePluginValidation -derivedDataPath $PWD/.derivedData build -scheme FullScreenCover -destination platform=macOS,arch=arm64
Command line invocation:
    /Applications/Xcode-27.0.0-Release.Candidate.app/Contents/Developer/usr/bin/xcodebuild -IDEClonedSourcePackagesDirPathOverride=/Users/admin/builder/spi-builder-workspace/.dependencies -skipMacroValidation -skipPackagePluginValidation -derivedDataPath /Users/admin/builder/spi-builder-workspace/.derivedData build -scheme FullScreenCover -destination platform=macOS,arch=arm64
Resolve Package Graph
Resolved source packages:
  FullScreenCover: /Users/admin/builder/spi-builder-workspace
ComputePackagePrebuildTargetDependencyGraph
Prepare packages
CreateBuildRequest
SendProjectDescription
CreateBuildOperation
ComputeTargetDependencyGraph
note: Building targets in dependency order
note: Target dependency graph (3 targets)
    Target 'FullScreenCover-product' in project 'FullScreenCover'
        ➜ Explicit dependency on target 'FullScreenCover' in project 'FullScreenCover'
        ➜ Explicit dependency on target 'FullScreenCover_FullScreenCover' in project 'FullScreenCover'
    Target 'FullScreenCover' in project 'FullScreenCover'
        ➜ Explicit dependency on target 'FullScreenCover_FullScreenCover' in project 'FullScreenCover'
    Target 'FullScreenCover_FullScreenCover' in project 'FullScreenCover' (no dependencies)
GatherProvisioningInputs
CreateBuildDescription
ExecuteExternalTool /Applications/Xcode-27.0.0-Release.Candidate.app/Contents/Developer/Toolchains/XcodeDefault.xctoolchain/usr/bin/clang -v -E -dM -isysroot /Applications/Xcode-27.0.0-Release.Candidate.app/Contents/Developer/Platforms/MacOSX.platform/Developer/SDKs/MacOSX27.0.sdk -x c -c /dev/null
ExecuteExternalTool /Applications/Xcode-27.0.0-Release.Candidate.app/Contents/Developer/Toolchains/XcodeDefault.xctoolchain/usr/bin/swiftc --version
ExecuteExternalTool /Applications/Xcode-27.0.0-Release.Candidate.app/Contents/Developer/Toolchains/XcodeDefault.xctoolchain/usr/bin/ld -version_details
Build description signature: 8707f1cf0417a8e995415b00be20efd9
Build description path: /Users/admin/builder/spi-builder-workspace/.derivedData/Build/Intermediates.noindex/XCBuildData/8707f1cf0417a8e995415b00be20efd9.xcbuilddata
CreateBuildDirectory /Users/admin/builder/spi-builder-workspace/.derivedData/SDKExplicitPrecompiledModules
    cd /Users/admin/builder/spi-builder-workspace/.swiftpm/xcode
    builtin-create-build-directory /Users/admin/builder/spi-builder-workspace/.derivedData/SDKExplicitPrecompiledModules
CreateBuildDirectory /Users/admin/builder/spi-builder-workspace/.derivedData/ModuleCache.noindex
    cd /Users/admin/builder/spi-builder-workspace/.swiftpm/xcode
    builtin-create-build-directory /Users/admin/builder/spi-builder-workspace/.derivedData/ModuleCache.noindex
CreateBuildDirectory /Users/admin/builder/spi-builder-workspace/.derivedData/CompilationCache.noindex
    cd /Users/admin/builder/spi-builder-workspace/.swiftpm/xcode
    builtin-create-build-directory /Users/admin/builder/spi-builder-workspace/.derivedData/CompilationCache.noindex
CreateBuildDirectory /Users/admin/builder/spi-builder-workspace/.derivedData/Build/Intermediates.noindex
    cd /Users/admin/builder/spi-builder-workspace/.swiftpm/xcode
    builtin-create-build-directory /Users/admin/builder/spi-builder-workspace/.derivedData/Build/Intermediates.noindex
ClangStatCache /Applications/Xcode-27.0.0-Release.Candidate.app/Contents/Developer/Toolchains/XcodeDefault.xctoolchain/usr/bin/clang-stat-cache /Applications/Xcode-27.0.0-Release.Candidate.app/Contents/Developer/Platforms/MacOSX.platform/Developer/SDKs/MacOSX27.0.sdk /Users/admin/builder/spi-builder-workspace/.derivedData/SDKStatCaches.noindex/macosx27.0-26A425-e829b21a6f8c9b70876ba0858053c0446a22442a12e9d48fe1a705f55a1adfc4.sdkstatcache
    cd /Users/admin/builder/spi-builder-workspace/.swiftpm/xcode
    /Applications/Xcode-27.0.0-Release.Candidate.app/Contents/Developer/Toolchains/XcodeDefault.xctoolchain/usr/bin/clang-stat-cache /Applications/Xcode-27.0.0-Release.Candidate.app/Contents/Developer/Platforms/MacOSX.platform/Developer/SDKs/MacOSX27.0.sdk -o /Users/admin/builder/spi-builder-workspace/.derivedData/SDKStatCaches.noindex/macosx27.0-26A425-e829b21a6f8c9b70876ba0858053c0446a22442a12e9d48fe1a705f55a1adfc4.sdkstatcache
CreateBuildDirectory /Users/admin/builder/spi-builder-workspace/.derivedData/Build/Products
    cd /Users/admin/builder/spi-builder-workspace/.swiftpm/xcode
    builtin-create-build-directory /Users/admin/builder/spi-builder-workspace/.derivedData/Build/Products
CreateBuildDirectory /Users/admin/builder/spi-builder-workspace/.derivedData/Build/Intermediates.noindex/SwiftExplicitPrecompiledModules
    cd /Users/admin/builder/spi-builder-workspace/.swiftpm/xcode
    builtin-create-build-directory /Users/admin/builder/spi-builder-workspace/.derivedData/Build/Intermediates.noindex/SwiftExplicitPrecompiledModules
CreateBuildDirectory /Users/admin/builder/spi-builder-workspace/.derivedData/Build/Intermediates.noindex/PrecompiledHeaders
    cd /Users/admin/builder/spi-builder-workspace/.swiftpm/xcode
    builtin-create-build-directory /Users/admin/builder/spi-builder-workspace/.derivedData/Build/Intermediates.noindex/PrecompiledHeaders
CreateBuildDirectory /Users/admin/builder/spi-builder-workspace/.derivedData/Build/Intermediates.noindex/ExplicitPrecompiledModules
    cd /Users/admin/builder/spi-builder-workspace/.swiftpm/xcode
    builtin-create-build-directory /Users/admin/builder/spi-builder-workspace/.derivedData/Build/Intermediates.noindex/ExplicitPrecompiledModules
CreateBuildDirectory /Users/admin/builder/spi-builder-workspace/.derivedData/Build/Intermediates.noindex/EagerLinkingTBDs/Debug
    cd /Users/admin/builder/spi-builder-workspace/.swiftpm/xcode
    builtin-create-build-directory /Users/admin/builder/spi-builder-workspace/.derivedData/Build/Intermediates.noindex/EagerLinkingTBDs/Debug
CreateBuildDirectory /Users/admin/builder/spi-builder-workspace/.derivedData/Build/Products/Debug
    cd /Users/admin/builder/spi-builder-workspace/.swiftpm/xcode
    builtin-create-build-directory /Users/admin/builder/spi-builder-workspace/.derivedData/Build/Products/Debug
CreateBuildDirectory /Users/admin/builder/spi-builder-workspace/.derivedData/Build/Products/Debug/PackageFrameworks
    cd /Users/admin/builder/spi-builder-workspace/.swiftpm/xcode
    builtin-create-build-directory /Users/admin/builder/spi-builder-workspace/.derivedData/Build/Products/Debug/PackageFrameworks
WriteAuxiliaryFile /Users/admin/builder/spi-builder-workspace/.derivedData/Build/Intermediates.noindex/FullScreenCover.build/Debug/FullScreenCover-t.build/FullScreenCover.modulemap (in target 'FullScreenCover' from project 'FullScreenCover')
    cd /Users/admin/builder/spi-builder-workspace
    write-file /Users/admin/builder/spi-builder-workspace/.derivedData/Build/Intermediates.noindex/FullScreenCover.build/Debug/FullScreenCover-t.build/FullScreenCover.modulemap
WriteAuxiliaryFile /Users/admin/builder/spi-builder-workspace/.derivedData/Build/Intermediates.noindex/FullScreenCover.build/Debug/FullScreenCover_FullScreenCover-b.build/FullScreenCover_FullScreenCover.DependencyStaticMetadataFileList (in target 'FullScreenCover_FullScreenCover' from project 'FullScreenCover')
    cd /Users/admin/builder/spi-builder-workspace
    write-file /Users/admin/builder/spi-builder-workspace/.derivedData/Build/Intermediates.noindex/FullScreenCover.build/Debug/FullScreenCover_FullScreenCover-b.build/FullScreenCover_FullScreenCover.DependencyStaticMetadataFileList
WriteAuxiliaryFile /Users/admin/builder/spi-builder-workspace/.derivedData/Build/Intermediates.noindex/FullScreenCover.build/Debug/FullScreenCover_FullScreenCover-b.build/empty-FullScreenCover_FullScreenCover.plist (in target 'FullScreenCover_FullScreenCover' from project 'FullScreenCover')
    cd /Users/admin/builder/spi-builder-workspace
    write-file /Users/admin/builder/spi-builder-workspace/.derivedData/Build/Intermediates.noindex/FullScreenCover.build/Debug/FullScreenCover_FullScreenCover-b.build/empty-FullScreenCover_FullScreenCover.plist
WriteAuxiliaryFile /Users/admin/builder/spi-builder-workspace/.derivedData/Build/Intermediates.noindex/FullScreenCover.build/Debug/FullScreenCover_FullScreenCover-b.build/FullScreenCover_FullScreenCover.DependencyMetadataFileList (in target 'FullScreenCover_FullScreenCover' from project 'FullScreenCover')
    cd /Users/admin/builder/spi-builder-workspace
    write-file /Users/admin/builder/spi-builder-workspace/.derivedData/Build/Intermediates.noindex/FullScreenCover.build/Debug/FullScreenCover_FullScreenCover-b.build/FullScreenCover_FullScreenCover.DependencyMetadataFileList
WriteAuxiliaryFile /Users/admin/builder/spi-builder-workspace/.derivedData/Build/Intermediates.noindex/FullScreenCover.build/Debug/FullScreenCover-t.build/Objects-normal/arm64/FullScreenCover-OutputFileMap.json (in target 'FullScreenCover' from project 'FullScreenCover')
    cd /Users/admin/builder/spi-builder-workspace
    write-file /Users/admin/builder/spi-builder-workspace/.derivedData/Build/Intermediates.noindex/FullScreenCover.build/Debug/FullScreenCover-t.build/Objects-normal/arm64/FullScreenCover-OutputFileMap.json
WriteAuxiliaryFile /Users/admin/builder/spi-builder-workspace/.derivedData/Build/Intermediates.noindex/FullScreenCover.build/Debug/FullScreenCover-t.build/Objects-normal/arm64/FullScreenCover_const_extract_protocols.json (in target 'FullScreenCover' from project 'FullScreenCover')
    cd /Users/admin/builder/spi-builder-workspace
    write-file /Users/admin/builder/spi-builder-workspace/.derivedData/Build/Intermediates.noindex/FullScreenCover.build/Debug/FullScreenCover-t.build/Objects-normal/arm64/FullScreenCover_const_extract_protocols.json
WriteAuxiliaryFile /Users/admin/builder/spi-builder-workspace/.derivedData/Build/Intermediates.noindex/FullScreenCover.build/Debug/FullScreenCover-t.build/Objects-normal/arm64/FullScreenCover.SwiftConstValuesFileList (in target 'FullScreenCover' from project 'FullScreenCover')
    cd /Users/admin/builder/spi-builder-workspace
    write-file /Users/admin/builder/spi-builder-workspace/.derivedData/Build/Intermediates.noindex/FullScreenCover.build/Debug/FullScreenCover-t.build/Objects-normal/arm64/FullScreenCover.SwiftConstValuesFileList
WriteAuxiliaryFile /Users/admin/builder/spi-builder-workspace/.derivedData/Build/Intermediates.noindex/FullScreenCover.build/Debug/FullScreenCover-t.build/Objects-normal/arm64/FullScreenCover.LinkFileList (in target 'FullScreenCover' from project 'FullScreenCover')
    cd /Users/admin/builder/spi-builder-workspace
    write-file /Users/admin/builder/spi-builder-workspace/.derivedData/Build/Intermediates.noindex/FullScreenCover.build/Debug/FullScreenCover-t.build/Objects-normal/arm64/FullScreenCover.LinkFileList
WriteAuxiliaryFile /Users/admin/builder/spi-builder-workspace/.derivedData/Build/Intermediates.noindex/FullScreenCover.build/Debug/FullScreenCover-t.build/Objects-normal/arm64/FullScreenCover.SwiftFileList (in target 'FullScreenCover' from project 'FullScreenCover')
    cd /Users/admin/builder/spi-builder-workspace
    write-file /Users/admin/builder/spi-builder-workspace/.derivedData/Build/Intermediates.noindex/FullScreenCover.build/Debug/FullScreenCover-t.build/Objects-normal/arm64/FullScreenCover.SwiftFileList
WriteAuxiliaryFile /Users/admin/builder/spi-builder-workspace/.derivedData/Build/Intermediates.noindex/FullScreenCover.build/Debug/FullScreenCover-t.build/FullScreenCover.DependencyStaticMetadataFileList (in target 'FullScreenCover' from project 'FullScreenCover')
    cd /Users/admin/builder/spi-builder-workspace
    write-file /Users/admin/builder/spi-builder-workspace/.derivedData/Build/Intermediates.noindex/FullScreenCover.build/Debug/FullScreenCover-t.build/FullScreenCover.DependencyStaticMetadataFileList
WriteAuxiliaryFile /Users/admin/builder/spi-builder-workspace/.derivedData/Build/Intermediates.noindex/FullScreenCover.build/Debug/FullScreenCover-t.build/FullScreenCover.DependencyMetadataFileList (in target 'FullScreenCover' from project 'FullScreenCover')
    cd /Users/admin/builder/spi-builder-workspace
    write-file /Users/admin/builder/spi-builder-workspace/.derivedData/Build/Intermediates.noindex/FullScreenCover.build/Debug/FullScreenCover-t.build/FullScreenCover.DependencyMetadataFileList
WriteAuxiliaryFile /Users/admin/builder/spi-builder-workspace/.derivedData/Build/Intermediates.noindex/FullScreenCover.build/Debug/FullScreenCover-t.build/DerivedSources/resource_bundle_accessor.swift (in target 'FullScreenCover' from project 'FullScreenCover')
    cd /Users/admin/builder/spi-builder-workspace
    write-file /Users/admin/builder/spi-builder-workspace/.derivedData/Build/Intermediates.noindex/FullScreenCover.build/Debug/FullScreenCover-t.build/DerivedSources/resource_bundle_accessor.swift
MkDir /Users/admin/builder/spi-builder-workspace/.derivedData/Build/Products/Debug/FullScreenCover_FullScreenCover.bundle/Contents/Resources (in target 'FullScreenCover_FullScreenCover' from project 'FullScreenCover')
    cd /Users/admin/builder/spi-builder-workspace
    /bin/mkdir -p /Users/admin/builder/spi-builder-workspace/.derivedData/Build/Products/Debug/FullScreenCover_FullScreenCover.bundle/Contents/Resources
Copy /Users/admin/builder/spi-builder-workspace/.derivedData/Build/Intermediates.noindex/GeneratedModuleMaps/FullScreenCover.modulemap /Users/admin/builder/spi-builder-workspace/.derivedData/Build/Intermediates.noindex/FullScreenCover.build/Debug/FullScreenCover-t.build/FullScreenCover.modulemap (in target 'FullScreenCover' from project 'FullScreenCover')
    cd /Users/admin/builder/spi-builder-workspace
    builtin-copy -exclude .DS_Store -exclude CVS -exclude .svn -exclude .git -exclude .hg -resolve-src-symlinks /Users/admin/builder/spi-builder-workspace/.derivedData/Build/Intermediates.noindex/FullScreenCover.build/Debug/FullScreenCover-t.build/FullScreenCover.modulemap /Users/admin/builder/spi-builder-workspace/.derivedData/Build/Intermediates.noindex/GeneratedModuleMaps
MkDir /Users/admin/builder/spi-builder-workspace/.derivedData/Build/Products/Debug/FullScreenCover_FullScreenCover.bundle/Contents (in target 'FullScreenCover_FullScreenCover' from project 'FullScreenCover')
    cd /Users/admin/builder/spi-builder-workspace
    /bin/mkdir -p /Users/admin/builder/spi-builder-workspace/.derivedData/Build/Products/Debug/FullScreenCover_FullScreenCover.bundle/Contents
MkDir /Users/admin/builder/spi-builder-workspace/.derivedData/Build/Products/Debug/FullScreenCover_FullScreenCover.bundle (in target 'FullScreenCover_FullScreenCover' from project 'FullScreenCover')
    cd /Users/admin/builder/spi-builder-workspace
    /bin/mkdir -p /Users/admin/builder/spi-builder-workspace/.derivedData/Build/Products/Debug/FullScreenCover_FullScreenCover.bundle
ProcessInfoPlistFile /Users/admin/builder/spi-builder-workspace/.derivedData/Build/Products/Debug/FullScreenCover_FullScreenCover.bundle/Contents/Info.plist /Users/admin/builder/spi-builder-workspace/.derivedData/Build/Intermediates.noindex/FullScreenCover.build/Debug/FullScreenCover_FullScreenCover-b.build/empty-FullScreenCover_FullScreenCover.plist (in target 'FullScreenCover_FullScreenCover' from project 'FullScreenCover')
    cd /Users/admin/builder/spi-builder-workspace
    builtin-infoPlistUtility /Users/admin/builder/spi-builder-workspace/.derivedData/Build/Intermediates.noindex/FullScreenCover.build/Debug/FullScreenCover_FullScreenCover-b.build/empty-FullScreenCover_FullScreenCover.plist -producttype com.apple.product-type.bundle -expandbuildsettings -platform macosx -o /Users/admin/builder/spi-builder-workspace/.derivedData/Build/Products/Debug/FullScreenCover_FullScreenCover.bundle/Contents/Info.plist
CpResource /Users/admin/builder/spi-builder-workspace/.derivedData/Build/Products/Debug/FullScreenCover_FullScreenCover.bundle/Contents/Resources/PrivacyInfo.xcprivacy /Users/admin/builder/spi-builder-workspace/Sources/Resources/PrivacyInfo.xcprivacy (in target 'FullScreenCover_FullScreenCover' from project 'FullScreenCover')
    cd /Users/admin/builder/spi-builder-workspace
    builtin-copy -exclude .DS_Store -exclude CVS -exclude .svn -exclude .git -exclude .hg -resolve-src-symlinks /Users/admin/builder/spi-builder-workspace/Sources/Resources/PrivacyInfo.xcprivacy /Users/admin/builder/spi-builder-workspace/.derivedData/Build/Products/Debug/FullScreenCover_FullScreenCover.bundle/Contents/Resources
RegisterExecutionPolicyException /Users/admin/builder/spi-builder-workspace/.derivedData/Build/Products/Debug/FullScreenCover_FullScreenCover.bundle (in target 'FullScreenCover_FullScreenCover' from project 'FullScreenCover')
    cd /Users/admin/builder/spi-builder-workspace
    builtin-RegisterExecutionPolicyException /Users/admin/builder/spi-builder-workspace/.derivedData/Build/Products/Debug/FullScreenCover_FullScreenCover.bundle
Touch /Users/admin/builder/spi-builder-workspace/.derivedData/Build/Products/Debug/FullScreenCover_FullScreenCover.bundle (in target 'FullScreenCover_FullScreenCover' from project 'FullScreenCover')
    cd /Users/admin/builder/spi-builder-workspace
    /usr/bin/touch -c /Users/admin/builder/spi-builder-workspace/.derivedData/Build/Products/Debug/FullScreenCover_FullScreenCover.bundle
SwiftDriver FullScreenCover normal arm64 com.apple.xcode.tools.swift.compiler (in target 'FullScreenCover' from project 'FullScreenCover')
    cd /Users/admin/builder/spi-builder-workspace/.swiftpm/xcode
    builtin-SwiftDriver -- /Applications/Xcode-27.0.0-Release.Candidate.app/Contents/Developer/Toolchains/XcodeDefault.xctoolchain/usr/bin/swiftc -parse-as-library -module-name FullScreenCover -Onone @/Users/admin/builder/spi-builder-workspace/.derivedData/Build/Intermediates.noindex/FullScreenCover.build/Debug/FullScreenCover-t.build/Objects-normal/arm64/FullScreenCover.SwiftFileList -DSWIFT_PACKAGE -DDEBUG -DSWIFT_MODULE_RESOURCE_BUNDLE_AVAILABLE -DXcode -plugin-path /Applications/Xcode-27.0.0-Release.Candidate.app/Contents/Developer/Toolchains/XcodeDefault.xctoolchain/usr/lib/swift/host/plugins/testing -enable-experimental-feature DebugDescriptionMacro -sdk /Applications/Xcode-27.0.0-Release.Candidate.app/Contents/Developer/Platforms/MacOSX.platform/Developer/SDKs/MacOSX27.0.sdk -target arm64-apple-macos12.0 -g -module-cache-path /Users/admin/builder/spi-builder-workspace/.derivedData/ModuleCache.noindex -Xfrontend -serialize-debugging-options -profile-coverage-mapping -profile-generate -enable-testing -index-store-path /Users/admin/builder/spi-builder-workspace/.derivedData/Index.noindex/DataStore -Xcc -D_LIBCPP_HARDENING_MODE\=_LIBCPP_HARDENING_MODE_DEBUG -swift-version 6 -I /Users/admin/builder/spi-builder-workspace/.derivedData/Build/Products/Debug -Isystem /Applications/Xcode-27.0.0-Release.Candidate.app/Contents/Developer/Platforms/MacOSX.platform/Developer/usr/lib -F /Users/admin/builder/spi-builder-workspace/.derivedData/Build/Products/Debug -F /Applications/Xcode-27.0.0-Release.Candidate.app/Contents/Developer/Platforms/MacOSX.platform/Developer/Library/Frameworks -c -j10 -enable-batch-mode -incremental -Xcc -ivfsstatcache -Xcc /Users/admin/builder/spi-builder-workspace/.derivedData/SDKStatCaches.noindex/macosx27.0-26A425-e829b21a6f8c9b70876ba0858053c0446a22442a12e9d48fe1a705f55a1adfc4.sdkstatcache -output-file-map /Users/admin/builder/spi-builder-workspace/.derivedData/Build/Intermediates.noindex/FullScreenCover.build/Debug/FullScreenCover-t.build/Objects-normal/arm64/FullScreenCover-OutputFileMap.json -save-temps -no-color-diagnostics -explicit-module-build -module-cache-path /Users/admin/builder/spi-builder-workspace/.derivedData/Build/Intermediates.noindex/SwiftExplicitPrecompiledModules -clang-scanner-module-cache-path /Users/admin/builder/spi-builder-workspace/.derivedData/ModuleCache.noindex -sdk-module-cache-path /Users/admin/builder/spi-builder-workspace/.derivedData/SDKExplicitPrecompiledModules -emit-dependencies -emit-module -emit-module-path /Users/admin/builder/spi-builder-workspace/.derivedData/Build/Intermediates.noindex/FullScreenCover.build/Debug/FullScreenCover-t.build/Objects-normal/arm64/FullScreenCover.swiftmodule -serialize-diagnostics -dependency-scan-serialize-diagnostics-path /Users/admin/builder/spi-builder-workspace/.derivedData/Build/Intermediates.noindex/FullScreenCover.build/Debug/FullScreenCover-t.build/Objects-normal/arm64/FullScreenCover-dependency-scan.dia -validate-clang-modules-once -clang-build-session-file /Users/admin/builder/spi-builder-workspace/.derivedData/ModuleCache.noindex/Session.modulevalidation -Xcc -fmodules-prune-interval\=86400 -Xcc -fmodules-prune-after\=345600 -package-name spi_builder_workspace -emit-const-values -const-gather-protocols-list /Users/admin/builder/spi-builder-workspace/.derivedData/Build/Intermediates.noindex/FullScreenCover.build/Debug/FullScreenCover-t.build/Objects-normal/arm64/FullScreenCover_const_extract_protocols.json -Xcc -I/Users/admin/builder/spi-builder-workspace/.derivedData/Build/Products/Debug/include -Xcc -I/Users/admin/builder/spi-builder-workspace/.derivedData/Build/Intermediates.noindex/FullScreenCover.build/Debug/FullScreenCover-t.build/DerivedSources-normal/arm64 -Xcc -I/Users/admin/builder/spi-builder-workspace/.derivedData/Build/Intermediates.noindex/FullScreenCover.build/Debug/FullScreenCover-t.build/DerivedSources/arm64 -Xcc -I/Users/admin/builder/spi-builder-workspace/.derivedData/Build/Intermediates.noindex/FullScreenCover.build/Debug/FullScreenCover-t.build/DerivedSources -Xcc -DSWIFT_PACKAGE -Xcc -DDEBUG\=1 -emit-objc-header -emit-objc-header-path /Users/admin/builder/spi-builder-workspace/.derivedData/Build/Intermediates.noindex/FullScreenCover.build/Debug/FullScreenCover-t.build/Objects-normal/arm64/FullScreenCover-Swift.h -working-directory /Users/admin/builder/spi-builder-workspace/.swiftpm/xcode -experimental-emit-module-separately -disable-cmo
SwiftExplicitDependencyGeneratePcm arm64 /Users/admin/builder/spi-builder-workspace/.derivedData/SDKExplicitPrecompiledModules/ptrauth-7VGYQCV549PIPP0FHI45MYEXG.pcm
SwiftExplicitDependencyGeneratePcm arm64 /Users/admin/builder/spi-builder-workspace/.derivedData/SDKExplicitPrecompiledModules/SwiftShims-8117TUG7HSOLBQL517OWAROM7.pcm
SwiftExplicitDependencyGeneratePcm arm64 /Users/admin/builder/spi-builder-workspace/.derivedData/SDKExplicitPrecompiledModules/_SwiftConcurrencyShims-11TYQJH3GW4GGN6M952RT44S2.pcm
SwiftExplicitDependencyGeneratePcm arm64 /Users/admin/builder/spi-builder-workspace/.derivedData/SDKExplicitPrecompiledModules/_Builtin_float-EXGUO4XEWWSRONNTP4II1R3BM.pcm
SwiftExplicitDependencyGeneratePcm arm64 /Users/admin/builder/spi-builder-workspace/.derivedData/SDKExplicitPrecompiledModules/_Builtin_stdbool-8V6HC39D8H2ZKW3GSD1KJ09A9.pcm
SwiftExplicitDependencyGeneratePcm arm64 /Users/admin/builder/spi-builder-workspace/.derivedData/SDKExplicitPrecompiledModules/_Builtin_stddef-BRQYWAPA5F9I3AGC7LZEIAIGS.pcm
SwiftExplicitDependencyGeneratePcm arm64 /Users/admin/builder/spi-builder-workspace/.derivedData/SDKExplicitPrecompiledModules/DeveloperToolsSupport-1MJKJIVFEOCVMYG93RTR2K39.pcm
SwiftExplicitDependencyGeneratePcm arm64 /Users/admin/builder/spi-builder-workspace/.derivedData/SDKExplicitPrecompiledModules/ptrcheck-7F7OST5MV9OHXZMCIL2H6FYAO.pcm
SwiftExplicitDependencyGeneratePcm arm64 /Users/admin/builder/spi-builder-workspace/.derivedData/SDKExplicitPrecompiledModules/_Builtin_stdarg-DVP6W0QP66W8E74TX0GQAIEFM.pcm
SwiftExplicitDependencyGeneratePcm arm64 /Users/admin/builder/spi-builder-workspace/.derivedData/SDKExplicitPrecompiledModules/_AvailabilityInternal-5OQ8S18SKM02L42PKV6U5ZAWA.pcm
SwiftExplicitDependencyGeneratePcm arm64 /Users/admin/builder/spi-builder-workspace/.derivedData/SDKExplicitPrecompiledModules/_DarwinFoundation1-CEB668520FVMM3FPLUP3ZX3DP.pcm
SwiftExplicitDependencyGeneratePcm arm64 /Users/admin/builder/spi-builder-workspace/.derivedData/SDKExplicitPrecompiledModules/_DarwinFoundation2-8A4UVIA5QLD0UNZXBQYRW6KN7.pcm
SwiftExplicitDependencyGeneratePcm arm64 /Users/admin/builder/spi-builder-workspace/.derivedData/SDKExplicitPrecompiledModules/_Builtin_limits-HXF6WMF65IXTY4LB9YQRPDVS.pcm
SwiftExplicitDependencyGeneratePcm arm64 /Users/admin/builder/spi-builder-workspace/.derivedData/SDKExplicitPrecompiledModules/_Builtin_stdint-1OD4P9W70NM45YK5V1IH8JOXR.pcm
SwiftExplicitDependencyGeneratePcm arm64 /Users/admin/builder/spi-builder-workspace/.derivedData/SDKExplicitPrecompiledModules/string_h-6TIYHCG4O23ZFSK467Q1J0323.pcm
SwiftExplicitDependencyGeneratePcm arm64 /Users/admin/builder/spi-builder-workspace/.derivedData/SDKExplicitPrecompiledModules/_Builtin_tgmath-ESXYZN2NTH330WG65ZHZCVA1F.pcm
SwiftExplicitDependencyGeneratePcm arm64 /Users/admin/builder/spi-builder-workspace/.derivedData/SDKExplicitPrecompiledModules/sys_types-8B5WBGNKQGP8VGVHGXXFAVHM4.pcm
SwiftExplicitDependencyGeneratePcm arm64 /Users/admin/builder/spi-builder-workspace/.derivedData/SDKExplicitPrecompiledModules/_Builtin_intrinsics-47EDOVQXH14WGC2TNDLNE4H8H.pcm
SwiftExplicitDependencyGeneratePcm arm64 /Users/admin/builder/spi-builder-workspace/.derivedData/SDKExplicitPrecompiledModules/_DarwinFoundation3-DNXKXFFQ8MRLRO9KQN10R21I0.pcm
SwiftExplicitDependencyGeneratePcm arm64 /Users/admin/builder/spi-builder-workspace/.derivedData/SDKExplicitPrecompiledModules/_Builtin_stdatomic-1R9WVHFT4FALJXANBPLNOQ734.pcm
SwiftExplicitDependencyGeneratePcm arm64 /Users/admin/builder/spi-builder-workspace/.derivedData/SDKExplicitPrecompiledModules/libDER-9VW90WXB13JUMGRN6F5ZRJXU0.pcm
SwiftExplicitDependencyGeneratePcm arm64 /Users/admin/builder/spi-builder-workspace/.derivedData/SDKExplicitPrecompiledModules/_Builtin_inttypes-489CMR9E9YGXYB1ZU4Y2FSN2V.pcm
SwiftExplicitDependencyGeneratePcm arm64 /Users/admin/builder/spi-builder-workspace/.derivedData/SDKExplicitPrecompiledModules/Darwin-4SSYTF9FPWUAJVNBQDXTH3HIS.pcm
SwiftExplicitDependencyGeneratePcm arm64 /Users/admin/builder/spi-builder-workspace/.derivedData/SDKExplicitPrecompiledModules/simd-69ZS7HAMHG2KDSH3WC09AYARP.pcm
SwiftExplicitDependencyGeneratePcm arm64 /Users/admin/builder/spi-builder-workspace/.derivedData/SDKExplicitPrecompiledModules/CUPS-1ZA2VX6NJ9HSLUZMN3J9CZ8WH.pcm
SwiftExplicitDependencyGeneratePcm arm64 /Users/admin/builder/spi-builder-workspace/.derivedData/SDKExplicitPrecompiledModules/MachO-4D0HJWYC59S7APTHBHDUKR7KJ.pcm
SwiftExplicitDependencyGeneratePcm arm64 /Users/admin/builder/spi-builder-workspace/.derivedData/SDKExplicitPrecompiledModules/launch-EFXL3YL04KHGWJLOU1XU768V7.pcm
SwiftExplicitDependencyGeneratePcm arm64 /Users/admin/builder/spi-builder-workspace/.derivedData/SDKExplicitPrecompiledModules/libkern-DC5VSWS0W4A07Q7BUF7Q8VYMV.pcm
SwiftExplicitDependencyGeneratePcm arm64 /Users/admin/builder/spi-builder-workspace/.derivedData/SDKExplicitPrecompiledModules/ObjectiveC-5UUM8AH9LJRERY99K1GUBURMO.pcm
SwiftExplicitDependencyGeneratePcm arm64 /Users/admin/builder/spi-builder-workspace/.derivedData/SDKExplicitPrecompiledModules/Spatial-62AM7A4GCIZSL4GA3PG89YZC9.pcm
SwiftExplicitDependencyGeneratePcm arm64 /Users/admin/builder/spi-builder-workspace/.derivedData/SDKExplicitPrecompiledModules/os_object-BTDIN6QZYDLDQ14FCV3ILP969.pcm
SwiftExplicitDependencyGeneratePcm arm64 /Users/admin/builder/spi-builder-workspace/.derivedData/SDKExplicitPrecompiledModules/os_workgroup-5KW4GI1VTT4BL3CP7IBC3MXQT.pcm
SwiftExplicitDependencyGeneratePcm arm64 /Users/admin/builder/spi-builder-workspace/.derivedData/SDKExplicitPrecompiledModules/Dispatch-6G7SC7DNRDQILDZM7AA5CBO9R.pcm
SwiftExplicitDependencyGeneratePcm arm64 /Users/admin/builder/spi-builder-workspace/.derivedData/SDKExplicitPrecompiledModules/XPC-BCOQO9UGC7BBHCJY0IGQSWASH.pcm
SwiftExplicitDependencyGeneratePcm arm64 /Users/admin/builder/spi-builder-workspace/.derivedData/SDKExplicitPrecompiledModules/CoreFoundation-DM89H54DP422N6SIFFXP5XPSQ.pcm
SwiftExplicitDependencyGeneratePcm arm64 /Users/admin/builder/spi-builder-workspace/.derivedData/SDKExplicitPrecompiledModules/os-C7U69HZXFHL69YJDFLWT0U3FZ.pcm
SwiftExplicitDependencyGeneratePcm arm64 /Users/admin/builder/spi-builder-workspace/.derivedData/SDKExplicitPrecompiledModules/CoreAudioTypes-1CX3AQ7NWCPJJKJZAOMEUEHIM.pcm
SwiftExplicitDependencyGeneratePcm arm64 /Users/admin/builder/spi-builder-workspace/.derivedData/SDKExplicitPrecompiledModules/ColorSync-2HYXTYOH77DFC39T5Q8SOQDAC.pcm
SwiftExplicitDependencyGeneratePcm arm64 /Users/admin/builder/spi-builder-workspace/.derivedData/SDKExplicitPrecompiledModules/IOKit-CEDFRGTVIVCLLLHYJXGM0PFVL.pcm
SwiftExplicitDependencyGeneratePcm arm64 /Users/admin/builder/spi-builder-workspace/.derivedData/SDKExplicitPrecompiledModules/CFNetwork-1WQZZ3LJFUKBFXPPIBIBOWVLB.pcm
SwiftExplicitDependencyGeneratePcm arm64 /Users/admin/builder/spi-builder-workspace/.derivedData/SDKExplicitPrecompiledModules/Security-9SU97HPC9MZ0C0LR3CKCOZQAP.pcm
SwiftExplicitDependencyGeneratePcm arm64 /Users/admin/builder/spi-builder-workspace/.derivedData/SDKExplicitPrecompiledModules/DiskArbitration-32YV8CK2DX7VR3YJCQJ2LRQBO.pcm
SwiftExplicitDependencyGeneratePcm arm64 /Users/admin/builder/spi-builder-workspace/.derivedData/SDKExplicitPrecompiledModules/CoreGraphics-CMQNI1EEW43ZI97R5YJX1IPHZ.pcm
SwiftExplicitDependencyGeneratePcm arm64 /Users/admin/builder/spi-builder-workspace/.derivedData/SDKExplicitPrecompiledModules/CoreServices-C4V7JAU987T6ELRKRI0FAGTZQ.pcm
SwiftExplicitDependencyGeneratePcm arm64 /Users/admin/builder/spi-builder-workspace/.derivedData/SDKExplicitPrecompiledModules/CoreText-BEV0LYYSPSU1DYA5GU5ISF5D7.pcm
SwiftExplicitDependencyGeneratePcm arm64 /Users/admin/builder/spi-builder-workspace/.derivedData/SDKExplicitPrecompiledModules/ImageIO-6ENZ489YMQHAXZ219JEZF1X5L.pcm
SwiftExplicitDependencyGeneratePcm arm64 /Users/admin/builder/spi-builder-workspace/.derivedData/SDKExplicitPrecompiledModules/Foundation-3KHMOXHUOEX7MI4E04DWEG25Z.pcm
SwiftExplicitDependencyGeneratePcm arm64 /Users/admin/builder/spi-builder-workspace/.derivedData/SDKExplicitPrecompiledModules/IOSurface-4Q32HDW4K350WR630YIIMV9EG.pcm
SwiftExplicitDependencyGeneratePcm arm64 /Users/admin/builder/spi-builder-workspace/.derivedData/SDKExplicitPrecompiledModules/CoreAudio-4EHOOJOUZ7C8FLQK9MY3L6G05.pcm
SwiftExplicitDependencyGeneratePcm arm64 /Users/admin/builder/spi-builder-workspace/.derivedData/SDKExplicitPrecompiledModules/ApplicationServices-BO31UW2LY8YWE2PXALQSZ2GDH.pcm
SwiftExplicitDependencyGeneratePcm arm64 /Users/admin/builder/spi-builder-workspace/.derivedData/SDKExplicitPrecompiledModules/UniformTypeIdentifiers-6NDBDVQ68S18YF9RX0ITE5UKU.pcm
SwiftExplicitDependencyGeneratePcm arm64 /Users/admin/builder/spi-builder-workspace/.derivedData/SDKExplicitPrecompiledModules/Accessibility-AX0NO6PFYHH1KBV1EQZLJ8VY4.pcm
SwiftExplicitDependencyGeneratePcm arm64 /Users/admin/builder/spi-builder-workspace/.derivedData/SDKExplicitPrecompiledModules/OSLog-DNA8KCBYX02UANA3SZWSGA9FK.pcm
SwiftExplicitDependencyGeneratePcm arm64 /Users/admin/builder/spi-builder-workspace/.derivedData/SDKExplicitPrecompiledModules/CoreData-7AHAZHOZFYVGC8AEAEW7UONYH.pcm
SwiftExplicitDependencyGeneratePcm arm64 /Users/admin/builder/spi-builder-workspace/.derivedData/SDKExplicitPrecompiledModules/CoreTransferable-FWKNEWDY3O6HRHDM5KD8EE3L.pcm
SwiftExplicitDependencyGeneratePcm arm64 /Users/admin/builder/spi-builder-workspace/.derivedData/SDKExplicitPrecompiledModules/Symbols-5THJQKH3WIYX84I28X5ZVDEFQ.pcm
SwiftExplicitDependencyGeneratePcm arm64 /Users/admin/builder/spi-builder-workspace/.derivedData/SDKExplicitPrecompiledModules/DataDetection-6SBESQXWU8BZ2T53B5K5RFDCN.pcm
SwiftExplicitDependencyGeneratePcm arm64 /Users/admin/builder/spi-builder-workspace/.derivedData/SDKExplicitPrecompiledModules/OpenGL-1HNA0E7TU5D1BT5W6TFAEZ9PV.pcm
SwiftExplicitDependencyGeneratePcm arm64 /Users/admin/builder/spi-builder-workspace/.derivedData/SDKExplicitPrecompiledModules/Metal-F24CJVXGLAYYGFPU2P93FKCDI.pcm
SwiftExplicitDependencyGeneratePcm arm64 /Users/admin/builder/spi-builder-workspace/.derivedData/SDKExplicitPrecompiledModules/CoreVideo-2I4PJ9ANJG82E8LAI4FQ2BCF2.pcm
SwiftExplicitDependencyGeneratePcm arm64 /Users/admin/builder/spi-builder-workspace/.derivedData/SDKExplicitPrecompiledModules/QuartzCore-C0GLZ4FW076FUCWD767XWGGNX.pcm
SwiftExplicitDependencyGeneratePcm arm64 /Users/admin/builder/spi-builder-workspace/.derivedData/SDKExplicitPrecompiledModules/CoreMedia-CS96U86NGWI58TNL453BBKZKL.pcm
SwiftExplicitDependencyGeneratePcm arm64 /Users/admin/builder/spi-builder-workspace/.derivedData/SDKExplicitPrecompiledModules/CoreImage-5ZIBOBQABVVPBMXRV2Q3QUAVF.pcm
SwiftExplicitDependencyGeneratePcm arm64 /Users/admin/builder/spi-builder-workspace/.derivedData/SDKExplicitPrecompiledModules/SwiftUICore-2CIPJK2QNQA3TREUCNAIPUWNP.pcm
SwiftExplicitDependencyGeneratePcm arm64 /Users/admin/builder/spi-builder-workspace/.derivedData/SDKExplicitPrecompiledModules/AppKit-EZCRIJUMAU40UJMBJPQ6MNKKL.pcm
SwiftExplicitDependencyGeneratePcm arm64 /Users/admin/builder/spi-builder-workspace/.derivedData/SDKExplicitPrecompiledModules/SwiftUI-MD9JCHSBSCG6XVJ7MTKUBVLD.pcm
SwiftEmitModule normal arm64 Emitting\ module\ for\ FullScreenCover (in target 'FullScreenCover' from project 'FullScreenCover')
SwiftCompile normal arm64 (in target 'FullScreenCover' from project 'FullScreenCover')
    cd /Users/admin/builder/spi-builder-workspace/.swiftpm/xcode

/Users/admin/builder/spi-builder-workspace/Sources/FullScreenCover/PresentationCoordinator.swift:60:17: warning: unstructured throwing task created by 'init(name:priority:operation:)' is not used, which may accidentally ignore errors thrown inside the task [#NoUseUnstructuredThrowingTask]
 58 |
 59 |             Button("Present Modal") {
 60 |                 Task {
    |                 |- warning: unstructured throwing task created by 'init(name:priority:operation:)' is not used, which may accidentally ignore errors thrown inside the task [#NoUseUnstructuredThrowingTask]
    |                 `- note: to silence this warning, handle the error inside the task, or store/discard the task value explicitly
 61 |                     try await proxy.present()
 62 |                 }
/Users/admin/builder/spi-builder-workspace/Sources/FullScreenCover/PresentationCoordinator.swift:85:25: warning: unstructured throwing task created by 'init(name:priority:operation:)' is not used, which may accidentally ignore errors thrown inside the task [#NoUseUnstructuredThrowingTask]
 83 |
 84 |                     Button("Dismiss") {
 85 |                         Task {
    |                         |- warning: unstructured throwing task created by 'init(name:priority:operation:)' is not used, which may accidentally ignore errors thrown inside the task [#NoUseUnstructuredThrowingTask]
    |                         `- note: to silence this warning, handle the error inside the task, or store/discard the task value explicitly
 86 |                             try await proxy.dismiss()
 87 |                         }
[#NoUseUnstructuredThrowingTask]: <https://docs.swift.org/compiler/documentation/diagnostics/no-use-throwing-unstructured-task>
SwiftCompile normal arm64 Compiling\ PresentationPhase.swift /Users/admin/builder/spi-builder-workspace/Sources/FullScreenCover/PresentationPhase.swift (in target 'FullScreenCover' from project 'FullScreenCover')
SwiftCompile normal arm64 /Users/admin/builder/spi-builder-workspace/Sources/FullScreenCover/PresentationPhase.swift (in target 'FullScreenCover' from project 'FullScreenCover')
    cd /Users/admin/builder/spi-builder-workspace/.swiftpm/xcode
    builtin-SwiftPerFileCompile PresentationPhase.swift
SwiftCompile normal arm64 Compiling\ resource_bundle_accessor.swift /Users/admin/builder/spi-builder-workspace/.derivedData/Build/Intermediates.noindex/FullScreenCover.build/Debug/FullScreenCover-t.build/DerivedSources/resource_bundle_accessor.swift (in target 'FullScreenCover' from project 'FullScreenCover')
SwiftCompile normal arm64 /Users/admin/builder/spi-builder-workspace/.derivedData/Build/Intermediates.noindex/FullScreenCover.build/Debug/FullScreenCover-t.build/DerivedSources/resource_bundle_accessor.swift (in target 'FullScreenCover' from project 'FullScreenCover')
    cd /Users/admin/builder/spi-builder-workspace/.swiftpm/xcode
    builtin-SwiftPerFileCompile resource_bundle_accessor.swift
SwiftCompile normal arm64 Compiling\ FullScreenCoverModifier.swift /Users/admin/builder/spi-builder-workspace/Sources/FullScreenCover/FullScreenCoverModifier.swift (in target 'FullScreenCover' from project 'FullScreenCover')
SwiftCompile normal arm64 /Users/admin/builder/spi-builder-workspace/Sources/FullScreenCover/FullScreenCoverModifier.swift (in target 'FullScreenCover' from project 'FullScreenCover')
    cd /Users/admin/builder/spi-builder-workspace/.swiftpm/xcode
    builtin-SwiftPerFileCompile FullScreenCoverModifier.swift
/Users/admin/builder/spi-builder-workspace/Sources/FullScreenCover/FullScreenCoverModifier.swift:18:18: error: 'fullScreenCover(isPresented:onDismiss:content:)' is unavailable in macOS
 16 |             Color.clear
 17 |                 .frame(width: 0, height: 0)
 18 |                 .fullScreenCover(
    |                  `- error: 'fullScreenCover(isPresented:onDismiss:content:)' is unavailable in macOS
 19 |                     isPresented: $isSheetPresented,
 20 |                     onDismiss: {
SwiftUI.View.fullScreenCover:2:25: note: 'fullScreenCover(isPresented:onDismiss:content:)' has been explicitly marked unavailable here
1 | protocol View {
2 | nonisolated public func fullScreenCover<Content>(isPresented: Binding<Bool>, onDismiss: (() -> Void)? = nil, @ContentBuilder content: @escaping () -> Content) -> some View where Content : View
  |                         `- note: 'fullScreenCover(isPresented:onDismiss:content:)' has been explicitly marked unavailable here
3 |   }
4 |
/Users/admin/builder/spi-builder-workspace/Sources/FullScreenCover/FullScreenCoverModifier.swift:38:22: error: 'presentationBackground' is only available in macOS 13.3 or newer
  1 | public import SwiftUI
  2 |
  3 | struct FullScreenCoverModifier<ModalContent: View>: ViewModifier {
    |        `- note: add '@available' attribute to enclosing generic struct
  4 |     @State private var isSheetPresented: Bool
  5 |     @State private var showModalContent = false
    :
 10 |     private let animation: Animation?
 11 |
 12 |     func body(content: Content) -> some View {
    |          `- note: add '@available' attribute to enclosing instance method
 13 |         // A ZStack isolates the .fullScreenCover trigger from the content view,
 14 |         // preventing safe area insets from propagating to the content.
    :
 36 |                         }
 37 |                     }
 38 |                     .presentationBackground(Color.clear)
    |                      |- error: 'presentationBackground' is only available in macOS 13.3 or newer
    |                      `- note: add 'if #available' version check
 39 |                     .task {
 40 |                         // The native container has appeared. Check whether the proxy still wants to present.
Failed frontend command:
/Applications/Xcode-27.0.0-Release.Candidate.app/Contents/Developer/Toolchains/XcodeDefault.xctoolchain/usr/bin/swift-frontend -frontend -c /Users/admin/builder/spi-builder-workspace/.derivedData/Build/Intermediates.noindex/FullScreenCover.build/Debug/FullScreenCover-t.build/DerivedSources/resource_bundle_accessor.swift /Users/admin/builder/spi-builder-workspace/Sources/FullScreenCover/AsyncBroadcast.swift -primary-file /Users/admin/builder/spi-builder-workspace/Sources/FullScreenCover/FullScreenCoverModifier.swift /Users/admin/builder/spi-builder-workspace/Sources/FullScreenCover/PresentationCoordinator.swift /Users/admin/builder/spi-builder-workspace/Sources/FullScreenCover/PresentationPhase.swift /Users/admin/builder/spi-builder-workspace/Sources/FullScreenCover/PresentationProxy.swift -emit-dependencies-path /Users/admin/builder/spi-builder-workspace/.derivedData/Build/Intermediates.noindex/FullScreenCover.build/Debug/FullScreenCover-t.build/Objects-normal/arm64/FullScreenCoverModifier.d -emit-const-values-path /Users/admin/builder/spi-builder-workspace/.derivedData/Build/Intermediates.noindex/FullScreenCover.build/Debug/FullScreenCover-t.build/Objects-normal/arm64/FullScreenCoverModifier.swiftconstvalues -emit-reference-dependencies-path /Users/admin/builder/spi-builder-workspace/.derivedData/Build/Intermediates.noindex/FullScreenCover.build/Debug/FullScreenCover-t.build/Objects-normal/arm64/FullScreenCoverModifier.swiftdeps -serialize-diagnostics-path /Users/admin/builder/spi-builder-workspace/.derivedData/Build/Intermediates.noindex/FullScreenCover.build/Debug/FullScreenCover-t.build/Objects-normal/arm64/FullScreenCoverModifier.dia -target arm64-apple-macos12.0 -disable-cross-import-overlay-search -load-resolved-plugin /Applications/Xcode-27.0.0-Release.Candidate.app/Contents/Developer/Platforms/MacOSX.platform/Developer/usr/lib/swift/host/plugins/libFoundationMacros.dylib\#/Applications/Xcode-27.0.0-Release.Candidate.app/Contents/Developer/Platforms/MacOSX.platform/Developer/usr/bin/swift-plugin-server\#FoundationMacros -load-resolved-plugin /Applications/Xcode-27.0.0-Release.Candidate.app/Contents/Developer/Platforms/MacOSX.platform/Developer/usr/lib/swift/host/plugins/libObservationMacros.dylib\#/Applications/Xcode-27.0.0-Release.Candidate.app/Contents/Developer/Platforms/MacOSX.platform/Developer/usr/bin/swift-plugin-server\#ObservationMacros -load-resolved-plugin /Applications/Xcode-27.0.0-Release.Candidate.app/Contents/Developer/Platforms/MacOSX.platform/Developer/usr/lib/swift/host/plugins/libPreviewsMacros.dylib\#/Applications/Xcode-27.0.0-Release.Candidate.app/Contents/Developer/Platforms/MacOSX.platform/Developer/usr/bin/swift-plugin-server\#PreviewsMacros -load-resolved-plugin /Applications/Xcode-27.0.0-Release.Candidate.app/Contents/Developer/Platforms/MacOSX.platform/Developer/usr/lib/swift/host/plugins/libSwiftMacros.dylib\#/Applications/Xcode-27.0.0-Release.Candidate.app/Contents/Developer/Platforms/MacOSX.platform/Developer/usr/bin/swift-plugin-server\#SwiftMacros -load-resolved-plugin /Applications/Xcode-27.0.0-Release.Candidate.app/Contents/Developer/Platforms/MacOSX.platform/Developer/usr/lib/swift/host/plugins/libSwiftUIMacros.dylib\#/Applications/Xcode-27.0.0-Release.Candidate.app/Contents/Developer/Platforms/MacOSX.platform/Developer/usr/bin/swift-plugin-server\#SwiftUIMacros -disable-implicit-swift-modules -Xcc -fno-implicit-modules -Xcc -fno-implicit-module-maps -explicit-swift-module-map-file /Users/admin/builder/spi-builder-workspace/.derivedData/Build/Intermediates.noindex/FullScreenCover.build/Debug/FullScreenCover-t.build/Objects-normal/arm64/FullScreenCover-dependencies-1.json -Xllvm -aarch64-use-tbi -enable-objc-interop -stack-check -sdk /Applications/Xcode-27.0.0-Release.Candidate.app/Contents/Developer/Platforms/MacOSX.platform/Developer/SDKs/MacOSX27.0.sdk -I /Users/admin/builder/spi-builder-workspace/.derivedData/Build/Products/Debug -Isystem /Applications/Xcode-27.0.0-Release.Candidate.app/Contents/Developer/Platforms/MacOSX.platform/Developer/usr/lib -F /Users/admin/builder/spi-builder-workspace/.derivedData/Build/Products/Debug -F /Applications/Xcode-27.0.0-Release.Candidate.app/Contents/Developer/Platforms/MacOSX.platform/Developer/Library/Frameworks -module-cache-path /Users/admin/builder/spi-builder-workspace/.derivedData/Build/Intermediates.noindex/SwiftExplicitPrecompiledModules -no-color-diagnostics -Xcc -fno-color-diagnostics -enable-testing -g -debug-info-format\=dwarf -dwarf-version\=4 -profile-generate -profile-coverage-mapping -swift-version 6 -Onone -D SWIFT_PACKAGE -D DEBUG -D SWIFT_MODULE_RESOURCE_BUNDLE_AVAILABLE -D Xcode -serialize-debugging-options -enable-experimental-feature DebugDescriptionMacro -empty-abi-descriptor -validate-clang-modules-once -clang-build-session-file /Users/admin/builder/spi-builder-workspace/.derivedData/ModuleCache.noindex/Session.modulevalidation -Xcc -working-directory -Xcc /Users/admin/builder/spi-builder-workspace/.swiftpm/xcode -enable-anonymous-context-mangled-names -file-compilation-dir /Users/admin/builder/spi-builder-workspace/.swiftpm/xcode -Xcc -D_LIBCPP_HARDENING_MODE\=_LIBCPP_HARDENING_MODE_DEBUG -Xcc -ivfsstatcache -Xcc /Users/admin/builder/spi-builder-workspace/.derivedData/SDKStatCaches.noindex/macosx27.0-26A425-e829b21a6f8c9b70876ba0858053c0446a22442a12e9d48fe1a705f55a1adfc4.sdkstatcache -Xcc -fmodules-prune-interval\=86400 -Xcc -fmodules-prune-after\=345600 -Xcc -I/Users/admin/builder/spi-builder-workspace/.derivedData/Build/Products/Debug/include -Xcc -I/Users/admin/builder/spi-builder-workspace/.derivedData/Build/Intermediates.noindex/FullScreenCover.build/Debug/FullScreenCover-t.build/DerivedSources-normal/arm64 -Xcc -I/Users/admin/builder/spi-builder-workspace/.derivedData/Build/Intermediates.noindex/FullScreenCover.build/Debug/FullScreenCover-t.build/DerivedSources/arm64 -Xcc -I/Users/admin/builder/spi-builder-workspace/.derivedData/Build/Intermediates.noindex/FullScreenCover.build/Debug/FullScreenCover-t.build/DerivedSources -Xcc -DSWIFT_PACKAGE -Xcc -DDEBUG\=1 -no-auto-bridging-header-chaining -module-name FullScreenCover -package-name spi_builder_workspace -const-gather-protocols-file /Users/admin/builder/spi-builder-workspace/.derivedData/Build/Intermediates.noindex/FullScreenCover.build/Debug/FullScreenCover-t.build/Objects-normal/arm64/FullScreenCover_const_extract_protocols.json -disable-clang-spi -clang-target arm64-apple-macos27.0 -target-sdk-version 27.0 -target-sdk-name macosx27.0 -in-process-plugin-server-path /Applications/Xcode-27.0.0-Release.Candidate.app/Contents/Developer/Toolchains/XcodeDefault.xctoolchain/usr/lib/swift/host/libSwiftInProcPluginServer.dylib -parse-as-library -o /Users/admin/builder/spi-builder-workspace/.derivedData/Build/Intermediates.noindex/FullScreenCover.build/Debug/FullScreenCover-t.build/Objects-normal/arm64/FullScreenCoverModifier.o -debug-module-path /Users/admin/builder/spi-builder-workspace/.derivedData/Build/Intermediates.noindex/FullScreenCover.build/Debug/FullScreenCover-t.build/Objects-normal/arm64/FullScreenCover.swiftmodule -index-unit-output-path /FullScreenCover.build/Debug/FullScreenCover-t.build/Objects-normal/arm64/FullScreenCoverModifier.o -index-store-path /Users/admin/builder/spi-builder-workspace/.derivedData/Index.noindex/DataStore -index-system-modules
SwiftCompile normal arm64 Compiling\ AsyncBroadcast.swift /Users/admin/builder/spi-builder-workspace/Sources/FullScreenCover/AsyncBroadcast.swift (in target 'FullScreenCover' from project 'FullScreenCover')
SwiftCompile normal arm64 /Users/admin/builder/spi-builder-workspace/Sources/FullScreenCover/AsyncBroadcast.swift (in target 'FullScreenCover' from project 'FullScreenCover')
    cd /Users/admin/builder/spi-builder-workspace/.swiftpm/xcode
    builtin-SwiftPerFileCompile AsyncBroadcast.swift
SwiftCompile normal arm64 Compiling\ PresentationProxy.swift /Users/admin/builder/spi-builder-workspace/Sources/FullScreenCover/PresentationProxy.swift (in target 'FullScreenCover' from project 'FullScreenCover')
SwiftCompile normal arm64 /Users/admin/builder/spi-builder-workspace/Sources/FullScreenCover/PresentationProxy.swift (in target 'FullScreenCover' from project 'FullScreenCover')
    cd /Users/admin/builder/spi-builder-workspace/.swiftpm/xcode
    builtin-SwiftPerFileCompile PresentationProxy.swift
SwiftCompile normal arm64 Compiling\ PresentationCoordinator.swift /Users/admin/builder/spi-builder-workspace/Sources/FullScreenCover/PresentationCoordinator.swift (in target 'FullScreenCover' from project 'FullScreenCover')
/Users/admin/builder/spi-builder-workspace/Sources/FullScreenCover/PresentationCoordinator.swift:60:17: warning: unstructured throwing task created by 'init(name:priority:operation:)' is not used, which may accidentally ignore errors thrown inside the task [#NoUseUnstructuredThrowingTask]
 58 |
 59 |             Button("Present Modal") {
 60 |                 Task {
    |                 |- warning: unstructured throwing task created by 'init(name:priority:operation:)' is not used, which may accidentally ignore errors thrown inside the task [#NoUseUnstructuredThrowingTask]
    |                 `- note: to silence this warning, handle the error inside the task, or store/discard the task value explicitly
 61 |                     try await proxy.present()
 62 |                 }
/Users/admin/builder/spi-builder-workspace/Sources/FullScreenCover/PresentationCoordinator.swift:85:25: warning: unstructured throwing task created by 'init(name:priority:operation:)' is not used, which may accidentally ignore errors thrown inside the task [#NoUseUnstructuredThrowingTask]
 83 |
 84 |                     Button("Dismiss") {
 85 |                         Task {
    |                         |- warning: unstructured throwing task created by 'init(name:priority:operation:)' is not used, which may accidentally ignore errors thrown inside the task [#NoUseUnstructuredThrowingTask]
    |                         `- note: to silence this warning, handle the error inside the task, or store/discard the task value explicitly
 86 |                             try await proxy.dismiss()
 87 |                         }
macro expansion #Preview:25:29: warning: unstructured throwing task created by 'init(name:priority:operation:)' is not used, which may accidentally ignore errors thrown inside the task [#NoUseUnstructuredThrowingTask]
`- /Users/admin/builder/spi-builder-workspace/Sources/FullScreenCover/PresentationCoordinator.swift:97:2: note: expanded code originates here
 51 | // MARK: - Preview
 52 |
 53 | #Preview("Custom Transition") {
    | |- note: in expansion of macro 'Preview' here
    | `- note: in expansion of macro 'Preview' here
 54 |     PresentationCoordinator { proxy in
 55 |         VStack(spacing: 20) {
    :
 95 |         }
 96 |     }
 97 | }
    +--- macro expansion #Preview --------------------------------------
    |23 |
    |24 |                         Button("Present Modal") {
    |25 |                             Task {
    |   |                             |- warning: unstructured throwing task created by 'init(name:priority:operation:)' is not used, which may accidentally ignore errors thrown inside the task [#NoUseUnstructuredThrowingTask]
    |   |                             `- note: to silence this warning, handle the error inside the task, or store/discard the task value explicitly
    |26 |                                 try await proxy.present()
    |27 |                             }
    +-------------------------------------------------------------------
 98 |
 99 | #Preview("Async Coordination") {
macro expansion #Preview:50:37: warning: unstructured throwing task created by 'init(name:priority:operation:)' is not used, which may accidentally ignore errors thrown inside the task [#NoUseUnstructuredThrowingTask]
`- /Users/admin/builder/spi-builder-workspace/Sources/FullScreenCover/PresentationCoordinator.swift:97:2: note: expanded code originates here
 51 | // MARK: - Preview
 52 |
 53 | #Preview("Custom Transition") {
    | |- note: in expansion of macro 'Preview' here
    | `- note: in expansion of macro 'Preview' here
 54 |     PresentationCoordinator { proxy in
 55 |         VStack(spacing: 20) {
    :
 95 |         }
 96 |     }
 97 | }
    +--- macro expansion #Preview --------------------------------------
    |48 |
    |49 |                                 Button("Dismiss") {
    |50 |                                     Task {
    |   |                                     |- warning: unstructured throwing task created by 'init(name:priority:operation:)' is not used, which may accidentally ignore errors thrown inside the task [#NoUseUnstructuredThrowingTask]
    |   |                                     `- note: to silence this warning, handle the error inside the task, or store/discard the task value explicitly
    |51 |                                         try await proxy.dismiss()
    |52 |                                     }
    +-------------------------------------------------------------------
 98 |
 99 | #Preview("Async Coordination") {
/Users/admin/builder/spi-builder-workspace/Sources/FullScreenCover/PresentationCoordinator.swift:113:25: warning: unstructured throwing task created by 'init(name:priority:operation:)' is not used, which may accidentally ignore errors thrown inside the task [#NoUseUnstructuredThrowingTask]
111 |
112 |                     Button("Show Confirmation Flow") {
113 |                         Task {
    |                         |- warning: unstructured throwing task created by 'init(name:priority:operation:)' is not used, which may accidentally ignore errors thrown inside the task [#NoUseUnstructuredThrowingTask]
    |                         `- note: to silence this warning, handle the error inside the task, or store/discard the task value explicitly
114 |                             // Step 1: Present the modal and wait
115 |                             status = "Modal is visible…"
/Users/admin/builder/spi-builder-workspace/Sources/FullScreenCover/PresentationCoordinator.swift:119:44: error: 'sleep(for:tolerance:clock:)' is only available in macOS 13.0 or newer
 98 |
 99 | #Preview("Async Coordination") {
100 |     struct ChainedPresentationDemo: View {
    |            `- note: add '@available' attribute to enclosing struct
101 |         @State private var status = "Tap the button to start"
102 |
103 |         var body: some View {
    |             `- note: add '@available' attribute to enclosing property
104 |             PresentationCoordinator { proxy in
105 |                 VStack(spacing: 20) {
    :
117 |
118 |                             // Step 2: Simulate a delay, then dismiss and wait for completion
119 |                             try await Task.sleep(for: .seconds(2))
    |                                            |- error: 'sleep(for:tolerance:clock:)' is only available in macOS 13.0 or newer
    |                                            `- note: add 'if #available' version check
120 |                             status = "Dismissing…"
121 |                             try await proxy.dismiss()
/Users/admin/builder/spi-builder-workspace/Sources/FullScreenCover/PresentationCoordinator.swift:119:56: error: 'seconds' is only available in macOS 13.0 or newer
 98 |
 99 | #Preview("Async Coordination") {
100 |     struct ChainedPresentationDemo: View {
    |            `- note: add '@available' attribute to enclosing struct
101 |         @State private var status = "Tap the button to start"
102 |
103 |         var body: some View {
    |             `- note: add '@available' attribute to enclosing property
104 |             PresentationCoordinator { proxy in
105 |                 VStack(spacing: 20) {
    :
117 |
118 |                             // Step 2: Simulate a delay, then dismiss and wait for completion
119 |                             try await Task.sleep(for: .seconds(2))
    |                                                        |- error: 'seconds' is only available in macOS 13.0 or newer
    |                                                        `- note: add 'if #available' version check
120 |                             status = "Dismissing…"
121 |                             try await proxy.dismiss()
macro expansion #Preview:32:37: warning: unstructured throwing task created by 'init(name:priority:operation:)' is not used, which may accidentally ignore errors thrown inside the task [#NoUseUnstructuredThrowingTask]
`- /Users/admin/builder/spi-builder-workspace/Sources/FullScreenCover/PresentationCoordinator.swift:155:2: note: expanded code originates here
 97 | }
 98 |
 99 | #Preview("Async Coordination") {
    | |- note: in expansion of macro 'Preview' here
    | `- note: in expansion of macro 'Preview' here
100 |     struct ChainedPresentationDemo: View {
101 |         @State private var status = "Tap the button to start"
    :
153 |
154 |     return ChainedPresentationDemo()
155 | }
    +--- macro expansion #Preview --------------------------------------
    |30 |
    |31 |                                 Button("Show Confirmation Flow") {
    |32 |                                     Task {
    |   |                                     |- warning: unstructured throwing task created by 'init(name:priority:operation:)' is not used, which may accidentally ignore errors thrown inside the task [#NoUseUnstructuredThrowingTask]
    |   |                                     `- note: to silence this warning, handle the error inside the task, or store/discard the task value explicitly
    |33 |                                         // Step 1: Present the modal and wait
    |34 |                                         status = "Modal is visible…"
    +-------------------------------------------------------------------
156 |
[#NoUseUnstructuredThrowingTask]: <https://docs.swift.org/compiler/documentation/diagnostics/no-use-throwing-unstructured-task>
Failed frontend command:
/Applications/Xcode-27.0.0-Release.Candidate.app/Contents/Developer/Toolchains/XcodeDefault.xctoolchain/usr/bin/swift-frontend -frontend -c /Users/admin/builder/spi-builder-workspace/.derivedData/Build/Intermediates.noindex/FullScreenCover.build/Debug/FullScreenCover-t.build/DerivedSources/resource_bundle_accessor.swift /Users/admin/builder/spi-builder-workspace/Sources/FullScreenCover/AsyncBroadcast.swift /Users/admin/builder/spi-builder-workspace/Sources/FullScreenCover/FullScreenCoverModifier.swift -primary-file /Users/admin/builder/spi-builder-workspace/Sources/FullScreenCover/PresentationCoordinator.swift /Users/admin/builder/spi-builder-workspace/Sources/FullScreenCover/PresentationPhase.swift /Users/admin/builder/spi-builder-workspace/Sources/FullScreenCover/PresentationProxy.swift -emit-dependencies-path /Users/admin/builder/spi-builder-workspace/.derivedData/Build/Intermediates.noindex/FullScreenCover.build/Debug/FullScreenCover-t.build/Objects-normal/arm64/PresentationCoordinator.d -emit-const-values-path /Users/admin/builder/spi-builder-workspace/.derivedData/Build/Intermediates.noindex/FullScreenCover.build/Debug/FullScreenCover-t.build/Objects-normal/arm64/PresentationCoordinator.swiftconstvalues -emit-reference-dependencies-path /Users/admin/builder/spi-builder-workspace/.derivedData/Build/Intermediates.noindex/FullScreenCover.build/Debug/FullScreenCover-t.build/Objects-normal/arm64/PresentationCoordinator.swiftdeps -serialize-diagnostics-path /Users/admin/builder/spi-builder-workspace/.derivedData/Build/Intermediates.noindex/FullScreenCover.build/Debug/FullScreenCover-t.build/Objects-normal/arm64/PresentationCoordinator.dia -target arm64-apple-macos12.0 -disable-cross-import-overlay-search -load-resolved-plugin /Applications/Xcode-27.0.0-Release.Candidate.app/Contents/Developer/Platforms/MacOSX.platform/Developer/usr/lib/swift/host/plugins/libFoundationMacros.dylib\#/Applications/Xcode-27.0.0-Release.Candidate.app/Contents/Developer/Platforms/MacOSX.platform/Developer/usr/bin/swift-plugin-server\#FoundationMacros -load-resolved-plugin /Applications/Xcode-27.0.0-Release.Candidate.app/Contents/Developer/Platforms/MacOSX.platform/Developer/usr/lib/swift/host/plugins/libObservationMacros.dylib\#/Applications/Xcode-27.0.0-Release.Candidate.app/Contents/Developer/Platforms/MacOSX.platform/Developer/usr/bin/swift-plugin-server\#ObservationMacros -load-resolved-plugin /Applications/Xcode-27.0.0-Release.Candidate.app/Contents/Developer/Platforms/MacOSX.platform/Developer/usr/lib/swift/host/plugins/libPreviewsMacros.dylib\#/Applications/Xcode-27.0.0-Release.Candidate.app/Contents/Developer/Platforms/MacOSX.platform/Developer/usr/bin/swift-plugin-server\#PreviewsMacros -load-resolved-plugin /Applications/Xcode-27.0.0-Release.Candidate.app/Contents/Developer/Platforms/MacOSX.platform/Developer/usr/lib/swift/host/plugins/libSwiftMacros.dylib\#/Applications/Xcode-27.0.0-Release.Candidate.app/Contents/Developer/Platforms/MacOSX.platform/Developer/usr/bin/swift-plugin-server\#SwiftMacros -load-resolved-plugin /Applications/Xcode-27.0.0-Release.Candidate.app/Contents/Developer/Platforms/MacOSX.platform/Developer/usr/lib/swift/host/plugins/libSwiftUIMacros.dylib\#/Applications/Xcode-27.0.0-Release.Candidate.app/Contents/Developer/Platforms/MacOSX.platform/Developer/usr/bin/swift-plugin-server\#SwiftUIMacros -disable-implicit-swift-modules -Xcc -fno-implicit-modules -Xcc -fno-implicit-module-maps -explicit-swift-module-map-file /Users/admin/builder/spi-builder-workspace/.derivedData/Build/Intermediates.noindex/FullScreenCover.build/Debug/FullScreenCover-t.build/Objects-normal/arm64/FullScreenCover-dependencies-1.json -Xllvm -aarch64-use-tbi -enable-objc-interop -stack-check -sdk /Applications/Xcode-27.0.0-Release.Candidate.app/Contents/Developer/Platforms/MacOSX.platform/Developer/SDKs/MacOSX27.0.sdk -I /Users/admin/builder/spi-builder-workspace/.derivedData/Build/Products/Debug -Isystem /Applications/Xcode-27.0.0-Release.Candidate.app/Contents/Developer/Platforms/MacOSX.platform/Developer/usr/lib -F /Users/admin/builder/spi-builder-workspace/.derivedData/Build/Products/Debug -F /Applications/Xcode-27.0.0-Release.Candidate.app/Contents/Developer/Platforms/MacOSX.platform/Developer/Library/Frameworks -module-cache-path /Users/admin/builder/spi-builder-workspace/.derivedData/Build/Intermediates.noindex/SwiftExplicitPrecompiledModules -no-color-diagnostics -Xcc -fno-color-diagnostics -enable-testing -g -debug-info-format\=dwarf -dwarf-version\=4 -profile-generate -profile-coverage-mapping -swift-version 6 -Onone -D SWIFT_PACKAGE -D DEBUG -D SWIFT_MODULE_RESOURCE_BUNDLE_AVAILABLE -D Xcode -serialize-debugging-options -enable-experimental-feature DebugDescriptionMacro -empty-abi-descriptor -validate-clang-modules-once -clang-build-session-file /Users/admin/builder/spi-builder-workspace/.derivedData/ModuleCache.noindex/Session.modulevalidation -Xcc -working-directory -Xcc /Users/admin/builder/spi-builder-workspace/.swiftpm/xcode -enable-anonymous-context-mangled-names -file-compilation-dir /Users/admin/builder/spi-builder-workspace/.swiftpm/xcode -Xcc -D_LIBCPP_HARDENING_MODE\=_LIBCPP_HARDENING_MODE_DEBUG -Xcc -ivfsstatcache -Xcc /Users/admin/builder/spi-builder-workspace/.derivedData/SDKStatCaches.noindex/macosx27.0-26A425-e829b21a6f8c9b70876ba0858053c0446a22442a12e9d48fe1a705f55a1adfc4.sdkstatcache -Xcc -fmodules-prune-interval\=86400 -Xcc -fmodules-prune-after\=345600 -Xcc -I/Users/admin/builder/spi-builder-workspace/.derivedData/Build/Products/Debug/include -Xcc -I/Users/admin/builder/spi-builder-workspace/.derivedData/Build/Intermediates.noindex/FullScreenCover.build/Debug/FullScreenCover-t.build/DerivedSources-normal/arm64 -Xcc -I/Users/admin/builder/spi-builder-workspace/.derivedData/Build/Intermediates.noindex/FullScreenCover.build/Debug/FullScreenCover-t.build/DerivedSources/arm64 -Xcc -I/Users/admin/builder/spi-builder-workspace/.derivedData/Build/Intermediates.noindex/FullScreenCover.build/Debug/FullScreenCover-t.build/DerivedSources -Xcc -DSWIFT_PACKAGE -Xcc -DDEBUG\=1 -no-auto-bridging-header-chaining -module-name FullScreenCover -package-name spi_builder_workspace -const-gather-protocols-file /Users/admin/builder/spi-builder-workspace/.derivedData/Build/Intermediates.noindex/FullScreenCover.build/Debug/FullScreenCover-t.build/Objects-normal/arm64/FullScreenCover_const_extract_protocols.json -disable-clang-spi -clang-target arm64-apple-macos27.0 -target-sdk-version 27.0 -target-sdk-name macosx27.0 -in-process-plugin-server-path /Applications/Xcode-27.0.0-Release.Candidate.app/Contents/Developer/Toolchains/XcodeDefault.xctoolchain/usr/lib/swift/host/libSwiftInProcPluginServer.dylib -parse-as-library -o /Users/admin/builder/spi-builder-workspace/.derivedData/Build/Intermediates.noindex/FullScreenCover.build/Debug/FullScreenCover-t.build/Objects-normal/arm64/PresentationCoordinator.o -debug-module-path /Users/admin/builder/spi-builder-workspace/.derivedData/Build/Intermediates.noindex/FullScreenCover.build/Debug/FullScreenCover-t.build/Objects-normal/arm64/FullScreenCover.swiftmodule -index-unit-output-path /FullScreenCover.build/Debug/FullScreenCover-t.build/Objects-normal/arm64/PresentationCoordinator.o -index-store-path /Users/admin/builder/spi-builder-workspace/.derivedData/Index.noindex/DataStore -index-system-modules
SwiftCompile normal arm64 /Users/admin/builder/spi-builder-workspace/Sources/FullScreenCover/PresentationCoordinator.swift (in target 'FullScreenCover' from project 'FullScreenCover')
    cd /Users/admin/builder/spi-builder-workspace/.swiftpm/xcode
    builtin-SwiftPerFileCompile PresentationCoordinator.swift
SwiftDriverJobDiscovery normal arm64 Emitting module for FullScreenCover (in target 'FullScreenCover' from project 'FullScreenCover')
SwiftDriver\ Compilation\ Requirements FullScreenCover normal arm64 com.apple.xcode.tools.swift.compiler (in target 'FullScreenCover' from project 'FullScreenCover')
    cd /Users/admin/builder/spi-builder-workspace/.swiftpm/xcode
    builtin-Swift-Compilation-Requirements -- /Applications/Xcode-27.0.0-Release.Candidate.app/Contents/Developer/Toolchains/XcodeDefault.xctoolchain/usr/bin/swiftc -parse-as-library -module-name FullScreenCover -Onone @/Users/admin/builder/spi-builder-workspace/.derivedData/Build/Intermediates.noindex/FullScreenCover.build/Debug/FullScreenCover-t.build/Objects-normal/arm64/FullScreenCover.SwiftFileList -DSWIFT_PACKAGE -DDEBUG -DSWIFT_MODULE_RESOURCE_BUNDLE_AVAILABLE -DXcode -plugin-path /Applications/Xcode-27.0.0-Release.Candidate.app/Contents/Developer/Toolchains/XcodeDefault.xctoolchain/usr/lib/swift/host/plugins/testing -enable-experimental-feature DebugDescriptionMacro -sdk /Applications/Xcode-27.0.0-Release.Candidate.app/Contents/Developer/Platforms/MacOSX.platform/Developer/SDKs/MacOSX27.0.sdk -target arm64-apple-macos12.0 -g -module-cache-path /Users/admin/builder/spi-builder-workspace/.derivedData/ModuleCache.noindex -Xfrontend -serialize-debugging-options -profile-coverage-mapping -profile-generate -enable-testing -index-store-path /Users/admin/builder/spi-builder-workspace/.derivedData/Index.noindex/DataStore -Xcc -D_LIBCPP_HARDENING_MODE\=_LIBCPP_HARDENING_MODE_DEBUG -swift-version 6 -I /Users/admin/builder/spi-builder-workspace/.derivedData/Build/Products/Debug -Isystem /Applications/Xcode-27.0.0-Release.Candidate.app/Contents/Developer/Platforms/MacOSX.platform/Developer/usr/lib -F /Users/admin/builder/spi-builder-workspace/.derivedData/Build/Products/Debug -F /Applications/Xcode-27.0.0-Release.Candidate.app/Contents/Developer/Platforms/MacOSX.platform/Developer/Library/Frameworks -c -j10 -enable-batch-mode -incremental -Xcc -ivfsstatcache -Xcc /Users/admin/builder/spi-builder-workspace/.derivedData/SDKStatCaches.noindex/macosx27.0-26A425-e829b21a6f8c9b70876ba0858053c0446a22442a12e9d48fe1a705f55a1adfc4.sdkstatcache -output-file-map /Users/admin/builder/spi-builder-workspace/.derivedData/Build/Intermediates.noindex/FullScreenCover.build/Debug/FullScreenCover-t.build/Objects-normal/arm64/FullScreenCover-OutputFileMap.json -save-temps -no-color-diagnostics -explicit-module-build -module-cache-path /Users/admin/builder/spi-builder-workspace/.derivedData/Build/Intermediates.noindex/SwiftExplicitPrecompiledModules -clang-scanner-module-cache-path /Users/admin/builder/spi-builder-workspace/.derivedData/ModuleCache.noindex -sdk-module-cache-path /Users/admin/builder/spi-builder-workspace/.derivedData/SDKExplicitPrecompiledModules -emit-dependencies -emit-module -emit-module-path /Users/admin/builder/spi-builder-workspace/.derivedData/Build/Intermediates.noindex/FullScreenCover.build/Debug/FullScreenCover-t.build/Objects-normal/arm64/FullScreenCover.swiftmodule -serialize-diagnostics -dependency-scan-serialize-diagnostics-path /Users/admin/builder/spi-builder-workspace/.derivedData/Build/Intermediates.noindex/FullScreenCover.build/Debug/FullScreenCover-t.build/Objects-normal/arm64/FullScreenCover-dependency-scan.dia -validate-clang-modules-once -clang-build-session-file /Users/admin/builder/spi-builder-workspace/.derivedData/ModuleCache.noindex/Session.modulevalidation -Xcc -fmodules-prune-interval\=86400 -Xcc -fmodules-prune-after\=345600 -package-name spi_builder_workspace -emit-const-values -const-gather-protocols-list /Users/admin/builder/spi-builder-workspace/.derivedData/Build/Intermediates.noindex/FullScreenCover.build/Debug/FullScreenCover-t.build/Objects-normal/arm64/FullScreenCover_const_extract_protocols.json -Xcc -I/Users/admin/builder/spi-builder-workspace/.derivedData/Build/Products/Debug/include -Xcc -I/Users/admin/builder/spi-builder-workspace/.derivedData/Build/Intermediates.noindex/FullScreenCover.build/Debug/FullScreenCover-t.build/DerivedSources-normal/arm64 -Xcc -I/Users/admin/builder/spi-builder-workspace/.derivedData/Build/Intermediates.noindex/FullScreenCover.build/Debug/FullScreenCover-t.build/DerivedSources/arm64 -Xcc -I/Users/admin/builder/spi-builder-workspace/.derivedData/Build/Intermediates.noindex/FullScreenCover.build/Debug/FullScreenCover-t.build/DerivedSources -Xcc -DSWIFT_PACKAGE -Xcc -DDEBUG\=1 -emit-objc-header -emit-objc-header-path /Users/admin/builder/spi-builder-workspace/.derivedData/Build/Intermediates.noindex/FullScreenCover.build/Debug/FullScreenCover-t.build/Objects-normal/arm64/FullScreenCover-Swift.h -working-directory /Users/admin/builder/spi-builder-workspace/.swiftpm/xcode -experimental-emit-module-separately -disable-cmo
SwiftMergeGeneratedHeaders /Users/admin/builder/spi-builder-workspace/.derivedData/Build/Intermediates.noindex/GeneratedModuleMaps/FullScreenCover-Swift.h /Users/admin/builder/spi-builder-workspace/.derivedData/Build/Intermediates.noindex/FullScreenCover.build/Debug/FullScreenCover-t.build/Objects-normal/arm64/FullScreenCover-Swift.h (in target 'FullScreenCover' from project 'FullScreenCover')
    cd /Users/admin/builder/spi-builder-workspace
    builtin-swiftHeaderTool -arch arm64 /Users/admin/builder/spi-builder-workspace/.derivedData/Build/Intermediates.noindex/FullScreenCover.build/Debug/FullScreenCover-t.build/Objects-normal/arm64/FullScreenCover-Swift.h -o /Users/admin/builder/spi-builder-workspace/.derivedData/Build/Intermediates.noindex/GeneratedModuleMaps/FullScreenCover-Swift.h
Copy /Users/admin/builder/spi-builder-workspace/.derivedData/Build/Products/Debug/FullScreenCover.swiftmodule/arm64-apple-macos.swiftmodule /Users/admin/builder/spi-builder-workspace/.derivedData/Build/Intermediates.noindex/FullScreenCover.build/Debug/FullScreenCover-t.build/Objects-normal/arm64/FullScreenCover.swiftmodule (in target 'FullScreenCover' from project 'FullScreenCover')
    cd /Users/admin/builder/spi-builder-workspace
    builtin-copy -exclude .DS_Store -exclude CVS -exclude .svn -exclude .git -exclude .hg -resolve-src-symlinks -rename /Users/admin/builder/spi-builder-workspace/.derivedData/Build/Intermediates.noindex/FullScreenCover.build/Debug/FullScreenCover-t.build/Objects-normal/arm64/FullScreenCover.swiftmodule /Users/admin/builder/spi-builder-workspace/.derivedData/Build/Products/Debug/FullScreenCover.swiftmodule/arm64-apple-macos.swiftmodule
Copy /Users/admin/builder/spi-builder-workspace/.derivedData/Build/Products/Debug/FullScreenCover.swiftmodule/arm64-apple-macos.abi.json /Users/admin/builder/spi-builder-workspace/.derivedData/Build/Intermediates.noindex/FullScreenCover.build/Debug/FullScreenCover-t.build/Objects-normal/arm64/FullScreenCover.abi.json (in target 'FullScreenCover' from project 'FullScreenCover')
    cd /Users/admin/builder/spi-builder-workspace
    builtin-copy -exclude .DS_Store -exclude CVS -exclude .svn -exclude .git -exclude .hg -resolve-src-symlinks -rename /Users/admin/builder/spi-builder-workspace/.derivedData/Build/Intermediates.noindex/FullScreenCover.build/Debug/FullScreenCover-t.build/Objects-normal/arm64/FullScreenCover.abi.json /Users/admin/builder/spi-builder-workspace/.derivedData/Build/Products/Debug/FullScreenCover.swiftmodule/arm64-apple-macos.abi.json
Copy /Users/admin/builder/spi-builder-workspace/.derivedData/Build/Products/Debug/FullScreenCover.swiftmodule/arm64-apple-macos.swiftdoc /Users/admin/builder/spi-builder-workspace/.derivedData/Build/Intermediates.noindex/FullScreenCover.build/Debug/FullScreenCover-t.build/Objects-normal/arm64/FullScreenCover.swiftdoc (in target 'FullScreenCover' from project 'FullScreenCover')
    cd /Users/admin/builder/spi-builder-workspace
    builtin-copy -exclude .DS_Store -exclude CVS -exclude .svn -exclude .git -exclude .hg -resolve-src-symlinks -rename /Users/admin/builder/spi-builder-workspace/.derivedData/Build/Intermediates.noindex/FullScreenCover.build/Debug/FullScreenCover-t.build/Objects-normal/arm64/FullScreenCover.swiftdoc /Users/admin/builder/spi-builder-workspace/.derivedData/Build/Products/Debug/FullScreenCover.swiftmodule/arm64-apple-macos.swiftdoc
Copy /Users/admin/builder/spi-builder-workspace/.derivedData/Build/Products/Debug/FullScreenCover.swiftmodule/Project/arm64-apple-macos.swiftsourceinfo /Users/admin/builder/spi-builder-workspace/.derivedData/Build/Intermediates.noindex/FullScreenCover.build/Debug/FullScreenCover-t.build/Objects-normal/arm64/FullScreenCover.swiftsourceinfo (in target 'FullScreenCover' from project 'FullScreenCover')
    cd /Users/admin/builder/spi-builder-workspace
    builtin-copy -exclude .DS_Store -exclude CVS -exclude .svn -exclude .git -exclude .hg -resolve-src-symlinks -rename /Users/admin/builder/spi-builder-workspace/.derivedData/Build/Intermediates.noindex/FullScreenCover.build/Debug/FullScreenCover-t.build/Objects-normal/arm64/FullScreenCover.swiftsourceinfo /Users/admin/builder/spi-builder-workspace/.derivedData/Build/Products/Debug/FullScreenCover.swiftmodule/Project/arm64-apple-macos.swiftsourceinfo
SwiftDriverJobDiscovery normal arm64 Compiling PresentationPhase.swift (in target 'FullScreenCover' from project 'FullScreenCover')
SwiftDriverJobDiscovery normal arm64 Compiling resource_bundle_accessor.swift (in target 'FullScreenCover' from project 'FullScreenCover')
SwiftDriverJobDiscovery normal arm64 Compiling AsyncBroadcast.swift (in target 'FullScreenCover' from project 'FullScreenCover')
PruneExplicitPrecompiledModules /Users/admin/builder/spi-builder-workspace/.derivedData/SDKExplicitPrecompiledModules
PruneExplicitPrecompiledModules /Users/admin/builder/spi-builder-workspace/.derivedData/Build/Intermediates.noindex/SwiftExplicitPrecompiledModules
PruneExplicitPrecompiledModules /Users/admin/builder/spi-builder-workspace/.derivedData/Build/Intermediates.noindex/ExplicitPrecompiledModules
2026-09-24 06:08:56.090 xcodebuild[625:3832] [MT] IDERunDestination: Supported platforms for the buildables in the current scheme is empty.
--- xcodebuild: WARNING: Using the first of multiple matching destinations:
{ platform:macOS, arch:arm64, id:da77688c0ce296fb616c3810ddc0b6dfaba8c141, name:My Mac }
{ platform:macOS, arch:arm64, variant:Mac Catalyst, id:da77688c0ce296fb616c3810ddc0b6dfaba8c141, name:My Mac }
{ platform:macOS, arch:arm64, variant:DriverKit, id:da77688c0ce296fb616c3810ddc0b6dfaba8c141, name:My Mac }
{ platform:macOS, arch:arm64, variant:Designed for [iPad,iPhone], id:da77688c0ce296fb616c3810ddc0b6dfaba8c141, name:My Mac }
** BUILD FAILED **
The following build commands failed:
	SwiftCompile normal arm64 /Users/admin/builder/spi-builder-workspace/Sources/FullScreenCover/FullScreenCoverModifier.swift (in target 'FullScreenCover' from project 'FullScreenCover')
	SwiftCompile normal arm64 Compiling\ FullScreenCoverModifier.swift /Users/admin/builder/spi-builder-workspace/Sources/FullScreenCover/FullScreenCoverModifier.swift (in target 'FullScreenCover' from project 'FullScreenCover')
	SwiftCompile normal arm64 Compiling\ PresentationCoordinator.swift /Users/admin/builder/spi-builder-workspace/Sources/FullScreenCover/PresentationCoordinator.swift (in target 'FullScreenCover' from project 'FullScreenCover')
	SwiftCompile normal arm64 /Users/admin/builder/spi-builder-workspace/Sources/FullScreenCover/PresentationCoordinator.swift (in target 'FullScreenCover' from project 'FullScreenCover')
	Building workspace FullScreenCover with scheme FullScreenCover
(5 failures)
Command line invocation:
    /Applications/Xcode-27.0.0-Release.Candidate.app/Contents/Developer/usr/bin/xcodebuild -IDEClonedSourcePackagesDirPathOverride=/Users/admin/builder/spi-builder-workspace/.dependencies -resolvePackageDependencies
Resolve Package Graph
Resolved source packages:
  FullScreenCover: /Users/admin/builder/spi-builder-workspace
resolved source packages: FullScreenCover
2026-09-24 06:09:08.138 xcodebuild[738:4413] [MT] IDERunDestination: Supported platforms for the buildables in the current scheme is empty.
{
  "dependencies" : [
  ],
  "manifest_display_name" : "FullScreenCover",
  "name" : "FullScreenCover",
  "path" : "/Users/admin/builder/spi-builder-workspace",
  "platforms" : [
    {
      "name" : "ios",
      "version" : "16.4"
    }
  ],
  "products" : [
    {
      "name" : "FullScreenCover",
      "targets" : [
        "FullScreenCover"
      ],
      "type" : {
        "library" : [
          "automatic"
        ]
      }
    }
  ],
  "swift_languages_versions" : [
    "6"
  ],
  "targets" : [
    {
      "c99name" : "FullScreenCoverTests",
      "module_type" : "SwiftTarget",
      "name" : "FullScreenCoverTests",
      "path" : "Tests/FullScreenCoverTests",
      "sources" : [
        "CombineTestHelpers.swift",
        "PresentationProxyTests.swift"
      ],
      "target_dependencies" : [
        "FullScreenCover"
      ],
      "type" : "test"
    },
    {
      "c99name" : "FullScreenCover",
      "module_type" : "SwiftTarget",
      "name" : "FullScreenCover",
      "path" : "Sources",
      "product_memberships" : [
        "FullScreenCover"
      ],
      "resources" : [
        {
          "path" : "/Users/admin/builder/spi-builder-workspace/Sources/Resources/PrivacyInfo.xcprivacy",
          "rule" : {
            "process" : {
            }
          }
        }
      ],
      "sources" : [
        "FullScreenCover/AsyncBroadcast.swift",
        "FullScreenCover/FullScreenCoverModifier.swift",
        "FullScreenCover/PresentationCoordinator.swift",
        "FullScreenCover/PresentationPhase.swift",
        "FullScreenCover/PresentationProxy.swift"
      ],
      "type" : "library"
    }
  ],
  "tools_version" : "6.1"
}
{
  "workspace" : {
    "name" : "FullScreenCover",
    "schemes" : [
      "FullScreenCover"
    ]
  }
}
2026-09-24 06:09:09.353 xcodebuild[746:4483] [MT] IDERunDestination: Supported platforms for the buildables in the current scheme is empty.
Running build ...
env DEVELOPER_DIR=/Applications/Xcode-27.0.0-Release.Candidate.app xcrun xcodebuild -IDEClonedSourcePackagesDirPathOverride=$PWD/.dependencies -skipMacroValidation -skipPackagePluginValidation -derivedDataPath $PWD/.derivedData build -scheme FullScreenCover -destination platform=macOS,arch=arm64
Command line invocation:
    /Applications/Xcode-27.0.0-Release.Candidate.app/Contents/Developer/usr/bin/xcodebuild -IDEClonedSourcePackagesDirPathOverride=/Users/admin/builder/spi-builder-workspace/.dependencies -skipMacroValidation -skipPackagePluginValidation -derivedDataPath /Users/admin/builder/spi-builder-workspace/.derivedData build -scheme FullScreenCover -destination platform=macOS,arch=arm64
Resolve Package Graph
Resolved source packages:
  FullScreenCover: /Users/admin/builder/spi-builder-workspace
ComputePackagePrebuildTargetDependencyGraph
Prepare packages
CreateBuildRequest
SendProjectDescription
CreateBuildOperation
ComputeTargetDependencyGraph
note: Building targets in dependency order
note: Target dependency graph (3 targets)
    Target 'FullScreenCover-product' in project 'FullScreenCover'
        ➜ Explicit dependency on target 'FullScreenCover' in project 'FullScreenCover'
        ➜ Explicit dependency on target 'FullScreenCover_FullScreenCover' in project 'FullScreenCover'
    Target 'FullScreenCover' in project 'FullScreenCover'
        ➜ Explicit dependency on target 'FullScreenCover_FullScreenCover' in project 'FullScreenCover'
    Target 'FullScreenCover_FullScreenCover' in project 'FullScreenCover' (no dependencies)
GatherProvisioningInputs
CreateBuildDescription
ClangStatCache /Applications/Xcode-27.0.0-Release.Candidate.app/Contents/Developer/Toolchains/XcodeDefault.xctoolchain/usr/bin/clang-stat-cache /Applications/Xcode-27.0.0-Release.Candidate.app/Contents/Developer/Platforms/MacOSX.platform/Developer/SDKs/MacOSX27.0.sdk /Users/admin/builder/spi-builder-workspace/.derivedData/SDKStatCaches.noindex/macosx27.0-26A425-e829b21a6f8c9b70876ba0858053c0446a22442a12e9d48fe1a705f55a1adfc4.sdkstatcache
    cd /Users/admin/builder/spi-builder-workspace/.swiftpm/xcode
    /Applications/Xcode-27.0.0-Release.Candidate.app/Contents/Developer/Toolchains/XcodeDefault.xctoolchain/usr/bin/clang-stat-cache /Applications/Xcode-27.0.0-Release.Candidate.app/Contents/Developer/Platforms/MacOSX.platform/Developer/SDKs/MacOSX27.0.sdk -o /Users/admin/builder/spi-builder-workspace/.derivedData/SDKStatCaches.noindex/macosx27.0-26A425-e829b21a6f8c9b70876ba0858053c0446a22442a12e9d48fe1a705f55a1adfc4.sdkstatcache
SwiftDriver FullScreenCover normal arm64 com.apple.xcode.tools.swift.compiler (in target 'FullScreenCover' from project 'FullScreenCover')
    cd /Users/admin/builder/spi-builder-workspace/.swiftpm/xcode
    builtin-SwiftDriver -- /Applications/Xcode-27.0.0-Release.Candidate.app/Contents/Developer/Toolchains/XcodeDefault.xctoolchain/usr/bin/swiftc -parse-as-library -module-name FullScreenCover -Onone @/Users/admin/builder/spi-builder-workspace/.derivedData/Build/Intermediates.noindex/FullScreenCover.build/Debug/FullScreenCover-t.build/Objects-normal/arm64/FullScreenCover.SwiftFileList -DSWIFT_PACKAGE -DDEBUG -DSWIFT_MODULE_RESOURCE_BUNDLE_AVAILABLE -DXcode -plugin-path /Applications/Xcode-27.0.0-Release.Candidate.app/Contents/Developer/Toolchains/XcodeDefault.xctoolchain/usr/lib/swift/host/plugins/testing -enable-experimental-feature DebugDescriptionMacro -sdk /Applications/Xcode-27.0.0-Release.Candidate.app/Contents/Developer/Platforms/MacOSX.platform/Developer/SDKs/MacOSX27.0.sdk -target arm64-apple-macos12.0 -g -module-cache-path /Users/admin/builder/spi-builder-workspace/.derivedData/ModuleCache.noindex -Xfrontend -serialize-debugging-options -profile-coverage-mapping -profile-generate -enable-testing -index-store-path /Users/admin/builder/spi-builder-workspace/.derivedData/Index.noindex/DataStore -Xcc -D_LIBCPP_HARDENING_MODE\=_LIBCPP_HARDENING_MODE_DEBUG -swift-version 6 -I /Users/admin/builder/spi-builder-workspace/.derivedData/Build/Products/Debug -Isystem /Applications/Xcode-27.0.0-Release.Candidate.app/Contents/Developer/Platforms/MacOSX.platform/Developer/usr/lib -F /Users/admin/builder/spi-builder-workspace/.derivedData/Build/Products/Debug -F /Applications/Xcode-27.0.0-Release.Candidate.app/Contents/Developer/Platforms/MacOSX.platform/Developer/Library/Frameworks -c -j10 -enable-batch-mode -incremental -Xcc -ivfsstatcache -Xcc /Users/admin/builder/spi-builder-workspace/.derivedData/SDKStatCaches.noindex/macosx27.0-26A425-e829b21a6f8c9b70876ba0858053c0446a22442a12e9d48fe1a705f55a1adfc4.sdkstatcache -output-file-map /Users/admin/builder/spi-builder-workspace/.derivedData/Build/Intermediates.noindex/FullScreenCover.build/Debug/FullScreenCover-t.build/Objects-normal/arm64/FullScreenCover-OutputFileMap.json -save-temps -no-color-diagnostics -explicit-module-build -module-cache-path /Users/admin/builder/spi-builder-workspace/.derivedData/Build/Intermediates.noindex/SwiftExplicitPrecompiledModules -clang-scanner-module-cache-path /Users/admin/builder/spi-builder-workspace/.derivedData/ModuleCache.noindex -sdk-module-cache-path /Users/admin/builder/spi-builder-workspace/.derivedData/SDKExplicitPrecompiledModules -emit-dependencies -emit-module -emit-module-path /Users/admin/builder/spi-builder-workspace/.derivedData/Build/Intermediates.noindex/FullScreenCover.build/Debug/FullScreenCover-t.build/Objects-normal/arm64/FullScreenCover.swiftmodule -serialize-diagnostics -dependency-scan-serialize-diagnostics-path /Users/admin/builder/spi-builder-workspace/.derivedData/Build/Intermediates.noindex/FullScreenCover.build/Debug/FullScreenCover-t.build/Objects-normal/arm64/FullScreenCover-dependency-scan.dia -validate-clang-modules-once -clang-build-session-file /Users/admin/builder/spi-builder-workspace/.derivedData/ModuleCache.noindex/Session.modulevalidation -Xcc -fmodules-prune-interval\=86400 -Xcc -fmodules-prune-after\=345600 -package-name spi_builder_workspace -emit-const-values -const-gather-protocols-list /Users/admin/builder/spi-builder-workspace/.derivedData/Build/Intermediates.noindex/FullScreenCover.build/Debug/FullScreenCover-t.build/Objects-normal/arm64/FullScreenCover_const_extract_protocols.json -Xcc -I/Users/admin/builder/spi-builder-workspace/.derivedData/Build/Products/Debug/include -Xcc -I/Users/admin/builder/spi-builder-workspace/.derivedData/Build/Intermediates.noindex/FullScreenCover.build/Debug/FullScreenCover-t.build/DerivedSources-normal/arm64 -Xcc -I/Users/admin/builder/spi-builder-workspace/.derivedData/Build/Intermediates.noindex/FullScreenCover.build/Debug/FullScreenCover-t.build/DerivedSources/arm64 -Xcc -I/Users/admin/builder/spi-builder-workspace/.derivedData/Build/Intermediates.noindex/FullScreenCover.build/Debug/FullScreenCover-t.build/DerivedSources -Xcc -DSWIFT_PACKAGE -Xcc -DDEBUG\=1 -emit-objc-header -emit-objc-header-path /Users/admin/builder/spi-builder-workspace/.derivedData/Build/Intermediates.noindex/FullScreenCover.build/Debug/FullScreenCover-t.build/Objects-normal/arm64/FullScreenCover-Swift.h -working-directory /Users/admin/builder/spi-builder-workspace/.swiftpm/xcode -experimental-emit-module-separately -disable-cmo
SwiftCompile normal arm64 Compiling\ PresentationProxy.swift /Users/admin/builder/spi-builder-workspace/Sources/FullScreenCover/PresentationProxy.swift (in target 'FullScreenCover' from project 'FullScreenCover')
SwiftCompile normal arm64 /Users/admin/builder/spi-builder-workspace/Sources/FullScreenCover/PresentationProxy.swift (in target 'FullScreenCover' from project 'FullScreenCover')
    cd /Users/admin/builder/spi-builder-workspace/.swiftpm/xcode
    builtin-SwiftPerFileCompile PresentationProxy.swift
SwiftEmitModule normal arm64 Emitting\ module\ for\ FullScreenCover (in target 'FullScreenCover' from project 'FullScreenCover')
SwiftCompile normal arm64 (in target 'FullScreenCover' from project 'FullScreenCover')
    cd /Users/admin/builder/spi-builder-workspace/.swiftpm/xcode

/Users/admin/builder/spi-builder-workspace/Sources/FullScreenCover/PresentationCoordinator.swift:60:17: warning: unstructured throwing task created by 'init(name:priority:operation:)' is not used, which may accidentally ignore errors thrown inside the task [#NoUseUnstructuredThrowingTask]
 58 |
 59 |             Button("Present Modal") {
 60 |                 Task {
    |                 |- warning: unstructured throwing task created by 'init(name:priority:operation:)' is not used, which may accidentally ignore errors thrown inside the task [#NoUseUnstructuredThrowingTask]
    |                 `- note: to silence this warning, handle the error inside the task, or store/discard the task value explicitly
 61 |                     try await proxy.present()
 62 |                 }
SwiftCompile normal arm64 Compiling\ PresentationCoordinator.swift /Users/admin/builder/spi-builder-workspace/Sources/FullScreenCover/PresentationCoordinator.swift (in target 'FullScreenCover' from project 'FullScreenCover')
SwiftCompile normal arm64 /Users/admin/builder/spi-builder-workspace/Sources/FullScreenCover/PresentationCoordinator.swift (in target 'FullScreenCover' from project 'FullScreenCover')
    cd /Users/admin/builder/spi-builder-workspace/.swiftpm/xcode
    builtin-SwiftPerFileCompile PresentationCoordinator.swift
/Users/admin/builder/spi-builder-workspace/Sources/FullScreenCover/PresentationCoordinator.swift:60:17: warning: unstructured throwing task created by 'init(name:priority:operation:)' is not used, which may accidentally ignore errors thrown inside the task [#NoUseUnstructuredThrowingTask]
 58 |
 59 |             Button("Present Modal") {
 60 |                 Task {
    |                 |- warning: unstructured throwing task created by 'init(name:priority:operation:)' is not used, which may accidentally ignore errors thrown inside the task [#NoUseUnstructuredThrowingTask]
    |                 `- note: to silence this warning, handle the error inside the task, or store/discard the task value explicitly
 61 |                     try await proxy.present()
 62 |                 }
/Users/admin/builder/spi-builder-workspace/Sources/FullScreenCover/PresentationCoordinator.swift:85:25: warning: unstructured throwing task created by 'init(name:priority:operation:)' is not used, which may accidentally ignore errors thrown inside the task [#NoUseUnstructuredThrowingTask]
 83 |
 84 |                     Button("Dismiss") {
 85 |                         Task {
    |                         |- warning: unstructured throwing task created by 'init(name:priority:operation:)' is not used, which may accidentally ignore errors thrown inside the task [#NoUseUnstructuredThrowingTask]
    |                         `- note: to silence this warning, handle the error inside the task, or store/discard the task value explicitly
 86 |                             try await proxy.dismiss()
 87 |                         }
macro expansion #Preview:25:29: warning: unstructured throwing task created by 'init(name:priority:operation:)' is not used, which may accidentally ignore errors thrown inside the task [#NoUseUnstructuredThrowingTask]
`- /Users/admin/builder/spi-builder-workspace/Sources/FullScreenCover/PresentationCoordinator.swift:97:2: note: expanded code originates here
 51 | // MARK: - Preview
 52 |
 53 | #Preview("Custom Transition") {
    | |- note: in expansion of macro 'Preview' here
    | `- note: in expansion of macro 'Preview' here
 54 |     PresentationCoordinator { proxy in
 55 |         VStack(spacing: 20) {
    :
 95 |         }
 96 |     }
 97 | }
    +--- macro expansion #Preview --------------------------------------
    |23 |
    |24 |                         Button("Present Modal") {
    |25 |                             Task {
    |   |                             |- warning: unstructured throwing task created by 'init(name:priority:operation:)' is not used, which may accidentally ignore errors thrown inside the task [#NoUseUnstructuredThrowingTask]
    |   |                             `- note: to silence this warning, handle the error inside the task, or store/discard the task value explicitly
    |26 |                                 try await proxy.present()
    |27 |                             }
    +-------------------------------------------------------------------
 98 |
 99 | #Preview("Async Coordination") {
SwiftCompile normal arm64 Compiling\ FullScreenCoverModifier.swift /Users/admin/builder/spi-builder-workspace/Sources/FullScreenCover/FullScreenCoverModifier.swift (in target 'FullScreenCover' from project 'FullScreenCover')
/Users/admin/builder/spi-builder-workspace/Sources/FullScreenCover/FullScreenCoverModifier.swift:18:18: error: 'fullScreenCover(isPresented:onDismiss:content:)' is unavailable in macOS
 16 |             Color.clear
 17 |                 .frame(width: 0, height: 0)
 18 |                 .fullScreenCover(
    |                  `- error: 'fullScreenCover(isPresented:onDismiss:content:)' is unavailable in macOS
 19 |                     isPresented: $isSheetPresented,
 20 |                     onDismiss: {
SwiftUI.View.fullScreenCover:2:25: note: 'fullScreenCover(isPresented:onDismiss:content:)' has been explicitly marked unavailable here
1 | protocol View {
2 | nonisolated public func fullScreenCover<Content>(isPresented: Binding<Bool>, onDismiss: (() -> Void)? = nil, @ContentBuilder content: @escaping () -> Content) -> some View where Content : View
  |                         `- note: 'fullScreenCover(isPresented:onDismiss:content:)' has been explicitly marked unavailable here
3 |   }
4 |
/Users/admin/builder/spi-builder-workspace/Sources/FullScreenCover/FullScreenCoverModifier.swift:38:22: error: 'presentationBackground' is only available in macOS 13.3 or newer
  1 | public import SwiftUI
  2 |
  3 | struct FullScreenCoverModifier<ModalContent: View>: ViewModifier {
    |        `- note: add '@available' attribute to enclosing generic struct
  4 |     @State private var isSheetPresented: Bool
  5 |     @State private var showModalContent = false
    :
 10 |     private let animation: Animation?
 11 |
 12 |     func body(content: Content) -> some View {
    |          `- note: add '@available' attribute to enclosing instance method
 13 |         // A ZStack isolates the .fullScreenCover trigger from the content view,
 14 |         // preventing safe area insets from propagating to the content.
    :
 36 |                         }
 37 |                     }
 38 |                     .presentationBackground(Color.clear)
    |                      |- error: 'presentationBackground' is only available in macOS 13.3 or newer
    |                      `- note: add 'if #available' version check
 39 |                     .task {
 40 |                         // The native container has appeared. Check whether the proxy still wants to present.
Failed frontend command:
/Applications/Xcode-27.0.0-Release.Candidate.app/Contents/Developer/Toolchains/XcodeDefault.xctoolchain/usr/bin/swift-frontend -frontend -c /Users/admin/builder/spi-builder-workspace/.derivedData/Build/Intermediates.noindex/FullScreenCover.build/Debug/FullScreenCover-t.build/DerivedSources/resource_bundle_accessor.swift /Users/admin/builder/spi-builder-workspace/Sources/FullScreenCover/AsyncBroadcast.swift -primary-file /Users/admin/builder/spi-builder-workspace/Sources/FullScreenCover/FullScreenCoverModifier.swift /Users/admin/builder/spi-builder-workspace/Sources/FullScreenCover/PresentationCoordinator.swift /Users/admin/builder/spi-builder-workspace/Sources/FullScreenCover/PresentationPhase.swift /Users/admin/builder/spi-builder-workspace/Sources/FullScreenCover/PresentationProxy.swift -emit-dependencies-path /Users/admin/builder/spi-builder-workspace/.derivedData/Build/Intermediates.noindex/FullScreenCover.build/Debug/FullScreenCover-t.build/Objects-normal/arm64/FullScreenCoverModifier.d -emit-const-values-path /Users/admin/builder/spi-builder-workspace/.derivedData/Build/Intermediates.noindex/FullScreenCover.build/Debug/FullScreenCover-t.build/Objects-normal/arm64/FullScreenCoverModifier.swiftconstvalues -emit-reference-dependencies-path /Users/admin/builder/spi-builder-workspace/.derivedData/Build/Intermediates.noindex/FullScreenCover.build/Debug/FullScreenCover-t.build/Objects-normal/arm64/FullScreenCoverModifier.swiftdeps -serialize-diagnostics-path /Users/admin/builder/spi-builder-workspace/.derivedData/Build/Intermediates.noindex/FullScreenCover.build/Debug/FullScreenCover-t.build/Objects-normal/arm64/FullScreenCoverModifier.dia -target arm64-apple-macos12.0 -disable-cross-import-overlay-search -load-resolved-plugin /Applications/Xcode-27.0.0-Release.Candidate.app/Contents/Developer/Platforms/MacOSX.platform/Developer/usr/lib/swift/host/plugins/libFoundationMacros.dylib\#/Applications/Xcode-27.0.0-Release.Candidate.app/Contents/Developer/Platforms/MacOSX.platform/Developer/usr/bin/swift-plugin-server\#FoundationMacros -load-resolved-plugin /Applications/Xcode-27.0.0-Release.Candidate.app/Contents/Developer/Platforms/MacOSX.platform/Developer/usr/lib/swift/host/plugins/libObservationMacros.dylib\#/Applications/Xcode-27.0.0-Release.Candidate.app/Contents/Developer/Platforms/MacOSX.platform/Developer/usr/bin/swift-plugin-server\#ObservationMacros -load-resolved-plugin /Applications/Xcode-27.0.0-Release.Candidate.app/Contents/Developer/Platforms/MacOSX.platform/Developer/usr/lib/swift/host/plugins/libPreviewsMacros.dylib\#/Applications/Xcode-27.0.0-Release.Candidate.app/Contents/Developer/Platforms/MacOSX.platform/Developer/usr/bin/swift-plugin-server\#PreviewsMacros -load-resolved-plugin /Applications/Xcode-27.0.0-Release.Candidate.app/Contents/Developer/Platforms/MacOSX.platform/Developer/usr/lib/swift/host/plugins/libSwiftMacros.dylib\#/Applications/Xcode-27.0.0-Release.Candidate.app/Contents/Developer/Platforms/MacOSX.platform/Developer/usr/bin/swift-plugin-server\#SwiftMacros -load-resolved-plugin /Applications/Xcode-27.0.0-Release.Candidate.app/Contents/Developer/Platforms/MacOSX.platform/Developer/usr/lib/swift/host/plugins/libSwiftUIMacros.dylib\#/Applications/Xcode-27.0.0-Release.Candidate.app/Contents/Developer/Platforms/MacOSX.platform/Developer/usr/bin/swift-plugin-server\#SwiftUIMacros -disable-implicit-swift-modules -Xcc -fno-implicit-modules -Xcc -fno-implicit-module-maps -explicit-swift-module-map-file /Users/admin/builder/spi-builder-workspace/.derivedData/Build/Intermediates.noindex/FullScreenCover.build/Debug/FullScreenCover-t.build/Objects-normal/arm64/FullScreenCover-dependencies-1.json -Xllvm -aarch64-use-tbi -enable-objc-interop -stack-check -sdk /Applications/Xcode-27.0.0-Release.Candidate.app/Contents/Developer/Platforms/MacOSX.platform/Developer/SDKs/MacOSX27.0.sdk -I /Users/admin/builder/spi-builder-workspace/.derivedData/Build/Products/Debug -Isystem /Applications/Xcode-27.0.0-Release.Candidate.app/Contents/Developer/Platforms/MacOSX.platform/Developer/usr/lib -F /Users/admin/builder/spi-builder-workspace/.derivedData/Build/Products/Debug -F /Applications/Xcode-27.0.0-Release.Candidate.app/Contents/Developer/Platforms/MacOSX.platform/Developer/Library/Frameworks -module-cache-path /Users/admin/builder/spi-builder-workspace/.derivedData/Build/Intermediates.noindex/SwiftExplicitPrecompiledModules -no-color-diagnostics -Xcc -fno-color-diagnostics -enable-testing -g -debug-info-format\=dwarf -dwarf-version\=4 -profile-generate -profile-coverage-mapping -swift-version 6 -Onone -D SWIFT_PACKAGE -D DEBUG -D SWIFT_MODULE_RESOURCE_BUNDLE_AVAILABLE -D Xcode -serialize-debugging-options -enable-experimental-feature DebugDescriptionMacro -empty-abi-descriptor -validate-clang-modules-once -clang-build-session-file /Users/admin/builder/spi-builder-workspace/.derivedData/ModuleCache.noindex/Session.modulevalidation -Xcc -working-directory -Xcc /Users/admin/builder/spi-builder-workspace/.swiftpm/xcode -enable-anonymous-context-mangled-names -file-compilation-dir /Users/admin/builder/spi-builder-workspace/.swiftpm/xcode -Xcc -D_LIBCPP_HARDENING_MODE\=_LIBCPP_HARDENING_MODE_DEBUG -Xcc -ivfsstatcache -Xcc /Users/admin/builder/spi-builder-workspace/.derivedData/SDKStatCaches.noindex/macosx27.0-26A425-e829b21a6f8c9b70876ba0858053c0446a22442a12e9d48fe1a705f55a1adfc4.sdkstatcache -Xcc -fmodules-prune-interval\=86400 -Xcc -fmodules-prune-after\=345600 -Xcc -I/Users/admin/builder/spi-builder-workspace/.derivedData/Build/Products/Debug/include -Xcc -I/Users/admin/builder/spi-builder-workspace/.derivedData/Build/Intermediates.noindex/FullScreenCover.build/Debug/FullScreenCover-t.build/DerivedSources-normal/arm64 -Xcc -I/Users/admin/builder/spi-builder-workspace/.derivedData/Build/Intermediates.noindex/FullScreenCover.build/Debug/FullScreenCover-t.build/DerivedSources/arm64 -Xcc -I/Users/admin/builder/spi-builder-workspace/.derivedData/Build/Intermediates.noindex/FullScreenCover.build/Debug/FullScreenCover-t.build/DerivedSources -Xcc -DSWIFT_PACKAGE -Xcc -DDEBUG\=1 -no-auto-bridging-header-chaining -module-name FullScreenCover -package-name spi_builder_workspace -const-gather-protocols-file /Users/admin/builder/spi-builder-workspace/.derivedData/Build/Intermediates.noindex/FullScreenCover.build/Debug/FullScreenCover-t.build/Objects-normal/arm64/FullScreenCover_const_extract_protocols.json -disable-clang-spi -clang-target arm64-apple-macos27.0 -target-sdk-version 27.0 -target-sdk-name macosx27.0 -in-process-plugin-server-path /Applications/Xcode-27.0.0-Release.Candidate.app/Contents/Developer/Toolchains/XcodeDefault.xctoolchain/usr/lib/swift/host/libSwiftInProcPluginServer.dylib -parse-as-library -o /Users/admin/builder/spi-builder-workspace/.derivedData/Build/Intermediates.noindex/FullScreenCover.build/Debug/FullScreenCover-t.build/Objects-normal/arm64/FullScreenCoverModifier.o -debug-module-path /Users/admin/builder/spi-builder-workspace/.derivedData/Build/Intermediates.noindex/FullScreenCover.build/Debug/FullScreenCover-t.build/Objects-normal/arm64/FullScreenCover.swiftmodule -index-unit-output-path /FullScreenCover.build/Debug/FullScreenCover-t.build/Objects-normal/arm64/FullScreenCoverModifier.o -index-store-path /Users/admin/builder/spi-builder-workspace/.derivedData/Index.noindex/DataStore -index-system-modules
SwiftCompile normal arm64 /Users/admin/builder/spi-builder-workspace/Sources/FullScreenCover/FullScreenCoverModifier.swift (in target 'FullScreenCover' from project 'FullScreenCover')
    cd /Users/admin/builder/spi-builder-workspace/.swiftpm/xcode
    builtin-SwiftPerFileCompile FullScreenCoverModifier.swift
SwiftDriverJobDiscovery normal arm64 Compiling PresentationProxy.swift (in target 'FullScreenCover' from project 'FullScreenCover')
PruneExplicitPrecompiledModules /Users/admin/builder/spi-builder-workspace/.derivedData/Build/Intermediates.noindex/ExplicitPrecompiledModules
PruneExplicitPrecompiledModules /Users/admin/builder/spi-builder-workspace/.derivedData/Build/Intermediates.noindex/SwiftExplicitPrecompiledModules
PruneExplicitPrecompiledModules /Users/admin/builder/spi-builder-workspace/.derivedData/SDKExplicitPrecompiledModules
2026-09-24 06:09:10.291 xcodebuild[747:4506] [MT] IDERunDestination: Supported platforms for the buildables in the current scheme is empty.
--- xcodebuild: WARNING: Using the first of multiple matching destinations:
{ platform:macOS, arch:arm64, id:da77688c0ce296fb616c3810ddc0b6dfaba8c141, name:My Mac }
{ platform:macOS, arch:arm64, variant:Mac Catalyst, id:da77688c0ce296fb616c3810ddc0b6dfaba8c141, name:My Mac }
{ platform:macOS, arch:arm64, variant:DriverKit, id:da77688c0ce296fb616c3810ddc0b6dfaba8c141, name:My Mac }
{ platform:macOS, arch:arm64, variant:Designed for [iPad,iPhone], id:da77688c0ce296fb616c3810ddc0b6dfaba8c141, name:My Mac }
** BUILD FAILED **
The following build commands failed:
	SwiftCompile normal arm64 Compiling\ FullScreenCoverModifier.swift /Users/admin/builder/spi-builder-workspace/Sources/FullScreenCover/FullScreenCoverModifier.swift (in target 'FullScreenCover' from project 'FullScreenCover')
	SwiftCompile normal arm64 /Users/admin/builder/spi-builder-workspace/Sources/FullScreenCover/FullScreenCoverModifier.swift (in target 'FullScreenCover' from project 'FullScreenCover')
	Building workspace FullScreenCover with scheme FullScreenCover
(3 failures)
BUILD FAILURE 6.4 macosXcodebuild