Build Information
Failed to build VDPin, reference main (77af71), with Swift 6.3 for Wasm on 27 Aug 2026 22:16:22 UTC.
Build Command
bash -c docker run --pull=always --rm -v "checkouts-53886770-3":/host -w "$PWD" -e JAVA_HOME="/root/.sdkman/candidates/java/current" -e SPI_BUILD="1" -e SPI_PROCESSING="1" registry.gitlab.com/saguaro1/spi-images:wasm-6.3-latest swift build --swift-sdk swift-6.3.2-RELEASE_wasm 2>&1Build Log
========================================
RunAll
========================================
Builder version: 5.0.2
Interrupt handler set up.
========================================
Checkout
========================================
Clone URL: https://github.com/dankinsoid/VDPin.git
Reference: main
Initialized empty Git repository in /host/spi-builder-workspace/.git/
hint: Using 'master' as the name for the initial branch. This default branch name
hint: is subject to change. To configure the initial branch name to use in all
hint: of your new repositories, which will suppress this warning, call:
hint:
hint: git config --global init.defaultBranch <name>
hint:
hint: Names commonly chosen instead of 'master' are 'main', 'trunk' and
hint: 'development'. The just-created branch can be renamed via this command:
hint:
hint: git branch -m <name>
From https://github.com/dankinsoid/VDPin
* branch main -> FETCH_HEAD
* [new branch] main -> origin/main
HEAD is now at 77af71d Replace dead Travis CI badge with GitHub Actions workflow
Cloned https://github.com/dankinsoid/VDPin.git
Revision (git rev-parse @):
77af71d31e814a8490f67b9cf1cfe61865768d99
SUCCESS checkout https://github.com/dankinsoid/VDPin.git at main
========================================
Build
========================================
Selected platform: wasm
Swift version: 6.3
Building package at path: $PWD
https://github.com/dankinsoid/VDPin.git
Running build ...
bash -c docker run --pull=always --rm -v "checkouts-53886770-3":/host -w "$PWD" -e JAVA_HOME="/root/.sdkman/candidates/java/current" -e SPI_BUILD="1" -e SPI_PROCESSING="1" registry.gitlab.com/saguaro1/spi-images:wasm-6.3-latest swift build --swift-sdk swift-6.3.2-RELEASE_wasm 2>&1
wasm-6.3-latest: Pulling from saguaro1/spi-images
Digest: sha256:e92e38b97676c18adb57b57429ddfb766786102cb50cb918e0d9e8055d05b35d
Status: Image is up to date for registry.gitlab.com/saguaro1/spi-images:wasm-6.3-latest
Building for debugging...
[0/2] Write sources
[1/2] Write swift-version-24593BA9C3E375BF.txt
[3/17] Compiling VDPin UIApplication++.swift
/host/spi-builder-workspace/Sources/VDPin/Constraints.swift:1:8: error: no such module 'UIKit'
1 | import UIKit
| `- error: no such module 'UIKit'
2 |
3 | public struct Constraints {
[4/17] Compiling VDPin UIView++.swift
/host/spi-builder-workspace/Sources/VDPin/Constraints.swift:1:8: error: no such module 'UIKit'
1 | import UIKit
| `- error: no such module 'UIKit'
2 |
3 | public struct Constraints {
[5/18] Compiling VDPin NSLayoutConstraintAttribute+Ext.swift
/host/spi-builder-workspace/Sources/VDPin/Constraints.swift:1:8: error: no such module 'UIKit'
1 | import UIKit
| `- error: no such module 'UIKit'
2 |
3 | public struct Constraints {
[6/18] Compiling VDPin NSLayoutConstraintAttributeSet.swift
/host/spi-builder-workspace/Sources/VDPin/Constraints.swift:1:8: error: no such module 'UIKit'
1 | import UIKit
| `- error: no such module 'UIKit'
2 |
3 | public struct Constraints {
[7/18] Compiling VDPin NSLayoutConstraintable.swift
/host/spi-builder-workspace/Sources/VDPin/Constraints.swift:1:8: error: no such module 'UIKit'
1 | import UIKit
| `- error: no such module 'UIKit'
2 |
3 | public struct Constraints {
[8/18] Compiling VDPin NSLayoutConstraints+Options.swift
/host/spi-builder-workspace/Sources/VDPin/Constraints.swift:1:8: error: no such module 'UIKit'
1 | import UIKit
| `- error: no such module 'UIKit'
2 |
3 | public struct Constraints {
[9/18] Compiling VDPin NSLayoutConstraint+Ext.swift
/host/spi-builder-workspace/Sources/VDPin/Constraints.swift:1:8: error: no such module 'UIKit'
1 | import UIKit
| `- error: no such module 'UIKit'
2 |
3 | public struct Constraints {
[10/18] Compiling VDPin NSLayoutConstraint+pin.swift
/host/spi-builder-workspace/Sources/VDPin/Constraints.swift:1:8: error: no such module 'UIKit'
1 | import UIKit
| `- error: no such module 'UIKit'
2 |
3 | public struct Constraints {
[11/18] Compiling VDPin Pinnable.swift
/host/spi-builder-workspace/Sources/VDPin/Constraints.swift:1:8: error: no such module 'UIKit'
1 | import UIKit
| `- error: no such module 'UIKit'
2 |
3 | public struct Constraints {
[12/18] Compiling VDPin RangeConvertable.swift
/host/spi-builder-workspace/Sources/VDPin/Constraints.swift:1:8: error: no such module 'UIKit'
1 | import UIKit
| `- error: no such module 'UIKit'
2 |
3 | public struct Constraints {
[13/18] Compiling VDPin UILayoutPriority+Ext.swift
/host/spi-builder-workspace/Sources/VDPin/Constraints.swift:1:8: error: no such module 'UIKit'
1 | import UIKit
| `- error: no such module 'UIKit'
2 |
3 | public struct Constraints {
[14/18] Compiling VDPin Collection++.swift
/host/spi-builder-workspace/Sources/VDPin/Constraints.swift:1:8: error: no such module 'UIKit'
1 | import UIKit
| `- error: no such module 'UIKit'
2 |
3 | public struct Constraints {
[15/18] Compiling VDPin ContentPriority.swift
/host/spi-builder-workspace/Sources/VDPin/Constraints.swift:1:8: error: no such module 'UIKit'
1 | import UIKit
| `- error: no such module 'UIKit'
2 |
3 | public struct Constraints {
error: emit-module command failed with exit code 1 (use -v to see invocation)
[16/18] Emitting module VDPin
/host/spi-builder-workspace/Sources/VDPin/Constraints.swift:1:8: error: no such module 'UIKit'
1 | import UIKit
| `- error: no such module 'UIKit'
2 |
3 | public struct Constraints {
[17/18] Compiling VDPin Constraints.swift
/host/spi-builder-workspace/Sources/VDPin/Constraints.swift:1:8: error: no such module 'UIKit'
1 | import UIKit
| `- error: no such module 'UIKit'
2 |
3 | public struct Constraints {
[18/18] Compiling VDPin Edge+Ext.swift
/host/spi-builder-workspace/Sources/VDPin/Constraints.swift:1:8: error: no such module 'UIKit'
1 | import UIKit
| `- error: no such module 'UIKit'
2 |
3 | public struct Constraints {
BUILD FAILURE 6.3 wasm