Build Information
Failed to build Appcast, reference 1.0.0 (9871ef), with Swift 6.4 for visionOS using Xcode 27.0 on 26 Sep 2026 19:44:34 UTC.
Build Command
env DEVELOPER_DIR=/Applications/Xcode-27.0.0-Release.Candidate.app xcrun xcodebuild -IDEClonedSourcePackagesDirPathOverride=$PWD/.dependencies -skipMacroValidation -skipPackagePluginValidation -derivedDataPath $PWD/.derivedData build -scheme Appcast -destination generic/platform=xrOSBuild Log
========================================
RunAll
========================================
Builder version: 5.1.0
Interrupt handler set up.
========================================
Checkout
========================================
Clone URL: https://github.com/slidoapp/Appcast.git
Reference: 1.0.0
Initialized empty Git repository in /Users/admin/builder/spi-builder-workspace/.git/
From https://github.com/slidoapp/Appcast
* tag 1.0.0 -> FETCH_HEAD
HEAD is now at 9871eff Appcast v1.0.0 release
Cloned https://github.com/slidoapp/Appcast.git
Revision (git rev-parse @):
9871effb8f3c5cf7820200f112f1a1055d7a786c
SUCCESS checkout https://github.com/slidoapp/Appcast.git at 1.0.0
========================================
Build
========================================
Selected platform: visionOS
Swift version: 6.4
Building package at path: $PWD
https://github.com/slidoapp/Appcast.git
Command line invocation:
/Applications/Xcode-27.0.0-Release.Candidate.app/Contents/Developer/usr/bin/xcodebuild -IDEClonedSourcePackagesDirPathOverride=/Users/admin/builder/spi-builder-workspace/.dependencies -resolvePackageDependencies
Resolve Package Graph
Resolve Package Graph
Resolved source packages:
Appcast: /Users/admin/builder/spi-builder-workspace
resolved source packages: Appcast
2026-09-26 15:43:51.572 xcodebuild[529:3012] [MT] IDERunDestination: Supported platforms for the buildables in the current scheme is empty.
{
"dependencies" : [
],
"manifest_display_name" : "Appcast",
"name" : "Appcast",
"path" : "/Users/admin/builder/spi-builder-workspace",
"platforms" : [
],
"products" : [
{
"name" : "Appcast",
"targets" : [
"Appcast"
],
"type" : {
"library" : [
"automatic"
]
}
}
],
"targets" : [
{
"c99name" : "IntegrationTests",
"module_type" : "SwiftTarget",
"name" : "IntegrationTests",
"path" : "Tests/IntegrationTests",
"resources" : [
{
"path" : "/Users/admin/builder/spi-builder-workspace/Tests/IntegrationTests/Resources/test-dangerous-link.xml",
"rule" : {
"process" : {
}
}
},
{
"path" : "/Users/admin/builder/spi-builder-workspace/Tests/IntegrationTests/Resources/test-links.xml",
"rule" : {
"process" : {
}
}
},
{
"path" : "/Users/admin/builder/spi-builder-workspace/Tests/IntegrationTests/Resources/test-relative-urls.xml",
"rule" : {
"process" : {
}
}
},
{
"path" : "/Users/admin/builder/spi-builder-workspace/Tests/IntegrationTests/Resources/testappcast.xml",
"rule" : {
"process" : {
}
}
},
{
"path" : "/Users/admin/builder/spi-builder-workspace/Tests/IntegrationTests/Resources/testappcast_channels.xml",
"rule" : {
"process" : {
}
}
},
{
"path" : "/Users/admin/builder/spi-builder-workspace/Tests/IntegrationTests/Resources/testappcast_delta.xml",
"rule" : {
"process" : {
}
}
},
{
"path" : "/Users/admin/builder/spi-builder-workspace/Tests/IntegrationTests/Resources/testappcast_info_updates.xml",
"rule" : {
"process" : {
}
}
},
{
"path" : "/Users/admin/builder/spi-builder-workspace/Tests/IntegrationTests/Resources/testappcast_minimumAutoupdateVersion.xml",
"rule" : {
"process" : {
}
}
},
{
"path" : "/Users/admin/builder/spi-builder-workspace/Tests/IntegrationTests/Resources/testappcast_minimumAutoupdateVersionSkipping.xml",
"rule" : {
"process" : {
}
}
},
{
"path" : "/Users/admin/builder/spi-builder-workspace/Tests/IntegrationTests/Resources/testappcast_minimumAutoupdateVersionSkipping2.xml",
"rule" : {
"process" : {
}
}
},
{
"path" : "/Users/admin/builder/spi-builder-workspace/Tests/IntegrationTests/Resources/testappcast_phasedRollout.xml",
"rule" : {
"process" : {
}
}
},
{
"path" : "/Users/admin/builder/spi-builder-workspace/Tests/IntegrationTests/Resources/testlocalizedreleasenotesappcast.xml",
"rule" : {
"process" : {
}
}
},
{
"path" : "/Users/admin/builder/spi-builder-workspace/Tests/IntegrationTests/Resources/testnamespaces.xml",
"rule" : {
"process" : {
}
}
}
],
"sources" : [
"SUAppcastChannelTests.swift",
"SUAppcastCriticalUpdateTests.swift",
"SUAppcastDangerousLinkTests.swift",
"SUAppcastDriverTests.swift",
"SUAppcastInformationalUpdateTests.swift",
"SUAppcastLinkTests.swift",
"SUAppcastMinimumAutoupdateTests.swift",
"SUAppcastParserNamespacesTests.swift",
"SUAppcastParserTests.swift",
"SUAppcastPhasedGroupRolloutsTests.swift",
"SUAppcastReleaseNotesTests.swift",
"SUAppcastTest.swift"
],
"target_dependencies" : [
"Appcast"
],
"type" : "test"
},
{
"c99name" : "AppcastTests",
"module_type" : "SwiftTarget",
"name" : "AppcastTests",
"path" : "Tests/AppcastTests",
"resources" : [
{
"path" : "/Users/admin/builder/spi-builder-workspace/Tests/AppcastTests/Resources/appcast_delta_inherits_parent_enclosure_version.xml",
"rule" : {
"process" : {
}
}
},
{
"path" : "/Users/admin/builder/spi-builder-workspace/Tests/AppcastTests/Resources/appcast_simple.xml",
"rule" : {
"process" : {
}
}
}
],
"sources" : [
"AlwaysPassTests.swift",
"AppcastPublicAPIParityTests.swift",
"SPUAppcastItemStateTests.swift",
"SPUDownloadDataTests.swift",
"SUAppcastDriverTests.swift",
"SUAppcastItemBaseTests.swift",
"SUAppcastItemTests+deltaMetadata.swift",
"SUAppcastItemTests+deltaUpdates.swift",
"SUAppcastItemTests+description.swift",
"SUAppcastItemTests+displayVersionString.swift",
"SUAppcastItemTests+equatable.swift",
"SUAppcastItemTests+installationType.swift",
"SUAppcastItemTests+isCriticalUpdate.swift",
"SUAppcastItemTests+isInformationOnlyUpdate.swift",
"SUAppcastItemTests+isMajorUpgrade.swift",
"SUAppcastItemTests+minimumRequirements.swift",
"SUAppcastItemTests+phasedRolloutInterval.swift",
"SUAppcastItemTests+propertiesDictionary.swift",
"SUAppcastItemTests+sanitizeChannelName.swift",
"SUAppcastItemTests+signingValidation.swift",
"SUAppcastItemTests+versionString.swift",
"SUAppcastTests.swift",
"SUOperatingSystemTests.swift",
"SUSignaturesTests.swift",
"SUStandardVersionComparatorParityTests.swift",
"SUStandardVersionComparatorTests.swift"
],
"target_dependencies" : [
"Appcast"
],
"type" : "test"
},
{
"c99name" : "Appcast",
"module_type" : "SwiftTarget",
"name" : "Appcast",
"path" : "Sources/Appcast",
"product_memberships" : [
"Appcast"
],
"sources" : [
"Appcast.swift",
"Constants.swift",
"SPUAppcastItemState.swift",
"SPUAppcastItemStateResolver.swift",
"SPUAppcastSigningValidationStatus.swift",
"SPUDownloadData.swift",
"SPUSkippedUpdate.swift",
"SUAppcast.swift",
"SUAppcastDriver.swift",
"SUAppcastItem.swift",
"SUOperatingSystem.swift",
"SUSignatures.swift",
"SUStandardVersionComparator.swift",
"SUVersionComparison.swift"
],
"type" : "library"
}
],
"tools_version" : "5.10"
}
{
"workspace" : {
"name" : "Appcast",
"schemes" : [
"Appcast"
]
}
}
2026-09-26 15:44:23.655 xcodebuild[626:3806] [MT] IDERunDestination: Supported platforms for the buildables in the current scheme is empty.
Running build ...
env DEVELOPER_DIR=/Applications/Xcode-27.0.0-Release.Candidate.app xcrun xcodebuild -IDEClonedSourcePackagesDirPathOverride=$PWD/.dependencies -skipMacroValidation -skipPackagePluginValidation -derivedDataPath $PWD/.derivedData build -scheme Appcast -destination generic/platform=xrOS
Command line invocation:
/Applications/Xcode-27.0.0-Release.Candidate.app/Contents/Developer/usr/bin/xcodebuild -IDEClonedSourcePackagesDirPathOverride=/Users/admin/builder/spi-builder-workspace/.dependencies -skipMacroValidation -skipPackagePluginValidation -derivedDataPath /Users/admin/builder/spi-builder-workspace/.derivedData build -scheme Appcast -destination generic/platform=xrOS
Resolve Package Graph
Resolved source packages:
Appcast: /Users/admin/builder/spi-builder-workspace
ComputePackagePrebuildTargetDependencyGraph
Prepare packages
CreateBuildRequest
SendProjectDescription
CreateBuildOperation
ComputeTargetDependencyGraph
note: Building targets in dependency order
note: Target dependency graph (2 targets)
Target 'Appcast-product' in project 'Appcast'
➜ Explicit dependency on target 'Appcast' in project 'Appcast'
Target 'Appcast' in project 'Appcast' (no dependencies)
GatherProvisioningInputs
CreateBuildDescription
ExecuteExternalTool /Applications/Xcode-27.0.0-Release.Candidate.app/Contents/Developer/Toolchains/XcodeDefault.xctoolchain/usr/bin/clang -v -E -dM -isysroot /Applications/Xcode-27.0.0-Release.Candidate.app/Contents/Developer/Platforms/XROS.platform/Developer/SDKs/XROS27.0.sdk -x c -c /dev/null
ExecuteExternalTool /Applications/Xcode-27.0.0-Release.Candidate.app/Contents/Developer/Toolchains/XcodeDefault.xctoolchain/usr/bin/swiftc --version
ExecuteExternalTool /Applications/Xcode-27.0.0-Release.Candidate.app/Contents/Developer/Toolchains/XcodeDefault.xctoolchain/usr/bin/ld -version_details
Build description signature: 7bf4723b45f1efe66824b2b9c28c373a
Build description path: /Users/admin/builder/spi-builder-workspace/.derivedData/Build/Intermediates.noindex/XCBuildData/7bf4723b45f1efe66824b2b9c28c373a.xcbuilddata
CreateBuildDirectory /Users/admin/builder/spi-builder-workspace/.derivedData/CompilationCache.noindex
cd /Users/admin/builder/spi-builder-workspace/.swiftpm/xcode
builtin-create-build-directory /Users/admin/builder/spi-builder-workspace/.derivedData/CompilationCache.noindex
CreateBuildDirectory /Users/admin/builder/spi-builder-workspace/.derivedData/SDKExplicitPrecompiledModules
cd /Users/admin/builder/spi-builder-workspace/.swiftpm/xcode
builtin-create-build-directory /Users/admin/builder/spi-builder-workspace/.derivedData/SDKExplicitPrecompiledModules
CreateBuildDirectory /Users/admin/builder/spi-builder-workspace/.derivedData/ModuleCache.noindex
cd /Users/admin/builder/spi-builder-workspace/.swiftpm/xcode
builtin-create-build-directory /Users/admin/builder/spi-builder-workspace/.derivedData/ModuleCache.noindex
CreateBuildDirectory /Users/admin/builder/spi-builder-workspace/.derivedData/Build/Products
cd /Users/admin/builder/spi-builder-workspace/.swiftpm/xcode
builtin-create-build-directory /Users/admin/builder/spi-builder-workspace/.derivedData/Build/Products
CreateBuildDirectory /Users/admin/builder/spi-builder-workspace/.derivedData/Build/Intermediates.noindex
cd /Users/admin/builder/spi-builder-workspace/.swiftpm/xcode
builtin-create-build-directory /Users/admin/builder/spi-builder-workspace/.derivedData/Build/Intermediates.noindex
ClangStatCache /Applications/Xcode-27.0.0-Release.Candidate.app/Contents/Developer/Toolchains/XcodeDefault.xctoolchain/usr/bin/clang-stat-cache /Applications/Xcode-27.0.0-Release.Candidate.app/Contents/Developer/Platforms/XROS.platform/Developer/SDKs/XROS27.0.sdk /Users/admin/builder/spi-builder-workspace/.derivedData/SDKStatCaches.noindex/xros27.0-24M361-e829b21a6f8c9b70876ba0858053c044735bd543db762f57723cac368afd1ce4.sdkstatcache
cd /Users/admin/builder/spi-builder-workspace/.swiftpm/xcode
/Applications/Xcode-27.0.0-Release.Candidate.app/Contents/Developer/Toolchains/XcodeDefault.xctoolchain/usr/bin/clang-stat-cache /Applications/Xcode-27.0.0-Release.Candidate.app/Contents/Developer/Platforms/XROS.platform/Developer/SDKs/XROS27.0.sdk -o /Users/admin/builder/spi-builder-workspace/.derivedData/SDKStatCaches.noindex/xros27.0-24M361-e829b21a6f8c9b70876ba0858053c044735bd543db762f57723cac368afd1ce4.sdkstatcache
CreateBuildDirectory /Users/admin/builder/spi-builder-workspace/.derivedData/Build/Intermediates.noindex/SwiftExplicitPrecompiledModules
cd /Users/admin/builder/spi-builder-workspace/.swiftpm/xcode
builtin-create-build-directory /Users/admin/builder/spi-builder-workspace/.derivedData/Build/Intermediates.noindex/SwiftExplicitPrecompiledModules
CreateBuildDirectory /Users/admin/builder/spi-builder-workspace/.derivedData/Build/Intermediates.noindex/PrecompiledHeaders
cd /Users/admin/builder/spi-builder-workspace/.swiftpm/xcode
builtin-create-build-directory /Users/admin/builder/spi-builder-workspace/.derivedData/Build/Intermediates.noindex/PrecompiledHeaders
CreateBuildDirectory /Users/admin/builder/spi-builder-workspace/.derivedData/Build/Intermediates.noindex/ExplicitPrecompiledModules
cd /Users/admin/builder/spi-builder-workspace/.swiftpm/xcode
builtin-create-build-directory /Users/admin/builder/spi-builder-workspace/.derivedData/Build/Intermediates.noindex/ExplicitPrecompiledModules
CreateBuildDirectory /Users/admin/builder/spi-builder-workspace/.derivedData/Build/Products/Debug-xros
cd /Users/admin/builder/spi-builder-workspace/.swiftpm/xcode
builtin-create-build-directory /Users/admin/builder/spi-builder-workspace/.derivedData/Build/Products/Debug-xros
CreateBuildDirectory /Users/admin/builder/spi-builder-workspace/.derivedData/Build/Intermediates.noindex/EagerLinkingTBDs/Debug-xros
cd /Users/admin/builder/spi-builder-workspace/.swiftpm/xcode
builtin-create-build-directory /Users/admin/builder/spi-builder-workspace/.derivedData/Build/Intermediates.noindex/EagerLinkingTBDs/Debug-xros
CreateBuildDirectory /Users/admin/builder/spi-builder-workspace/.derivedData/Build/Products/Debug-xros/PackageFrameworks
cd /Users/admin/builder/spi-builder-workspace/.swiftpm/xcode
builtin-create-build-directory /Users/admin/builder/spi-builder-workspace/.derivedData/Build/Products/Debug-xros/PackageFrameworks
WriteAuxiliaryFile /Users/admin/builder/spi-builder-workspace/.derivedData/Build/Intermediates.noindex/Appcast.build/Debug-xros/Appcast-t.build/Appcast.DependencyStaticMetadataFileList (in target 'Appcast' from project 'Appcast')
cd /Users/admin/builder/spi-builder-workspace
write-file /Users/admin/builder/spi-builder-workspace/.derivedData/Build/Intermediates.noindex/Appcast.build/Debug-xros/Appcast-t.build/Appcast.DependencyStaticMetadataFileList
WriteAuxiliaryFile /Users/admin/builder/spi-builder-workspace/.derivedData/Build/Intermediates.noindex/Appcast.build/Debug-xros/Appcast-t.build/Appcast.DependencyMetadataFileList (in target 'Appcast' from project 'Appcast')
cd /Users/admin/builder/spi-builder-workspace
write-file /Users/admin/builder/spi-builder-workspace/.derivedData/Build/Intermediates.noindex/Appcast.build/Debug-xros/Appcast-t.build/Appcast.DependencyMetadataFileList
WriteAuxiliaryFile /Users/admin/builder/spi-builder-workspace/.derivedData/Build/Intermediates.noindex/Appcast.build/Debug-xros/Appcast-t.build/Appcast.modulemap (in target 'Appcast' from project 'Appcast')
cd /Users/admin/builder/spi-builder-workspace
write-file /Users/admin/builder/spi-builder-workspace/.derivedData/Build/Intermediates.noindex/Appcast.build/Debug-xros/Appcast-t.build/Appcast.modulemap
WriteAuxiliaryFile /Users/admin/builder/spi-builder-workspace/.derivedData/Build/Intermediates.noindex/Appcast.build/Debug-xros/Appcast-t.build/Objects-normal/arm64/Appcast-OutputFileMap.json (in target 'Appcast' from project 'Appcast')
cd /Users/admin/builder/spi-builder-workspace
write-file /Users/admin/builder/spi-builder-workspace/.derivedData/Build/Intermediates.noindex/Appcast.build/Debug-xros/Appcast-t.build/Objects-normal/arm64/Appcast-OutputFileMap.json
WriteAuxiliaryFile /Users/admin/builder/spi-builder-workspace/.derivedData/Build/Intermediates.noindex/Appcast.build/Debug-xros/Appcast-t.build/Objects-normal/arm64/Appcast_const_extract_protocols.json (in target 'Appcast' from project 'Appcast')
cd /Users/admin/builder/spi-builder-workspace
write-file /Users/admin/builder/spi-builder-workspace/.derivedData/Build/Intermediates.noindex/Appcast.build/Debug-xros/Appcast-t.build/Objects-normal/arm64/Appcast_const_extract_protocols.json
WriteAuxiliaryFile /Users/admin/builder/spi-builder-workspace/.derivedData/Build/Intermediates.noindex/Appcast.build/Debug-xros/Appcast-t.build/Objects-normal/arm64/Appcast.SwiftConstValuesFileList (in target 'Appcast' from project 'Appcast')
cd /Users/admin/builder/spi-builder-workspace
write-file /Users/admin/builder/spi-builder-workspace/.derivedData/Build/Intermediates.noindex/Appcast.build/Debug-xros/Appcast-t.build/Objects-normal/arm64/Appcast.SwiftConstValuesFileList
WriteAuxiliaryFile /Users/admin/builder/spi-builder-workspace/.derivedData/Build/Intermediates.noindex/Appcast.build/Debug-xros/Appcast-t.build/Objects-normal/arm64/Appcast.SwiftFileList (in target 'Appcast' from project 'Appcast')
cd /Users/admin/builder/spi-builder-workspace
write-file /Users/admin/builder/spi-builder-workspace/.derivedData/Build/Intermediates.noindex/Appcast.build/Debug-xros/Appcast-t.build/Objects-normal/arm64/Appcast.SwiftFileList
WriteAuxiliaryFile /Users/admin/builder/spi-builder-workspace/.derivedData/Build/Intermediates.noindex/Appcast.build/Debug-xros/Appcast-t.build/Objects-normal/arm64/Appcast.LinkFileList (in target 'Appcast' from project 'Appcast')
cd /Users/admin/builder/spi-builder-workspace
write-file /Users/admin/builder/spi-builder-workspace/.derivedData/Build/Intermediates.noindex/Appcast.build/Debug-xros/Appcast-t.build/Objects-normal/arm64/Appcast.LinkFileList
Copy /Users/admin/builder/spi-builder-workspace/.derivedData/Build/Intermediates.noindex/GeneratedModuleMaps-xros/Appcast.modulemap /Users/admin/builder/spi-builder-workspace/.derivedData/Build/Intermediates.noindex/Appcast.build/Debug-xros/Appcast-t.build/Appcast.modulemap (in target 'Appcast' from project 'Appcast')
cd /Users/admin/builder/spi-builder-workspace
builtin-copy -exclude .DS_Store -exclude CVS -exclude .svn -exclude .git -exclude .hg -resolve-src-symlinks /Users/admin/builder/spi-builder-workspace/.derivedData/Build/Intermediates.noindex/Appcast.build/Debug-xros/Appcast-t.build/Appcast.modulemap /Users/admin/builder/spi-builder-workspace/.derivedData/Build/Intermediates.noindex/GeneratedModuleMaps-xros
SwiftDriver Appcast normal arm64 com.apple.xcode.tools.swift.compiler (in target 'Appcast' from project 'Appcast')
cd /Users/admin/builder/spi-builder-workspace/.swiftpm/xcode
builtin-SwiftDriver -- /Applications/Xcode-27.0.0-Release.Candidate.app/Contents/Developer/Toolchains/XcodeDefault.xctoolchain/usr/bin/swiftc -parse-as-library -module-name Appcast -Onone @/Users/admin/builder/spi-builder-workspace/.derivedData/Build/Intermediates.noindex/Appcast.build/Debug-xros/Appcast-t.build/Objects-normal/arm64/Appcast.SwiftFileList -DSWIFT_PACKAGE -DDEBUG -DSWIFT_MODULE_RESOURCE_BUNDLE_UNAVAILABLE -DXcode -enable-upcoming-feature StrictConcurrency -plugin-path /Applications/Xcode-27.0.0-Release.Candidate.app/Contents/Developer/Toolchains/XcodeDefault.xctoolchain/usr/lib/swift/host/plugins/testing -enable-experimental-feature DebugDescriptionMacro -sdk /Applications/Xcode-27.0.0-Release.Candidate.app/Contents/Developer/Platforms/XROS.platform/Developer/SDKs/XROS27.0.sdk -target arm64-apple-xros1.0 -g -module-cache-path /Users/admin/builder/spi-builder-workspace/.derivedData/ModuleCache.noindex -Xfrontend -serialize-debugging-options -profile-coverage-mapping -profile-generate -enable-testing -index-store-path /Users/admin/builder/spi-builder-workspace/.derivedData/Index.noindex/DataStore -Xcc -D_LIBCPP_HARDENING_MODE\=_LIBCPP_HARDENING_MODE_DEBUG -swift-version 5 -I /Users/admin/builder/spi-builder-workspace/.derivedData/Build/Products/Debug-xros -Isystem /Applications/Xcode-27.0.0-Release.Candidate.app/Contents/Developer/Platforms/XROS.platform/Developer/usr/lib -F /Users/admin/builder/spi-builder-workspace/.derivedData/Build/Products/Debug-xros -F /Applications/Xcode-27.0.0-Release.Candidate.app/Contents/Developer/Platforms/XROS.platform/Developer/Library/Frameworks -F /Applications/Xcode-27.0.0-Release.Candidate.app/Contents/Developer/Platforms/XROS.platform/Developer/SDKs/XROS27.0.sdk/Developer/Library/Frameworks -c -j10 -enable-batch-mode -incremental -Xcc -ivfsstatcache -Xcc /Users/admin/builder/spi-builder-workspace/.derivedData/SDKStatCaches.noindex/xros27.0-24M361-e829b21a6f8c9b70876ba0858053c044735bd543db762f57723cac368afd1ce4.sdkstatcache -output-file-map /Users/admin/builder/spi-builder-workspace/.derivedData/Build/Intermediates.noindex/Appcast.build/Debug-xros/Appcast-t.build/Objects-normal/arm64/Appcast-OutputFileMap.json -save-temps -no-color-diagnostics -explicit-module-build -module-cache-path /Users/admin/builder/spi-builder-workspace/.derivedData/Build/Intermediates.noindex/SwiftExplicitPrecompiledModules -clang-scanner-module-cache-path /Users/admin/builder/spi-builder-workspace/.derivedData/ModuleCache.noindex -sdk-module-cache-path /Users/admin/builder/spi-builder-workspace/.derivedData/SDKExplicitPrecompiledModules -emit-dependencies -emit-module -emit-module-path /Users/admin/builder/spi-builder-workspace/.derivedData/Build/Intermediates.noindex/Appcast.build/Debug-xros/Appcast-t.build/Objects-normal/arm64/Appcast.swiftmodule -serialize-diagnostics -dependency-scan-serialize-diagnostics-path /Users/admin/builder/spi-builder-workspace/.derivedData/Build/Intermediates.noindex/Appcast.build/Debug-xros/Appcast-t.build/Objects-normal/arm64/Appcast-dependency-scan.dia -validate-clang-modules-once -clang-build-session-file /Users/admin/builder/spi-builder-workspace/.derivedData/ModuleCache.noindex/Session.modulevalidation -Xcc -fmodules-prune-interval\=86400 -Xcc -fmodules-prune-after\=345600 -package-name spi_builder_workspace -emit-const-values -const-gather-protocols-list /Users/admin/builder/spi-builder-workspace/.derivedData/Build/Intermediates.noindex/Appcast.build/Debug-xros/Appcast-t.build/Objects-normal/arm64/Appcast_const_extract_protocols.json -Xcc -I/Users/admin/builder/spi-builder-workspace/.derivedData/Build/Products/Debug-xros/include -Xcc -I/Users/admin/builder/spi-builder-workspace/.derivedData/Build/Intermediates.noindex/Appcast.build/Debug-xros/Appcast-t.build/DerivedSources-normal/arm64 -Xcc -I/Users/admin/builder/spi-builder-workspace/.derivedData/Build/Intermediates.noindex/Appcast.build/Debug-xros/Appcast-t.build/DerivedSources/arm64 -Xcc -I/Users/admin/builder/spi-builder-workspace/.derivedData/Build/Intermediates.noindex/Appcast.build/Debug-xros/Appcast-t.build/DerivedSources -Xcc -DSWIFT_PACKAGE -Xcc -DDEBUG\=1 -emit-objc-header -emit-objc-header-path /Users/admin/builder/spi-builder-workspace/.derivedData/Build/Intermediates.noindex/Appcast.build/Debug-xros/Appcast-t.build/Objects-normal/arm64/Appcast-Swift.h -working-directory /Users/admin/builder/spi-builder-workspace/.swiftpm/xcode -experimental-emit-module-separately -disable-cmo
SwiftExplicitDependencyGeneratePcm arm64 /Users/admin/builder/spi-builder-workspace/.derivedData/SDKExplicitPrecompiledModules/_Builtin_float-6WKHNW5S40U2QGHXXGETUDIRA.pcm
SwiftExplicitDependencyGeneratePcm arm64 /Users/admin/builder/spi-builder-workspace/.derivedData/SDKExplicitPrecompiledModules/_Builtin_stddef-5NQ9Z1GV07GBSRQGAQCGXGVRI.pcm
SwiftExplicitDependencyGeneratePcm arm64 /Users/admin/builder/spi-builder-workspace/.derivedData/SDKExplicitPrecompiledModules/_AvailabilityInternal-1Q8IQP6M38UWSGZ95UCEY2M44.pcm
SwiftExplicitDependencyGeneratePcm arm64 /Users/admin/builder/spi-builder-workspace/.derivedData/SDKExplicitPrecompiledModules/ptrauth-1WBA714DZSVUL5JQDJ08CLKZ.pcm
SwiftExplicitDependencyGeneratePcm arm64 /Users/admin/builder/spi-builder-workspace/.derivedData/SDKExplicitPrecompiledModules/_Builtin_stdbool-5BU2ADS7JXQMYENKQHW9X8XOU.pcm
SwiftExplicitDependencyGeneratePcm arm64 /Users/admin/builder/spi-builder-workspace/.derivedData/SDKExplicitPrecompiledModules/SwiftShims-CI4H5RO9IYFFWQ2COB512Q2S9.pcm
SwiftExplicitDependencyGeneratePcm arm64 /Users/admin/builder/spi-builder-workspace/.derivedData/SDKExplicitPrecompiledModules/_SwiftConcurrencyShims-C8XHKSHX96D5YYALNM4W70Z0O.pcm
SwiftExplicitDependencyGeneratePcm arm64 /Users/admin/builder/spi-builder-workspace/.derivedData/SDKExplicitPrecompiledModules/_Builtin_stdarg-CDA349K2K4US766844K8E0PVA.pcm
SwiftExplicitDependencyGeneratePcm arm64 /Users/admin/builder/spi-builder-workspace/.derivedData/SDKExplicitPrecompiledModules/ptrcheck-BXA97MNLI4BB0HF5I8MJE403D.pcm
SwiftExplicitDependencyGeneratePcm arm64 /Users/admin/builder/spi-builder-workspace/.derivedData/SDKExplicitPrecompiledModules/_DarwinFoundation1-5RGRVV2TZ6WC4WZW5IXF8NQ04.pcm
SwiftExplicitDependencyGeneratePcm arm64 /Users/admin/builder/spi-builder-workspace/.derivedData/SDKExplicitPrecompiledModules/_DarwinFoundation2-ENTECK156YEWITZRRBTOCE4KR.pcm
SwiftExplicitDependencyGeneratePcm arm64 /Users/admin/builder/spi-builder-workspace/.derivedData/SDKExplicitPrecompiledModules/_Builtin_limits-425JDMN5HPM3D0UEI8LEHP6NM.pcm
SwiftExplicitDependencyGeneratePcm arm64 /Users/admin/builder/spi-builder-workspace/.derivedData/SDKExplicitPrecompiledModules/sys_types-AYM0BHR77VKMWZCO2T0XGV2HF.pcm
SwiftExplicitDependencyGeneratePcm arm64 /Users/admin/builder/spi-builder-workspace/.derivedData/SDKExplicitPrecompiledModules/_Builtin_stdint-8OR6T47OOYJA90ZBO3N1USDE.pcm
SwiftExplicitDependencyGeneratePcm arm64 /Users/admin/builder/spi-builder-workspace/.derivedData/SDKExplicitPrecompiledModules/string_h-2GT67HHHHK5CF1V1S31LH0PU2.pcm
SwiftExplicitDependencyGeneratePcm arm64 /Users/admin/builder/spi-builder-workspace/.derivedData/SDKExplicitPrecompiledModules/_DarwinFoundation3-9ZHN6JKBS40BBA81RQMV8H0IC.pcm
SwiftExplicitDependencyGeneratePcm arm64 /Users/admin/builder/spi-builder-workspace/.derivedData/SDKExplicitPrecompiledModules/_Builtin_inttypes-11B64KJD36B3YOHBR1BBXBJY8.pcm
SwiftExplicitDependencyGeneratePcm arm64 /Users/admin/builder/spi-builder-workspace/.derivedData/SDKExplicitPrecompiledModules/Darwin-60P5LVNQO3ESRRM5DCJ05PFNK.pcm
SwiftExplicitDependencyGeneratePcm arm64 /Users/admin/builder/spi-builder-workspace/.derivedData/SDKExplicitPrecompiledModules/ObjectiveC-26TIBFYCEJZVP216ZZAU1X8KN.pcm
SwiftExplicitDependencyGeneratePcm arm64 /Users/admin/builder/spi-builder-workspace/.derivedData/SDKExplicitPrecompiledModules/os_object-692CJ8BG6RE5H04487EJJOVXW.pcm
SwiftExplicitDependencyGeneratePcm arm64 /Users/admin/builder/spi-builder-workspace/.derivedData/SDKExplicitPrecompiledModules/os_workgroup-4U1VXMWIZD80E7PRUQF2G7P9X.pcm
SwiftExplicitDependencyGeneratePcm arm64 /Users/admin/builder/spi-builder-workspace/.derivedData/SDKExplicitPrecompiledModules/Dispatch-CLT3466HKC22GCKAWSCNG0H7T.pcm
SwiftExplicitDependencyGeneratePcm arm64 /Users/admin/builder/spi-builder-workspace/.derivedData/SDKExplicitPrecompiledModules/XPC-EP5EU7FNGP4VOA3EDM18P1KHO.pcm
SwiftExplicitDependencyGeneratePcm arm64 /Users/admin/builder/spi-builder-workspace/.derivedData/SDKExplicitPrecompiledModules/CoreFoundation-AVLTZVCXBU2TO75JCN4AGU8XJ.pcm
SwiftExplicitDependencyGeneratePcm arm64 /Users/admin/builder/spi-builder-workspace/.derivedData/SDKExplicitPrecompiledModules/CFNetwork-5MI70N1VLDQSWTX4COWLMSIRO.pcm
SwiftExplicitDependencyGeneratePcm arm64 /Users/admin/builder/spi-builder-workspace/.derivedData/SDKExplicitPrecompiledModules/Security-8TH2M8WJIQMET4SADWX0N8372.pcm
SwiftExplicitDependencyGeneratePcm arm64 /Users/admin/builder/spi-builder-workspace/.derivedData/SDKExplicitPrecompiledModules/Foundation-8GON1KVEKRN3NOQI8RETBRWJP.pcm
SwiftEmitModule normal arm64 Emitting\ module\ for\ Appcast (in target 'Appcast' from project 'Appcast')
SwiftCompile normal arm64 (in target 'Appcast' from project 'Appcast')
cd /Users/admin/builder/spi-builder-workspace/.swiftpm/xcode
/Users/admin/builder/spi-builder-workspace/Sources/Appcast/SUAppcast.swift:235:41: error: cannot find type 'XMLNode' in scope
233 | }
234 |
235 | func sparkleNamespacedName(of node: XMLNode) -> String? {
| `- error: cannot find type 'XMLNode' in scope
236 | // XML namespace prefix is semantically meaningless, so compare namespace URI
237 | // NS URI isn't used to fetch anything, and must match exactly, so we look for http:// not https://
/Users/admin/builder/spi-builder-workspace/Sources/Appcast/SUAppcast.swift:252:57: error: cannot find type 'XMLNode' in scope
250 | static let SUXMLLanguage = "xml:lang"
251 |
252 | func bestNode(in nodes: [XMLNode], name: String) -> XMLNode? {
| `- error: cannot find type 'XMLNode' in scope
253 | // We use this method to pick out the localized version of a node when one's available.
254 | if nodes.count == 1 {
/Users/admin/builder/spi-builder-workspace/Sources/Appcast/SUAppcast.swift:252:30: error: cannot find type 'XMLNode' in scope
250 | static let SUXMLLanguage = "xml:lang"
251 |
252 | func bestNode(in nodes: [XMLNode], name: String) -> XMLNode? {
| `- error: cannot find type 'XMLNode' in scope
253 | // We use this method to pick out the localized version of a node when one's available.
254 | if nodes.count == 1 {
/Users/admin/builder/spi-builder-workspace/Sources/Appcast/SUAppcast.swift:287:30: error: cannot find type 'XMLNode' in scope
285 | typealias AttributesDictionary = [String: String]
286 |
287 | func attributes(of node: XMLNode) -> AttributesDictionary {
| `- error: cannot find type 'XMLNode' in scope
288 | var dictionary = [String: String]()
289 |
Failed frontend command:
/Applications/Xcode-27.0.0-Release.Candidate.app/Contents/Developer/Toolchains/XcodeDefault.xctoolchain/usr/bin/swift-frontend -frontend -emit-module -experimental-skip-non-inlinable-function-bodies-without-types /Users/admin/builder/spi-builder-workspace/Sources/Appcast/Appcast.swift /Users/admin/builder/spi-builder-workspace/Sources/Appcast/Constants.swift /Users/admin/builder/spi-builder-workspace/Sources/Appcast/SPUAppcastItemState.swift /Users/admin/builder/spi-builder-workspace/Sources/Appcast/SPUAppcastItemStateResolver.swift /Users/admin/builder/spi-builder-workspace/Sources/Appcast/SPUAppcastSigningValidationStatus.swift /Users/admin/builder/spi-builder-workspace/Sources/Appcast/SPUDownloadData.swift /Users/admin/builder/spi-builder-workspace/Sources/Appcast/SPUSkippedUpdate.swift /Users/admin/builder/spi-builder-workspace/Sources/Appcast/SUAppcast.swift /Users/admin/builder/spi-builder-workspace/Sources/Appcast/SUAppcastDriver.swift /Users/admin/builder/spi-builder-workspace/Sources/Appcast/SUAppcastItem.swift /Users/admin/builder/spi-builder-workspace/Sources/Appcast/SUOperatingSystem.swift /Users/admin/builder/spi-builder-workspace/Sources/Appcast/SUSignatures.swift /Users/admin/builder/spi-builder-workspace/Sources/Appcast/SUStandardVersionComparator.swift /Users/admin/builder/spi-builder-workspace/Sources/Appcast/SUVersionComparison.swift -target arm64-apple-xros1.0 -module-can-import-version Darwin 428.0.10 0 -disable-cross-import-overlay-search -swift-module-cross-import Darwin /Applications/Xcode-27.0.0-Release.Candidate.app/Contents/Developer/Platforms/XROS.platform/Developer/SDKs/XROS.sdk/usr/include/Darwin.swiftcrossimport/xlocale.swiftoverlay -load-resolved-plugin /Applications/Xcode-27.0.0-Release.Candidate.app/Contents/Developer/Platforms/XROS.platform/Developer/usr/lib/swift/host/plugins/libFoundationMacros.dylib\#/Applications/Xcode-27.0.0-Release.Candidate.app/Contents/Developer/Platforms/XROS.platform/Developer/usr/bin/swift-plugin-server\#FoundationMacros -load-resolved-plugin /Applications/Xcode-27.0.0-Release.Candidate.app/Contents/Developer/Platforms/XROS.platform/Developer/usr/lib/swift/host/plugins/libObservationMacros.dylib\#/Applications/Xcode-27.0.0-Release.Candidate.app/Contents/Developer/Platforms/XROS.platform/Developer/usr/bin/swift-plugin-server\#ObservationMacros -load-resolved-plugin /Applications/Xcode-27.0.0-Release.Candidate.app/Contents/Developer/Platforms/XROS.platform/Developer/usr/lib/swift/host/plugins/libSwiftMacros.dylib\#/Applications/Xcode-27.0.0-Release.Candidate.app/Contents/Developer/Platforms/XROS.platform/Developer/usr/bin/swift-plugin-server\#SwiftMacros -disable-implicit-swift-modules -Xcc -fno-implicit-modules -Xcc -fno-implicit-module-maps -explicit-swift-module-map-file /Users/admin/builder/spi-builder-workspace/.derivedData/Build/Intermediates.noindex/Appcast.build/Debug-xros/Appcast-t.build/Objects-normal/arm64/Appcast-dependencies-1.json -Xllvm -aarch64-use-tbi -enable-objc-interop -stack-check -sdk /Applications/Xcode-27.0.0-Release.Candidate.app/Contents/Developer/Platforms/XROS.platform/Developer/SDKs/XROS27.0.sdk -I /Users/admin/builder/spi-builder-workspace/.derivedData/Build/Products/Debug-xros -Isystem /Applications/Xcode-27.0.0-Release.Candidate.app/Contents/Developer/Platforms/XROS.platform/Developer/usr/lib -F /Users/admin/builder/spi-builder-workspace/.derivedData/Build/Products/Debug-xros -F /Applications/Xcode-27.0.0-Release.Candidate.app/Contents/Developer/Platforms/XROS.platform/Developer/Library/Frameworks -F /Applications/Xcode-27.0.0-Release.Candidate.app/Contents/Developer/Platforms/XROS.platform/Developer/SDKs/XROS27.0.sdk/Developer/Library/Frameworks -module-cache-path /Users/admin/builder/spi-builder-workspace/.derivedData/Build/Intermediates.noindex/SwiftExplicitPrecompiledModules -no-color-diagnostics -Xcc -fno-color-diagnostics -enable-testing -g -debug-info-format\=dwarf -dwarf-version\=4 -profile-generate -profile-coverage-mapping -swift-version 5 -Onone -D SWIFT_PACKAGE -D DEBUG -D SWIFT_MODULE_RESOURCE_BUNDLE_UNAVAILABLE -D Xcode -serialize-debugging-options -enable-upcoming-feature StrictConcurrency -enable-experimental-feature DebugDescriptionMacro -empty-abi-descriptor -validate-clang-modules-once -clang-build-session-file /Users/admin/builder/spi-builder-workspace/.derivedData/ModuleCache.noindex/Session.modulevalidation -Xcc -working-directory -Xcc /Users/admin/builder/spi-builder-workspace/.swiftpm/xcode -enable-anonymous-context-mangled-names -file-compilation-dir /Users/admin/builder/spi-builder-workspace/.swiftpm/xcode -Xcc -D_LIBCPP_HARDENING_MODE\=_LIBCPP_HARDENING_MODE_DEBUG -Xcc -ivfsstatcache -Xcc /Users/admin/builder/spi-builder-workspace/.derivedData/SDKStatCaches.noindex/xros27.0-24M361-e829b21a6f8c9b70876ba0858053c044735bd543db762f57723cac368afd1ce4.sdkstatcache -Xcc -fmodules-prune-interval\=86400 -Xcc -fmodules-prune-after\=345600 -Xcc -I/Users/admin/builder/spi-builder-workspace/.derivedData/Build/Products/Debug-xros/include -Xcc -I/Users/admin/builder/spi-builder-workspace/.derivedData/Build/Intermediates.noindex/Appcast.build/Debug-xros/Appcast-t.build/DerivedSources-normal/arm64 -Xcc -I/Users/admin/builder/spi-builder-workspace/.derivedData/Build/Intermediates.noindex/Appcast.build/Debug-xros/Appcast-t.build/DerivedSources/arm64 -Xcc -I/Users/admin/builder/spi-builder-workspace/.derivedData/Build/Intermediates.noindex/Appcast.build/Debug-xros/Appcast-t.build/DerivedSources -Xcc -DSWIFT_PACKAGE -Xcc -DDEBUG\=1 -no-auto-bridging-header-chaining -module-name Appcast -package-name spi_builder_workspace -const-gather-protocols-file /Users/admin/builder/spi-builder-workspace/.derivedData/Build/Intermediates.noindex/Appcast.build/Debug-xros/Appcast-t.build/Objects-normal/arm64/Appcast_const_extract_protocols.json -disable-clang-spi -clang-target arm64-apple-xros27.0 -target-sdk-version 27.0 -target-sdk-name xros27.0 -in-process-plugin-server-path /Applications/Xcode-27.0.0-Release.Candidate.app/Contents/Developer/Toolchains/XcodeDefault.xctoolchain/usr/lib/swift/host/libSwiftInProcPluginServer.dylib -emit-module-doc-path /Users/admin/builder/spi-builder-workspace/.derivedData/Build/Intermediates.noindex/Appcast.build/Debug-xros/Appcast-t.build/Objects-normal/arm64/Appcast.swiftdoc -emit-module-source-info-path /Users/admin/builder/spi-builder-workspace/.derivedData/Build/Intermediates.noindex/Appcast.build/Debug-xros/Appcast-t.build/Objects-normal/arm64/Appcast.swiftsourceinfo -emit-objc-header-path /Users/admin/builder/spi-builder-workspace/.derivedData/Build/Intermediates.noindex/Appcast.build/Debug-xros/Appcast-t.build/Objects-normal/arm64/Appcast-Swift.h -serialize-diagnostics-path /Users/admin/builder/spi-builder-workspace/.derivedData/Build/Intermediates.noindex/Appcast.build/Debug-xros/Appcast-t.build/Objects-normal/arm64/Appcast-primary-emit-module.dia -emit-dependencies-path /Users/admin/builder/spi-builder-workspace/.derivedData/Build/Intermediates.noindex/Appcast.build/Debug-xros/Appcast-t.build/Objects-normal/arm64/Appcast-primary-emit-module.d -parse-as-library -o /Users/admin/builder/spi-builder-workspace/.derivedData/Build/Intermediates.noindex/Appcast.build/Debug-xros/Appcast-t.build/Objects-normal/arm64/Appcast.swiftmodule -emit-abi-descriptor-path /Users/admin/builder/spi-builder-workspace/.derivedData/Build/Intermediates.noindex/Appcast.build/Debug-xros/Appcast-t.build/Objects-normal/arm64/Appcast.abi.json
SwiftCompile normal arm64 Compiling\ SUOperatingSystem.swift /Users/admin/builder/spi-builder-workspace/Sources/Appcast/SUOperatingSystem.swift (in target 'Appcast' from project 'Appcast')
SwiftCompile normal arm64 /Users/admin/builder/spi-builder-workspace/Sources/Appcast/SUOperatingSystem.swift (in target 'Appcast' from project 'Appcast')
cd /Users/admin/builder/spi-builder-workspace/.swiftpm/xcode
builtin-SwiftPerFileCompile SUOperatingSystem.swift
SwiftCompile normal arm64 Compiling\ SPUAppcastSigningValidationStatus.swift,\ SPUDownloadData.swift /Users/admin/builder/spi-builder-workspace/Sources/Appcast/SPUAppcastSigningValidationStatus.swift /Users/admin/builder/spi-builder-workspace/Sources/Appcast/SPUDownloadData.swift (in target 'Appcast' from project 'Appcast')
SwiftCompile normal arm64 /Users/admin/builder/spi-builder-workspace/Sources/Appcast/SPUAppcastSigningValidationStatus.swift (in target 'Appcast' from project 'Appcast')
cd /Users/admin/builder/spi-builder-workspace/.swiftpm/xcode
builtin-SwiftPerFileCompile SPUAppcastSigningValidationStatus.swift
SwiftCompile normal arm64 /Users/admin/builder/spi-builder-workspace/Sources/Appcast/SPUDownloadData.swift (in target 'Appcast' from project 'Appcast')
cd /Users/admin/builder/spi-builder-workspace/.swiftpm/xcode
builtin-SwiftPerFileCompile SPUDownloadData.swift
SwiftCompile normal arm64 Compiling\ SUAppcastItem.swift /Users/admin/builder/spi-builder-workspace/Sources/Appcast/SUAppcastItem.swift (in target 'Appcast' from project 'Appcast')
SwiftCompile normal arm64 /Users/admin/builder/spi-builder-workspace/Sources/Appcast/SUAppcastItem.swift (in target 'Appcast' from project 'Appcast')
cd /Users/admin/builder/spi-builder-workspace/.swiftpm/xcode
builtin-SwiftPerFileCompile SUAppcastItem.swift
SwiftCompile normal arm64 Compiling\ SPUAppcastItemState.swift,\ SPUAppcastItemStateResolver.swift /Users/admin/builder/spi-builder-workspace/Sources/Appcast/SPUAppcastItemState.swift /Users/admin/builder/spi-builder-workspace/Sources/Appcast/SPUAppcastItemStateResolver.swift (in target 'Appcast' from project 'Appcast')
SwiftCompile normal arm64 /Users/admin/builder/spi-builder-workspace/Sources/Appcast/SPUAppcastItemState.swift (in target 'Appcast' from project 'Appcast')
cd /Users/admin/builder/spi-builder-workspace/.swiftpm/xcode
builtin-SwiftPerFileCompile SPUAppcastItemState.swift
SwiftCompile normal arm64 /Users/admin/builder/spi-builder-workspace/Sources/Appcast/SPUAppcastItemStateResolver.swift (in target 'Appcast' from project 'Appcast')
cd /Users/admin/builder/spi-builder-workspace/.swiftpm/xcode
builtin-SwiftPerFileCompile SPUAppcastItemStateResolver.swift
SwiftCompile normal arm64 Compiling\ SUSignatures.swift /Users/admin/builder/spi-builder-workspace/Sources/Appcast/SUSignatures.swift (in target 'Appcast' from project 'Appcast')
SwiftCompile normal arm64 /Users/admin/builder/spi-builder-workspace/Sources/Appcast/SUSignatures.swift (in target 'Appcast' from project 'Appcast')
cd /Users/admin/builder/spi-builder-workspace/.swiftpm/xcode
builtin-SwiftPerFileCompile SUSignatures.swift
SwiftCompile normal arm64 Compiling\ SUVersionComparison.swift /Users/admin/builder/spi-builder-workspace/Sources/Appcast/SUVersionComparison.swift (in target 'Appcast' from project 'Appcast')
SwiftCompile normal arm64 /Users/admin/builder/spi-builder-workspace/Sources/Appcast/SUVersionComparison.swift (in target 'Appcast' from project 'Appcast')
cd /Users/admin/builder/spi-builder-workspace/.swiftpm/xcode
builtin-SwiftPerFileCompile SUVersionComparison.swift
SwiftCompile normal arm64 Compiling\ Appcast.swift,\ Constants.swift /Users/admin/builder/spi-builder-workspace/Sources/Appcast/Appcast.swift /Users/admin/builder/spi-builder-workspace/Sources/Appcast/Constants.swift (in target 'Appcast' from project 'Appcast')
SwiftCompile normal arm64 /Users/admin/builder/spi-builder-workspace/Sources/Appcast/Appcast.swift (in target 'Appcast' from project 'Appcast')
cd /Users/admin/builder/spi-builder-workspace/.swiftpm/xcode
builtin-SwiftPerFileCompile Appcast.swift
SwiftCompile normal arm64 /Users/admin/builder/spi-builder-workspace/Sources/Appcast/Constants.swift (in target 'Appcast' from project 'Appcast')
cd /Users/admin/builder/spi-builder-workspace/.swiftpm/xcode
builtin-SwiftPerFileCompile Constants.swift
SwiftCompile normal arm64 Compiling\ SUStandardVersionComparator.swift /Users/admin/builder/spi-builder-workspace/Sources/Appcast/SUStandardVersionComparator.swift (in target 'Appcast' from project 'Appcast')
SwiftCompile normal arm64 /Users/admin/builder/spi-builder-workspace/Sources/Appcast/SUStandardVersionComparator.swift (in target 'Appcast' from project 'Appcast')
cd /Users/admin/builder/spi-builder-workspace/.swiftpm/xcode
builtin-SwiftPerFileCompile SUStandardVersionComparator.swift
SwiftCompile normal arm64 Compiling\ SUAppcastDriver.swift /Users/admin/builder/spi-builder-workspace/Sources/Appcast/SUAppcastDriver.swift (in target 'Appcast' from project 'Appcast')
SwiftCompile normal arm64 /Users/admin/builder/spi-builder-workspace/Sources/Appcast/SUAppcastDriver.swift (in target 'Appcast' from project 'Appcast')
cd /Users/admin/builder/spi-builder-workspace/.swiftpm/xcode
builtin-SwiftPerFileCompile SUAppcastDriver.swift
SwiftCompile normal arm64 Compiling\ SPUSkippedUpdate.swift,\ SUAppcast.swift /Users/admin/builder/spi-builder-workspace/Sources/Appcast/SPUSkippedUpdate.swift /Users/admin/builder/spi-builder-workspace/Sources/Appcast/SUAppcast.swift (in target 'Appcast' from project 'Appcast')
SwiftCompile normal arm64 /Users/admin/builder/spi-builder-workspace/Sources/Appcast/SPUSkippedUpdate.swift (in target 'Appcast' from project 'Appcast')
cd /Users/admin/builder/spi-builder-workspace/.swiftpm/xcode
builtin-SwiftPerFileCompile SPUSkippedUpdate.swift
SwiftCompile normal arm64 /Users/admin/builder/spi-builder-workspace/Sources/Appcast/SUAppcast.swift (in target 'Appcast' from project 'Appcast')
cd /Users/admin/builder/spi-builder-workspace/.swiftpm/xcode
builtin-SwiftPerFileCompile SUAppcast.swift
PruneExplicitPrecompiledModules /Users/admin/builder/spi-builder-workspace/.derivedData/Build/Intermediates.noindex/SwiftExplicitPrecompiledModules
PruneExplicitPrecompiledModules /Users/admin/builder/spi-builder-workspace/.derivedData/Build/Intermediates.noindex/ExplicitPrecompiledModules
PruneExplicitPrecompiledModules /Users/admin/builder/spi-builder-workspace/.derivedData/SDKExplicitPrecompiledModules
2026-09-26 15:44:25.193 xcodebuild[627:3850] [MT] IDERunDestination: Supported platforms for the buildables in the current scheme is empty.
** BUILD FAILED **
The following build commands failed:
SwiftCompile normal arm64 (in target 'Appcast' from project 'Appcast')
SwiftEmitModule normal arm64 Emitting\ module\ for\ Appcast (in target 'Appcast' from project 'Appcast')
Building workspace Appcast with scheme Appcast
(3 failures)
Command line invocation:
/Applications/Xcode-27.0.0-Release.Candidate.app/Contents/Developer/usr/bin/xcodebuild -IDEClonedSourcePackagesDirPathOverride=/Users/admin/builder/spi-builder-workspace/.dependencies -resolvePackageDependencies
Resolve Package Graph
Resolved source packages:
Appcast: /Users/admin/builder/spi-builder-workspace
resolved source packages: Appcast
2026-09-26 15:44:31.005 xcodebuild[709:4293] [MT] IDERunDestination: Supported platforms for the buildables in the current scheme is empty.
{
"dependencies" : [
],
"manifest_display_name" : "Appcast",
"name" : "Appcast",
"path" : "/Users/admin/builder/spi-builder-workspace",
"platforms" : [
],
"products" : [
{
"name" : "Appcast",
"targets" : [
"Appcast"
],
"type" : {
"library" : [
"automatic"
]
}
}
],
"targets" : [
{
"c99name" : "IntegrationTests",
"module_type" : "SwiftTarget",
"name" : "IntegrationTests",
"path" : "Tests/IntegrationTests",
"resources" : [
{
"path" : "/Users/admin/builder/spi-builder-workspace/Tests/IntegrationTests/Resources/test-dangerous-link.xml",
"rule" : {
"process" : {
}
}
},
{
"path" : "/Users/admin/builder/spi-builder-workspace/Tests/IntegrationTests/Resources/test-links.xml",
"rule" : {
"process" : {
}
}
},
{
"path" : "/Users/admin/builder/spi-builder-workspace/Tests/IntegrationTests/Resources/test-relative-urls.xml",
"rule" : {
"process" : {
}
}
},
{
"path" : "/Users/admin/builder/spi-builder-workspace/Tests/IntegrationTests/Resources/testappcast.xml",
"rule" : {
"process" : {
}
}
},
{
"path" : "/Users/admin/builder/spi-builder-workspace/Tests/IntegrationTests/Resources/testappcast_channels.xml",
"rule" : {
"process" : {
}
}
},
{
"path" : "/Users/admin/builder/spi-builder-workspace/Tests/IntegrationTests/Resources/testappcast_delta.xml",
"rule" : {
"process" : {
}
}
},
{
"path" : "/Users/admin/builder/spi-builder-workspace/Tests/IntegrationTests/Resources/testappcast_info_updates.xml",
"rule" : {
"process" : {
}
}
},
{
"path" : "/Users/admin/builder/spi-builder-workspace/Tests/IntegrationTests/Resources/testappcast_minimumAutoupdateVersion.xml",
"rule" : {
"process" : {
}
}
},
{
"path" : "/Users/admin/builder/spi-builder-workspace/Tests/IntegrationTests/Resources/testappcast_minimumAutoupdateVersionSkipping.xml",
"rule" : {
"process" : {
}
}
},
{
"path" : "/Users/admin/builder/spi-builder-workspace/Tests/IntegrationTests/Resources/testappcast_minimumAutoupdateVersionSkipping2.xml",
"rule" : {
"process" : {
}
}
},
{
"path" : "/Users/admin/builder/spi-builder-workspace/Tests/IntegrationTests/Resources/testappcast_phasedRollout.xml",
"rule" : {
"process" : {
}
}
},
{
"path" : "/Users/admin/builder/spi-builder-workspace/Tests/IntegrationTests/Resources/testlocalizedreleasenotesappcast.xml",
"rule" : {
"process" : {
}
}
},
{
"path" : "/Users/admin/builder/spi-builder-workspace/Tests/IntegrationTests/Resources/testnamespaces.xml",
"rule" : {
"process" : {
}
}
}
],
"sources" : [
"SUAppcastChannelTests.swift",
"SUAppcastCriticalUpdateTests.swift",
"SUAppcastDangerousLinkTests.swift",
"SUAppcastDriverTests.swift",
"SUAppcastInformationalUpdateTests.swift",
"SUAppcastLinkTests.swift",
"SUAppcastMinimumAutoupdateTests.swift",
"SUAppcastParserNamespacesTests.swift",
"SUAppcastParserTests.swift",
"SUAppcastPhasedGroupRolloutsTests.swift",
"SUAppcastReleaseNotesTests.swift",
"SUAppcastTest.swift"
],
"target_dependencies" : [
"Appcast"
],
"type" : "test"
},
{
"c99name" : "AppcastTests",
"module_type" : "SwiftTarget",
"name" : "AppcastTests",
"path" : "Tests/AppcastTests",
"resources" : [
{
"path" : "/Users/admin/builder/spi-builder-workspace/Tests/AppcastTests/Resources/appcast_delta_inherits_parent_enclosure_version.xml",
"rule" : {
"process" : {
}
}
},
{
"path" : "/Users/admin/builder/spi-builder-workspace/Tests/AppcastTests/Resources/appcast_simple.xml",
"rule" : {
"process" : {
}
}
}
],
"sources" : [
"AlwaysPassTests.swift",
"AppcastPublicAPIParityTests.swift",
"SPUAppcastItemStateTests.swift",
"SPUDownloadDataTests.swift",
"SUAppcastDriverTests.swift",
"SUAppcastItemBaseTests.swift",
"SUAppcastItemTests+deltaMetadata.swift",
"SUAppcastItemTests+deltaUpdates.swift",
"SUAppcastItemTests+description.swift",
"SUAppcastItemTests+displayVersionString.swift",
"SUAppcastItemTests+equatable.swift",
"SUAppcastItemTests+installationType.swift",
"SUAppcastItemTests+isCriticalUpdate.swift",
"SUAppcastItemTests+isInformationOnlyUpdate.swift",
"SUAppcastItemTests+isMajorUpgrade.swift",
"SUAppcastItemTests+minimumRequirements.swift",
"SUAppcastItemTests+phasedRolloutInterval.swift",
"SUAppcastItemTests+propertiesDictionary.swift",
"SUAppcastItemTests+sanitizeChannelName.swift",
"SUAppcastItemTests+signingValidation.swift",
"SUAppcastItemTests+versionString.swift",
"SUAppcastTests.swift",
"SUOperatingSystemTests.swift",
"SUSignaturesTests.swift",
"SUStandardVersionComparatorParityTests.swift",
"SUStandardVersionComparatorTests.swift"
],
"target_dependencies" : [
"Appcast"
],
"type" : "test"
},
{
"c99name" : "Appcast",
"module_type" : "SwiftTarget",
"name" : "Appcast",
"path" : "Sources/Appcast",
"product_memberships" : [
"Appcast"
],
"sources" : [
"Appcast.swift",
"Constants.swift",
"SPUAppcastItemState.swift",
"SPUAppcastItemStateResolver.swift",
"SPUAppcastSigningValidationStatus.swift",
"SPUDownloadData.swift",
"SPUSkippedUpdate.swift",
"SUAppcast.swift",
"SUAppcastDriver.swift",
"SUAppcastItem.swift",
"SUOperatingSystem.swift",
"SUSignatures.swift",
"SUStandardVersionComparator.swift",
"SUVersionComparison.swift"
],
"type" : "library"
}
],
"tools_version" : "5.10"
}
{
"workspace" : {
"name" : "Appcast",
"schemes" : [
"Appcast"
]
}
}
2026-09-26 15:44:32.268 xcodebuild[717:4363] [MT] IDERunDestination: Supported platforms for the buildables in the current scheme is empty.
Running build ...
env DEVELOPER_DIR=/Applications/Xcode-27.0.0-Release.Candidate.app xcrun xcodebuild -IDEClonedSourcePackagesDirPathOverride=$PWD/.dependencies -skipMacroValidation -skipPackagePluginValidation -derivedDataPath $PWD/.derivedData build -scheme Appcast -destination generic/platform=xrOS
Command line invocation:
/Applications/Xcode-27.0.0-Release.Candidate.app/Contents/Developer/usr/bin/xcodebuild -IDEClonedSourcePackagesDirPathOverride=/Users/admin/builder/spi-builder-workspace/.dependencies -skipMacroValidation -skipPackagePluginValidation -derivedDataPath /Users/admin/builder/spi-builder-workspace/.derivedData build -scheme Appcast -destination generic/platform=xrOS
Resolve Package Graph
Resolved source packages:
Appcast: /Users/admin/builder/spi-builder-workspace
ComputePackagePrebuildTargetDependencyGraph
Prepare packages
CreateBuildRequest
SendProjectDescription
CreateBuildOperation
ComputeTargetDependencyGraph
note: Building targets in dependency order
note: Target dependency graph (2 targets)
Target 'Appcast-product' in project 'Appcast'
➜ Explicit dependency on target 'Appcast' in project 'Appcast'
Target 'Appcast' in project 'Appcast' (no dependencies)
GatherProvisioningInputs
CreateBuildDescription
ClangStatCache /Applications/Xcode-27.0.0-Release.Candidate.app/Contents/Developer/Toolchains/XcodeDefault.xctoolchain/usr/bin/clang-stat-cache /Applications/Xcode-27.0.0-Release.Candidate.app/Contents/Developer/Platforms/XROS.platform/Developer/SDKs/XROS27.0.sdk /Users/admin/builder/spi-builder-workspace/.derivedData/SDKStatCaches.noindex/xros27.0-24M361-e829b21a6f8c9b70876ba0858053c044735bd543db762f57723cac368afd1ce4.sdkstatcache
cd /Users/admin/builder/spi-builder-workspace/.swiftpm/xcode
/Applications/Xcode-27.0.0-Release.Candidate.app/Contents/Developer/Toolchains/XcodeDefault.xctoolchain/usr/bin/clang-stat-cache /Applications/Xcode-27.0.0-Release.Candidate.app/Contents/Developer/Platforms/XROS.platform/Developer/SDKs/XROS27.0.sdk -o /Users/admin/builder/spi-builder-workspace/.derivedData/SDKStatCaches.noindex/xros27.0-24M361-e829b21a6f8c9b70876ba0858053c044735bd543db762f57723cac368afd1ce4.sdkstatcache
SwiftDriver Appcast normal arm64 com.apple.xcode.tools.swift.compiler (in target 'Appcast' from project 'Appcast')
cd /Users/admin/builder/spi-builder-workspace/.swiftpm/xcode
builtin-SwiftDriver -- /Applications/Xcode-27.0.0-Release.Candidate.app/Contents/Developer/Toolchains/XcodeDefault.xctoolchain/usr/bin/swiftc -parse-as-library -module-name Appcast -Onone @/Users/admin/builder/spi-builder-workspace/.derivedData/Build/Intermediates.noindex/Appcast.build/Debug-xros/Appcast-t.build/Objects-normal/arm64/Appcast.SwiftFileList -DSWIFT_PACKAGE -DDEBUG -DSWIFT_MODULE_RESOURCE_BUNDLE_UNAVAILABLE -DXcode -enable-upcoming-feature StrictConcurrency -plugin-path /Applications/Xcode-27.0.0-Release.Candidate.app/Contents/Developer/Toolchains/XcodeDefault.xctoolchain/usr/lib/swift/host/plugins/testing -enable-experimental-feature DebugDescriptionMacro -sdk /Applications/Xcode-27.0.0-Release.Candidate.app/Contents/Developer/Platforms/XROS.platform/Developer/SDKs/XROS27.0.sdk -target arm64-apple-xros1.0 -g -module-cache-path /Users/admin/builder/spi-builder-workspace/.derivedData/ModuleCache.noindex -Xfrontend -serialize-debugging-options -profile-coverage-mapping -profile-generate -enable-testing -index-store-path /Users/admin/builder/spi-builder-workspace/.derivedData/Index.noindex/DataStore -Xcc -D_LIBCPP_HARDENING_MODE\=_LIBCPP_HARDENING_MODE_DEBUG -swift-version 5 -I /Users/admin/builder/spi-builder-workspace/.derivedData/Build/Products/Debug-xros -Isystem /Applications/Xcode-27.0.0-Release.Candidate.app/Contents/Developer/Platforms/XROS.platform/Developer/usr/lib -F /Users/admin/builder/spi-builder-workspace/.derivedData/Build/Products/Debug-xros -F /Applications/Xcode-27.0.0-Release.Candidate.app/Contents/Developer/Platforms/XROS.platform/Developer/Library/Frameworks -F /Applications/Xcode-27.0.0-Release.Candidate.app/Contents/Developer/Platforms/XROS.platform/Developer/SDKs/XROS27.0.sdk/Developer/Library/Frameworks -c -j10 -enable-batch-mode -incremental -Xcc -ivfsstatcache -Xcc /Users/admin/builder/spi-builder-workspace/.derivedData/SDKStatCaches.noindex/xros27.0-24M361-e829b21a6f8c9b70876ba0858053c044735bd543db762f57723cac368afd1ce4.sdkstatcache -output-file-map /Users/admin/builder/spi-builder-workspace/.derivedData/Build/Intermediates.noindex/Appcast.build/Debug-xros/Appcast-t.build/Objects-normal/arm64/Appcast-OutputFileMap.json -save-temps -no-color-diagnostics -explicit-module-build -module-cache-path /Users/admin/builder/spi-builder-workspace/.derivedData/Build/Intermediates.noindex/SwiftExplicitPrecompiledModules -clang-scanner-module-cache-path /Users/admin/builder/spi-builder-workspace/.derivedData/ModuleCache.noindex -sdk-module-cache-path /Users/admin/builder/spi-builder-workspace/.derivedData/SDKExplicitPrecompiledModules -emit-dependencies -emit-module -emit-module-path /Users/admin/builder/spi-builder-workspace/.derivedData/Build/Intermediates.noindex/Appcast.build/Debug-xros/Appcast-t.build/Objects-normal/arm64/Appcast.swiftmodule -serialize-diagnostics -dependency-scan-serialize-diagnostics-path /Users/admin/builder/spi-builder-workspace/.derivedData/Build/Intermediates.noindex/Appcast.build/Debug-xros/Appcast-t.build/Objects-normal/arm64/Appcast-dependency-scan.dia -validate-clang-modules-once -clang-build-session-file /Users/admin/builder/spi-builder-workspace/.derivedData/ModuleCache.noindex/Session.modulevalidation -Xcc -fmodules-prune-interval\=86400 -Xcc -fmodules-prune-after\=345600 -package-name spi_builder_workspace -emit-const-values -const-gather-protocols-list /Users/admin/builder/spi-builder-workspace/.derivedData/Build/Intermediates.noindex/Appcast.build/Debug-xros/Appcast-t.build/Objects-normal/arm64/Appcast_const_extract_protocols.json -Xcc -I/Users/admin/builder/spi-builder-workspace/.derivedData/Build/Products/Debug-xros/include -Xcc -I/Users/admin/builder/spi-builder-workspace/.derivedData/Build/Intermediates.noindex/Appcast.build/Debug-xros/Appcast-t.build/DerivedSources-normal/arm64 -Xcc -I/Users/admin/builder/spi-builder-workspace/.derivedData/Build/Intermediates.noindex/Appcast.build/Debug-xros/Appcast-t.build/DerivedSources/arm64 -Xcc -I/Users/admin/builder/spi-builder-workspace/.derivedData/Build/Intermediates.noindex/Appcast.build/Debug-xros/Appcast-t.build/DerivedSources -Xcc -DSWIFT_PACKAGE -Xcc -DDEBUG\=1 -emit-objc-header -emit-objc-header-path /Users/admin/builder/spi-builder-workspace/.derivedData/Build/Intermediates.noindex/Appcast.build/Debug-xros/Appcast-t.build/Objects-normal/arm64/Appcast-Swift.h -working-directory /Users/admin/builder/spi-builder-workspace/.swiftpm/xcode -experimental-emit-module-separately -disable-cmo
SwiftCompile normal arm64 Compiling\ SPUAppcastItemState.swift,\ SPUAppcastItemStateResolver.swift /Users/admin/builder/spi-builder-workspace/Sources/Appcast/SPUAppcastItemState.swift /Users/admin/builder/spi-builder-workspace/Sources/Appcast/SPUAppcastItemStateResolver.swift (in target 'Appcast' from project 'Appcast')
SwiftCompile normal arm64 /Users/admin/builder/spi-builder-workspace/Sources/Appcast/SPUAppcastItemState.swift (in target 'Appcast' from project 'Appcast')
cd /Users/admin/builder/spi-builder-workspace/.swiftpm/xcode
builtin-SwiftPerFileCompile SPUAppcastItemState.swift
SwiftCompile normal arm64 /Users/admin/builder/spi-builder-workspace/Sources/Appcast/SPUAppcastItemStateResolver.swift (in target 'Appcast' from project 'Appcast')
cd /Users/admin/builder/spi-builder-workspace/.swiftpm/xcode
builtin-SwiftPerFileCompile SPUAppcastItemStateResolver.swift
SwiftCompile normal arm64 Compiling\ SUAppcastDriver.swift /Users/admin/builder/spi-builder-workspace/Sources/Appcast/SUAppcastDriver.swift (in target 'Appcast' from project 'Appcast')
SwiftCompile normal arm64 /Users/admin/builder/spi-builder-workspace/Sources/Appcast/SUAppcastDriver.swift (in target 'Appcast' from project 'Appcast')
cd /Users/admin/builder/spi-builder-workspace/.swiftpm/xcode
builtin-SwiftPerFileCompile SUAppcastDriver.swift
SwiftCompile normal arm64 Compiling\ SUOperatingSystem.swift /Users/admin/builder/spi-builder-workspace/Sources/Appcast/SUOperatingSystem.swift (in target 'Appcast' from project 'Appcast')
SwiftCompile normal arm64 /Users/admin/builder/spi-builder-workspace/Sources/Appcast/SUOperatingSystem.swift (in target 'Appcast' from project 'Appcast')
cd /Users/admin/builder/spi-builder-workspace/.swiftpm/xcode
builtin-SwiftPerFileCompile SUOperatingSystem.swift
SwiftCompile normal arm64 Compiling\ SUAppcastItem.swift /Users/admin/builder/spi-builder-workspace/Sources/Appcast/SUAppcastItem.swift (in target 'Appcast' from project 'Appcast')
SwiftCompile normal arm64 /Users/admin/builder/spi-builder-workspace/Sources/Appcast/SUAppcastItem.swift (in target 'Appcast' from project 'Appcast')
cd /Users/admin/builder/spi-builder-workspace/.swiftpm/xcode
builtin-SwiftPerFileCompile SUAppcastItem.swift
SwiftCompile normal arm64 Compiling\ SPUSkippedUpdate.swift,\ SUAppcast.swift /Users/admin/builder/spi-builder-workspace/Sources/Appcast/SPUSkippedUpdate.swift /Users/admin/builder/spi-builder-workspace/Sources/Appcast/SUAppcast.swift (in target 'Appcast' from project 'Appcast')
SwiftCompile normal arm64 /Users/admin/builder/spi-builder-workspace/Sources/Appcast/SPUSkippedUpdate.swift (in target 'Appcast' from project 'Appcast')
cd /Users/admin/builder/spi-builder-workspace/.swiftpm/xcode
builtin-SwiftPerFileCompile SPUSkippedUpdate.swift
SwiftCompile normal arm64 /Users/admin/builder/spi-builder-workspace/Sources/Appcast/SUAppcast.swift (in target 'Appcast' from project 'Appcast')
cd /Users/admin/builder/spi-builder-workspace/.swiftpm/xcode
builtin-SwiftPerFileCompile SUAppcast.swift
/Users/admin/builder/spi-builder-workspace/Sources/Appcast/SUAppcast.swift:235:41: error: cannot find type 'XMLNode' in scope
233 | }
234 |
235 | func sparkleNamespacedName(of node: XMLNode) -> String? {
| `- error: cannot find type 'XMLNode' in scope
236 | // XML namespace prefix is semantically meaningless, so compare namespace URI
237 | // NS URI isn't used to fetch anything, and must match exactly, so we look for http:// not https://
/Users/admin/builder/spi-builder-workspace/Sources/Appcast/SUAppcast.swift:252:57: error: cannot find type 'XMLNode' in scope
250 | static let SUXMLLanguage = "xml:lang"
251 |
252 | func bestNode(in nodes: [XMLNode], name: String) -> XMLNode? {
| `- error: cannot find type 'XMLNode' in scope
253 | // We use this method to pick out the localized version of a node when one's available.
254 | if nodes.count == 1 {
/Users/admin/builder/spi-builder-workspace/Sources/Appcast/SUAppcast.swift:252:30: error: cannot find type 'XMLNode' in scope
250 | static let SUXMLLanguage = "xml:lang"
251 |
252 | func bestNode(in nodes: [XMLNode], name: String) -> XMLNode? {
| `- error: cannot find type 'XMLNode' in scope
253 | // We use this method to pick out the localized version of a node when one's available.
254 | if nodes.count == 1 {
/Users/admin/builder/spi-builder-workspace/Sources/Appcast/SUAppcast.swift:287:30: error: cannot find type 'XMLNode' in scope
285 | typealias AttributesDictionary = [String: String]
286 |
287 | func attributes(of node: XMLNode) -> AttributesDictionary {
| `- error: cannot find type 'XMLNode' in scope
288 | var dictionary = [String: String]()
289 |
/Users/admin/builder/spi-builder-workspace/Sources/Appcast/SUAppcast.swift:62:28: error: cannot find 'XMLDocument' in scope
60 | self.signingValidationStatus = signingValidationStatus
61 |
62 | let document = try XMLDocument(data: appcastData, options: .nodeLoadExternalEntitiesNever)
| `- error: cannot find 'XMLDocument' in scope
63 | let xmlItems = try document.nodes(forXPath: "/rss/channel/item")
64 |
/Users/admin/builder/spi-builder-workspace/Sources/Appcast/SUAppcast.swift:83:39: error: cannot find 'XMLNode' in scope
81 | for item in xmlItems {
82 | var dict = SUAppcastItemProperties()
83 | var nodesDict = [String: [XMLNode]]()
| `- error: cannot find 'XMLNode' in scope
84 |
85 | if item.childCount > 0 {
/Users/admin/builder/spi-builder-workspace/Sources/Appcast/SUAppcast.swift:83:29: error: cannot call value of non-function type '[String.Type : [Element]]'
81 | for item in xmlItems {
82 | var dict = SUAppcastItemProperties()
83 | var nodesDict = [String: [XMLNode]]()
| `- error: cannot call value of non-function type '[String.Type : [Element]]'
84 |
85 | if item.childCount > 0 {
/Users/admin/builder/spi-builder-workspace/Sources/Appcast/SUAppcast.swift:83:29: error: type 'String.Type' cannot conform to 'Hashable' [#ProtocolTypeNonConformance]
81 | for item in xmlItems {
82 | var dict = SUAppcastItemProperties()
83 | var nodesDict = [String: [XMLNode]]()
| |- error: type 'String.Type' cannot conform to 'Hashable' [#ProtocolTypeNonConformance]
| |- note: only concrete types such as structs, enums and classes can conform to protocols
| `- note: required by generic struct 'Dictionary' where 'Key' = 'String.Type'
84 |
85 | if item.childCount > 0 {
/Users/admin/builder/spi-builder-workspace/Sources/Appcast/SUAppcast.swift:94:51: error: cannot find 'XMLNode' in scope
92 |
93 | if let name = self.sparkleNamespacedName(of: currentNode) {
94 | nodesDict[name, default: [XMLNode]()].append(currentNode)
| `- error: cannot find 'XMLNode' in scope
95 | // var nodes = nodesDict[name]
96 | // if nodes == nil {
SwiftCompile normal arm64 Compiling\ SUVersionComparison.swift /Users/admin/builder/spi-builder-workspace/Sources/Appcast/SUVersionComparison.swift (in target 'Appcast' from project 'Appcast')
SwiftCompile normal arm64 /Users/admin/builder/spi-builder-workspace/Sources/Appcast/SUVersionComparison.swift (in target 'Appcast' from project 'Appcast')
cd /Users/admin/builder/spi-builder-workspace/.swiftpm/xcode
builtin-SwiftPerFileCompile SUVersionComparison.swift
SwiftEmitModule normal arm64 Emitting\ module\ for\ Appcast (in target 'Appcast' from project 'Appcast')
/Users/admin/builder/spi-builder-workspace/Sources/Appcast/SUAppcast.swift:235:41: error: cannot find type 'XMLNode' in scope
233 | }
234 |
235 | func sparkleNamespacedName(of node: XMLNode) -> String? {
| `- error: cannot find type 'XMLNode' in scope
236 | // XML namespace prefix is semantically meaningless, so compare namespace URI
237 | // NS URI isn't used to fetch anything, and must match exactly, so we look for http:// not https://
/Users/admin/builder/spi-builder-workspace/Sources/Appcast/SUAppcast.swift:252:57: error: cannot find type 'XMLNode' in scope
250 | static let SUXMLLanguage = "xml:lang"
251 |
252 | func bestNode(in nodes: [XMLNode], name: String) -> XMLNode? {
| `- error: cannot find type 'XMLNode' in scope
253 | // We use this method to pick out the localized version of a node when one's available.
254 | if nodes.count == 1 {
/Users/admin/builder/spi-builder-workspace/Sources/Appcast/SUAppcast.swift:252:30: error: cannot find type 'XMLNode' in scope
250 | static let SUXMLLanguage = "xml:lang"
251 |
252 | func bestNode(in nodes: [XMLNode], name: String) -> XMLNode? {
| `- error: cannot find type 'XMLNode' in scope
253 | // We use this method to pick out the localized version of a node when one's available.
254 | if nodes.count == 1 {
/Users/admin/builder/spi-builder-workspace/Sources/Appcast/SUAppcast.swift:287:30: error: cannot find type 'XMLNode' in scope
285 | typealias AttributesDictionary = [String: String]
286 |
287 | func attributes(of node: XMLNode) -> AttributesDictionary {
| `- error: cannot find type 'XMLNode' in scope
288 | var dictionary = [String: String]()
289 |
Failed frontend command:
/Applications/Xcode-27.0.0-Release.Candidate.app/Contents/Developer/Toolchains/XcodeDefault.xctoolchain/usr/bin/swift-frontend -frontend -emit-module -experimental-skip-non-inlinable-function-bodies-without-types /Users/admin/builder/spi-builder-workspace/Sources/Appcast/Appcast.swift /Users/admin/builder/spi-builder-workspace/Sources/Appcast/Constants.swift /Users/admin/builder/spi-builder-workspace/Sources/Appcast/SPUAppcastItemState.swift /Users/admin/builder/spi-builder-workspace/Sources/Appcast/SPUAppcastItemStateResolver.swift /Users/admin/builder/spi-builder-workspace/Sources/Appcast/SPUAppcastSigningValidationStatus.swift /Users/admin/builder/spi-builder-workspace/Sources/Appcast/SPUDownloadData.swift /Users/admin/builder/spi-builder-workspace/Sources/Appcast/SPUSkippedUpdate.swift /Users/admin/builder/spi-builder-workspace/Sources/Appcast/SUAppcast.swift /Users/admin/builder/spi-builder-workspace/Sources/Appcast/SUAppcastDriver.swift /Users/admin/builder/spi-builder-workspace/Sources/Appcast/SUAppcastItem.swift /Users/admin/builder/spi-builder-workspace/Sources/Appcast/SUOperatingSystem.swift /Users/admin/builder/spi-builder-workspace/Sources/Appcast/SUSignatures.swift /Users/admin/builder/spi-builder-workspace/Sources/Appcast/SUStandardVersionComparator.swift /Users/admin/builder/spi-builder-workspace/Sources/Appcast/SUVersionComparison.swift -target arm64-apple-xros1.0 -module-can-import-version Darwin 428.0.10 0 -disable-cross-import-overlay-search -swift-module-cross-import Darwin /Applications/Xcode-27.0.0-Release.Candidate.app/Contents/Developer/Platforms/XROS.platform/Developer/SDKs/XROS.sdk/usr/include/Darwin.swiftcrossimport/xlocale.swiftoverlay -load-resolved-plugin /Applications/Xcode-27.0.0-Release.Candidate.app/Contents/Developer/Platforms/XROS.platform/Developer/usr/lib/swift/host/plugins/libFoundationMacros.dylib\#/Applications/Xcode-27.0.0-Release.Candidate.app/Contents/Developer/Platforms/XROS.platform/Developer/usr/bin/swift-plugin-server\#FoundationMacros -load-resolved-plugin /Applications/Xcode-27.0.0-Release.Candidate.app/Contents/Developer/Platforms/XROS.platform/Developer/usr/lib/swift/host/plugins/libObservationMacros.dylib\#/Applications/Xcode-27.0.0-Release.Candidate.app/Contents/Developer/Platforms/XROS.platform/Developer/usr/bin/swift-plugin-server\#ObservationMacros -load-resolved-plugin /Applications/Xcode-27.0.0-Release.Candidate.app/Contents/Developer/Platforms/XROS.platform/Developer/usr/lib/swift/host/plugins/libSwiftMacros.dylib\#/Applications/Xcode-27.0.0-Release.Candidate.app/Contents/Developer/Platforms/XROS.platform/Developer/usr/bin/swift-plugin-server\#SwiftMacros -disable-implicit-swift-modules -Xcc -fno-implicit-modules -Xcc -fno-implicit-module-maps -explicit-swift-module-map-file /Users/admin/builder/spi-builder-workspace/.derivedData/Build/Intermediates.noindex/Appcast.build/Debug-xros/Appcast-t.build/Objects-normal/arm64/Appcast-dependencies-1.json -Xllvm -aarch64-use-tbi -enable-objc-interop -stack-check -sdk /Applications/Xcode-27.0.0-Release.Candidate.app/Contents/Developer/Platforms/XROS.platform/Developer/SDKs/XROS27.0.sdk -I /Users/admin/builder/spi-builder-workspace/.derivedData/Build/Products/Debug-xros -Isystem /Applications/Xcode-27.0.0-Release.Candidate.app/Contents/Developer/Platforms/XROS.platform/Developer/usr/lib -F /Users/admin/builder/spi-builder-workspace/.derivedData/Build/Products/Debug-xros -F /Applications/Xcode-27.0.0-Release.Candidate.app/Contents/Developer/Platforms/XROS.platform/Developer/Library/Frameworks -F /Applications/Xcode-27.0.0-Release.Candidate.app/Contents/Developer/Platforms/XROS.platform/Developer/SDKs/XROS27.0.sdk/Developer/Library/Frameworks -module-cache-path /Users/admin/builder/spi-builder-workspace/.derivedData/Build/Intermediates.noindex/SwiftExplicitPrecompiledModules -no-color-diagnostics -Xcc -fno-color-diagnostics -enable-testing -g -debug-info-format\=dwarf -dwarf-version\=4 -profile-generate -profile-coverage-mapping -swift-version 5 -Onone -D SWIFT_PACKAGE -D DEBUG -D SWIFT_MODULE_RESOURCE_BUNDLE_UNAVAILABLE -D Xcode -serialize-debugging-options -enable-upcoming-feature StrictConcurrency -enable-experimental-feature DebugDescriptionMacro -empty-abi-descriptor -validate-clang-modules-once -clang-build-session-file /Users/admin/builder/spi-builder-workspace/.derivedData/ModuleCache.noindex/Session.modulevalidation -Xcc -working-directory -Xcc /Users/admin/builder/spi-builder-workspace/.swiftpm/xcode -enable-anonymous-context-mangled-names -file-compilation-dir /Users/admin/builder/spi-builder-workspace/.swiftpm/xcode -Xcc -D_LIBCPP_HARDENING_MODE\=_LIBCPP_HARDENING_MODE_DEBUG -Xcc -ivfsstatcache -Xcc /Users/admin/builder/spi-builder-workspace/.derivedData/SDKStatCaches.noindex/xros27.0-24M361-e829b21a6f8c9b70876ba0858053c044735bd543db762f57723cac368afd1ce4.sdkstatcache -Xcc -fmodules-prune-interval\=86400 -Xcc -fmodules-prune-after\=345600 -Xcc -I/Users/admin/builder/spi-builder-workspace/.derivedData/Build/Products/Debug-xros/include -Xcc -I/Users/admin/builder/spi-builder-workspace/.derivedData/Build/Intermediates.noindex/Appcast.build/Debug-xros/Appcast-t.build/DerivedSources-normal/arm64 -Xcc -I/Users/admin/builder/spi-builder-workspace/.derivedData/Build/Intermediates.noindex/Appcast.build/Debug-xros/Appcast-t.build/DerivedSources/arm64 -Xcc -I/Users/admin/builder/spi-builder-workspace/.derivedData/Build/Intermediates.noindex/Appcast.build/Debug-xros/Appcast-t.build/DerivedSources -Xcc -DSWIFT_PACKAGE -Xcc -DDEBUG\=1 -no-auto-bridging-header-chaining -module-name Appcast -package-name spi_builder_workspace -const-gather-protocols-file /Users/admin/builder/spi-builder-workspace/.derivedData/Build/Intermediates.noindex/Appcast.build/Debug-xros/Appcast-t.build/Objects-normal/arm64/Appcast_const_extract_protocols.json -disable-clang-spi -clang-target arm64-apple-xros27.0 -target-sdk-version 27.0 -target-sdk-name xros27.0 -in-process-plugin-server-path /Applications/Xcode-27.0.0-Release.Candidate.app/Contents/Developer/Toolchains/XcodeDefault.xctoolchain/usr/lib/swift/host/libSwiftInProcPluginServer.dylib -emit-module-doc-path /Users/admin/builder/spi-builder-workspace/.derivedData/Build/Intermediates.noindex/Appcast.build/Debug-xros/Appcast-t.build/Objects-normal/arm64/Appcast.swiftdoc -emit-module-source-info-path /Users/admin/builder/spi-builder-workspace/.derivedData/Build/Intermediates.noindex/Appcast.build/Debug-xros/Appcast-t.build/Objects-normal/arm64/Appcast.swiftsourceinfo -emit-objc-header-path /Users/admin/builder/spi-builder-workspace/.derivedData/Build/Intermediates.noindex/Appcast.build/Debug-xros/Appcast-t.build/Objects-normal/arm64/Appcast-Swift.h -serialize-diagnostics-path /Users/admin/builder/spi-builder-workspace/.derivedData/Build/Intermediates.noindex/Appcast.build/Debug-xros/Appcast-t.build/Objects-normal/arm64/Appcast-primary-emit-module.dia -emit-dependencies-path /Users/admin/builder/spi-builder-workspace/.derivedData/Build/Intermediates.noindex/Appcast.build/Debug-xros/Appcast-t.build/Objects-normal/arm64/Appcast-primary-emit-module.d -parse-as-library -o /Users/admin/builder/spi-builder-workspace/.derivedData/Build/Intermediates.noindex/Appcast.build/Debug-xros/Appcast-t.build/Objects-normal/arm64/Appcast.swiftmodule -emit-abi-descriptor-path /Users/admin/builder/spi-builder-workspace/.derivedData/Build/Intermediates.noindex/Appcast.build/Debug-xros/Appcast-t.build/Objects-normal/arm64/Appcast.abi.json
SwiftCompile normal arm64 (in target 'Appcast' from project 'Appcast')
cd /Users/admin/builder/spi-builder-workspace/.swiftpm/xcode
SwiftCompile normal arm64 Compiling\ SPUAppcastSigningValidationStatus.swift,\ SPUDownloadData.swift /Users/admin/builder/spi-builder-workspace/Sources/Appcast/SPUAppcastSigningValidationStatus.swift /Users/admin/builder/spi-builder-workspace/Sources/Appcast/SPUDownloadData.swift (in target 'Appcast' from project 'Appcast')
SwiftCompile normal arm64 /Users/admin/builder/spi-builder-workspace/Sources/Appcast/SPUAppcastSigningValidationStatus.swift (in target 'Appcast' from project 'Appcast')
cd /Users/admin/builder/spi-builder-workspace/.swiftpm/xcode
builtin-SwiftPerFileCompile SPUAppcastSigningValidationStatus.swift
SwiftCompile normal arm64 /Users/admin/builder/spi-builder-workspace/Sources/Appcast/SPUDownloadData.swift (in target 'Appcast' from project 'Appcast')
cd /Users/admin/builder/spi-builder-workspace/.swiftpm/xcode
builtin-SwiftPerFileCompile SPUDownloadData.swift
SwiftCompile normal arm64 Compiling\ SUStandardVersionComparator.swift /Users/admin/builder/spi-builder-workspace/Sources/Appcast/SUStandardVersionComparator.swift (in target 'Appcast' from project 'Appcast')
SwiftCompile normal arm64 /Users/admin/builder/spi-builder-workspace/Sources/Appcast/SUStandardVersionComparator.swift (in target 'Appcast' from project 'Appcast')
cd /Users/admin/builder/spi-builder-workspace/.swiftpm/xcode
builtin-SwiftPerFileCompile SUStandardVersionComparator.swift
SwiftCompile normal arm64 Compiling\ Appcast.swift,\ Constants.swift /Users/admin/builder/spi-builder-workspace/Sources/Appcast/Appcast.swift /Users/admin/builder/spi-builder-workspace/Sources/Appcast/Constants.swift (in target 'Appcast' from project 'Appcast')
SwiftCompile normal arm64 /Users/admin/builder/spi-builder-workspace/Sources/Appcast/Appcast.swift (in target 'Appcast' from project 'Appcast')
cd /Users/admin/builder/spi-builder-workspace/.swiftpm/xcode
builtin-SwiftPerFileCompile Appcast.swift
SwiftCompile normal arm64 /Users/admin/builder/spi-builder-workspace/Sources/Appcast/Constants.swift (in target 'Appcast' from project 'Appcast')
cd /Users/admin/builder/spi-builder-workspace/.swiftpm/xcode
builtin-SwiftPerFileCompile Constants.swift
SwiftCompile normal arm64 Compiling\ SUSignatures.swift /Users/admin/builder/spi-builder-workspace/Sources/Appcast/SUSignatures.swift (in target 'Appcast' from project 'Appcast')
SwiftCompile normal arm64 /Users/admin/builder/spi-builder-workspace/Sources/Appcast/SUSignatures.swift (in target 'Appcast' from project 'Appcast')
cd /Users/admin/builder/spi-builder-workspace/.swiftpm/xcode
builtin-SwiftPerFileCompile SUSignatures.swift
PruneExplicitPrecompiledModules /Users/admin/builder/spi-builder-workspace/.derivedData/Build/Intermediates.noindex/ExplicitPrecompiledModules
PruneExplicitPrecompiledModules /Users/admin/builder/spi-builder-workspace/.derivedData/SDKExplicitPrecompiledModules
PruneExplicitPrecompiledModules /Users/admin/builder/spi-builder-workspace/.derivedData/Build/Intermediates.noindex/SwiftExplicitPrecompiledModules
2026-09-26 15:44:33.244 xcodebuild[718:4387] [MT] IDERunDestination: Supported platforms for the buildables in the current scheme is empty.
** BUILD FAILED **
The following build commands failed:
SwiftEmitModule normal arm64 Emitting\ module\ for\ Appcast (in target 'Appcast' from project 'Appcast')
SwiftCompile normal arm64 (in target 'Appcast' from project 'Appcast')
Building workspace Appcast with scheme Appcast
(3 failures)
BUILD FAILURE 6.4 visionOS