Build Information
Failed to build ProductHunt, reference 1.0.3 (7fd185), with Swift 6.4 for watchOS using Xcode 27.0 on 20 Sep 2026 13:55:19 UTC.
Build Command
env DEVELOPER_DIR=/Applications/Xcode-27.0.0-Release.Candidate.app xcrun xcodebuild -IDEClonedSourcePackagesDirPathOverride=$PWD/.dependencies -skipMacroValidation -skipPackagePluginValidation -derivedDataPath $PWD/.derivedData build -scheme ProductHunt -destination generic/platform=watchOSBuild Log
========================================
RunAll
========================================
Builder version: 5.1.0
Interrupt handler set up.
========================================
Checkout
========================================
Clone URL: https://github.com/appcraftconsulting/producthunt.git
Reference: 1.0.3
Initialized empty Git repository in /Users/admin/builder/spi-builder-workspace/.git/
From https://github.com/appcraftconsulting/producthunt
* tag 1.0.3 -> FETCH_HEAD
HEAD is now at 7fd185e Updates images in README
Cloned https://github.com/appcraftconsulting/producthunt.git
Revision (git rev-parse @):
7fd185e352806a3745e4dfcae2ae18c9d263c5ab
SUCCESS checkout https://github.com/appcraftconsulting/producthunt.git at 1.0.3
========================================
Build
========================================
Selected platform: watchOS
Swift version: 6.4
Building package at path: $PWD
https://github.com/appcraftconsulting/producthunt.git
Command line invocation:
/Applications/Xcode-27.0.0-Release.Candidate.app/Contents/Developer/usr/bin/xcodebuild -IDEClonedSourcePackagesDirPathOverride=/Users/admin/builder/spi-builder-workspace/.dependencies -resolvePackageDependencies
Resolve Package Graph
Resolve Package Graph
Resolved source packages:
ProductHunt: /Users/admin/builder/spi-builder-workspace
resolved source packages: ProductHunt
2026-09-20 09:54:21.931 xcodebuild[529:3046] [MT] IDERunDestination: Supported platforms for the buildables in the current scheme is empty.
2026-09-20 09:54:22.078 xcodebuild[529:3046] [MT] IDERunDestination: Supported platforms for the buildables in the current scheme is empty.
2026-09-20 09:54:23.711 xcodebuild[529:3046] [MT] IDERunDestination: Supported platforms for the buildables in the current scheme is empty.
{
"dependencies" : [
],
"manifest_display_name" : "ProductHunt",
"name" : "ProductHunt",
"path" : "/Users/admin/builder/spi-builder-workspace",
"platforms" : [
{
"name" : "ios",
"version" : "11.0"
}
],
"products" : [
{
"name" : "ProductHunt",
"targets" : [
"ProductHunt"
],
"type" : {
"library" : [
"automatic"
]
}
}
],
"targets" : [
{
"c99name" : "ProductHuntTests",
"module_type" : "SwiftTarget",
"name" : "ProductHuntTests",
"path" : "Tests/ProductHuntTests",
"sources" : [
"ProductHuntTests.swift",
"XCTestManifests.swift"
],
"target_dependencies" : [
"ProductHunt"
],
"type" : "test"
},
{
"c99name" : "ProductHunt",
"module_type" : "SwiftTarget",
"name" : "ProductHunt",
"path" : "Sources/ProductHunt",
"product_memberships" : [
"ProductHunt"
],
"resources" : [
{
"path" : "/Users/admin/builder/spi-builder-workspace/Sources/ProductHunt/Resources/Assets.xcassets",
"rule" : {
"process" : {
}
}
}
],
"sources" : [
"Extensions/Color.swift",
"Extensions/Font.swift",
"Extensions/String.swift",
"Extensions/UIColor.swift",
"Extensions/UIFont.swift",
"Extensions/UserDefaults.swift",
"PHButton.swift",
"PHManager.swift",
"PHPost.swift",
"PHResponse.swift",
"SwiftUI/PHVotesCount.swift",
"SwiftUI/ProductHuntButton.swift"
],
"type" : "library"
}
],
"tools_version" : "5.3"
}
{
"workspace" : {
"name" : "ProductHunt",
"schemes" : [
"ProductHunt"
]
}
}
2026-09-20 09:55:08.920 xcodebuild[657:4193] [MT] IDERunDestination: Supported platforms for the buildables in the current scheme is empty.
2026-09-20 09:55:09.061 xcodebuild[657:4193] [MT] IDERunDestination: Supported platforms for the buildables in the current scheme is empty.
Running build ...
env DEVELOPER_DIR=/Applications/Xcode-27.0.0-Release.Candidate.app xcrun xcodebuild -IDEClonedSourcePackagesDirPathOverride=$PWD/.dependencies -skipMacroValidation -skipPackagePluginValidation -derivedDataPath $PWD/.derivedData build -scheme ProductHunt -destination generic/platform=watchOS
Command line invocation:
/Applications/Xcode-27.0.0-Release.Candidate.app/Contents/Developer/usr/bin/xcodebuild -IDEClonedSourcePackagesDirPathOverride=/Users/admin/builder/spi-builder-workspace/.dependencies -skipMacroValidation -skipPackagePluginValidation -derivedDataPath /Users/admin/builder/spi-builder-workspace/.derivedData build -scheme ProductHunt -destination generic/platform=watchOS
Resolve Package Graph
Resolved source packages:
ProductHunt: /Users/admin/builder/spi-builder-workspace
ComputePackagePrebuildTargetDependencyGraph
Prepare packages
CreateBuildRequest
SendProjectDescription
CreateBuildOperation
ComputeTargetDependencyGraph
note: Building targets in dependency order
note: Target dependency graph (4 targets)
Target 'ProductHuntTests-product' in project 'ProductHunt'
➜ Explicit dependency on target 'ProductHunt' in project 'ProductHunt'
Target 'ProductHunt-product' in project 'ProductHunt'
➜ Explicit dependency on target 'ProductHunt' in project 'ProductHunt'
➜ Explicit dependency on target 'ProductHunt_ProductHunt' in project 'ProductHunt'
Target 'ProductHunt' in project 'ProductHunt'
➜ Explicit dependency on target 'ProductHunt_ProductHunt' in project 'ProductHunt'
Target 'ProductHunt_ProductHunt' in project 'ProductHunt' (no dependencies)
GatherProvisioningInputs
CreateBuildDescription
ExecuteExternalTool /Applications/Xcode-27.0.0-Release.Candidate.app/Contents/Developer/usr/bin/actool --version --output-format xml1
ExecuteExternalTool /Applications/Xcode-27.0.0-Release.Candidate.app/Contents/Developer/Toolchains/XcodeDefault.xctoolchain/usr/bin/clang -v -E -dM -isysroot /Applications/Xcode-27.0.0-Release.Candidate.app/Contents/Developer/Platforms/WatchOS.platform/Developer/SDKs/WatchOS27.0.sdk -x c -c /dev/null
ExecuteExternalTool /Applications/Xcode-27.0.0-Release.Candidate.app/Contents/Developer/Toolchains/XcodeDefault.xctoolchain/usr/bin/swiftc --version
ExecuteExternalTool /Applications/Xcode-27.0.0-Release.Candidate.app/Contents/Developer/Toolchains/XcodeDefault.xctoolchain/usr/bin/ld -version_details
Build description signature: 8e41d31ed55ebc6541b5323c03b1ca08
Build description path: /Users/admin/builder/spi-builder-workspace/.derivedData/Build/Intermediates.noindex/XCBuildData/8e41d31ed55ebc6541b5323c03b1ca08.xcbuilddata
CreateBuildDirectory /Users/admin/builder/spi-builder-workspace/.derivedData/SDKExplicitPrecompiledModules
cd /Users/admin/builder/spi-builder-workspace/.swiftpm/xcode
builtin-create-build-directory /Users/admin/builder/spi-builder-workspace/.derivedData/SDKExplicitPrecompiledModules
CreateBuildDirectory /Users/admin/builder/spi-builder-workspace/.derivedData/ModuleCache.noindex
cd /Users/admin/builder/spi-builder-workspace/.swiftpm/xcode
builtin-create-build-directory /Users/admin/builder/spi-builder-workspace/.derivedData/ModuleCache.noindex
CreateBuildDirectory /Users/admin/builder/spi-builder-workspace/.derivedData/CompilationCache.noindex
cd /Users/admin/builder/spi-builder-workspace/.swiftpm/xcode
builtin-create-build-directory /Users/admin/builder/spi-builder-workspace/.derivedData/CompilationCache.noindex
CreateBuildDirectory /Users/admin/builder/spi-builder-workspace/.derivedData/Build/Products
cd /Users/admin/builder/spi-builder-workspace/.swiftpm/xcode
builtin-create-build-directory /Users/admin/builder/spi-builder-workspace/.derivedData/Build/Products
CreateBuildDirectory /Users/admin/builder/spi-builder-workspace/.derivedData/Build/Intermediates.noindex
cd /Users/admin/builder/spi-builder-workspace/.swiftpm/xcode
builtin-create-build-directory /Users/admin/builder/spi-builder-workspace/.derivedData/Build/Intermediates.noindex
ClangStatCache /Applications/Xcode-27.0.0-Release.Candidate.app/Contents/Developer/Toolchains/XcodeDefault.xctoolchain/usr/bin/clang-stat-cache /Applications/Xcode-27.0.0-Release.Candidate.app/Contents/Developer/Platforms/WatchOS.platform/Developer/SDKs/WatchOS27.0.sdk /Users/admin/builder/spi-builder-workspace/.derivedData/SDKStatCaches.noindex/watchos27.0-24R360-e829b21a6f8c9b70876ba0858053c04477534ef55a1706bf4c1112bbb242f0a2.sdkstatcache
cd /Users/admin/builder/spi-builder-workspace/.swiftpm/xcode
/Applications/Xcode-27.0.0-Release.Candidate.app/Contents/Developer/Toolchains/XcodeDefault.xctoolchain/usr/bin/clang-stat-cache /Applications/Xcode-27.0.0-Release.Candidate.app/Contents/Developer/Platforms/WatchOS.platform/Developer/SDKs/WatchOS27.0.sdk -o /Users/admin/builder/spi-builder-workspace/.derivedData/SDKStatCaches.noindex/watchos27.0-24R360-e829b21a6f8c9b70876ba0858053c04477534ef55a1706bf4c1112bbb242f0a2.sdkstatcache
CreateBuildDirectory /Users/admin/builder/spi-builder-workspace/.derivedData/Build/Intermediates.noindex/SwiftExplicitPrecompiledModules
cd /Users/admin/builder/spi-builder-workspace/.swiftpm/xcode
builtin-create-build-directory /Users/admin/builder/spi-builder-workspace/.derivedData/Build/Intermediates.noindex/SwiftExplicitPrecompiledModules
CreateBuildDirectory /Users/admin/builder/spi-builder-workspace/.derivedData/Build/Intermediates.noindex/PrecompiledHeaders
cd /Users/admin/builder/spi-builder-workspace/.swiftpm/xcode
builtin-create-build-directory /Users/admin/builder/spi-builder-workspace/.derivedData/Build/Intermediates.noindex/PrecompiledHeaders
CreateBuildDirectory /Users/admin/builder/spi-builder-workspace/.derivedData/Build/Intermediates.noindex/ExplicitPrecompiledModules
cd /Users/admin/builder/spi-builder-workspace/.swiftpm/xcode
builtin-create-build-directory /Users/admin/builder/spi-builder-workspace/.derivedData/Build/Intermediates.noindex/ExplicitPrecompiledModules
CreateBuildDirectory /Users/admin/builder/spi-builder-workspace/.derivedData/Build/Products/Debug-watchos
cd /Users/admin/builder/spi-builder-workspace/.swiftpm/xcode
builtin-create-build-directory /Users/admin/builder/spi-builder-workspace/.derivedData/Build/Products/Debug-watchos
CreateBuildDirectory /Users/admin/builder/spi-builder-workspace/.derivedData/Build/Intermediates.noindex/EagerLinkingTBDs/Debug-watchos
cd /Users/admin/builder/spi-builder-workspace/.swiftpm/xcode
builtin-create-build-directory /Users/admin/builder/spi-builder-workspace/.derivedData/Build/Intermediates.noindex/EagerLinkingTBDs/Debug-watchos
CreateBuildDirectory /Users/admin/builder/spi-builder-workspace/.derivedData/Build/Products/Debug-watchos/PackageFrameworks
cd /Users/admin/builder/spi-builder-workspace/.swiftpm/xcode
builtin-create-build-directory /Users/admin/builder/spi-builder-workspace/.derivedData/Build/Products/Debug-watchos/PackageFrameworks
MkDir /Users/admin/builder/spi-builder-workspace/.derivedData/Build/Products/Debug-watchos/ProductHunt_ProductHunt.bundle (in target 'ProductHunt_ProductHunt' from project 'ProductHunt')
cd /Users/admin/builder/spi-builder-workspace
/bin/mkdir -p /Users/admin/builder/spi-builder-workspace/.derivedData/Build/Products/Debug-watchos/ProductHunt_ProductHunt.bundle
WriteAuxiliaryFile /Users/admin/builder/spi-builder-workspace/.derivedData/Build/Intermediates.noindex/ProductHunt.build/Debug-watchos/ProductHunt-t.build/ProductHunt.modulemap (in target 'ProductHunt' from project 'ProductHunt')
cd /Users/admin/builder/spi-builder-workspace
write-file /Users/admin/builder/spi-builder-workspace/.derivedData/Build/Intermediates.noindex/ProductHunt.build/Debug-watchos/ProductHunt-t.build/ProductHunt.modulemap
WriteAuxiliaryFile /Users/admin/builder/spi-builder-workspace/.derivedData/Build/Intermediates.noindex/ProductHunt.build/Debug-watchos/ProductHunt_ProductHunt-b.build/ProductHunt_ProductHunt.DependencyMetadataFileList (in target 'ProductHunt_ProductHunt' from project 'ProductHunt')
cd /Users/admin/builder/spi-builder-workspace
write-file /Users/admin/builder/spi-builder-workspace/.derivedData/Build/Intermediates.noindex/ProductHunt.build/Debug-watchos/ProductHunt_ProductHunt-b.build/ProductHunt_ProductHunt.DependencyMetadataFileList
WriteAuxiliaryFile /Users/admin/builder/spi-builder-workspace/.derivedData/Build/Intermediates.noindex/ProductHunt.build/Debug-watchos/ProductHunt_ProductHunt-b.build/empty-ProductHunt_ProductHunt.plist (in target 'ProductHunt_ProductHunt' from project 'ProductHunt')
cd /Users/admin/builder/spi-builder-workspace
write-file /Users/admin/builder/spi-builder-workspace/.derivedData/Build/Intermediates.noindex/ProductHunt.build/Debug-watchos/ProductHunt_ProductHunt-b.build/empty-ProductHunt_ProductHunt.plist
WriteAuxiliaryFile /Users/admin/builder/spi-builder-workspace/.derivedData/Build/Intermediates.noindex/ProductHunt.build/Debug-watchos/ProductHunt_ProductHunt-b.build/ProductHunt_ProductHunt.DependencyStaticMetadataFileList (in target 'ProductHunt_ProductHunt' from project 'ProductHunt')
cd /Users/admin/builder/spi-builder-workspace
write-file /Users/admin/builder/spi-builder-workspace/.derivedData/Build/Intermediates.noindex/ProductHunt.build/Debug-watchos/ProductHunt_ProductHunt-b.build/ProductHunt_ProductHunt.DependencyStaticMetadataFileList
WriteAuxiliaryFile /Users/admin/builder/spi-builder-workspace/.derivedData/Build/Intermediates.noindex/ProductHunt.build/Debug-watchos/ProductHunt-t.build/ProductHunt.DependencyStaticMetadataFileList (in target 'ProductHunt' from project 'ProductHunt')
cd /Users/admin/builder/spi-builder-workspace
write-file /Users/admin/builder/spi-builder-workspace/.derivedData/Build/Intermediates.noindex/ProductHunt.build/Debug-watchos/ProductHunt-t.build/ProductHunt.DependencyStaticMetadataFileList
WriteAuxiliaryFile /Users/admin/builder/spi-builder-workspace/.derivedData/Build/Intermediates.noindex/ProductHunt.build/Debug-watchos/ProductHuntTests-p.build/empty-ProductHuntTests.plist (in target 'ProductHuntTests-product' from project 'ProductHunt')
cd /Users/admin/builder/spi-builder-workspace
write-file /Users/admin/builder/spi-builder-workspace/.derivedData/Build/Intermediates.noindex/ProductHunt.build/Debug-watchos/ProductHuntTests-p.build/empty-ProductHuntTests.plist
WriteAuxiliaryFile /Users/admin/builder/spi-builder-workspace/.derivedData/Build/Intermediates.noindex/ProductHunt.build/Debug-watchos/ProductHuntTests-p.build/ProductHuntTests.DependencyStaticMetadataFileList (in target 'ProductHuntTests-product' from project 'ProductHunt')
cd /Users/admin/builder/spi-builder-workspace
write-file /Users/admin/builder/spi-builder-workspace/.derivedData/Build/Intermediates.noindex/ProductHunt.build/Debug-watchos/ProductHuntTests-p.build/ProductHuntTests.DependencyStaticMetadataFileList
WriteAuxiliaryFile /Users/admin/builder/spi-builder-workspace/.derivedData/Build/Intermediates.noindex/ProductHunt.build/Debug-watchos/ProductHuntTests-p.build/ProductHuntTests.DependencyMetadataFileList (in target 'ProductHuntTests-product' from project 'ProductHunt')
cd /Users/admin/builder/spi-builder-workspace
write-file /Users/admin/builder/spi-builder-workspace/.derivedData/Build/Intermediates.noindex/ProductHunt.build/Debug-watchos/ProductHuntTests-p.build/ProductHuntTests.DependencyMetadataFileList
WriteAuxiliaryFile /Users/admin/builder/spi-builder-workspace/.derivedData/Build/Intermediates.noindex/ProductHunt.build/Debug-watchos/ProductHuntTests-p.build/Objects-normal/arm64_32/ProductHuntTests_const_extract_protocols.json (in target 'ProductHuntTests-product' from project 'ProductHunt')
cd /Users/admin/builder/spi-builder-workspace
write-file /Users/admin/builder/spi-builder-workspace/.derivedData/Build/Intermediates.noindex/ProductHunt.build/Debug-watchos/ProductHuntTests-p.build/Objects-normal/arm64_32/ProductHuntTests_const_extract_protocols.json
WriteAuxiliaryFile /Users/admin/builder/spi-builder-workspace/.derivedData/Build/Intermediates.noindex/ProductHunt.build/Debug-watchos/ProductHuntTests-p.build/Objects-normal/arm64_32/ProductHuntTests.SwiftFileList (in target 'ProductHuntTests-product' from project 'ProductHunt')
cd /Users/admin/builder/spi-builder-workspace
write-file /Users/admin/builder/spi-builder-workspace/.derivedData/Build/Intermediates.noindex/ProductHunt.build/Debug-watchos/ProductHuntTests-p.build/Objects-normal/arm64_32/ProductHuntTests.SwiftFileList
WriteAuxiliaryFile /Users/admin/builder/spi-builder-workspace/.derivedData/Build/Intermediates.noindex/ProductHunt.build/Debug-watchos/ProductHuntTests-p.build/Objects-normal/arm64_32/ProductHuntTests.SwiftConstValuesFileList (in target 'ProductHuntTests-product' from project 'ProductHunt')
cd /Users/admin/builder/spi-builder-workspace
write-file /Users/admin/builder/spi-builder-workspace/.derivedData/Build/Intermediates.noindex/ProductHunt.build/Debug-watchos/ProductHuntTests-p.build/Objects-normal/arm64_32/ProductHuntTests.SwiftConstValuesFileList
WriteAuxiliaryFile /Users/admin/builder/spi-builder-workspace/.derivedData/Build/Intermediates.noindex/ProductHunt.build/Debug-watchos/ProductHuntTests-p.build/Objects-normal/arm64_32/ProductHuntTests.LinkFileList (in target 'ProductHuntTests-product' from project 'ProductHunt')
cd /Users/admin/builder/spi-builder-workspace
write-file /Users/admin/builder/spi-builder-workspace/.derivedData/Build/Intermediates.noindex/ProductHunt.build/Debug-watchos/ProductHuntTests-p.build/Objects-normal/arm64_32/ProductHuntTests.LinkFileList
WriteAuxiliaryFile /Users/admin/builder/spi-builder-workspace/.derivedData/Build/Intermediates.noindex/ProductHunt.build/Debug-watchos/ProductHuntTests-p.build/Objects-normal/arm64_32/ProductHuntTests-OutputFileMap.json (in target 'ProductHuntTests-product' from project 'ProductHunt')
cd /Users/admin/builder/spi-builder-workspace
write-file /Users/admin/builder/spi-builder-workspace/.derivedData/Build/Intermediates.noindex/ProductHunt.build/Debug-watchos/ProductHuntTests-p.build/Objects-normal/arm64_32/ProductHuntTests-OutputFileMap.json
WriteAuxiliaryFile /Users/admin/builder/spi-builder-workspace/.derivedData/Build/Intermediates.noindex/ProductHunt.build/Debug-watchos/ProductHuntTests-p.build/Objects-normal/arm64/ProductHuntTests_const_extract_protocols.json (in target 'ProductHuntTests-product' from project 'ProductHunt')
cd /Users/admin/builder/spi-builder-workspace
write-file /Users/admin/builder/spi-builder-workspace/.derivedData/Build/Intermediates.noindex/ProductHunt.build/Debug-watchos/ProductHuntTests-p.build/Objects-normal/arm64/ProductHuntTests_const_extract_protocols.json
WriteAuxiliaryFile /Users/admin/builder/spi-builder-workspace/.derivedData/Build/Intermediates.noindex/ProductHunt.build/Debug-watchos/ProductHuntTests-p.build/Objects-normal/arm64/ProductHuntTests.SwiftFileList (in target 'ProductHuntTests-product' from project 'ProductHunt')
cd /Users/admin/builder/spi-builder-workspace
write-file /Users/admin/builder/spi-builder-workspace/.derivedData/Build/Intermediates.noindex/ProductHunt.build/Debug-watchos/ProductHuntTests-p.build/Objects-normal/arm64/ProductHuntTests.SwiftFileList
WriteAuxiliaryFile /Users/admin/builder/spi-builder-workspace/.derivedData/Build/Intermediates.noindex/ProductHunt.build/Debug-watchos/ProductHuntTests-p.build/Objects-normal/arm64/ProductHuntTests.SwiftConstValuesFileList (in target 'ProductHuntTests-product' from project 'ProductHunt')
cd /Users/admin/builder/spi-builder-workspace
write-file /Users/admin/builder/spi-builder-workspace/.derivedData/Build/Intermediates.noindex/ProductHunt.build/Debug-watchos/ProductHuntTests-p.build/Objects-normal/arm64/ProductHuntTests.SwiftConstValuesFileList
WriteAuxiliaryFile /Users/admin/builder/spi-builder-workspace/.derivedData/Build/Intermediates.noindex/ProductHunt.build/Debug-watchos/ProductHuntTests-p.build/Objects-normal/arm64/ProductHuntTests.LinkFileList (in target 'ProductHuntTests-product' from project 'ProductHunt')
cd /Users/admin/builder/spi-builder-workspace
write-file /Users/admin/builder/spi-builder-workspace/.derivedData/Build/Intermediates.noindex/ProductHunt.build/Debug-watchos/ProductHuntTests-p.build/Objects-normal/arm64/ProductHuntTests.LinkFileList
WriteAuxiliaryFile /Users/admin/builder/spi-builder-workspace/.derivedData/Build/Intermediates.noindex/ProductHunt.build/Debug-watchos/ProductHuntTests-p.build/Objects-normal/arm64/ProductHuntTests-OutputFileMap.json (in target 'ProductHuntTests-product' from project 'ProductHunt')
cd /Users/admin/builder/spi-builder-workspace
write-file /Users/admin/builder/spi-builder-workspace/.derivedData/Build/Intermediates.noindex/ProductHunt.build/Debug-watchos/ProductHuntTests-p.build/Objects-normal/arm64/ProductHuntTests-OutputFileMap.json
WriteAuxiliaryFile /Users/admin/builder/spi-builder-workspace/.derivedData/Build/Intermediates.noindex/ProductHunt.build/Debug-watchos/ProductHunt-t.build/ProductHunt.DependencyMetadataFileList (in target 'ProductHunt' from project 'ProductHunt')
cd /Users/admin/builder/spi-builder-workspace
write-file /Users/admin/builder/spi-builder-workspace/.derivedData/Build/Intermediates.noindex/ProductHunt.build/Debug-watchos/ProductHunt-t.build/ProductHunt.DependencyMetadataFileList
WriteAuxiliaryFile /Users/admin/builder/spi-builder-workspace/.derivedData/Build/Intermediates.noindex/ProductHunt.build/Debug-watchos/ProductHunt-t.build/Objects-normal/arm64_32/ProductHunt_const_extract_protocols.json (in target 'ProductHunt' from project 'ProductHunt')
cd /Users/admin/builder/spi-builder-workspace
write-file /Users/admin/builder/spi-builder-workspace/.derivedData/Build/Intermediates.noindex/ProductHunt.build/Debug-watchos/ProductHunt-t.build/Objects-normal/arm64_32/ProductHunt_const_extract_protocols.json
WriteAuxiliaryFile /Users/admin/builder/spi-builder-workspace/.derivedData/Build/Intermediates.noindex/ProductHunt.build/Debug-watchos/ProductHunt-t.build/Objects-normal/arm64_32/ProductHunt.SwiftFileList (in target 'ProductHunt' from project 'ProductHunt')
cd /Users/admin/builder/spi-builder-workspace
write-file /Users/admin/builder/spi-builder-workspace/.derivedData/Build/Intermediates.noindex/ProductHunt.build/Debug-watchos/ProductHunt-t.build/Objects-normal/arm64_32/ProductHunt.SwiftFileList
WriteAuxiliaryFile /Users/admin/builder/spi-builder-workspace/.derivedData/Build/Intermediates.noindex/ProductHunt.build/Debug-watchos/ProductHunt-t.build/Objects-normal/arm64_32/ProductHunt.SwiftConstValuesFileList (in target 'ProductHunt' from project 'ProductHunt')
cd /Users/admin/builder/spi-builder-workspace
write-file /Users/admin/builder/spi-builder-workspace/.derivedData/Build/Intermediates.noindex/ProductHunt.build/Debug-watchos/ProductHunt-t.build/Objects-normal/arm64_32/ProductHunt.SwiftConstValuesFileList
WriteAuxiliaryFile /Users/admin/builder/spi-builder-workspace/.derivedData/Build/Intermediates.noindex/ProductHunt.build/Debug-watchos/ProductHunt-t.build/Objects-normal/arm64_32/ProductHunt.LinkFileList (in target 'ProductHunt' from project 'ProductHunt')
cd /Users/admin/builder/spi-builder-workspace
write-file /Users/admin/builder/spi-builder-workspace/.derivedData/Build/Intermediates.noindex/ProductHunt.build/Debug-watchos/ProductHunt-t.build/Objects-normal/arm64_32/ProductHunt.LinkFileList
WriteAuxiliaryFile /Users/admin/builder/spi-builder-workspace/.derivedData/Build/Intermediates.noindex/ProductHunt.build/Debug-watchos/ProductHunt-t.build/Objects-normal/arm64_32/ProductHunt-OutputFileMap.json (in target 'ProductHunt' from project 'ProductHunt')
cd /Users/admin/builder/spi-builder-workspace
write-file /Users/admin/builder/spi-builder-workspace/.derivedData/Build/Intermediates.noindex/ProductHunt.build/Debug-watchos/ProductHunt-t.build/Objects-normal/arm64_32/ProductHunt-OutputFileMap.json
WriteAuxiliaryFile /Users/admin/builder/spi-builder-workspace/.derivedData/Build/Intermediates.noindex/ProductHunt.build/Debug-watchos/ProductHunt-t.build/Objects-normal/arm64/ProductHunt_const_extract_protocols.json (in target 'ProductHunt' from project 'ProductHunt')
cd /Users/admin/builder/spi-builder-workspace
write-file /Users/admin/builder/spi-builder-workspace/.derivedData/Build/Intermediates.noindex/ProductHunt.build/Debug-watchos/ProductHunt-t.build/Objects-normal/arm64/ProductHunt_const_extract_protocols.json
WriteAuxiliaryFile /Users/admin/builder/spi-builder-workspace/.derivedData/Build/Intermediates.noindex/ProductHunt.build/Debug-watchos/ProductHunt-t.build/Objects-normal/arm64/ProductHunt.SwiftFileList (in target 'ProductHunt' from project 'ProductHunt')
cd /Users/admin/builder/spi-builder-workspace
write-file /Users/admin/builder/spi-builder-workspace/.derivedData/Build/Intermediates.noindex/ProductHunt.build/Debug-watchos/ProductHunt-t.build/Objects-normal/arm64/ProductHunt.SwiftFileList
WriteAuxiliaryFile /Users/admin/builder/spi-builder-workspace/.derivedData/Build/Intermediates.noindex/ProductHunt.build/Debug-watchos/ProductHunt-t.build/Objects-normal/arm64/ProductHunt.SwiftConstValuesFileList (in target 'ProductHunt' from project 'ProductHunt')
cd /Users/admin/builder/spi-builder-workspace
write-file /Users/admin/builder/spi-builder-workspace/.derivedData/Build/Intermediates.noindex/ProductHunt.build/Debug-watchos/ProductHunt-t.build/Objects-normal/arm64/ProductHunt.SwiftConstValuesFileList
WriteAuxiliaryFile /Users/admin/builder/spi-builder-workspace/.derivedData/Build/Intermediates.noindex/ProductHunt.build/Debug-watchos/ProductHunt-t.build/Objects-normal/arm64/ProductHunt.LinkFileList (in target 'ProductHunt' from project 'ProductHunt')
cd /Users/admin/builder/spi-builder-workspace
write-file /Users/admin/builder/spi-builder-workspace/.derivedData/Build/Intermediates.noindex/ProductHunt.build/Debug-watchos/ProductHunt-t.build/Objects-normal/arm64/ProductHunt.LinkFileList
WriteAuxiliaryFile /Users/admin/builder/spi-builder-workspace/.derivedData/Build/Intermediates.noindex/ProductHunt.build/Debug-watchos/ProductHunt-t.build/Objects-normal/arm64/ProductHunt-OutputFileMap.json (in target 'ProductHunt' from project 'ProductHunt')
cd /Users/admin/builder/spi-builder-workspace
write-file /Users/admin/builder/spi-builder-workspace/.derivedData/Build/Intermediates.noindex/ProductHunt.build/Debug-watchos/ProductHunt-t.build/Objects-normal/arm64/ProductHunt-OutputFileMap.json
WriteAuxiliaryFile /Users/admin/builder/spi-builder-workspace/.derivedData/Build/Intermediates.noindex/ProductHunt.build/Debug-watchos/ProductHunt-t.build/DerivedSources/resource_bundle_accessor.swift (in target 'ProductHunt' from project 'ProductHunt')
cd /Users/admin/builder/spi-builder-workspace
write-file /Users/admin/builder/spi-builder-workspace/.derivedData/Build/Intermediates.noindex/ProductHunt.build/Debug-watchos/ProductHunt-t.build/DerivedSources/resource_bundle_accessor.swift
Copy /Users/admin/builder/spi-builder-workspace/.derivedData/Build/Intermediates.noindex/GeneratedModuleMaps-watchos/ProductHunt.modulemap /Users/admin/builder/spi-builder-workspace/.derivedData/Build/Intermediates.noindex/ProductHunt.build/Debug-watchos/ProductHunt-t.build/ProductHunt.modulemap (in target 'ProductHunt' from project 'ProductHunt')
cd /Users/admin/builder/spi-builder-workspace
builtin-copy -exclude .DS_Store -exclude CVS -exclude .svn -exclude .git -exclude .hg -resolve-src-symlinks /Users/admin/builder/spi-builder-workspace/.derivedData/Build/Intermediates.noindex/ProductHunt.build/Debug-watchos/ProductHunt-t.build/ProductHunt.modulemap /Users/admin/builder/spi-builder-workspace/.derivedData/Build/Intermediates.noindex/GeneratedModuleMaps-watchos
MkDir /Users/admin/builder/spi-builder-workspace/.derivedData/Build/Products/Debug-watchos/ProductHuntTests.xctest (in target 'ProductHuntTests-product' from project 'ProductHunt')
cd /Users/admin/builder/spi-builder-workspace
/bin/mkdir -p /Users/admin/builder/spi-builder-workspace/.derivedData/Build/Products/Debug-watchos/ProductHuntTests.xctest
MkDir /Users/admin/builder/spi-builder-workspace/.derivedData/Build/Intermediates.noindex/ProductHunt.build/Debug-watchos/ProductHunt_ProductHunt-b.build/assetcatalog_output/unthinned (in target 'ProductHunt_ProductHunt' from project 'ProductHunt')
cd /Users/admin/builder/spi-builder-workspace
/bin/mkdir -p /Users/admin/builder/spi-builder-workspace/.derivedData/Build/Intermediates.noindex/ProductHunt.build/Debug-watchos/ProductHunt_ProductHunt-b.build/assetcatalog_output/unthinned
MkDir /Users/admin/builder/spi-builder-workspace/.derivedData/Build/Intermediates.noindex/ProductHunt.build/Debug-watchos/ProductHunt_ProductHunt-b.build/assetcatalog_output/thinned (in target 'ProductHunt_ProductHunt' from project 'ProductHunt')
cd /Users/admin/builder/spi-builder-workspace
/bin/mkdir -p /Users/admin/builder/spi-builder-workspace/.derivedData/Build/Intermediates.noindex/ProductHunt.build/Debug-watchos/ProductHunt_ProductHunt-b.build/assetcatalog_output/thinned
GenerateAssetSymbols /Users/admin/builder/spi-builder-workspace/Sources/ProductHunt/Resources/Assets.xcassets (in target 'ProductHunt' from project 'ProductHunt')
cd /Users/admin/builder/spi-builder-workspace
/Applications/Xcode-27.0.0-Release.Candidate.app/Contents/Developer/usr/bin/actool /Users/admin/builder/spi-builder-workspace/Sources/ProductHunt/Resources/Assets.xcassets --compile /Users/admin/builder/spi-builder-workspace/.derivedData/Build/Products/Debug-watchos --output-format human-readable-text --notices --warnings --export-dependency-info /Users/admin/builder/spi-builder-workspace/.derivedData/Build/Intermediates.noindex/ProductHunt.build/Debug-watchos/ProductHunt-t.build/assetcatalog_dependencies --output-partial-info-plist /Users/admin/builder/spi-builder-workspace/.derivedData/Build/Intermediates.noindex/ProductHunt.build/Debug-watchos/ProductHunt-t.build/assetcatalog_generated_info.plist --compress-pngs --enable-on-demand-resources NO --development-region en --target-device watch --minimum-deployment-target 9.0 --platform watchos --bundle-identifier spi-builder-workspace.ProductHunt --generate-swift-asset-symbol-extensions NO --generate-swift-asset-symbols /Users/admin/builder/spi-builder-workspace/.derivedData/Build/Intermediates.noindex/ProductHunt.build/Debug-watchos/ProductHunt-t.build/DerivedSources/GeneratedAssetSymbols.swift --generate-objc-asset-symbols /Users/admin/builder/spi-builder-workspace/.derivedData/Build/Intermediates.noindex/ProductHunt.build/Debug-watchos/ProductHunt-t.build/DerivedSources/GeneratedAssetSymbols.h --generate-asset-symbol-index /Users/admin/builder/spi-builder-workspace/.derivedData/Build/Intermediates.noindex/ProductHunt.build/Debug-watchos/ProductHunt-t.build/DerivedSources/GeneratedAssetSymbols-Index.plist
/* com.apple.actool.compilation-results */
/Users/admin/builder/spi-builder-workspace/.derivedData/Build/Intermediates.noindex/ProductHunt.build/Debug-watchos/ProductHunt-t.build/DerivedSources/GeneratedAssetSymbols-Index.plist
/Users/admin/builder/spi-builder-workspace/.derivedData/Build/Intermediates.noindex/ProductHunt.build/Debug-watchos/ProductHunt-t.build/DerivedSources/GeneratedAssetSymbols.h
/Users/admin/builder/spi-builder-workspace/.derivedData/Build/Intermediates.noindex/ProductHunt.build/Debug-watchos/ProductHunt-t.build/DerivedSources/GeneratedAssetSymbols.swift
CompileAssetCatalogVariant thinned /Users/admin/builder/spi-builder-workspace/.derivedData/Build/Products/Debug-watchos/ProductHunt_ProductHunt.bundle /Users/admin/builder/spi-builder-workspace/Sources/ProductHunt/Resources/Assets.xcassets (in target 'ProductHunt_ProductHunt' from project 'ProductHunt')
cd /Users/admin/builder/spi-builder-workspace
/Applications/Xcode-27.0.0-Release.Candidate.app/Contents/Developer/usr/bin/actool /Users/admin/builder/spi-builder-workspace/Sources/ProductHunt/Resources/Assets.xcassets --compile /Users/admin/builder/spi-builder-workspace/.derivedData/Build/Intermediates.noindex/ProductHunt.build/Debug-watchos/ProductHunt_ProductHunt-b.build/assetcatalog_output/thinned --output-format human-readable-text --notices --warnings --export-dependency-info /Users/admin/builder/spi-builder-workspace/.derivedData/Build/Intermediates.noindex/ProductHunt.build/Debug-watchos/ProductHunt_ProductHunt-b.build/assetcatalog_dependencies_thinned --output-partial-info-plist /Users/admin/builder/spi-builder-workspace/.derivedData/Build/Intermediates.noindex/ProductHunt.build/Debug-watchos/ProductHunt_ProductHunt-b.build/assetcatalog_generated_info.plist_thinned --compress-pngs --enable-on-demand-resources NO --development-region en --target-device watch --minimum-deployment-target 9.0 --platform watchos
/* com.apple.actool.compilation-results */
/Users/admin/builder/spi-builder-workspace/.derivedData/Build/Intermediates.noindex/ProductHunt.build/Debug-watchos/ProductHunt_ProductHunt-b.build/assetcatalog_generated_info.plist_thinned
/Users/admin/builder/spi-builder-workspace/.derivedData/Build/Intermediates.noindex/ProductHunt.build/Debug-watchos/ProductHunt_ProductHunt-b.build/assetcatalog_output/thinned/Assets.car
SwiftDriver ProductHunt normal arm64 com.apple.xcode.tools.swift.compiler (in target 'ProductHunt' from project 'ProductHunt')
cd /Users/admin/builder/spi-builder-workspace/.swiftpm/xcode
builtin-SwiftDriver -- /Applications/Xcode-27.0.0-Release.Candidate.app/Contents/Developer/Toolchains/XcodeDefault.xctoolchain/usr/bin/swiftc -parse-as-library -module-name ProductHunt -Onone @/Users/admin/builder/spi-builder-workspace/.derivedData/Build/Intermediates.noindex/ProductHunt.build/Debug-watchos/ProductHunt-t.build/Objects-normal/arm64/ProductHunt.SwiftFileList -DSWIFT_PACKAGE -DDEBUG -DSWIFT_MODULE_RESOURCE_BUNDLE_AVAILABLE -DXcode -plugin-path /Applications/Xcode-27.0.0-Release.Candidate.app/Contents/Developer/Toolchains/XcodeDefault.xctoolchain/usr/lib/swift/host/plugins/testing -enable-experimental-feature DebugDescriptionMacro -sdk /Applications/Xcode-27.0.0-Release.Candidate.app/Contents/Developer/Platforms/WatchOS.platform/Developer/SDKs/WatchOS27.0.sdk -target arm64-apple-watchos9.0 -g -module-cache-path /Users/admin/builder/spi-builder-workspace/.derivedData/ModuleCache.noindex -Xfrontend -serialize-debugging-options -enable-testing -index-store-path /Users/admin/builder/spi-builder-workspace/.derivedData/Index.noindex/DataStore -Xcc -D_LIBCPP_HARDENING_MODE\=_LIBCPP_HARDENING_MODE_DEBUG -swift-version 5 -I /Users/admin/builder/spi-builder-workspace/.derivedData/Build/Products/Debug-watchos -Isystem /Applications/Xcode-27.0.0-Release.Candidate.app/Contents/Developer/Platforms/WatchOS.platform/Developer/usr/lib -F /Users/admin/builder/spi-builder-workspace/.derivedData/Build/Products/Debug-watchos -F /Applications/Xcode-27.0.0-Release.Candidate.app/Contents/Developer/Platforms/WatchOS.platform/Developer/Library/Frameworks -F /Applications/Xcode-27.0.0-Release.Candidate.app/Contents/Developer/Platforms/WatchOS.platform/Developer/SDKs/WatchOS27.0.sdk/Developer/Library/Frameworks -c -j10 -enable-batch-mode -incremental -Xcc -ivfsstatcache -Xcc /Users/admin/builder/spi-builder-workspace/.derivedData/SDKStatCaches.noindex/watchos27.0-24R360-e829b21a6f8c9b70876ba0858053c04477534ef55a1706bf4c1112bbb242f0a2.sdkstatcache -output-file-map /Users/admin/builder/spi-builder-workspace/.derivedData/Build/Intermediates.noindex/ProductHunt.build/Debug-watchos/ProductHunt-t.build/Objects-normal/arm64/ProductHunt-OutputFileMap.json -save-temps -no-color-diagnostics -explicit-module-build -module-cache-path /Users/admin/builder/spi-builder-workspace/.derivedData/Build/Intermediates.noindex/SwiftExplicitPrecompiledModules -clang-scanner-module-cache-path /Users/admin/builder/spi-builder-workspace/.derivedData/ModuleCache.noindex -sdk-module-cache-path /Users/admin/builder/spi-builder-workspace/.derivedData/SDKExplicitPrecompiledModules -emit-dependencies -emit-module -emit-module-path /Users/admin/builder/spi-builder-workspace/.derivedData/Build/Intermediates.noindex/ProductHunt.build/Debug-watchos/ProductHunt-t.build/Objects-normal/arm64/ProductHunt.swiftmodule -serialize-diagnostics -dependency-scan-serialize-diagnostics-path /Users/admin/builder/spi-builder-workspace/.derivedData/Build/Intermediates.noindex/ProductHunt.build/Debug-watchos/ProductHunt-t.build/Objects-normal/arm64/ProductHunt-dependency-scan.dia -validate-clang-modules-once -clang-build-session-file /Users/admin/builder/spi-builder-workspace/.derivedData/ModuleCache.noindex/Session.modulevalidation -Xcc -fmodules-prune-interval\=86400 -Xcc -fmodules-prune-after\=345600 -emit-const-values -const-gather-protocols-list /Users/admin/builder/spi-builder-workspace/.derivedData/Build/Intermediates.noindex/ProductHunt.build/Debug-watchos/ProductHunt-t.build/Objects-normal/arm64/ProductHunt_const_extract_protocols.json -Xcc -I/Users/admin/builder/spi-builder-workspace/.derivedData/Build/Products/Debug-watchos/include -Xcc -I/Users/admin/builder/spi-builder-workspace/.derivedData/Build/Intermediates.noindex/ProductHunt.build/Debug-watchos/ProductHunt-t.build/DerivedSources-normal/arm64 -Xcc -I/Users/admin/builder/spi-builder-workspace/.derivedData/Build/Intermediates.noindex/ProductHunt.build/Debug-watchos/ProductHunt-t.build/DerivedSources/arm64 -Xcc -I/Users/admin/builder/spi-builder-workspace/.derivedData/Build/Intermediates.noindex/ProductHunt.build/Debug-watchos/ProductHunt-t.build/DerivedSources -Xcc -DSWIFT_PACKAGE -Xcc -DDEBUG\=1 -emit-objc-header -emit-objc-header-path /Users/admin/builder/spi-builder-workspace/.derivedData/Build/Intermediates.noindex/ProductHunt.build/Debug-watchos/ProductHunt-t.build/Objects-normal/arm64/ProductHunt-Swift.h -working-directory /Users/admin/builder/spi-builder-workspace/.swiftpm/xcode -experimental-emit-module-separately -disable-cmo
/Users/admin/builder/spi-builder-workspace/Sources/ProductHunt/PHManager.swift:9:8: error: Unable to resolve module dependency: 'SafariServices' (in target 'ProductHunt' from project 'ProductHunt')
note: A dependency of main module 'ProductHunt'
/Users/admin/builder/spi-builder-workspace/Sources/ProductHunt/SwiftUI/ProductHuntButton.swift:10:8: note: Also imported here
/Users/admin/builder/spi-builder-workspace/Sources/ProductHunt/PHManager.swift:9:8: note: A dependency of main module 'ProductHunt'
import SafariServices
^ (in target 'ProductHunt' from project 'ProductHunt')
/Users/admin/builder/spi-builder-workspace/Sources/ProductHunt/SwiftUI/ProductHuntButton.swift:10:8: note: Also imported here
import SafariServices
^ (in target 'ProductHunt' from project 'ProductHunt')
SwiftDriver ProductHunt normal arm64_32 com.apple.xcode.tools.swift.compiler (in target 'ProductHunt' from project 'ProductHunt')
cd /Users/admin/builder/spi-builder-workspace/.swiftpm/xcode
builtin-SwiftDriver -- /Applications/Xcode-27.0.0-Release.Candidate.app/Contents/Developer/Toolchains/XcodeDefault.xctoolchain/usr/bin/swiftc -parse-as-library -module-name ProductHunt -Onone @/Users/admin/builder/spi-builder-workspace/.derivedData/Build/Intermediates.noindex/ProductHunt.build/Debug-watchos/ProductHunt-t.build/Objects-normal/arm64_32/ProductHunt.SwiftFileList -DSWIFT_PACKAGE -DDEBUG -DSWIFT_MODULE_RESOURCE_BUNDLE_AVAILABLE -DXcode -plugin-path /Applications/Xcode-27.0.0-Release.Candidate.app/Contents/Developer/Toolchains/XcodeDefault.xctoolchain/usr/lib/swift/host/plugins/testing -enable-experimental-feature DebugDescriptionMacro -sdk /Applications/Xcode-27.0.0-Release.Candidate.app/Contents/Developer/Platforms/WatchOS.platform/Developer/SDKs/WatchOS27.0.sdk -target arm64_32-apple-watchos9.0 -g -module-cache-path /Users/admin/builder/spi-builder-workspace/.derivedData/ModuleCache.noindex -Xfrontend -serialize-debugging-options -enable-testing -index-store-path /Users/admin/builder/spi-builder-workspace/.derivedData/Index.noindex/DataStore -Xcc -D_LIBCPP_HARDENING_MODE\=_LIBCPP_HARDENING_MODE_DEBUG -swift-version 5 -I /Users/admin/builder/spi-builder-workspace/.derivedData/Build/Products/Debug-watchos -Isystem /Applications/Xcode-27.0.0-Release.Candidate.app/Contents/Developer/Platforms/WatchOS.platform/Developer/usr/lib -F /Users/admin/builder/spi-builder-workspace/.derivedData/Build/Products/Debug-watchos -F /Applications/Xcode-27.0.0-Release.Candidate.app/Contents/Developer/Platforms/WatchOS.platform/Developer/Library/Frameworks -F /Applications/Xcode-27.0.0-Release.Candidate.app/Contents/Developer/Platforms/WatchOS.platform/Developer/SDKs/WatchOS27.0.sdk/Developer/Library/Frameworks -c -j10 -enable-batch-mode -incremental -Xcc -ivfsstatcache -Xcc /Users/admin/builder/spi-builder-workspace/.derivedData/SDKStatCaches.noindex/watchos27.0-24R360-e829b21a6f8c9b70876ba0858053c04477534ef55a1706bf4c1112bbb242f0a2.sdkstatcache -output-file-map /Users/admin/builder/spi-builder-workspace/.derivedData/Build/Intermediates.noindex/ProductHunt.build/Debug-watchos/ProductHunt-t.build/Objects-normal/arm64_32/ProductHunt-OutputFileMap.json -save-temps -no-color-diagnostics -explicit-module-build -module-cache-path /Users/admin/builder/spi-builder-workspace/.derivedData/Build/Intermediates.noindex/SwiftExplicitPrecompiledModules -clang-scanner-module-cache-path /Users/admin/builder/spi-builder-workspace/.derivedData/ModuleCache.noindex -sdk-module-cache-path /Users/admin/builder/spi-builder-workspace/.derivedData/SDKExplicitPrecompiledModules -emit-dependencies -emit-module -emit-module-path /Users/admin/builder/spi-builder-workspace/.derivedData/Build/Intermediates.noindex/ProductHunt.build/Debug-watchos/ProductHunt-t.build/Objects-normal/arm64_32/ProductHunt.swiftmodule -serialize-diagnostics -dependency-scan-serialize-diagnostics-path /Users/admin/builder/spi-builder-workspace/.derivedData/Build/Intermediates.noindex/ProductHunt.build/Debug-watchos/ProductHunt-t.build/Objects-normal/arm64_32/ProductHunt-dependency-scan.dia -validate-clang-modules-once -clang-build-session-file /Users/admin/builder/spi-builder-workspace/.derivedData/ModuleCache.noindex/Session.modulevalidation -Xcc -fmodules-prune-interval\=86400 -Xcc -fmodules-prune-after\=345600 -emit-const-values -const-gather-protocols-list /Users/admin/builder/spi-builder-workspace/.derivedData/Build/Intermediates.noindex/ProductHunt.build/Debug-watchos/ProductHunt-t.build/Objects-normal/arm64_32/ProductHunt_const_extract_protocols.json -Xcc -I/Users/admin/builder/spi-builder-workspace/.derivedData/Build/Products/Debug-watchos/include -Xcc -I/Users/admin/builder/spi-builder-workspace/.derivedData/Build/Intermediates.noindex/ProductHunt.build/Debug-watchos/ProductHunt-t.build/DerivedSources-normal/arm64_32 -Xcc -I/Users/admin/builder/spi-builder-workspace/.derivedData/Build/Intermediates.noindex/ProductHunt.build/Debug-watchos/ProductHunt-t.build/DerivedSources/arm64_32 -Xcc -I/Users/admin/builder/spi-builder-workspace/.derivedData/Build/Intermediates.noindex/ProductHunt.build/Debug-watchos/ProductHunt-t.build/DerivedSources -Xcc -DSWIFT_PACKAGE -Xcc -DDEBUG\=1 -emit-objc-header -emit-objc-header-path /Users/admin/builder/spi-builder-workspace/.derivedData/Build/Intermediates.noindex/ProductHunt.build/Debug-watchos/ProductHunt-t.build/Objects-normal/arm64_32/ProductHunt-Swift.h -working-directory /Users/admin/builder/spi-builder-workspace/.swiftpm/xcode -experimental-emit-module-separately -disable-cmo
/Users/admin/builder/spi-builder-workspace/Sources/ProductHunt/PHManager.swift:9:8: error: Unable to resolve module dependency: 'SafariServices' (in target 'ProductHunt' from project 'ProductHunt')
note: A dependency of main module 'ProductHunt'
/Users/admin/builder/spi-builder-workspace/Sources/ProductHunt/SwiftUI/ProductHuntButton.swift:10:8: note: Also imported here
/Users/admin/builder/spi-builder-workspace/Sources/ProductHunt/PHManager.swift:9:8: note: A dependency of main module 'ProductHunt'
import SafariServices
^ (in target 'ProductHunt' from project 'ProductHunt')
/Users/admin/builder/spi-builder-workspace/Sources/ProductHunt/SwiftUI/ProductHuntButton.swift:10:8: note: Also imported here
import SafariServices
^ (in target 'ProductHunt' from project 'ProductHunt')
LinkAssetCatalog /Users/admin/builder/spi-builder-workspace/Sources/ProductHunt/Resources/Assets.xcassets (in target 'ProductHunt_ProductHunt' from project 'ProductHunt')
cd /Users/admin/builder/spi-builder-workspace
builtin-linkAssetCatalog --thinned /Users/admin/builder/spi-builder-workspace/.derivedData/Build/Intermediates.noindex/ProductHunt.build/Debug-watchos/ProductHunt_ProductHunt-b.build/assetcatalog_output/thinned --thinned-dependencies /Users/admin/builder/spi-builder-workspace/.derivedData/Build/Intermediates.noindex/ProductHunt.build/Debug-watchos/ProductHunt_ProductHunt-b.build/assetcatalog_dependencies_thinned --thinned-info-plist-content /Users/admin/builder/spi-builder-workspace/.derivedData/Build/Intermediates.noindex/ProductHunt.build/Debug-watchos/ProductHunt_ProductHunt-b.build/assetcatalog_generated_info.plist_thinned --unthinned /Users/admin/builder/spi-builder-workspace/.derivedData/Build/Intermediates.noindex/ProductHunt.build/Debug-watchos/ProductHunt_ProductHunt-b.build/assetcatalog_output/unthinned --unthinned-dependencies /Users/admin/builder/spi-builder-workspace/.derivedData/Build/Intermediates.noindex/ProductHunt.build/Debug-watchos/ProductHunt_ProductHunt-b.build/assetcatalog_dependencies_unthinned --unthinned-info-plist-content /Users/admin/builder/spi-builder-workspace/.derivedData/Build/Intermediates.noindex/ProductHunt.build/Debug-watchos/ProductHunt_ProductHunt-b.build/assetcatalog_generated_info.plist_unthinned --output /Users/admin/builder/spi-builder-workspace/.derivedData/Build/Products/Debug-watchos/ProductHunt_ProductHunt.bundle --plist-output /Users/admin/builder/spi-builder-workspace/.derivedData/Build/Intermediates.noindex/ProductHunt.build/Debug-watchos/ProductHunt_ProductHunt-b.build/assetcatalog_generated_info.plist
note: Emplaced /Users/admin/builder/spi-builder-workspace/.derivedData/Build/Products/Debug-watchos/ProductHunt_ProductHunt.bundle/Assets.car (in target 'ProductHunt_ProductHunt' from project 'ProductHunt')
ProcessInfoPlistFile /Users/admin/builder/spi-builder-workspace/.derivedData/Build/Products/Debug-watchos/ProductHunt_ProductHunt.bundle/Info.plist /Users/admin/builder/spi-builder-workspace/.derivedData/Build/Intermediates.noindex/ProductHunt.build/Debug-watchos/ProductHunt_ProductHunt-b.build/empty-ProductHunt_ProductHunt.plist (in target 'ProductHunt_ProductHunt' from project 'ProductHunt')
cd /Users/admin/builder/spi-builder-workspace
builtin-infoPlistUtility /Users/admin/builder/spi-builder-workspace/.derivedData/Build/Intermediates.noindex/ProductHunt.build/Debug-watchos/ProductHunt_ProductHunt-b.build/empty-ProductHunt_ProductHunt.plist -producttype com.apple.product-type.bundle -expandbuildsettings -format binary -platform watchos -additionalcontentfile /Users/admin/builder/spi-builder-workspace/.derivedData/Build/Intermediates.noindex/ProductHunt.build/Debug-watchos/ProductHunt_ProductHunt-b.build/assetcatalog_generated_info.plist -o /Users/admin/builder/spi-builder-workspace/.derivedData/Build/Products/Debug-watchos/ProductHunt_ProductHunt.bundle/Info.plist
RegisterExecutionPolicyException /Users/admin/builder/spi-builder-workspace/.derivedData/Build/Products/Debug-watchos/ProductHunt_ProductHunt.bundle (in target 'ProductHunt_ProductHunt' from project 'ProductHunt')
cd /Users/admin/builder/spi-builder-workspace
builtin-RegisterExecutionPolicyException /Users/admin/builder/spi-builder-workspace/.derivedData/Build/Products/Debug-watchos/ProductHunt_ProductHunt.bundle
Touch /Users/admin/builder/spi-builder-workspace/.derivedData/Build/Products/Debug-watchos/ProductHunt_ProductHunt.bundle (in target 'ProductHunt_ProductHunt' from project 'ProductHunt')
cd /Users/admin/builder/spi-builder-workspace
/usr/bin/touch -c /Users/admin/builder/spi-builder-workspace/.derivedData/Build/Products/Debug-watchos/ProductHunt_ProductHunt.bundle
PruneExplicitPrecompiledModules /Users/admin/builder/spi-builder-workspace/.derivedData/SDKExplicitPrecompiledModules
PruneExplicitPrecompiledModules /Users/admin/builder/spi-builder-workspace/.derivedData/Build/Intermediates.noindex/ExplicitPrecompiledModules
PruneExplicitPrecompiledModules /Users/admin/builder/spi-builder-workspace/.derivedData/Build/Intermediates.noindex/SwiftExplicitPrecompiledModules
2026-09-20 09:55:09.876 xcodebuild[658:4238] [MT] IDERunDestination: Supported platforms for the buildables in the current scheme is empty.
2026-09-20 09:55:10.012 xcodebuild[658:4238] [MT] IDERunDestination: Supported platforms for the buildables in the current scheme is empty.
** BUILD FAILED **
The following build commands failed:
SwiftDriver ProductHunt normal arm64 com.apple.xcode.tools.swift.compiler (in target 'ProductHunt' from project 'ProductHunt')
SwiftDriver ProductHunt normal arm64_32 com.apple.xcode.tools.swift.compiler (in target 'ProductHunt' from project 'ProductHunt')
Building workspace ProductHunt with scheme ProductHunt
(3 failures)
Command line invocation:
/Applications/Xcode-27.0.0-Release.Candidate.app/Contents/Developer/usr/bin/xcodebuild -IDEClonedSourcePackagesDirPathOverride=/Users/admin/builder/spi-builder-workspace/.dependencies -resolvePackageDependencies
Resolve Package Graph
Resolved source packages:
ProductHunt: /Users/admin/builder/spi-builder-workspace
resolved source packages: ProductHunt
2026-09-20 09:55:15.690 xcodebuild[681:4571] [MT] IDERunDestination: Supported platforms for the buildables in the current scheme is empty.
2026-09-20 09:55:15.832 xcodebuild[681:4571] [MT] IDERunDestination: Supported platforms for the buildables in the current scheme is empty.
{
"dependencies" : [
],
"manifest_display_name" : "ProductHunt",
"name" : "ProductHunt",
"path" : "/Users/admin/builder/spi-builder-workspace",
"platforms" : [
{
"name" : "ios",
"version" : "11.0"
}
],
"products" : [
{
"name" : "ProductHunt",
"targets" : [
"ProductHunt"
],
"type" : {
"library" : [
"automatic"
]
}
}
],
"targets" : [
{
"c99name" : "ProductHuntTests",
"module_type" : "SwiftTarget",
"name" : "ProductHuntTests",
"path" : "Tests/ProductHuntTests",
"sources" : [
"ProductHuntTests.swift",
"XCTestManifests.swift"
],
"target_dependencies" : [
"ProductHunt"
],
"type" : "test"
},
{
"c99name" : "ProductHunt",
"module_type" : "SwiftTarget",
"name" : "ProductHunt",
"path" : "Sources/ProductHunt",
"product_memberships" : [
"ProductHunt"
],
"resources" : [
{
"path" : "/Users/admin/builder/spi-builder-workspace/Sources/ProductHunt/Resources/Assets.xcassets",
"rule" : {
"process" : {
}
}
}
],
"sources" : [
"Extensions/Color.swift",
"Extensions/Font.swift",
"Extensions/String.swift",
"Extensions/UIColor.swift",
"Extensions/UIFont.swift",
"Extensions/UserDefaults.swift",
"PHButton.swift",
"PHManager.swift",
"PHPost.swift",
"PHResponse.swift",
"SwiftUI/PHVotesCount.swift",
"SwiftUI/ProductHuntButton.swift"
],
"type" : "library"
}
],
"tools_version" : "5.3"
}
{
"workspace" : {
"name" : "ProductHunt",
"schemes" : [
"ProductHunt"
]
}
}
2026-09-20 09:55:16.931 xcodebuild[689:4630] [MT] IDERunDestination: Supported platforms for the buildables in the current scheme is empty.
2026-09-20 09:55:17.052 xcodebuild[689:4630] [MT] IDERunDestination: Supported platforms for the buildables in the current scheme is empty.
Running build ...
env DEVELOPER_DIR=/Applications/Xcode-27.0.0-Release.Candidate.app xcrun xcodebuild -IDEClonedSourcePackagesDirPathOverride=$PWD/.dependencies -skipMacroValidation -skipPackagePluginValidation -derivedDataPath $PWD/.derivedData build -scheme ProductHunt -destination generic/platform=watchOS
Command line invocation:
/Applications/Xcode-27.0.0-Release.Candidate.app/Contents/Developer/usr/bin/xcodebuild -IDEClonedSourcePackagesDirPathOverride=/Users/admin/builder/spi-builder-workspace/.dependencies -skipMacroValidation -skipPackagePluginValidation -derivedDataPath /Users/admin/builder/spi-builder-workspace/.derivedData build -scheme ProductHunt -destination generic/platform=watchOS
Resolve Package Graph
Resolved source packages:
ProductHunt: /Users/admin/builder/spi-builder-workspace
ComputePackagePrebuildTargetDependencyGraph
Prepare packages
CreateBuildRequest
SendProjectDescription
CreateBuildOperation
ComputeTargetDependencyGraph
note: Building targets in dependency order
note: Target dependency graph (4 targets)
Target 'ProductHuntTests-product' in project 'ProductHunt'
➜ Explicit dependency on target 'ProductHunt' in project 'ProductHunt'
Target 'ProductHunt-product' in project 'ProductHunt'
➜ Explicit dependency on target 'ProductHunt' in project 'ProductHunt'
➜ Explicit dependency on target 'ProductHunt_ProductHunt' in project 'ProductHunt'
Target 'ProductHunt' in project 'ProductHunt'
➜ Explicit dependency on target 'ProductHunt_ProductHunt' in project 'ProductHunt'
Target 'ProductHunt_ProductHunt' in project 'ProductHunt' (no dependencies)
GatherProvisioningInputs
CreateBuildDescription
ClangStatCache /Applications/Xcode-27.0.0-Release.Candidate.app/Contents/Developer/Toolchains/XcodeDefault.xctoolchain/usr/bin/clang-stat-cache /Applications/Xcode-27.0.0-Release.Candidate.app/Contents/Developer/Platforms/WatchOS.platform/Developer/SDKs/WatchOS27.0.sdk /Users/admin/builder/spi-builder-workspace/.derivedData/SDKStatCaches.noindex/watchos27.0-24R360-e829b21a6f8c9b70876ba0858053c04477534ef55a1706bf4c1112bbb242f0a2.sdkstatcache
cd /Users/admin/builder/spi-builder-workspace/.swiftpm/xcode
/Applications/Xcode-27.0.0-Release.Candidate.app/Contents/Developer/Toolchains/XcodeDefault.xctoolchain/usr/bin/clang-stat-cache /Applications/Xcode-27.0.0-Release.Candidate.app/Contents/Developer/Platforms/WatchOS.platform/Developer/SDKs/WatchOS27.0.sdk -o /Users/admin/builder/spi-builder-workspace/.derivedData/SDKStatCaches.noindex/watchos27.0-24R360-e829b21a6f8c9b70876ba0858053c04477534ef55a1706bf4c1112bbb242f0a2.sdkstatcache
SwiftDriver ProductHunt normal arm64_32 com.apple.xcode.tools.swift.compiler (in target 'ProductHunt' from project 'ProductHunt')
cd /Users/admin/builder/spi-builder-workspace/.swiftpm/xcode
builtin-SwiftDriver -- /Applications/Xcode-27.0.0-Release.Candidate.app/Contents/Developer/Toolchains/XcodeDefault.xctoolchain/usr/bin/swiftc -parse-as-library -module-name ProductHunt -Onone @/Users/admin/builder/spi-builder-workspace/.derivedData/Build/Intermediates.noindex/ProductHunt.build/Debug-watchos/ProductHunt-t.build/Objects-normal/arm64_32/ProductHunt.SwiftFileList -DSWIFT_PACKAGE -DDEBUG -DSWIFT_MODULE_RESOURCE_BUNDLE_AVAILABLE -DXcode -plugin-path /Applications/Xcode-27.0.0-Release.Candidate.app/Contents/Developer/Toolchains/XcodeDefault.xctoolchain/usr/lib/swift/host/plugins/testing -enable-experimental-feature DebugDescriptionMacro -sdk /Applications/Xcode-27.0.0-Release.Candidate.app/Contents/Developer/Platforms/WatchOS.platform/Developer/SDKs/WatchOS27.0.sdk -target arm64_32-apple-watchos9.0 -g -module-cache-path /Users/admin/builder/spi-builder-workspace/.derivedData/ModuleCache.noindex -Xfrontend -serialize-debugging-options -enable-testing -index-store-path /Users/admin/builder/spi-builder-workspace/.derivedData/Index.noindex/DataStore -Xcc -D_LIBCPP_HARDENING_MODE\=_LIBCPP_HARDENING_MODE_DEBUG -swift-version 5 -I /Users/admin/builder/spi-builder-workspace/.derivedData/Build/Products/Debug-watchos -Isystem /Applications/Xcode-27.0.0-Release.Candidate.app/Contents/Developer/Platforms/WatchOS.platform/Developer/usr/lib -F /Users/admin/builder/spi-builder-workspace/.derivedData/Build/Products/Debug-watchos -F /Applications/Xcode-27.0.0-Release.Candidate.app/Contents/Developer/Platforms/WatchOS.platform/Developer/Library/Frameworks -F /Applications/Xcode-27.0.0-Release.Candidate.app/Contents/Developer/Platforms/WatchOS.platform/Developer/SDKs/WatchOS27.0.sdk/Developer/Library/Frameworks -c -j10 -enable-batch-mode -incremental -Xcc -ivfsstatcache -Xcc /Users/admin/builder/spi-builder-workspace/.derivedData/SDKStatCaches.noindex/watchos27.0-24R360-e829b21a6f8c9b70876ba0858053c04477534ef55a1706bf4c1112bbb242f0a2.sdkstatcache -output-file-map /Users/admin/builder/spi-builder-workspace/.derivedData/Build/Intermediates.noindex/ProductHunt.build/Debug-watchos/ProductHunt-t.build/Objects-normal/arm64_32/ProductHunt-OutputFileMap.json -save-temps -no-color-diagnostics -explicit-module-build -module-cache-path /Users/admin/builder/spi-builder-workspace/.derivedData/Build/Intermediates.noindex/SwiftExplicitPrecompiledModules -clang-scanner-module-cache-path /Users/admin/builder/spi-builder-workspace/.derivedData/ModuleCache.noindex -sdk-module-cache-path /Users/admin/builder/spi-builder-workspace/.derivedData/SDKExplicitPrecompiledModules -emit-dependencies -emit-module -emit-module-path /Users/admin/builder/spi-builder-workspace/.derivedData/Build/Intermediates.noindex/ProductHunt.build/Debug-watchos/ProductHunt-t.build/Objects-normal/arm64_32/ProductHunt.swiftmodule -serialize-diagnostics -dependency-scan-serialize-diagnostics-path /Users/admin/builder/spi-builder-workspace/.derivedData/Build/Intermediates.noindex/ProductHunt.build/Debug-watchos/ProductHunt-t.build/Objects-normal/arm64_32/ProductHunt-dependency-scan.dia -validate-clang-modules-once -clang-build-session-file /Users/admin/builder/spi-builder-workspace/.derivedData/ModuleCache.noindex/Session.modulevalidation -Xcc -fmodules-prune-interval\=86400 -Xcc -fmodules-prune-after\=345600 -emit-const-values -const-gather-protocols-list /Users/admin/builder/spi-builder-workspace/.derivedData/Build/Intermediates.noindex/ProductHunt.build/Debug-watchos/ProductHunt-t.build/Objects-normal/arm64_32/ProductHunt_const_extract_protocols.json -Xcc -I/Users/admin/builder/spi-builder-workspace/.derivedData/Build/Products/Debug-watchos/include -Xcc -I/Users/admin/builder/spi-builder-workspace/.derivedData/Build/Intermediates.noindex/ProductHunt.build/Debug-watchos/ProductHunt-t.build/DerivedSources-normal/arm64_32 -Xcc -I/Users/admin/builder/spi-builder-workspace/.derivedData/Build/Intermediates.noindex/ProductHunt.build/Debug-watchos/ProductHunt-t.build/DerivedSources/arm64_32 -Xcc -I/Users/admin/builder/spi-builder-workspace/.derivedData/Build/Intermediates.noindex/ProductHunt.build/Debug-watchos/ProductHunt-t.build/DerivedSources -Xcc -DSWIFT_PACKAGE -Xcc -DDEBUG\=1 -emit-objc-header -emit-objc-header-path /Users/admin/builder/spi-builder-workspace/.derivedData/Build/Intermediates.noindex/ProductHunt.build/Debug-watchos/ProductHunt-t.build/Objects-normal/arm64_32/ProductHunt-Swift.h -working-directory /Users/admin/builder/spi-builder-workspace/.swiftpm/xcode -experimental-emit-module-separately -disable-cmo
/Users/admin/builder/spi-builder-workspace/Sources/ProductHunt/PHManager.swift:9:8: error: Unable to resolve module dependency: 'SafariServices' (in target 'ProductHunt' from project 'ProductHunt')
note: A dependency of main module 'ProductHunt'
/Users/admin/builder/spi-builder-workspace/Sources/ProductHunt/SwiftUI/ProductHuntButton.swift:10:8: note: Also imported here
/Users/admin/builder/spi-builder-workspace/Sources/ProductHunt/PHManager.swift:9:8: note: A dependency of main module 'ProductHunt'
import SafariServices
^ (in target 'ProductHunt' from project 'ProductHunt')
/Users/admin/builder/spi-builder-workspace/Sources/ProductHunt/SwiftUI/ProductHuntButton.swift:10:8: note: Also imported here
import SafariServices
^ (in target 'ProductHunt' from project 'ProductHunt')
SwiftDriver ProductHunt normal arm64 com.apple.xcode.tools.swift.compiler (in target 'ProductHunt' from project 'ProductHunt')
cd /Users/admin/builder/spi-builder-workspace/.swiftpm/xcode
builtin-SwiftDriver -- /Applications/Xcode-27.0.0-Release.Candidate.app/Contents/Developer/Toolchains/XcodeDefault.xctoolchain/usr/bin/swiftc -parse-as-library -module-name ProductHunt -Onone @/Users/admin/builder/spi-builder-workspace/.derivedData/Build/Intermediates.noindex/ProductHunt.build/Debug-watchos/ProductHunt-t.build/Objects-normal/arm64/ProductHunt.SwiftFileList -DSWIFT_PACKAGE -DDEBUG -DSWIFT_MODULE_RESOURCE_BUNDLE_AVAILABLE -DXcode -plugin-path /Applications/Xcode-27.0.0-Release.Candidate.app/Contents/Developer/Toolchains/XcodeDefault.xctoolchain/usr/lib/swift/host/plugins/testing -enable-experimental-feature DebugDescriptionMacro -sdk /Applications/Xcode-27.0.0-Release.Candidate.app/Contents/Developer/Platforms/WatchOS.platform/Developer/SDKs/WatchOS27.0.sdk -target arm64-apple-watchos9.0 -g -module-cache-path /Users/admin/builder/spi-builder-workspace/.derivedData/ModuleCache.noindex -Xfrontend -serialize-debugging-options -enable-testing -index-store-path /Users/admin/builder/spi-builder-workspace/.derivedData/Index.noindex/DataStore -Xcc -D_LIBCPP_HARDENING_MODE\=_LIBCPP_HARDENING_MODE_DEBUG -swift-version 5 -I /Users/admin/builder/spi-builder-workspace/.derivedData/Build/Products/Debug-watchos -Isystem /Applications/Xcode-27.0.0-Release.Candidate.app/Contents/Developer/Platforms/WatchOS.platform/Developer/usr/lib -F /Users/admin/builder/spi-builder-workspace/.derivedData/Build/Products/Debug-watchos -F /Applications/Xcode-27.0.0-Release.Candidate.app/Contents/Developer/Platforms/WatchOS.platform/Developer/Library/Frameworks -F /Applications/Xcode-27.0.0-Release.Candidate.app/Contents/Developer/Platforms/WatchOS.platform/Developer/SDKs/WatchOS27.0.sdk/Developer/Library/Frameworks -c -j10 -enable-batch-mode -incremental -Xcc -ivfsstatcache -Xcc /Users/admin/builder/spi-builder-workspace/.derivedData/SDKStatCaches.noindex/watchos27.0-24R360-e829b21a6f8c9b70876ba0858053c04477534ef55a1706bf4c1112bbb242f0a2.sdkstatcache -output-file-map /Users/admin/builder/spi-builder-workspace/.derivedData/Build/Intermediates.noindex/ProductHunt.build/Debug-watchos/ProductHunt-t.build/Objects-normal/arm64/ProductHunt-OutputFileMap.json -save-temps -no-color-diagnostics -explicit-module-build -module-cache-path /Users/admin/builder/spi-builder-workspace/.derivedData/Build/Intermediates.noindex/SwiftExplicitPrecompiledModules -clang-scanner-module-cache-path /Users/admin/builder/spi-builder-workspace/.derivedData/ModuleCache.noindex -sdk-module-cache-path /Users/admin/builder/spi-builder-workspace/.derivedData/SDKExplicitPrecompiledModules -emit-dependencies -emit-module -emit-module-path /Users/admin/builder/spi-builder-workspace/.derivedData/Build/Intermediates.noindex/ProductHunt.build/Debug-watchos/ProductHunt-t.build/Objects-normal/arm64/ProductHunt.swiftmodule -serialize-diagnostics -dependency-scan-serialize-diagnostics-path /Users/admin/builder/spi-builder-workspace/.derivedData/Build/Intermediates.noindex/ProductHunt.build/Debug-watchos/ProductHunt-t.build/Objects-normal/arm64/ProductHunt-dependency-scan.dia -validate-clang-modules-once -clang-build-session-file /Users/admin/builder/spi-builder-workspace/.derivedData/ModuleCache.noindex/Session.modulevalidation -Xcc -fmodules-prune-interval\=86400 -Xcc -fmodules-prune-after\=345600 -emit-const-values -const-gather-protocols-list /Users/admin/builder/spi-builder-workspace/.derivedData/Build/Intermediates.noindex/ProductHunt.build/Debug-watchos/ProductHunt-t.build/Objects-normal/arm64/ProductHunt_const_extract_protocols.json -Xcc -I/Users/admin/builder/spi-builder-workspace/.derivedData/Build/Products/Debug-watchos/include -Xcc -I/Users/admin/builder/spi-builder-workspace/.derivedData/Build/Intermediates.noindex/ProductHunt.build/Debug-watchos/ProductHunt-t.build/DerivedSources-normal/arm64 -Xcc -I/Users/admin/builder/spi-builder-workspace/.derivedData/Build/Intermediates.noindex/ProductHunt.build/Debug-watchos/ProductHunt-t.build/DerivedSources/arm64 -Xcc -I/Users/admin/builder/spi-builder-workspace/.derivedData/Build/Intermediates.noindex/ProductHunt.build/Debug-watchos/ProductHunt-t.build/DerivedSources -Xcc -DSWIFT_PACKAGE -Xcc -DDEBUG\=1 -emit-objc-header -emit-objc-header-path /Users/admin/builder/spi-builder-workspace/.derivedData/Build/Intermediates.noindex/ProductHunt.build/Debug-watchos/ProductHunt-t.build/Objects-normal/arm64/ProductHunt-Swift.h -working-directory /Users/admin/builder/spi-builder-workspace/.swiftpm/xcode -experimental-emit-module-separately -disable-cmo
/Users/admin/builder/spi-builder-workspace/Sources/ProductHunt/PHManager.swift:9:8: error: Unable to resolve module dependency: 'SafariServices' (in target 'ProductHunt' from project 'ProductHunt')
note: A dependency of main module 'ProductHunt'
/Users/admin/builder/spi-builder-workspace/Sources/ProductHunt/SwiftUI/ProductHuntButton.swift:10:8: note: Also imported here
/Users/admin/builder/spi-builder-workspace/Sources/ProductHunt/PHManager.swift:9:8: note: A dependency of main module 'ProductHunt'
import SafariServices
^ (in target 'ProductHunt' from project 'ProductHunt')
/Users/admin/builder/spi-builder-workspace/Sources/ProductHunt/SwiftUI/ProductHuntButton.swift:10:8: note: Also imported here
import SafariServices
^ (in target 'ProductHunt' from project 'ProductHunt')
PruneExplicitPrecompiledModules /Users/admin/builder/spi-builder-workspace/.derivedData/SDKExplicitPrecompiledModules
PruneExplicitPrecompiledModules /Users/admin/builder/spi-builder-workspace/.derivedData/Build/Intermediates.noindex/ExplicitPrecompiledModules
PruneExplicitPrecompiledModules /Users/admin/builder/spi-builder-workspace/.derivedData/Build/Intermediates.noindex/SwiftExplicitPrecompiledModules
2026-09-20 09:55:17.903 xcodebuild[690:4653] [MT] IDERunDestination: Supported platforms for the buildables in the current scheme is empty.
2026-09-20 09:55:18.050 xcodebuild[690:4653] [MT] IDERunDestination: Supported platforms for the buildables in the current scheme is empty.
** BUILD FAILED **
The following build commands failed:
SwiftDriver ProductHunt normal arm64_32 com.apple.xcode.tools.swift.compiler (in target 'ProductHunt' from project 'ProductHunt')
SwiftDriver ProductHunt normal arm64 com.apple.xcode.tools.swift.compiler (in target 'ProductHunt' from project 'ProductHunt')
Building workspace ProductHunt with scheme ProductHunt
(3 failures)
BUILD FAILURE 6.4 watchOS