Build Information
Failed to build BugfenderPackage, reference 3.0.1 (0ab89f), with Swift 6.4 for visionOS using Xcode 27.0 on 26 Sep 2026 11:18:51 UTC.
Build Command
env DEVELOPER_DIR=/Applications/Xcode-27.0.0-Release.Candidate.app xcrun xcodebuild -IDEClonedSourcePackagesDirPathOverride=$PWD/.dependencies -skipMacroValidation -skipPackagePluginValidation -derivedDataPath $PWD/.derivedData build -scheme BugfenderPackage -destination generic/platform=xrOSBuild Log
========================================
RunAll
========================================
Builder version: 5.1.0
Interrupt handler set up.
========================================
Checkout
========================================
Clone URL: https://github.com/bugfender/BugfenderSDK-iOS.git
Reference: 3.0.1
Initialized empty Git repository in /Users/admin/builder/spi-builder-workspace/.git/
From https://github.com/bugfender/BugfenderSDK-iOS
* tag 3.0.1 -> FETCH_HEAD
HEAD is now at 0ab89f6 Update to version 3.0.1
Cloned https://github.com/bugfender/BugfenderSDK-iOS.git
Revision (git rev-parse @):
0ab89f6b0b9b30d6b2ba3e95842b2c422b950490
SUCCESS checkout https://github.com/bugfender/BugfenderSDK-iOS.git at 3.0.1
========================================
Build
========================================
Selected platform: visionOS
Swift version: 6.4
Building package at path: $PWD
https://github.com/bugfender/BugfenderSDK-iOS.git
Command line invocation:
/Applications/Xcode-27.0.0-Release.Candidate.app/Contents/Developer/usr/bin/xcodebuild -IDEClonedSourcePackagesDirPathOverride=/Users/admin/builder/spi-builder-workspace/.dependencies -resolvePackageDependencies
Resolve Package Graph
Resolve Package Graph
Resolved source packages:
BugfenderPackage: /Users/admin/builder/spi-builder-workspace
resolved source packages: BugfenderPackage
2026-09-26 07:18:04.401 xcodebuild[563:3075] [MT] IDERunDestination: Supported platforms for the buildables in the current scheme is empty.
{
"dependencies" : [
],
"manifest_display_name" : "BugfenderPackage",
"name" : "BugfenderPackage",
"path" : "/Users/admin/builder/spi-builder-workspace",
"platforms" : [
{
"name" : "ios",
"version" : "12"
}
],
"products" : [
{
"name" : "BugfenderLibrary",
"targets" : [
"BugfenderSDK"
],
"type" : {
"library" : [
"automatic"
]
}
}
],
"targets" : [
{
"c99name" : "BugfenderSDK",
"module_type" : "BinaryTarget",
"name" : "BugfenderSDK",
"path" : "remote/archive/BugfenderSDK.xcframework.zip",
"product_memberships" : [
"BugfenderLibrary"
],
"sources" : [
],
"type" : "binary"
}
],
"tools_version" : "5.3"
}
{
"workspace" : {
"name" : "BugfenderPackage",
"schemes" : [
"BugfenderPackage"
]
}
}
2026-09-26 07:18:45.999 xcodebuild[726:4394] [MT] IDERunDestination: Supported platforms for the buildables in the current scheme is empty.
Running build ...
env DEVELOPER_DIR=/Applications/Xcode-27.0.0-Release.Candidate.app xcrun xcodebuild -IDEClonedSourcePackagesDirPathOverride=$PWD/.dependencies -skipMacroValidation -skipPackagePluginValidation -derivedDataPath $PWD/.derivedData build -scheme BugfenderPackage -destination generic/platform=xrOS
Command line invocation:
/Applications/Xcode-27.0.0-Release.Candidate.app/Contents/Developer/usr/bin/xcodebuild -IDEClonedSourcePackagesDirPathOverride=/Users/admin/builder/spi-builder-workspace/.dependencies -skipMacroValidation -skipPackagePluginValidation -derivedDataPath /Users/admin/builder/spi-builder-workspace/.derivedData build -scheme BugfenderPackage -destination generic/platform=xrOS
Resolve Package Graph
Resolved source packages:
BugfenderPackage: /Users/admin/builder/spi-builder-workspace
ComputePackagePrebuildTargetDependencyGraph
Prepare packages
CreateBuildRequest
SendProjectDescription
CreateBuildOperation
ComputeTargetDependencyGraph
note: Building targets in dependency order
note: Target dependency graph (1 target)
Target 'BugfenderLibrary-product' in project 'BugfenderPackage' (no dependencies)
GatherProvisioningInputs
CreateBuildDescription
ExecuteExternalTool /Applications/Xcode-27.0.0-Release.Candidate.app/Contents/Developer/Toolchains/XcodeDefault.xctoolchain/usr/bin/clang -v -E -dM -isysroot /Applications/Xcode-27.0.0-Release.Candidate.app/Contents/Developer/Platforms/XROS.platform/Developer/SDKs/XROS27.0.sdk -x c -c /dev/null
Build description signature: 320448e364199514da7a025a7f70b876
Build description path: /Users/admin/builder/spi-builder-workspace/.derivedData/Build/Intermediates.noindex/XCBuildData/320448e364199514da7a025a7f70b876.xcbuilddata
/Users/admin/builder/spi-builder-workspace/.dependencies/artifacts/spi-builder-workspace/BugfenderSDK/BugfenderSDK.xcframework:1:1: error: While building for visionOS, no library for this platform was found in '/Users/admin/builder/spi-builder-workspace/.dependencies/artifacts/spi-builder-workspace/BugfenderSDK/BugfenderSDK.xcframework'. (in target 'BugfenderLibrary-product' from project 'BugfenderPackage')
2026-09-26 07:18:47.548 xcodebuild[727:4441] [MT] IDERunDestination: Supported platforms for the buildables in the current scheme is empty.
** BUILD FAILED **
The following build commands failed:
Building workspace BugfenderPackage with scheme BugfenderPackage
(1 failure)
Command line invocation:
/Applications/Xcode-27.0.0-Release.Candidate.app/Contents/Developer/usr/bin/xcodebuild -IDEClonedSourcePackagesDirPathOverride=/Users/admin/builder/spi-builder-workspace/.dependencies -resolvePackageDependencies
Resolve Package Graph
Resolved source packages:
BugfenderPackage: /Users/admin/builder/spi-builder-workspace
resolved source packages: BugfenderPackage
2026-09-26 07:18:49.078 xcodebuild[739:4542] [MT] IDERunDestination: Supported platforms for the buildables in the current scheme is empty.
{
"dependencies" : [
],
"manifest_display_name" : "BugfenderPackage",
"name" : "BugfenderPackage",
"path" : "/Users/admin/builder/spi-builder-workspace",
"platforms" : [
{
"name" : "ios",
"version" : "12"
}
],
"products" : [
{
"name" : "BugfenderLibrary",
"targets" : [
"BugfenderSDK"
],
"type" : {
"library" : [
"automatic"
]
}
}
],
"targets" : [
{
"c99name" : "BugfenderSDK",
"module_type" : "BinaryTarget",
"name" : "BugfenderSDK",
"path" : "remote/archive/BugfenderSDK.xcframework.zip",
"product_memberships" : [
"BugfenderLibrary"
],
"sources" : [
],
"type" : "binary"
}
],
"tools_version" : "5.3"
}
{
"workspace" : {
"name" : "BugfenderPackage",
"schemes" : [
"BugfenderPackage"
]
}
}
2026-09-26 07:18:50.243 xcodebuild[747:4604] [MT] IDERunDestination: Supported platforms for the buildables in the current scheme is empty.
Running build ...
env DEVELOPER_DIR=/Applications/Xcode-27.0.0-Release.Candidate.app xcrun xcodebuild -IDEClonedSourcePackagesDirPathOverride=$PWD/.dependencies -skipMacroValidation -skipPackagePluginValidation -derivedDataPath $PWD/.derivedData build -scheme BugfenderPackage -destination generic/platform=xrOS
Command line invocation:
/Applications/Xcode-27.0.0-Release.Candidate.app/Contents/Developer/usr/bin/xcodebuild -IDEClonedSourcePackagesDirPathOverride=/Users/admin/builder/spi-builder-workspace/.dependencies -skipMacroValidation -skipPackagePluginValidation -derivedDataPath /Users/admin/builder/spi-builder-workspace/.derivedData build -scheme BugfenderPackage -destination generic/platform=xrOS
Resolve Package Graph
Resolved source packages:
BugfenderPackage: /Users/admin/builder/spi-builder-workspace
ComputePackagePrebuildTargetDependencyGraph
Prepare packages
CreateBuildRequest
SendProjectDescription
CreateBuildOperation
ComputeTargetDependencyGraph
note: Building targets in dependency order
note: Target dependency graph (1 target)
Target 'BugfenderLibrary-product' in project 'BugfenderPackage' (no dependencies)
GatherProvisioningInputs
CreateBuildDescription
/Users/admin/builder/spi-builder-workspace/.dependencies/artifacts/spi-builder-workspace/BugfenderSDK/BugfenderSDK.xcframework:1:1: error: While building for visionOS, no library for this platform was found in '/Users/admin/builder/spi-builder-workspace/.dependencies/artifacts/spi-builder-workspace/BugfenderSDK/BugfenderSDK.xcframework'. (in target 'BugfenderLibrary-product' from project 'BugfenderPackage')
2026-09-26 07:18:51.181 xcodebuild[748:4631] [MT] IDERunDestination: Supported platforms for the buildables in the current scheme is empty.
** BUILD FAILED **
The following build commands failed:
Building workspace BugfenderPackage with scheme BugfenderPackage
(1 failure)
BUILD FAILURE 6.4 visionOS