Build Information
Failed to build ably-cocoa, reference 1.4.0 (cd74cf), with Swift 6.3 for Wasm on 5 Sep 2026 01:43:28 UTC.
Build Command
bash -c docker run --pull=always --rm -v "checkouts-53886769-0":/host -w "$PWD" -e JAVA_HOME="/root/.sdkman/candidates/java/current" -e SPI_BUILD="1" -e SPI_PROCESSING="1" registry.gitlab.com/saguaro1/spi-images:wasm-6.3-latest swift build --swift-sdk swift-6.3.2-RELEASE_wasm 2>&1Build Log
========================================
RunAll
========================================
Builder version: 5.0.2
Interrupt handler set up.
========================================
Checkout
========================================
Clone URL: https://github.com/ably/ably-cocoa.git
Reference: 1.4.0
Initialized empty Git repository in /host/spi-builder-workspace/.git/
hint: Using 'master' as the name for the initial branch. This default branch name
hint: is subject to change. To configure the initial branch name to use in all
hint: of your new repositories, which will suppress this warning, call:
hint:
hint: git config --global init.defaultBranch <name>
hint:
hint: Names commonly chosen instead of 'master' are 'main', 'trunk' and
hint: 'development'. The just-created branch can be renamed via this command:
hint:
hint: git branch -m <name>
From https://github.com/ably/ably-cocoa
* tag 1.4.0 -> FETCH_HEAD
HEAD is now at cd74cf2 Merge pull request #2263 from ably/release/1.4.0
Submodule path 'Test/AblyTests/ably-common': checked out '783496f4dd1110d0175a7ced60de826e1aba40cc'
Submodule 'ably-common' (https://github.com/ably/ably-common.git) registered for path 'Test/AblyTests/ably-common'
Cloning into '/host/spi-builder-workspace/Test/AblyTests/ably-common'...
Cloned https://github.com/ably/ably-cocoa.git
Revision (git rev-parse @):
cd74cf2d1bf704e95d1a340db1bca77137660232
SUCCESS checkout https://github.com/ably/ably-cocoa.git at 1.4.0
========================================
Build
========================================
Selected platform: wasm
Swift version: 6.3
Building package at path: $PWD
https://github.com/ably/ably-cocoa.git
Running build ...
bash -c docker run --pull=always --rm -v "checkouts-53886769-0":/host -w "$PWD" -e JAVA_HOME="/root/.sdkman/candidates/java/current" -e SPI_BUILD="1" -e SPI_PROCESSING="1" registry.gitlab.com/saguaro1/spi-images:wasm-6.3-latest swift build --swift-sdk swift-6.3.2-RELEASE_wasm 2>&1
wasm-6.3-latest: Pulling from saguaro1/spi-images
Digest: sha256:e92e38b97676c18adb57b57429ddfb766786102cb50cb918e0d9e8055d05b35d
Status: Image is up to date for registry.gitlab.com/saguaro1/spi-images:wasm-6.3-latest
warning: 'spi-builder-workspace': /host/spi-builder-workspace/Package.swift:8:17: warning: 'v10_11' is deprecated: macOS 10.13 is the oldest supported version [#DeprecatedDeclaration]
6 | name: "ably-cocoa",
7 | platforms: [
8 | .macOS(.v10_11),
| `- warning: 'v10_11' is deprecated: macOS 10.13 is the oldest supported version [#DeprecatedDeclaration]
9 | .iOS(.v9),
10 | .tvOS(.v10)
/host/spi-builder-workspace/Package.swift:9:15: warning: 'v9' is deprecated: iOS 12.0 is the oldest supported version [#DeprecatedDeclaration]
7 | platforms: [
8 | .macOS(.v10_11),
9 | .iOS(.v9),
| `- warning: 'v9' is deprecated: iOS 12.0 is the oldest supported version [#DeprecatedDeclaration]
10 | .tvOS(.v10)
11 | ],
/host/spi-builder-workspace/Package.swift:10:16: warning: 'v10' is deprecated: tvOS 12.0 is the oldest supported version [#DeprecatedDeclaration]
8 | .macOS(.v10_11),
9 | .iOS(.v9),
10 | .tvOS(.v10)
| `- warning: 'v10' is deprecated: tvOS 12.0 is the oldest supported version [#DeprecatedDeclaration]
11 | ],
12 | products: [
[#DeprecatedDeclaration]: <https://docs.swift.org/compiler/documentation/diagnostics/deprecated-declaration>
Fetching https://github.com/quick/nimble
Fetching https://github.com/rvi/msgpack-objective-C
Fetching https://github.com/ably/delta-codec-cocoa
[1/506] Fetching msgpack-objective-c
[507/1135] Fetching msgpack-objective-c, delta-codec-cocoa
[1136/21114] Fetching msgpack-objective-c, delta-codec-cocoa, nimble
Fetched https://github.com/rvi/msgpack-objective-C from cache (1.04s)
Fetched https://github.com/ably/delta-codec-cocoa from cache (1.04s)
Fetched https://github.com/quick/nimble from cache (1.05s)
Computing version for https://github.com/quick/nimble
Computed https://github.com/quick/nimble at 11.2.2 (1.93s)
Fetching https://github.com/mattgallagher/CwlPreconditionTesting.git
[1/1257] Fetching cwlpreconditiontesting
Fetched https://github.com/mattgallagher/CwlPreconditionTesting.git from cache (0.91s)
Computing version for https://github.com/ably/delta-codec-cocoa
Computed https://github.com/ably/delta-codec-cocoa at 1.3.5 (1.08s)
Computing version for https://github.com/rvi/msgpack-objective-C
Computed https://github.com/rvi/msgpack-objective-C at 0.4.0 (0.16s)
Computing version for https://github.com/mattgallagher/CwlPreconditionTesting.git
Computed https://github.com/mattgallagher/CwlPreconditionTesting.git at 2.2.2 (0.16s)
Fetching https://github.com/mattgallagher/CwlCatchException.git
[1/460] Fetching cwlcatchexception
Fetched https://github.com/mattgallagher/CwlCatchException.git from cache (0.40s)
Computing version for https://github.com/mattgallagher/CwlCatchException.git
Computed https://github.com/mattgallagher/CwlCatchException.git at 2.2.1 (0.57s)
Creating working copy for https://github.com/mattgallagher/CwlCatchException.git
Working copy of https://github.com/mattgallagher/CwlCatchException.git resolved at 2.2.1
Creating working copy for https://github.com/mattgallagher/CwlPreconditionTesting.git
Working copy of https://github.com/mattgallagher/CwlPreconditionTesting.git resolved at 2.2.2
Creating working copy for https://github.com/ably/delta-codec-cocoa
Working copy of https://github.com/ably/delta-codec-cocoa resolved at 1.3.5
Creating working copy for https://github.com/rvi/msgpack-objective-C
Working copy of https://github.com/rvi/msgpack-objective-C resolved at 0.4.0
Creating working copy for https://github.com/quick/nimble
Working copy of https://github.com/quick/nimble resolved at 11.2.2
warning: 'spi-builder-workspace': ignoring target 'AblyTestsObjC' in package 'spi-builder-workspace'; C language in tests is not yet supported
Building for debugging...
[0/154] Copying PrivacyInfo.xcprivacy
[1/154] Write sources
In file included from <built-in>:1:
/host/spi-builder-workspace/.build/wasm32-unknown-wasip1/debug/Ably.build/DerivedSources/resource_bundle_accessor.h:2:9: fatal error: 'Foundation/Foundation.h' file not found
2 | #import <Foundation/Foundation.h>
| ^~~~~~~~~~~~~~~~~~~~~~~~~
1 error generated.
[4/154] Compiling Ably resource_bundle_accessor.m
In file included from /host/spi-builder-workspace/Test/AblyTestingObjC/Test Utilities/NSObject+TestSuite.m:3:
/host/spi-builder-workspace/Test/AblyTestingObjC/Test Utilities/NSObject+TestSuite.h:3:9: fatal error: 'Foundation/Foundation.h' file not found
3 | #import <Foundation/Foundation.h>
| ^~~~~~~~~~~~~~~~~~~~~~~~~
1 error generated.
[4/154] Compiling NSObject+TestSuite.m
[4/154] Compiling ARTSRURLUtilities.m
In file included from <built-in>:1:
/host/spi-builder-workspace/.build/wasm32-unknown-wasip1/debug/Ably.build/DerivedSources/resource_bundle_accessor.h:2:9: fatal error: 'Foundation/Foundation.h' file not found
2 | #import <Foundation/Foundation.h>
| ^~~~~~~~~~~~~~~~~~~~~~~~~
1 error generated.
[4/154] Compiling NSURLRequest+ARTSRWebSocket.m
In file included from /host/spi-builder-workspace/Test/AblyTestingObjC/Dependencies/steipete/Aspects.m:8:
/host/spi-builder-workspace/Test/AblyTestingObjC/Dependencies/steipete/Aspects.h:8:9: fatal error: 'Foundation/Foundation.h' file not found
8 | #import <Foundation/Foundation.h>
| ^~~~~~~~~~~~~~~~~~~~~~~~~
[4/154] Compiling Aspects.m
In file included from <built-in>:1:
/host/spi-builder-workspace/.build/wasm32-unknown-wasip1/debug/Ably.build/DerivedSources/resource_bundle_accessor.h:2:9: fatal error: 'Foundation/Foundation.h' file not found
2 | #import <Foundation/Foundation.h>
| ^~~~~~~~~~~~~~~~~~~~~~~~~
1 error generated.
[4/154] Compiling NSRunLoop+ARTSRWebSocket.m
In file included from /host/spi-builder-workspace/_AblyPluginSupportPrivate/APDependencyStore.m:1:
/host/spi-builder-workspace/_AblyPluginSupportPrivate/include/APDependencyStore.h:1:1: error: use of '@import' when modules are disabled
1 | @import Foundation;
| ^
/host/spi-builder-workspace/_AblyPluginSupportPrivate/include/APDependencyStore.h:3:1: error: unknown type name 'NS_ASSUME_NONNULL_BEGIN'
3 | NS_ASSUME_NONNULL_BEGIN
| ^
/host/spi-builder-workspace/_AblyPluginSupportPrivate/include/APDependencyStore.h:11:1: error: expected function body after function declarator
11 | NS_SWIFT_SENDABLE
| ^
/host/spi-builder-workspace/_AblyPluginSupportPrivate/include/APDependencyStore.h:26:1: error: missing context for method declaration
26 | - (id<APPluginAPIProtocol>)fetchPluginAPI;
| ^
/host/spi-builder-workspace/_AblyPluginSupportPrivate/include/APDependencyStore.h:28:1: error: expected method body
28 | @end
| ^
/host/spi-builder-workspace/_AblyPluginSupportPrivate/include/APDependencyStore.h:39:1: error: missing context for method declaration
39 | - (instancetype)init NS_UNAVAILABLE;
| ^
/host/spi-builder-workspace/_AblyPluginSupportPrivate/include/APDependencyStore.h:39:22: error: expected method body
39 | - (instancetype)init NS_UNAVAILABLE;
| ^
/host/spi-builder-workspace/_AblyPluginSupportPrivate/include/APDependencyStore.h:41:1: error: '@end' must appear in an Objective-C context
41 | @end
| ^
/host/spi-builder-workspace/_AblyPluginSupportPrivate/include/APDependencyStore.h:43:1: error: unknown type name 'NS_ASSUME_NONNULL_END'
43 | NS_ASSUME_NONNULL_END
| ^
/host/spi-builder-workspace/_AblyPluginSupportPrivate/APDependencyStore.m:3:12: error: cannot find interface declaration for 'APDependencyStore'
3 | @interface APDependencyStore ()
| ^
[4/154] Compiling _AblyPluginSupportPrivate APDependencyStore.m
[4/154] Write swift-version-24593BA9C3E375BF.txt
BUILD FAILURE 6.3 wasm