Build Information
Failed to build LLamaSwift, reference main (5fff6a), with Swift 6.4 for macOS (Xcode) using Xcode 27.0 on 21 Sep 2026 08:52:14 UTC.
Build Command
No build command. This typically means the build failed at an early stage where we determine the build command.Build Log
========================================
RunAll
========================================
Builder version: 5.1.0
Interrupt handler set up.
========================================
Checkout
========================================
Clone URL: https://github.com/srgtuszy/llama-cpp-swift.git
Reference: main
Initialized empty Git repository in /Users/admin/builder/spi-builder-workspace/.git/
From https://github.com/srgtuszy/llama-cpp-swift
* branch main -> FETCH_HEAD
* [new branch] main -> origin/main
HEAD is now at 5fff6aa Fixed sampler chain not being freed
Cloned https://github.com/srgtuszy/llama-cpp-swift.git
Revision (git rev-parse @):
5fff6aaeae60df84b03f7d0aa246745290fdc65f
SUCCESS checkout https://github.com/srgtuszy/llama-cpp-swift.git at main
========================================
Build
========================================
Selected platform: macosXcodebuild
Swift version: 6.4
Building package at path: $PWD
https://github.com/srgtuszy/llama-cpp-swift.git
Command line invocation:
/Applications/Xcode-27.0.0-Release.Candidate.app/Contents/Developer/usr/bin/xcodebuild -IDEClonedSourcePackagesDirPathOverride=/Users/admin/builder/spi-builder-workspace/.dependencies -resolvePackageDependencies
Resolve Package Graph
Fetching from https://github.com/ggerganov/llama.cpp
the package manifest at '/Package.swift' cannot be accessed (/Package.swift doesn't exist in file system) in https://github.com/ggerganov/llama.cppResolve Package Graph
Updating from https://github.com/ggerganov/llama.cpp
the package manifest at '/Package.swift' cannot be accessed (/Package.swift doesn't exist in file system) in https://github.com/ggerganov/llama.cppResolve Package Graph
Updating from https://github.com/ggerganov/llama.cpp
the package manifest at '/Package.swift' cannot be accessed (/Package.swift doesn't exist in file system) in https://github.com/ggerganov/llama.cppResolve Package Graph
Updating from https://github.com/ggerganov/llama.cpp
the package manifest at '/Package.swift' cannot be accessed (/Package.swift doesn't exist in file system) in https://github.com/ggerganov/llama.cppResolve Package Graph
Updating from https://github.com/ggerganov/llama.cpp
the package manifest at '/Package.swift' cannot be accessed (/Package.swift doesn't exist in file system) in https://github.com/ggerganov/llama.cppResolve Package Graph
Updating from https://github.com/ggerganov/llama.cpp
the package manifest at '/Package.swift' cannot be accessed (/Package.swift doesn't exist in file system) in https://github.com/ggerganov/llama.cppResolve Package Graph
Updating from https://github.com/ggerganov/llama.cpp
the package manifest at '/Package.swift' cannot be accessed (/Package.swift doesn't exist in file system) in https://github.com/ggerganov/llama.cpp
Resolved source packages:
spi-builder-workspace: (null)
2026-09-21 04:52:11.262 xcodebuild[528:3030] Writing error result bundle to /var/folders/xq/y_g06wb113726d38xsyx71_h0000gn/T/ResultBundle_2026-21-09_04-52-0011.xcresult
xcodebuild: error: Could not resolve package dependencies:
the package manifest at '/Package.swift' cannot be accessed (/Package.swift doesn't exist in file system) in https://github.com/ggerganov/llama.cpp
Command line invocation:
/Applications/Xcode-27.0.0-Release.Candidate.app/Contents/Developer/usr/bin/xcodebuild -IDEClonedSourcePackagesDirPathOverride=/Users/admin/builder/spi-builder-workspace/.dependencies -resolvePackageDependencies
Resolve Package Graph
Updating from https://github.com/ggerganov/llama.cpp
the package manifest at '/Package.swift' cannot be accessed (/Package.swift doesn't exist in file system) in https://github.com/ggerganov/llama.cpp
Resolved source packages:
spi-builder-workspace: (null)
2026-09-21 04:52:13.884 xcodebuild[721:4860] Writing error result bundle to /var/folders/xq/y_g06wb113726d38xsyx71_h0000gn/T/ResultBundle_2026-21-09_04-52-0013.xcresult
xcodebuild: error: Could not resolve package dependencies:
the package manifest at '/Package.swift' cannot be accessed (/Package.swift doesn't exist in file system) in https://github.com/ggerganov/llama.cpp
BUILD FAILURE 6.4 macosXcodebuild