The Swift Package Index logo.Swift Package Index

Build Information

Failed to build DataSource, reference master (b05b55), with Swift 6.3 for visionOS using Xcode 26.4 on 25 Jun 2026 18:42:11 UTC.

Build Command

env DEVELOPER_DIR=/Applications/Xcode-26.4.0.app xcrun xcodebuild -IDEClonedSourcePackagesDirPathOverride=$PWD/.dependencies -skipMacroValidation -skipPackagePluginValidation -derivedDataPath $PWD/.derivedData build -scheme DataSource -destination generic/platform=xrOS

Build Log

========================================
RunAll
========================================
Builder version: undefined version: run 'make version' to update
Interrupt handler set up.
========================================
Checkout
========================================
Clone URL: https://github.com/allaboutapps/DataSource.git
Reference: master
Initialized empty Git repository in /Users/admin/builder/spi-builder-workspace/.git/
From https://github.com/allaboutapps/DataSource
 * branch            master     -> FETCH_HEAD
 * [new branch]      master     -> origin/master
HEAD is now at b05b550 Fixed SeparatorLineCell taking focus
Cloned https://github.com/allaboutapps/DataSource.git
Revision (git rev-parse @):
b05b5508cf23b9e96053a3ed772fea5a6ba7c8cc
SUCCESS checkout https://github.com/allaboutapps/DataSource.git at master
========================================
Build
========================================
Selected platform:         visionOS
Swift version:             6.3
Building package at path:  $PWD
https://github.com/allaboutapps/DataSource.git
Command line invocation:
    /Applications/Xcode-26.4.0.app/Contents/Developer/usr/bin/xcodebuild -IDEClonedSourcePackagesDirPathOverride=/Users/admin/builder/spi-builder-workspace/.dependencies -resolvePackageDependencies
Resolve Package Graph
Fetching from https://github.com/tonyarnold/Differ
Creating working copy of package ‘Differ’
Checking out 1.4.5 of package ‘Differ’
Resolved source packages:
  Differ: https://github.com/tonyarnold/Differ @ 1.4.5
resolved source packages: Differ
{
  "dependencies" : [
    {
      "identity" : "differ",
      "requirement" : {
        "range" : [
          {
            "lower_bound" : "1.4.3",
            "upper_bound" : "2.0.0"
          }
        ]
      },
      "type" : "sourceControl",
      "url" : "https://github.com/tonyarnold/Differ.git"
    }
  ],
  "manifest_display_name" : "DataSource",
  "name" : "DataSource",
  "path" : "/Users/admin/builder/spi-builder-workspace",
  "platforms" : [
    {
      "name" : "macos",
      "version" : "10.12"
    },
    {
      "name" : "ios",
      "version" : "11.0"
    },
    {
      "name" : "tvos",
      "version" : "11.0"
    },
    {
      "name" : "watchos",
      "version" : "3.0"
    }
  ],
  "products" : [
    {
      "name" : "DataSource",
      "targets" : [
        "DataSource"
      ],
      "type" : {
        "library" : [
          "automatic"
        ]
      }
    }
  ],
  "swift_languages_versions" : [
    "5"
  ],
  "targets" : [
    {
      "c99name" : "DataSourceTests",
      "module_type" : "SwiftTarget",
      "name" : "DataSourceTests",
      "path" : "DataSourceTests",
      "sources" : [
        "ConcurrentReloadSelectTest.swift"
      ],
      "target_dependencies" : [
        "DataSource"
      ],
      "type" : "test"
    },
    {
      "c99name" : "DataSource",
      "module_type" : "SwiftTarget",
      "name" : "DataSource",
      "path" : "DataSource",
      "product_dependencies" : [
        "Differ"
      ],
      "product_memberships" : [
        "DataSource"
      ],
      "sources" : [
        "AutoRegisterCell.swift",
        "CellDescriptor.swift",
        "DataSource+Diff.swift",
        "DataSource+UITableViewDataSource.swift",
        "DataSource+UITableViewDataSourcePrefetching.swift",
        "DataSource+UITableViewDelegate.swift",
        "DataSource.swift",
        "Diffable.swift",
        "Row.swift",
        "Section.swift",
        "SectionDescriptor.swift",
        "SeparatedSection/SeparatedSection.swift",
        "SeparatedSection/SeparatorCustomViewViewModel.swift",
        "SeparatedSection/SeparatorLineCell.swift",
        "SeparatedSection/SeparatorLineViewModel.swift",
        "UITableViewExtensions.swift",
        "Utilities/UIView+AutoLayout.swift"
      ],
      "type" : "library"
    }
  ],
  "tools_version" : "5.0"
}
{
  "project" : {
    "configurations" : [
      "Debug",
      "Release"
    ],
    "name" : "DataSource",
    "schemes" : [
      "DataSource",
      "DataSourceTests",
      "Example"
    ],
    "targets" : [
      "Example",
      "DataSource",
      "DataSourceTests"
    ]
  }
}
{
  "workspace" : {
    "name" : "spi-builder-workspace",
    "schemes" : [
      "DataSource"
    ]
  }
}
2026-06-25 14:41:53.924 xcodebuild[737:4594] [MT] IDERunDestination: Supported platforms for the buildables in the current scheme is empty.
Running build ...
env DEVELOPER_DIR=/Applications/Xcode-26.4.0.app xcrun xcodebuild -IDEClonedSourcePackagesDirPathOverride=$PWD/.dependencies -skipMacroValidation -skipPackagePluginValidation -derivedDataPath $PWD/.derivedData build -scheme DataSource -destination generic/platform=xrOS
Command line invocation:
    /Applications/Xcode-26.4.0.app/Contents/Developer/usr/bin/xcodebuild -IDEClonedSourcePackagesDirPathOverride=/Users/admin/builder/spi-builder-workspace/.dependencies -skipMacroValidation -skipPackagePluginValidation -derivedDataPath /Users/admin/builder/spi-builder-workspace/.derivedData build -scheme DataSource -destination generic/platform=xrOS
Resolve Package Graph
Resolve Package Graph
Resolved source packages:
  DataSource: /Users/admin/builder/spi-builder-workspace
  Differ: https://github.com/tonyarnold/Differ @ 1.4.5
ComputePackagePrebuildTargetDependencyGraph
Prepare packages
CreateBuildRequest
SendProjectDescription
CreateBuildOperation
ComputeTargetDependencyGraph
note: Building targets in dependency order
note: Target dependency graph (4 targets)
    Target 'DataSource' in project 'DataSource'
        ➜ Explicit dependency on target 'DataSource' in project 'DataSource'
        ➜ Explicit dependency on target 'Differ' in project 'Differ'
    Target 'DataSource' in project 'DataSource'
        ➜ Explicit dependency on target 'Differ' in project 'Differ'
    Target 'Differ' in project 'Differ'
        ➜ Explicit dependency on target 'Differ' in project 'Differ'
    Target 'Differ' in project 'Differ' (no dependencies)
GatherProvisioningInputs
CreateBuildDescription
ExecuteExternalTool /Applications/Xcode-26.4.0.app/Contents/Developer/Toolchains/XcodeDefault.xctoolchain/usr/bin/clang -v -E -dM -isysroot /Applications/Xcode-26.4.0.app/Contents/Developer/Platforms/XROS.platform/Developer/SDKs/XROS26.4.sdk -x c -c /dev/null
ExecuteExternalTool /Applications/Xcode-26.4.0.app/Contents/Developer/Toolchains/XcodeDefault.xctoolchain/usr/bin/swiftc --version
ExecuteExternalTool /Applications/Xcode-26.4.0.app/Contents/Developer/Toolchains/XcodeDefault.xctoolchain/usr/bin/ld -version_details
Build description signature: d5d9d06df87dab738c366466ce444c82
Build description path: /Users/admin/builder/spi-builder-workspace/.derivedData/Build/Intermediates.noindex/XCBuildData/d5d9d06df87dab738c366466ce444c82.xcbuilddata
ClangStatCache /Applications/Xcode-26.4.0.app/Contents/Developer/Toolchains/XcodeDefault.xctoolchain/usr/bin/clang-stat-cache /Applications/Xcode-26.4.0.app/Contents/Developer/Platforms/XROS.platform/Developer/SDKs/XROS26.4.sdk /Users/admin/builder/spi-builder-workspace/.derivedData/SDKStatCaches.noindex/xros26.4-23O238-688ef53f1462e2c8f657fdc38a81448fc42b1e75d12c8f651050d7e98f89897c.sdkstatcache
    cd /Users/admin/builder/spi-builder-workspace/.swiftpm/xcode
    /Applications/Xcode-26.4.0.app/Contents/Developer/Toolchains/XcodeDefault.xctoolchain/usr/bin/clang-stat-cache /Applications/Xcode-26.4.0.app/Contents/Developer/Platforms/XROS.platform/Developer/SDKs/XROS26.4.sdk -o /Users/admin/builder/spi-builder-workspace/.derivedData/SDKStatCaches.noindex/xros26.4-23O238-688ef53f1462e2c8f657fdc38a81448fc42b1e75d12c8f651050d7e98f89897c.sdkstatcache
CreateBuildDirectory /Users/admin/builder/spi-builder-workspace/.derivedData/Build/Intermediates.noindex
    cd /Users/admin/builder/spi-builder-workspace/.swiftpm/xcode
    builtin-create-build-directory /Users/admin/builder/spi-builder-workspace/.derivedData/Build/Intermediates.noindex
CreateBuildDirectory /Users/admin/builder/spi-builder-workspace/.derivedData/Build/Products
    cd /Users/admin/builder/spi-builder-workspace/.swiftpm/xcode
    builtin-create-build-directory /Users/admin/builder/spi-builder-workspace/.derivedData/Build/Products
CreateBuildDirectory /Users/admin/builder/spi-builder-workspace/.derivedData/Build/Intermediates.noindex/SwiftExplicitPrecompiledModules
    cd /Users/admin/builder/spi-builder-workspace/.swiftpm/xcode
    builtin-create-build-directory /Users/admin/builder/spi-builder-workspace/.derivedData/Build/Intermediates.noindex/SwiftExplicitPrecompiledModules
CreateBuildDirectory /Users/admin/builder/spi-builder-workspace/.derivedData/Build/Intermediates.noindex/ExplicitPrecompiledModules
    cd /Users/admin/builder/spi-builder-workspace/.swiftpm/xcode
    builtin-create-build-directory /Users/admin/builder/spi-builder-workspace/.derivedData/Build/Intermediates.noindex/ExplicitPrecompiledModules
CreateBuildDirectory /Users/admin/builder/spi-builder-workspace/.derivedData/Build/Intermediates.noindex/EagerLinkingTBDs/Debug-xros
    cd /Users/admin/builder/spi-builder-workspace/.swiftpm/xcode
    builtin-create-build-directory /Users/admin/builder/spi-builder-workspace/.derivedData/Build/Intermediates.noindex/EagerLinkingTBDs/Debug-xros
CreateBuildDirectory /Users/admin/builder/spi-builder-workspace/.derivedData/Build/Products/Debug-xros
    cd /Users/admin/builder/spi-builder-workspace/.swiftpm/xcode
    builtin-create-build-directory /Users/admin/builder/spi-builder-workspace/.derivedData/Build/Products/Debug-xros
CreateBuildDirectory /Users/admin/builder/spi-builder-workspace/.derivedData/Build/Products/Debug-xros/PackageFrameworks
    cd /Users/admin/builder/spi-builder-workspace/.swiftpm/xcode
    builtin-create-build-directory /Users/admin/builder/spi-builder-workspace/.derivedData/Build/Products/Debug-xros/PackageFrameworks
WriteAuxiliaryFile /Users/admin/builder/spi-builder-workspace/.derivedData/Build/Intermediates.noindex/Differ.build/Debug-xros/Differ.build/Differ.modulemap (in target 'Differ' from project 'Differ')
    cd /Users/admin/builder/spi-builder-workspace/.dependencies/checkouts/Differ
    write-file /Users/admin/builder/spi-builder-workspace/.derivedData/Build/Intermediates.noindex/Differ.build/Debug-xros/Differ.build/Differ.modulemap
WriteAuxiliaryFile /Users/admin/builder/spi-builder-workspace/.derivedData/Build/Intermediates.noindex/Differ.build/Debug-xros/Differ.build/Differ.DependencyStaticMetadataFileList (in target 'Differ' from project 'Differ')
    cd /Users/admin/builder/spi-builder-workspace/.dependencies/checkouts/Differ
    write-file /Users/admin/builder/spi-builder-workspace/.derivedData/Build/Intermediates.noindex/Differ.build/Debug-xros/Differ.build/Differ.DependencyStaticMetadataFileList
WriteAuxiliaryFile /Users/admin/builder/spi-builder-workspace/.derivedData/Build/Intermediates.noindex/Differ.build/Debug-xros/Differ.build/Differ.DependencyMetadataFileList (in target 'Differ' from project 'Differ')
    cd /Users/admin/builder/spi-builder-workspace/.dependencies/checkouts/Differ
    write-file /Users/admin/builder/spi-builder-workspace/.derivedData/Build/Intermediates.noindex/Differ.build/Debug-xros/Differ.build/Differ.DependencyMetadataFileList
WriteAuxiliaryFile /Users/admin/builder/spi-builder-workspace/.derivedData/Build/Intermediates.noindex/Differ.build/Debug-xros/Differ.build/Objects-normal/arm64/Differ.SwiftConstValuesFileList (in target 'Differ' from project 'Differ')
    cd /Users/admin/builder/spi-builder-workspace/.dependencies/checkouts/Differ
    write-file /Users/admin/builder/spi-builder-workspace/.derivedData/Build/Intermediates.noindex/Differ.build/Debug-xros/Differ.build/Objects-normal/arm64/Differ.SwiftConstValuesFileList
WriteAuxiliaryFile /Users/admin/builder/spi-builder-workspace/.derivedData/Build/Intermediates.noindex/Differ.build/Debug-xros/Differ.build/Objects-normal/arm64/Differ_const_extract_protocols.json (in target 'Differ' from project 'Differ')
    cd /Users/admin/builder/spi-builder-workspace/.dependencies/checkouts/Differ
    write-file /Users/admin/builder/spi-builder-workspace/.derivedData/Build/Intermediates.noindex/Differ.build/Debug-xros/Differ.build/Objects-normal/arm64/Differ_const_extract_protocols.json
WriteAuxiliaryFile /Users/admin/builder/spi-builder-workspace/.derivedData/Build/Intermediates.noindex/Differ.build/Debug-xros/Differ.build/Objects-normal/arm64/Differ-OutputFileMap.json (in target 'Differ' from project 'Differ')
    cd /Users/admin/builder/spi-builder-workspace/.dependencies/checkouts/Differ
    write-file /Users/admin/builder/spi-builder-workspace/.derivedData/Build/Intermediates.noindex/Differ.build/Debug-xros/Differ.build/Objects-normal/arm64/Differ-OutputFileMap.json
WriteAuxiliaryFile /Users/admin/builder/spi-builder-workspace/.derivedData/Build/Intermediates.noindex/Differ.build/Debug-xros/Differ.build/Objects-normal/arm64/Differ.LinkFileList (in target 'Differ' from project 'Differ')
    cd /Users/admin/builder/spi-builder-workspace/.dependencies/checkouts/Differ
    write-file /Users/admin/builder/spi-builder-workspace/.derivedData/Build/Intermediates.noindex/Differ.build/Debug-xros/Differ.build/Objects-normal/arm64/Differ.LinkFileList
WriteAuxiliaryFile /Users/admin/builder/spi-builder-workspace/.derivedData/Build/Intermediates.noindex/Differ.build/Debug-xros/Differ.build/Objects-normal/arm64/Differ.SwiftFileList (in target 'Differ' from project 'Differ')
    cd /Users/admin/builder/spi-builder-workspace/.dependencies/checkouts/Differ
    write-file /Users/admin/builder/spi-builder-workspace/.derivedData/Build/Intermediates.noindex/Differ.build/Debug-xros/Differ.build/Objects-normal/arm64/Differ.SwiftFileList
WriteAuxiliaryFile /Users/admin/builder/spi-builder-workspace/.derivedData/Build/Intermediates.noindex/DataSource.build/Debug-xros/DataSource.build/Objects-normal/arm64/DataSource_const_extract_protocols.json (in target 'DataSource' from project 'DataSource')
    cd /Users/admin/builder/spi-builder-workspace
    write-file /Users/admin/builder/spi-builder-workspace/.derivedData/Build/Intermediates.noindex/DataSource.build/Debug-xros/DataSource.build/Objects-normal/arm64/DataSource_const_extract_protocols.json
WriteAuxiliaryFile /Users/admin/builder/spi-builder-workspace/.derivedData/Build/Intermediates.noindex/DataSource.build/Debug-xros/DataSource.build/Objects-normal/arm64/DataSource.SwiftFileList (in target 'DataSource' from project 'DataSource')
    cd /Users/admin/builder/spi-builder-workspace
    write-file /Users/admin/builder/spi-builder-workspace/.derivedData/Build/Intermediates.noindex/DataSource.build/Debug-xros/DataSource.build/Objects-normal/arm64/DataSource.SwiftFileList
WriteAuxiliaryFile /Users/admin/builder/spi-builder-workspace/.derivedData/Build/Intermediates.noindex/DataSource.build/Debug-xros/DataSource.build/Objects-normal/arm64/DataSource.SwiftConstValuesFileList (in target 'DataSource' from project 'DataSource')
    cd /Users/admin/builder/spi-builder-workspace
    write-file /Users/admin/builder/spi-builder-workspace/.derivedData/Build/Intermediates.noindex/DataSource.build/Debug-xros/DataSource.build/Objects-normal/arm64/DataSource.SwiftConstValuesFileList
WriteAuxiliaryFile /Users/admin/builder/spi-builder-workspace/.derivedData/Build/Intermediates.noindex/DataSource.build/Debug-xros/DataSource.build/Objects-normal/arm64/DataSource.LinkFileList (in target 'DataSource' from project 'DataSource')
    cd /Users/admin/builder/spi-builder-workspace
    write-file /Users/admin/builder/spi-builder-workspace/.derivedData/Build/Intermediates.noindex/DataSource.build/Debug-xros/DataSource.build/Objects-normal/arm64/DataSource.LinkFileList
WriteAuxiliaryFile /Users/admin/builder/spi-builder-workspace/.derivedData/Build/Intermediates.noindex/DataSource.build/Debug-xros/DataSource.build/Objects-normal/arm64/DataSource-OutputFileMap.json (in target 'DataSource' from project 'DataSource')
    cd /Users/admin/builder/spi-builder-workspace
    write-file /Users/admin/builder/spi-builder-workspace/.derivedData/Build/Intermediates.noindex/DataSource.build/Debug-xros/DataSource.build/Objects-normal/arm64/DataSource-OutputFileMap.json
WriteAuxiliaryFile /Users/admin/builder/spi-builder-workspace/.derivedData/Build/Intermediates.noindex/DataSource.build/Debug-xros/DataSource.build/DataSource.modulemap (in target 'DataSource' from project 'DataSource')
    cd /Users/admin/builder/spi-builder-workspace
    write-file /Users/admin/builder/spi-builder-workspace/.derivedData/Build/Intermediates.noindex/DataSource.build/Debug-xros/DataSource.build/DataSource.modulemap
WriteAuxiliaryFile /Users/admin/builder/spi-builder-workspace/.derivedData/Build/Intermediates.noindex/DataSource.build/Debug-xros/DataSource.build/DataSource.DependencyStaticMetadataFileList (in target 'DataSource' from project 'DataSource')
    cd /Users/admin/builder/spi-builder-workspace
    write-file /Users/admin/builder/spi-builder-workspace/.derivedData/Build/Intermediates.noindex/DataSource.build/Debug-xros/DataSource.build/DataSource.DependencyStaticMetadataFileList
WriteAuxiliaryFile /Users/admin/builder/spi-builder-workspace/.derivedData/Build/Intermediates.noindex/DataSource.build/Debug-xros/DataSource.build/DataSource.DependencyMetadataFileList (in target 'DataSource' from project 'DataSource')
    cd /Users/admin/builder/spi-builder-workspace
    write-file /Users/admin/builder/spi-builder-workspace/.derivedData/Build/Intermediates.noindex/DataSource.build/Debug-xros/DataSource.build/DataSource.DependencyMetadataFileList
Copy /Users/admin/builder/spi-builder-workspace/.derivedData/Build/Intermediates.noindex/GeneratedModuleMaps-xros/Differ.modulemap /Users/admin/builder/spi-builder-workspace/.derivedData/Build/Intermediates.noindex/Differ.build/Debug-xros/Differ.build/Differ.modulemap (in target 'Differ' from project 'Differ')
    cd /Users/admin/builder/spi-builder-workspace/.dependencies/checkouts/Differ
    builtin-copy -exclude .DS_Store -exclude CVS -exclude .svn -exclude .git -exclude .hg -resolve-src-symlinks /Users/admin/builder/spi-builder-workspace/.derivedData/Build/Intermediates.noindex/Differ.build/Debug-xros/Differ.build/Differ.modulemap /Users/admin/builder/spi-builder-workspace/.derivedData/Build/Intermediates.noindex/GeneratedModuleMaps-xros
Copy /Users/admin/builder/spi-builder-workspace/.derivedData/Build/Intermediates.noindex/GeneratedModuleMaps-xros/DataSource.modulemap /Users/admin/builder/spi-builder-workspace/.derivedData/Build/Intermediates.noindex/DataSource.build/Debug-xros/DataSource.build/DataSource.modulemap (in target 'DataSource' from project 'DataSource')
    cd /Users/admin/builder/spi-builder-workspace
    builtin-copy -exclude .DS_Store -exclude CVS -exclude .svn -exclude .git -exclude .hg -resolve-src-symlinks /Users/admin/builder/spi-builder-workspace/.derivedData/Build/Intermediates.noindex/DataSource.build/Debug-xros/DataSource.build/DataSource.modulemap /Users/admin/builder/spi-builder-workspace/.derivedData/Build/Intermediates.noindex/GeneratedModuleMaps-xros
SwiftDriver Differ normal arm64 com.apple.xcode.tools.swift.compiler (in target 'Differ' from project 'Differ')
    cd /Users/admin/builder/spi-builder-workspace/.swiftpm/xcode
    builtin-SwiftDriver -- /Applications/Xcode-26.4.0.app/Contents/Developer/Toolchains/XcodeDefault.xctoolchain/usr/bin/swiftc -module-name Differ -Onone @/Users/admin/builder/spi-builder-workspace/.derivedData/Build/Intermediates.noindex/Differ.build/Debug-xros/Differ.build/Objects-normal/arm64/Differ.SwiftFileList -DSWIFT_PACKAGE -DDEBUG -DSWIFT_MODULE_RESOURCE_BUNDLE_UNAVAILABLE -DXcode -plugin-path /Applications/Xcode-26.4.0.app/Contents/Developer/Toolchains/XcodeDefault.xctoolchain/usr/lib/swift/host/plugins/testing -enable-experimental-feature DebugDescriptionMacro -sdk /Applications/Xcode-26.4.0.app/Contents/Developer/Platforms/XROS.platform/Developer/SDKs/XROS26.4.sdk -target arm64-apple-xros1.0 -g -module-cache-path /Users/admin/builder/spi-builder-workspace/.derivedData/ModuleCache.noindex -Xfrontend -serialize-debugging-options -profile-coverage-mapping -profile-generate -enable-testing -suppress-warnings -index-store-path /Users/admin/builder/spi-builder-workspace/.derivedData/Index.noindex/DataStore -Xcc -D_LIBCPP_HARDENING_MODE\=_LIBCPP_HARDENING_MODE_DEBUG -swift-version 5 -I /Users/admin/builder/spi-builder-workspace/.derivedData/Build/Products/Debug-xros -Isystem /Applications/Xcode-26.4.0.app/Contents/Developer/Platforms/XROS.platform/Developer/usr/lib -F /Users/admin/builder/spi-builder-workspace/.derivedData/Build/Products/Debug-xros -F /Applications/Xcode-26.4.0.app/Contents/Developer/Platforms/XROS.platform/Developer/Library/Frameworks -F /Applications/Xcode-26.4.0.app/Contents/Developer/Platforms/XROS.platform/Developer/SDKs/XROS26.4.sdk/Developer/Library/Frameworks -c -j10 -enable-batch-mode -incremental -Xcc -ivfsstatcache -Xcc /Users/admin/builder/spi-builder-workspace/.derivedData/SDKStatCaches.noindex/xros26.4-23O238-688ef53f1462e2c8f657fdc38a81448fc42b1e75d12c8f651050d7e98f89897c.sdkstatcache -output-file-map /Users/admin/builder/spi-builder-workspace/.derivedData/Build/Intermediates.noindex/Differ.build/Debug-xros/Differ.build/Objects-normal/arm64/Differ-OutputFileMap.json -use-frontend-parseable-output -save-temps -no-color-diagnostics -explicit-module-build -module-cache-path /Users/admin/builder/spi-builder-workspace/.derivedData/Build/Intermediates.noindex/SwiftExplicitPrecompiledModules -clang-scanner-module-cache-path /Users/admin/builder/spi-builder-workspace/.derivedData/ModuleCache.noindex -sdk-module-cache-path /Users/admin/builder/spi-builder-workspace/.derivedData/ModuleCache.noindex -serialize-diagnostics -emit-dependencies -emit-module -emit-module-path /Users/admin/builder/spi-builder-workspace/.derivedData/Build/Intermediates.noindex/Differ.build/Debug-xros/Differ.build/Objects-normal/arm64/Differ.swiftmodule -validate-clang-modules-once -clang-build-session-file /Users/admin/builder/spi-builder-workspace/.derivedData/ModuleCache.noindex/Session.modulevalidation -Xcc -I/Users/admin/builder/spi-builder-workspace/.derivedData/Build/Intermediates.noindex/Differ.build/Debug-xros/Differ.build/swift-overrides.hmap -emit-const-values -Xfrontend -const-gather-protocols-file -Xfrontend /Users/admin/builder/spi-builder-workspace/.derivedData/Build/Intermediates.noindex/Differ.build/Debug-xros/Differ.build/Objects-normal/arm64/Differ_const_extract_protocols.json -Xcc -I/Users/admin/builder/spi-builder-workspace/.derivedData/Build/Products/Debug-xros/include -Xcc -I/Users/admin/builder/spi-builder-workspace/.derivedData/Build/Intermediates.noindex/Differ.build/Debug-xros/Differ.build/DerivedSources-normal/arm64 -Xcc -I/Users/admin/builder/spi-builder-workspace/.derivedData/Build/Intermediates.noindex/Differ.build/Debug-xros/Differ.build/DerivedSources/arm64 -Xcc -I/Users/admin/builder/spi-builder-workspace/.derivedData/Build/Intermediates.noindex/Differ.build/Debug-xros/Differ.build/DerivedSources -Xcc -DSWIFT_PACKAGE -Xcc -DDEBUG\=1 -emit-objc-header -emit-objc-header-path /Users/admin/builder/spi-builder-workspace/.derivedData/Build/Intermediates.noindex/Differ.build/Debug-xros/Differ.build/Objects-normal/arm64/Differ-Swift.h -working-directory /Users/admin/builder/spi-builder-workspace/.swiftpm/xcode -experimental-emit-module-separately -disable-cmo
SwiftExplicitDependencyGeneratePcm arm64 /Users/admin/builder/spi-builder-workspace/.derivedData/ModuleCache.noindex/_SwiftConcurrencyShims-27WOC2HU4MJP517U0TI50ZP6R.pcm
SwiftExplicitDependencyGeneratePcm arm64 /Users/admin/builder/spi-builder-workspace/.derivedData/ModuleCache.noindex/_AvailabilityInternal-3BRLCCDYHUXKOK1AB0M8MOV64.pcm
SwiftExplicitDependencyGeneratePcm arm64 /Users/admin/builder/spi-builder-workspace/.derivedData/ModuleCache.noindex/SwiftShims-9C98A8UQW5H0T6TWPICZ19KK6.pcm
SwiftExplicitDependencyGeneratePcm arm64 /Users/admin/builder/spi-builder-workspace/.derivedData/ModuleCache.noindex/_Builtin_stddef-YJD3LAGSNF10FZWR3J8P610Y.pcm
SwiftExplicitDependencyGeneratePcm arm64 /Users/admin/builder/spi-builder-workspace/.derivedData/ModuleCache.noindex/_Builtin_float-3LC9AV7E10N7DY0X0GCMCK815.pcm
SwiftExplicitDependencyGeneratePcm arm64 /Users/admin/builder/spi-builder-workspace/.derivedData/ModuleCache.noindex/ptrcheck-AGP3KRETLXAMYQDW488IY6LKX.pcm
SwiftExplicitDependencyGeneratePcm arm64 /Users/admin/builder/spi-builder-workspace/.derivedData/ModuleCache.noindex/ptrauth-CWY49DJXJH8MV7H9KA3I9OY1L.pcm
SwiftExplicitDependencyGeneratePcm arm64 /Users/admin/builder/spi-builder-workspace/.derivedData/ModuleCache.noindex/_Builtin_stdbool-CN303CE9AXGY9XZYFJ6QXAOBR.pcm
SwiftExplicitDependencyGeneratePcm arm64 /Users/admin/builder/spi-builder-workspace/.derivedData/ModuleCache.noindex/_Builtin_stdarg-7QMZRTZ3S79OIWTXSAPUIRHYI.pcm
SwiftExplicitDependencyGeneratePcm arm64 /Users/admin/builder/spi-builder-workspace/.derivedData/ModuleCache.noindex/DeveloperToolsSupport-8H1E543GXYONPY3ORK73OCVSM.pcm
SwiftExplicitDependencyGeneratePcm arm64 /Users/admin/builder/spi-builder-workspace/.derivedData/ModuleCache.noindex/_DarwinFoundation1-A6RKRULJVWPNWLT2MY2XALPE3.pcm
SwiftExplicitDependencyGeneratePcm arm64 /Users/admin/builder/spi-builder-workspace/.derivedData/ModuleCache.noindex/_DarwinFoundation2-CAYUJ2WWB7YLVQ3VIZXCDL30U.pcm
SwiftExplicitDependencyGeneratePcm arm64 /Users/admin/builder/spi-builder-workspace/.derivedData/ModuleCache.noindex/_Builtin_limits-1WMMNGC2O206RLV4U5QNHI9ZB.pcm
SwiftExplicitDependencyGeneratePcm arm64 /Users/admin/builder/spi-builder-workspace/.derivedData/ModuleCache.noindex/sys_types-702OW6MB2UYB2TOQQFSKPAKW9.pcm
SwiftExplicitDependencyGeneratePcm arm64 /Users/admin/builder/spi-builder-workspace/.derivedData/ModuleCache.noindex/_Builtin_tgmath-59Q6OKG78APSFVLDZGGRIF4W.pcm
SwiftExplicitDependencyGeneratePcm arm64 /Users/admin/builder/spi-builder-workspace/.derivedData/ModuleCache.noindex/_Builtin_stdint-2PXMKHAWCG53C3RNOK7N1KWX6.pcm
SwiftExplicitDependencyGeneratePcm arm64 /Users/admin/builder/spi-builder-workspace/.derivedData/ModuleCache.noindex/_Builtin_stdatomic-6FZKKZ4XEUC29PTNXJWF33U9M.pcm
SwiftExplicitDependencyGeneratePcm arm64 /Users/admin/builder/spi-builder-workspace/.derivedData/ModuleCache.noindex/_Builtin_intrinsics-3MB48OSWACB9QU99EA6OOCV6C.pcm
SwiftExplicitDependencyGeneratePcm arm64 /Users/admin/builder/spi-builder-workspace/.derivedData/ModuleCache.noindex/_DarwinFoundation3-DET4J8XS334UT6TI8UIL7DF4M.pcm
SwiftExplicitDependencyGeneratePcm arm64 /Users/admin/builder/spi-builder-workspace/.derivedData/ModuleCache.noindex/_Builtin_inttypes-DS3VJWLWEXU7S7AS4RHQN5VZZ.pcm
SwiftExplicitDependencyGeneratePcm arm64 /Users/admin/builder/spi-builder-workspace/.derivedData/ModuleCache.noindex/Darwin-1IQGC7FWS7Q3CJO29Z7BCG728.pcm
SwiftExplicitDependencyGeneratePcm arm64 /Users/admin/builder/spi-builder-workspace/.derivedData/ModuleCache.noindex/simd-CVMTS1H0T9ELGP1G1AZZ150TE.pcm
SwiftExplicitDependencyGeneratePcm arm64 /Users/admin/builder/spi-builder-workspace/.derivedData/ModuleCache.noindex/ObjectiveC-2CZPD0H9RTV4M5QCVDMSJ35Y9.pcm
SwiftExplicitDependencyGeneratePcm arm64 /Users/admin/builder/spi-builder-workspace/.derivedData/ModuleCache.noindex/MachO-1MTCF5GQ63OQIRM6WIIH9FJ8U.pcm
SwiftExplicitDependencyGeneratePcm arm64 /Users/admin/builder/spi-builder-workspace/.derivedData/ModuleCache.noindex/os_object-EZN7U2Y4H5FX9WZTA9F8B6AIM.pcm
SwiftExplicitDependencyGeneratePcm arm64 /Users/admin/builder/spi-builder-workspace/.derivedData/ModuleCache.noindex/os_workgroup-32NYW9B0ZUCWOJ6NY33OVEITX.pcm
SwiftExplicitDependencyGeneratePcm arm64 /Users/admin/builder/spi-builder-workspace/.derivedData/ModuleCache.noindex/Spatial-6Q34MOXZUL6UIIDUP2JJ0EHW8.pcm
SwiftExplicitDependencyGeneratePcm arm64 /Users/admin/builder/spi-builder-workspace/.derivedData/ModuleCache.noindex/Dispatch-8EN8HC46CEO13I4PTKBOX9IAW.pcm
SwiftExplicitDependencyGeneratePcm arm64 /Users/admin/builder/spi-builder-workspace/.derivedData/ModuleCache.noindex/XPC-36DV76SDNEJ71ZU1Q5WQTD2UX.pcm
SwiftExplicitDependencyGeneratePcm arm64 /Users/admin/builder/spi-builder-workspace/.derivedData/ModuleCache.noindex/CoreFoundation-52BCPMJP809TT4WMWEHIVNDW4.pcm
SwiftExplicitDependencyGeneratePcm arm64 /Users/admin/builder/spi-builder-workspace/.derivedData/ModuleCache.noindex/os-DOIHLDND0RDY1XJEDBABNPKS7.pcm
SwiftExplicitDependencyGeneratePcm arm64 /Users/admin/builder/spi-builder-workspace/.derivedData/ModuleCache.noindex/CFNetwork-9IEGUIVXSDZ0Z7F0FKH73EQJK.pcm
SwiftExplicitDependencyGeneratePcm arm64 /Users/admin/builder/spi-builder-workspace/.derivedData/ModuleCache.noindex/CoreGraphics-62UU46263ZWQJL20UDXHQ32DZ.pcm
SwiftExplicitDependencyGeneratePcm arm64 /Users/admin/builder/spi-builder-workspace/.derivedData/ModuleCache.noindex/Security-22PB0EARRYBLWHT3T9EURGBWW.pcm
SwiftExplicitDependencyGeneratePcm arm64 /Users/admin/builder/spi-builder-workspace/.derivedData/ModuleCache.noindex/Foundation-1016IJVOTD7PT4P0ELAQH2JFC.pcm
SwiftExplicitDependencyGeneratePcm arm64 /Users/admin/builder/spi-builder-workspace/.derivedData/ModuleCache.noindex/CoreText-CPU5DZDOKSK2ANXX6Q0R6ZV0H.pcm
SwiftExplicitDependencyGeneratePcm arm64 /Users/admin/builder/spi-builder-workspace/.derivedData/ModuleCache.noindex/ImageIO-CP9BD4HQ7FHVR5WRB10SYWB87.pcm
SwiftExplicitDependencyGeneratePcm arm64 /Users/admin/builder/spi-builder-workspace/.derivedData/ModuleCache.noindex/UserNotifications-CCM2P63S0EGYF5GGVNM881DPC.pcm
SwiftExplicitDependencyGeneratePcm arm64 /Users/admin/builder/spi-builder-workspace/.derivedData/ModuleCache.noindex/Accessibility-D3KZO165IOOCUJ7Z56UQZVAMN.pcm
SwiftExplicitDependencyGeneratePcm arm64 /Users/admin/builder/spi-builder-workspace/.derivedData/ModuleCache.noindex/UniformTypeIdentifiers-EWJ7E4TAOHT049VK7EX1C7IUO.pcm
SwiftExplicitDependencyGeneratePcm arm64 /Users/admin/builder/spi-builder-workspace/.derivedData/ModuleCache.noindex/FileProvider-2FDK64HW47MREA3YQTVZTHZAT.pcm
SwiftExplicitDependencyGeneratePcm arm64 /Users/admin/builder/spi-builder-workspace/.derivedData/ModuleCache.noindex/IOSurface-2BWIZZSJHOI1YQWVDTFRNTH3W.pcm
SwiftExplicitDependencyGeneratePcm arm64 /Users/admin/builder/spi-builder-workspace/.derivedData/ModuleCache.noindex/Symbols-D1J02M9LRZ9O2SI94Y82H4D1O.pcm
SwiftExplicitDependencyGeneratePcm arm64 /Users/admin/builder/spi-builder-workspace/.derivedData/ModuleCache.noindex/DataDetection-CKR9U86N8LVZKIU4SJHHHC5HE.pcm
SwiftExplicitDependencyGeneratePcm arm64 /Users/admin/builder/spi-builder-workspace/.derivedData/ModuleCache.noindex/OSLog-9MHL8PKA5263OELKMNJBU5W6A.pcm
SwiftExplicitDependencyGeneratePcm arm64 /Users/admin/builder/spi-builder-workspace/.derivedData/ModuleCache.noindex/UIUtilities-5KGSEEFRFVI3JRR8TDVD6Q7YT.pcm
SwiftExplicitDependencyGeneratePcm arm64 /Users/admin/builder/spi-builder-workspace/.derivedData/ModuleCache.noindex/CoreTransferable-EYAVL5DLOG54Y59BZK63V3LUH.pcm
SwiftExplicitDependencyGeneratePcm arm64 /Users/admin/builder/spi-builder-workspace/.derivedData/ModuleCache.noindex/Metal-5ZAQ7B57JDD8BBK9GX3FZG8Q8.pcm
SwiftExplicitDependencyGeneratePcm arm64 /Users/admin/builder/spi-builder-workspace/.derivedData/ModuleCache.noindex/OpenGLES-AOXVNTUOQ98O22ZE4F1RHIG52.pcm
SwiftExplicitDependencyGeneratePcm arm64 /Users/admin/builder/spi-builder-workspace/.derivedData/ModuleCache.noindex/CoreVideo-4M6LZ594REO8EW3VBXO4JKMI0.pcm
SwiftExplicitDependencyGeneratePcm arm64 /Users/admin/builder/spi-builder-workspace/.derivedData/ModuleCache.noindex/QuartzCore-32MUAHMK6A4ZSS66N4524FZOW.pcm
SwiftExplicitDependencyGeneratePcm arm64 /Users/admin/builder/spi-builder-workspace/.derivedData/ModuleCache.noindex/CoreImage-7UQ9UL0CCXU3MV7YXAOUDCLPW.pcm
SwiftExplicitDependencyGeneratePcm arm64 /Users/admin/builder/spi-builder-workspace/.derivedData/ModuleCache.noindex/SwiftUICore-356ZBFD7Z29TS4YRAF47OFL94.pcm
SwiftExplicitDependencyGeneratePcm arm64 /Users/admin/builder/spi-builder-workspace/.derivedData/ModuleCache.noindex/UIKit-B3A633XDW0KER3R40B56SJATQ.pcm
SwiftCompile normal arm64 Compiling\ Patch.swift /Users/admin/builder/spi-builder-workspace/.dependencies/checkouts/Differ/Sources/Differ/Patch.swift (in target 'Differ' from project 'Differ')
SwiftCompile normal arm64 /Users/admin/builder/spi-builder-workspace/.dependencies/checkouts/Differ/Sources/Differ/Patch.swift (in target 'Differ' from project 'Differ')
    cd /Users/admin/builder/spi-builder-workspace/.swiftpm/xcode

SwiftEmitModule normal arm64 Emitting\ module\ for\ Differ (in target 'Differ' from project 'Differ')
EmitSwiftModule normal arm64 (in target 'Differ' from project 'Differ')
    cd /Users/admin/builder/spi-builder-workspace/.swiftpm/xcode

SwiftCompile normal arm64 Compiling\ NestedDiff.swift /Users/admin/builder/spi-builder-workspace/.dependencies/checkouts/Differ/Sources/Differ/NestedDiff.swift (in target 'Differ' from project 'Differ')
SwiftCompile normal arm64 /Users/admin/builder/spi-builder-workspace/.dependencies/checkouts/Differ/Sources/Differ/NestedDiff.swift (in target 'Differ' from project 'Differ')
    cd /Users/admin/builder/spi-builder-workspace/.swiftpm/xcode

SwiftCompile normal arm64 Compiling\ Patch+Sort.swift /Users/admin/builder/spi-builder-workspace/.dependencies/checkouts/Differ/Sources/Differ/Patch+Sort.swift (in target 'Differ' from project 'Differ')
SwiftCompile normal arm64 /Users/admin/builder/spi-builder-workspace/.dependencies/checkouts/Differ/Sources/Differ/Patch+Sort.swift (in target 'Differ' from project 'Differ')
    cd /Users/admin/builder/spi-builder-workspace/.swiftpm/xcode

SwiftCompile normal arm64 Compiling\ NestedExtendedDiff.swift /Users/admin/builder/spi-builder-workspace/.dependencies/checkouts/Differ/Sources/Differ/NestedExtendedDiff.swift (in target 'Differ' from project 'Differ')
SwiftCompile normal arm64 /Users/admin/builder/spi-builder-workspace/.dependencies/checkouts/Differ/Sources/Differ/NestedExtendedDiff.swift (in target 'Differ' from project 'Differ')
    cd /Users/admin/builder/spi-builder-workspace/.swiftpm/xcode

SwiftCompile normal arm64 Compiling\ Patch+Apply.swift /Users/admin/builder/spi-builder-workspace/.dependencies/checkouts/Differ/Sources/Differ/Patch+Apply.swift (in target 'Differ' from project 'Differ')
SwiftCompile normal arm64 /Users/admin/builder/spi-builder-workspace/.dependencies/checkouts/Differ/Sources/Differ/Patch+Apply.swift (in target 'Differ' from project 'Differ')
    cd /Users/admin/builder/spi-builder-workspace/.swiftpm/xcode

SwiftCompile normal arm64 Compiling\ ExtendedPatch.swift,\ GenericPatch.swift /Users/admin/builder/spi-builder-workspace/.dependencies/checkouts/Differ/Sources/Differ/ExtendedPatch.swift /Users/admin/builder/spi-builder-workspace/.dependencies/checkouts/Differ/Sources/Differ/GenericPatch.swift (in target 'Differ' from project 'Differ')
SwiftCompile normal arm64 /Users/admin/builder/spi-builder-workspace/.dependencies/checkouts/Differ/Sources/Differ/ExtendedPatch.swift (in target 'Differ' from project 'Differ')
    cd /Users/admin/builder/spi-builder-workspace/.swiftpm/xcode

SwiftCompile normal arm64 /Users/admin/builder/spi-builder-workspace/.dependencies/checkouts/Differ/Sources/Differ/GenericPatch.swift (in target 'Differ' from project 'Differ')
    cd /Users/admin/builder/spi-builder-workspace/.swiftpm/xcode

SwiftCompile normal arm64 Compiling\ ExtendedDiff.swift,\ ExtendedPatch+Apply.swift /Users/admin/builder/spi-builder-workspace/.dependencies/checkouts/Differ/Sources/Differ/ExtendedDiff.swift /Users/admin/builder/spi-builder-workspace/.dependencies/checkouts/Differ/Sources/Differ/ExtendedPatch+Apply.swift (in target 'Differ' from project 'Differ')
SwiftCompile normal arm64 /Users/admin/builder/spi-builder-workspace/.dependencies/checkouts/Differ/Sources/Differ/ExtendedDiff.swift (in target 'Differ' from project 'Differ')
    cd /Users/admin/builder/spi-builder-workspace/.swiftpm/xcode

SwiftCompile normal arm64 /Users/admin/builder/spi-builder-workspace/.dependencies/checkouts/Differ/Sources/Differ/ExtendedPatch+Apply.swift (in target 'Differ' from project 'Differ')
    cd /Users/admin/builder/spi-builder-workspace/.swiftpm/xcode

SwiftCompile normal arm64 Compiling\ BatchUpdate.swift,\ Diff+AppKit.swift /Users/admin/builder/spi-builder-workspace/.dependencies/checkouts/Differ/Sources/Differ/BatchUpdate.swift /Users/admin/builder/spi-builder-workspace/.dependencies/checkouts/Differ/Sources/Differ/Diff+AppKit.swift (in target 'Differ' from project 'Differ')
SwiftCompile normal arm64 /Users/admin/builder/spi-builder-workspace/.dependencies/checkouts/Differ/Sources/Differ/BatchUpdate.swift (in target 'Differ' from project 'Differ')
    cd /Users/admin/builder/spi-builder-workspace/.swiftpm/xcode

SwiftCompile normal arm64 /Users/admin/builder/spi-builder-workspace/.dependencies/checkouts/Differ/Sources/Differ/Diff+AppKit.swift (in target 'Differ' from project 'Differ')
    cd /Users/admin/builder/spi-builder-workspace/.swiftpm/xcode

SwiftCompile normal arm64 Compiling\ Diff+UIKit.swift,\ Diff.swift /Users/admin/builder/spi-builder-workspace/.dependencies/checkouts/Differ/Sources/Differ/Diff+UIKit.swift /Users/admin/builder/spi-builder-workspace/.dependencies/checkouts/Differ/Sources/Differ/Diff.swift (in target 'Differ' from project 'Differ')
SwiftCompile normal arm64 /Users/admin/builder/spi-builder-workspace/.dependencies/checkouts/Differ/Sources/Differ/Diff+UIKit.swift (in target 'Differ' from project 'Differ')
    cd /Users/admin/builder/spi-builder-workspace/.swiftpm/xcode

SwiftCompile normal arm64 /Users/admin/builder/spi-builder-workspace/.dependencies/checkouts/Differ/Sources/Differ/Diff.swift (in target 'Differ' from project 'Differ')
    cd /Users/admin/builder/spi-builder-workspace/.swiftpm/xcode

SwiftCompile normal arm64 Compiling\ LinkedList.swift,\ NestedBatchUpdate.swift /Users/admin/builder/spi-builder-workspace/.dependencies/checkouts/Differ/Sources/Differ/LinkedList.swift /Users/admin/builder/spi-builder-workspace/.dependencies/checkouts/Differ/Sources/Differ/NestedBatchUpdate.swift (in target 'Differ' from project 'Differ')
SwiftCompile normal arm64 /Users/admin/builder/spi-builder-workspace/.dependencies/checkouts/Differ/Sources/Differ/LinkedList.swift (in target 'Differ' from project 'Differ')
    cd /Users/admin/builder/spi-builder-workspace/.swiftpm/xcode

SwiftCompile normal arm64 /Users/admin/builder/spi-builder-workspace/.dependencies/checkouts/Differ/Sources/Differ/NestedBatchUpdate.swift (in target 'Differ' from project 'Differ')
    cd /Users/admin/builder/spi-builder-workspace/.swiftpm/xcode

SwiftDriverJobDiscovery normal arm64 Emitting module for Differ (in target 'Differ' from project 'Differ')
SwiftDriver\ Compilation\ Requirements Differ normal arm64 com.apple.xcode.tools.swift.compiler (in target 'Differ' from project 'Differ')
    cd /Users/admin/builder/spi-builder-workspace/.swiftpm/xcode
    builtin-Swift-Compilation-Requirements -- /Applications/Xcode-26.4.0.app/Contents/Developer/Toolchains/XcodeDefault.xctoolchain/usr/bin/swiftc -module-name Differ -Onone @/Users/admin/builder/spi-builder-workspace/.derivedData/Build/Intermediates.noindex/Differ.build/Debug-xros/Differ.build/Objects-normal/arm64/Differ.SwiftFileList -DSWIFT_PACKAGE -DDEBUG -DSWIFT_MODULE_RESOURCE_BUNDLE_UNAVAILABLE -DXcode -plugin-path /Applications/Xcode-26.4.0.app/Contents/Developer/Toolchains/XcodeDefault.xctoolchain/usr/lib/swift/host/plugins/testing -enable-experimental-feature DebugDescriptionMacro -sdk /Applications/Xcode-26.4.0.app/Contents/Developer/Platforms/XROS.platform/Developer/SDKs/XROS26.4.sdk -target arm64-apple-xros1.0 -g -module-cache-path /Users/admin/builder/spi-builder-workspace/.derivedData/ModuleCache.noindex -Xfrontend -serialize-debugging-options -profile-coverage-mapping -profile-generate -enable-testing -suppress-warnings -index-store-path /Users/admin/builder/spi-builder-workspace/.derivedData/Index.noindex/DataStore -Xcc -D_LIBCPP_HARDENING_MODE\=_LIBCPP_HARDENING_MODE_DEBUG -swift-version 5 -I /Users/admin/builder/spi-builder-workspace/.derivedData/Build/Products/Debug-xros -Isystem /Applications/Xcode-26.4.0.app/Contents/Developer/Platforms/XROS.platform/Developer/usr/lib -F /Users/admin/builder/spi-builder-workspace/.derivedData/Build/Products/Debug-xros -F /Applications/Xcode-26.4.0.app/Contents/Developer/Platforms/XROS.platform/Developer/Library/Frameworks -F /Applications/Xcode-26.4.0.app/Contents/Developer/Platforms/XROS.platform/Developer/SDKs/XROS26.4.sdk/Developer/Library/Frameworks -c -j10 -enable-batch-mode -incremental -Xcc -ivfsstatcache -Xcc /Users/admin/builder/spi-builder-workspace/.derivedData/SDKStatCaches.noindex/xros26.4-23O238-688ef53f1462e2c8f657fdc38a81448fc42b1e75d12c8f651050d7e98f89897c.sdkstatcache -output-file-map /Users/admin/builder/spi-builder-workspace/.derivedData/Build/Intermediates.noindex/Differ.build/Debug-xros/Differ.build/Objects-normal/arm64/Differ-OutputFileMap.json -use-frontend-parseable-output -save-temps -no-color-diagnostics -explicit-module-build -module-cache-path /Users/admin/builder/spi-builder-workspace/.derivedData/Build/Intermediates.noindex/SwiftExplicitPrecompiledModules -clang-scanner-module-cache-path /Users/admin/builder/spi-builder-workspace/.derivedData/ModuleCache.noindex -sdk-module-cache-path /Users/admin/builder/spi-builder-workspace/.derivedData/ModuleCache.noindex -serialize-diagnostics -emit-dependencies -emit-module -emit-module-path /Users/admin/builder/spi-builder-workspace/.derivedData/Build/Intermediates.noindex/Differ.build/Debug-xros/Differ.build/Objects-normal/arm64/Differ.swiftmodule -validate-clang-modules-once -clang-build-session-file /Users/admin/builder/spi-builder-workspace/.derivedData/ModuleCache.noindex/Session.modulevalidation -Xcc -I/Users/admin/builder/spi-builder-workspace/.derivedData/Build/Intermediates.noindex/Differ.build/Debug-xros/Differ.build/swift-overrides.hmap -emit-const-values -Xfrontend -const-gather-protocols-file -Xfrontend /Users/admin/builder/spi-builder-workspace/.derivedData/Build/Intermediates.noindex/Differ.build/Debug-xros/Differ.build/Objects-normal/arm64/Differ_const_extract_protocols.json -Xcc -I/Users/admin/builder/spi-builder-workspace/.derivedData/Build/Products/Debug-xros/include -Xcc -I/Users/admin/builder/spi-builder-workspace/.derivedData/Build/Intermediates.noindex/Differ.build/Debug-xros/Differ.build/DerivedSources-normal/arm64 -Xcc -I/Users/admin/builder/spi-builder-workspace/.derivedData/Build/Intermediates.noindex/Differ.build/Debug-xros/Differ.build/DerivedSources/arm64 -Xcc -I/Users/admin/builder/spi-builder-workspace/.derivedData/Build/Intermediates.noindex/Differ.build/Debug-xros/Differ.build/DerivedSources -Xcc -DSWIFT_PACKAGE -Xcc -DDEBUG\=1 -emit-objc-header -emit-objc-header-path /Users/admin/builder/spi-builder-workspace/.derivedData/Build/Intermediates.noindex/Differ.build/Debug-xros/Differ.build/Objects-normal/arm64/Differ-Swift.h -working-directory /Users/admin/builder/spi-builder-workspace/.swiftpm/xcode -experimental-emit-module-separately -disable-cmo
SwiftDriverJobDiscovery normal arm64 Compiling Patch+Apply.swift (in target 'Differ' from project 'Differ')
SwiftMergeGeneratedHeaders /Users/admin/builder/spi-builder-workspace/.derivedData/Build/Intermediates.noindex/GeneratedModuleMaps-xros/Differ-Swift.h /Users/admin/builder/spi-builder-workspace/.derivedData/Build/Intermediates.noindex/Differ.build/Debug-xros/Differ.build/Objects-normal/arm64/Differ-Swift.h (in target 'Differ' from project 'Differ')
    cd /Users/admin/builder/spi-builder-workspace/.dependencies/checkouts/Differ
    builtin-swiftHeaderTool -arch arm64 /Users/admin/builder/spi-builder-workspace/.derivedData/Build/Intermediates.noindex/Differ.build/Debug-xros/Differ.build/Objects-normal/arm64/Differ-Swift.h -o /Users/admin/builder/spi-builder-workspace/.derivedData/Build/Intermediates.noindex/GeneratedModuleMaps-xros/Differ-Swift.h
Copy /Users/admin/builder/spi-builder-workspace/.derivedData/Build/Products/Debug-xros/Differ.swiftmodule/arm64-apple-xros.swiftmodule /Users/admin/builder/spi-builder-workspace/.derivedData/Build/Intermediates.noindex/Differ.build/Debug-xros/Differ.build/Objects-normal/arm64/Differ.swiftmodule (in target 'Differ' from project 'Differ')
    cd /Users/admin/builder/spi-builder-workspace/.dependencies/checkouts/Differ
    builtin-copy -exclude .DS_Store -exclude CVS -exclude .svn -exclude .git -exclude .hg -resolve-src-symlinks -rename /Users/admin/builder/spi-builder-workspace/.derivedData/Build/Intermediates.noindex/Differ.build/Debug-xros/Differ.build/Objects-normal/arm64/Differ.swiftmodule /Users/admin/builder/spi-builder-workspace/.derivedData/Build/Products/Debug-xros/Differ.swiftmodule/arm64-apple-xros.swiftmodule
Copy /Users/admin/builder/spi-builder-workspace/.derivedData/Build/Products/Debug-xros/Differ.swiftmodule/arm64-apple-xros.swiftdoc /Users/admin/builder/spi-builder-workspace/.derivedData/Build/Intermediates.noindex/Differ.build/Debug-xros/Differ.build/Objects-normal/arm64/Differ.swiftdoc (in target 'Differ' from project 'Differ')
    cd /Users/admin/builder/spi-builder-workspace/.dependencies/checkouts/Differ
    builtin-copy -exclude .DS_Store -exclude CVS -exclude .svn -exclude .git -exclude .hg -resolve-src-symlinks -rename /Users/admin/builder/spi-builder-workspace/.derivedData/Build/Intermediates.noindex/Differ.build/Debug-xros/Differ.build/Objects-normal/arm64/Differ.swiftdoc /Users/admin/builder/spi-builder-workspace/.derivedData/Build/Products/Debug-xros/Differ.swiftmodule/arm64-apple-xros.swiftdoc
Copy /Users/admin/builder/spi-builder-workspace/.derivedData/Build/Products/Debug-xros/Differ.swiftmodule/arm64-apple-xros.abi.json /Users/admin/builder/spi-builder-workspace/.derivedData/Build/Intermediates.noindex/Differ.build/Debug-xros/Differ.build/Objects-normal/arm64/Differ.abi.json (in target 'Differ' from project 'Differ')
    cd /Users/admin/builder/spi-builder-workspace/.dependencies/checkouts/Differ
    builtin-copy -exclude .DS_Store -exclude CVS -exclude .svn -exclude .git -exclude .hg -resolve-src-symlinks -rename /Users/admin/builder/spi-builder-workspace/.derivedData/Build/Intermediates.noindex/Differ.build/Debug-xros/Differ.build/Objects-normal/arm64/Differ.abi.json /Users/admin/builder/spi-builder-workspace/.derivedData/Build/Products/Debug-xros/Differ.swiftmodule/arm64-apple-xros.abi.json
SwiftDriverJobDiscovery normal arm64 Compiling Patch.swift (in target 'Differ' from project 'Differ')
Copy /Users/admin/builder/spi-builder-workspace/.derivedData/Build/Products/Debug-xros/Differ.swiftmodule/Project/arm64-apple-xros.swiftsourceinfo /Users/admin/builder/spi-builder-workspace/.derivedData/Build/Intermediates.noindex/Differ.build/Debug-xros/Differ.build/Objects-normal/arm64/Differ.swiftsourceinfo (in target 'Differ' from project 'Differ')
    cd /Users/admin/builder/spi-builder-workspace/.dependencies/checkouts/Differ
    builtin-copy -exclude .DS_Store -exclude CVS -exclude .svn -exclude .git -exclude .hg -resolve-src-symlinks -rename /Users/admin/builder/spi-builder-workspace/.derivedData/Build/Intermediates.noindex/Differ.build/Debug-xros/Differ.build/Objects-normal/arm64/Differ.swiftsourceinfo /Users/admin/builder/spi-builder-workspace/.derivedData/Build/Products/Debug-xros/Differ.swiftmodule/Project/arm64-apple-xros.swiftsourceinfo
SwiftDriverJobDiscovery normal arm64 Compiling Patch+Sort.swift (in target 'Differ' from project 'Differ')
SwiftDriver DataSource normal arm64 com.apple.xcode.tools.swift.compiler (in target 'DataSource' from project 'DataSource')
    cd /Users/admin/builder/spi-builder-workspace/.swiftpm/xcode
    builtin-SwiftDriver -- /Applications/Xcode-26.4.0.app/Contents/Developer/Toolchains/XcodeDefault.xctoolchain/usr/bin/swiftc -module-name DataSource -Onone @/Users/admin/builder/spi-builder-workspace/.derivedData/Build/Intermediates.noindex/DataSource.build/Debug-xros/DataSource.build/Objects-normal/arm64/DataSource.SwiftFileList -DSWIFT_PACKAGE -DDEBUG -DSWIFT_MODULE_RESOURCE_BUNDLE_UNAVAILABLE -DXcode -plugin-path /Applications/Xcode-26.4.0.app/Contents/Developer/Toolchains/XcodeDefault.xctoolchain/usr/lib/swift/host/plugins/testing -enable-experimental-feature DebugDescriptionMacro -sdk /Applications/Xcode-26.4.0.app/Contents/Developer/Platforms/XROS.platform/Developer/SDKs/XROS26.4.sdk -target arm64-apple-xros1.0 -g -module-cache-path /Users/admin/builder/spi-builder-workspace/.derivedData/ModuleCache.noindex -Xfrontend -serialize-debugging-options -profile-coverage-mapping -profile-generate -enable-testing -index-store-path /Users/admin/builder/spi-builder-workspace/.derivedData/Index.noindex/DataStore -Xcc -D_LIBCPP_HARDENING_MODE\=_LIBCPP_HARDENING_MODE_DEBUG -swift-version 5 -I /Users/admin/builder/spi-builder-workspace/.derivedData/Build/Products/Debug-xros -Isystem /Applications/Xcode-26.4.0.app/Contents/Developer/Platforms/XROS.platform/Developer/usr/lib -F /Users/admin/builder/spi-builder-workspace/.derivedData/Build/Products/Debug-xros/PackageFrameworks -F /Users/admin/builder/spi-builder-workspace/.derivedData/Build/Products/Debug-xros -F /Applications/Xcode-26.4.0.app/Contents/Developer/Platforms/XROS.platform/Developer/Library/Frameworks -F /Applications/Xcode-26.4.0.app/Contents/Developer/Platforms/XROS.platform/Developer/SDKs/XROS26.4.sdk/Developer/Library/Frameworks -c -j10 -enable-batch-mode -incremental -Xcc -ivfsstatcache -Xcc /Users/admin/builder/spi-builder-workspace/.derivedData/SDKStatCaches.noindex/xros26.4-23O238-688ef53f1462e2c8f657fdc38a81448fc42b1e75d12c8f651050d7e98f89897c.sdkstatcache -output-file-map /Users/admin/builder/spi-builder-workspace/.derivedData/Build/Intermediates.noindex/DataSource.build/Debug-xros/DataSource.build/Objects-normal/arm64/DataSource-OutputFileMap.json -use-frontend-parseable-output -save-temps -no-color-diagnostics -explicit-module-build -module-cache-path /Users/admin/builder/spi-builder-workspace/.derivedData/Build/Intermediates.noindex/SwiftExplicitPrecompiledModules -clang-scanner-module-cache-path /Users/admin/builder/spi-builder-workspace/.derivedData/ModuleCache.noindex -sdk-module-cache-path /Users/admin/builder/spi-builder-workspace/.derivedData/ModuleCache.noindex -serialize-diagnostics -emit-dependencies -emit-module -emit-module-path /Users/admin/builder/spi-builder-workspace/.derivedData/Build/Intermediates.noindex/DataSource.build/Debug-xros/DataSource.build/Objects-normal/arm64/DataSource.swiftmodule -validate-clang-modules-once -clang-build-session-file /Users/admin/builder/spi-builder-workspace/.derivedData/ModuleCache.noindex/Session.modulevalidation -Xcc -I/Users/admin/builder/spi-builder-workspace/.derivedData/Build/Intermediates.noindex/DataSource.build/Debug-xros/DataSource.build/swift-overrides.hmap -emit-const-values -Xfrontend -const-gather-protocols-file -Xfrontend /Users/admin/builder/spi-builder-workspace/.derivedData/Build/Intermediates.noindex/DataSource.build/Debug-xros/DataSource.build/Objects-normal/arm64/DataSource_const_extract_protocols.json -Xcc -I/Users/admin/builder/spi-builder-workspace/.derivedData/Build/Products/Debug-xros/include -Xcc -I/Users/admin/builder/spi-builder-workspace/.derivedData/Build/Intermediates.noindex/DataSource.build/Debug-xros/DataSource.build/DerivedSources-normal/arm64 -Xcc -I/Users/admin/builder/spi-builder-workspace/.derivedData/Build/Intermediates.noindex/DataSource.build/Debug-xros/DataSource.build/DerivedSources/arm64 -Xcc -I/Users/admin/builder/spi-builder-workspace/.derivedData/Build/Intermediates.noindex/DataSource.build/Debug-xros/DataSource.build/DerivedSources -Xcc -DSWIFT_PACKAGE -Xcc -DDEBUG\=1 -emit-objc-header -emit-objc-header-path /Users/admin/builder/spi-builder-workspace/.derivedData/Build/Intermediates.noindex/DataSource.build/Debug-xros/DataSource.build/Objects-normal/arm64/DataSource-Swift.h -working-directory /Users/admin/builder/spi-builder-workspace/.swiftpm/xcode -experimental-emit-module-separately -disable-cmo
SwiftDriverJobDiscovery normal arm64 Compiling NestedExtendedDiff.swift (in target 'Differ' from project 'Differ')
SwiftDriverJobDiscovery normal arm64 Compiling NestedDiff.swift (in target 'Differ' from project 'Differ')
SwiftDriverJobDiscovery normal arm64 Compiling ExtendedDiff.swift, ExtendedPatch+Apply.swift (in target 'Differ' from project 'Differ')
SwiftDriverJobDiscovery normal arm64 Compiling ExtendedPatch.swift, GenericPatch.swift (in target 'Differ' from project 'Differ')
SwiftCompile normal arm64 Compiling\ DataSource+UITableViewDataSourcePrefetching.swift,\ DataSource+UITableViewDelegate.swift /Users/admin/builder/spi-builder-workspace/DataSource/DataSource+UITableViewDataSourcePrefetching.swift /Users/admin/builder/spi-builder-workspace/DataSource/DataSource+UITableViewDelegate.swift (in target 'DataSource' from project 'DataSource')
SwiftCompile normal arm64 /Users/admin/builder/spi-builder-workspace/DataSource/DataSource+UITableViewDataSourcePrefetching.swift (in target 'DataSource' from project 'DataSource')
    cd /Users/admin/builder/spi-builder-workspace/.swiftpm/xcode

SwiftCompile normal arm64 /Users/admin/builder/spi-builder-workspace/DataSource/DataSource+UITableViewDelegate.swift (in target 'DataSource' from project 'DataSource')
    cd /Users/admin/builder/spi-builder-workspace/.swiftpm/xcode

SwiftCompile normal arm64 Compiling\ DataSource+Diff.swift,\ DataSource+UITableViewDataSource.swift /Users/admin/builder/spi-builder-workspace/DataSource/DataSource+Diff.swift /Users/admin/builder/spi-builder-workspace/DataSource/DataSource+UITableViewDataSource.swift (in target 'DataSource' from project 'DataSource')
SwiftCompile normal arm64 /Users/admin/builder/spi-builder-workspace/DataSource/DataSource+Diff.swift (in target 'DataSource' from project 'DataSource')
    cd /Users/admin/builder/spi-builder-workspace/.swiftpm/xcode

SwiftCompile normal arm64 /Users/admin/builder/spi-builder-workspace/DataSource/DataSource+UITableViewDataSource.swift (in target 'DataSource' from project 'DataSource')
    cd /Users/admin/builder/spi-builder-workspace/.swiftpm/xcode

SwiftEmitModule normal arm64 Emitting\ module\ for\ DataSource (in target 'DataSource' from project 'DataSource')
Failed frontend command:
/Applications/Xcode-26.4.0.app/Contents/Developer/Toolchains/XcodeDefault.xctoolchain/usr/bin/swift-frontend -frontend -emit-module -experimental-skip-non-inlinable-function-bodies-without-types /Users/admin/builder/spi-builder-workspace/DataSource/AutoRegisterCell.swift /Users/admin/builder/spi-builder-workspace/DataSource/CellDescriptor.swift /Users/admin/builder/spi-builder-workspace/DataSource/DataSource+Diff.swift /Users/admin/builder/spi-builder-workspace/DataSource/DataSource+UITableViewDataSource.swift /Users/admin/builder/spi-builder-workspace/DataSource/DataSource+UITableViewDataSourcePrefetching.swift /Users/admin/builder/spi-builder-workspace/DataSource/DataSource+UITableViewDelegate.swift /Users/admin/builder/spi-builder-workspace/DataSource/DataSource.swift /Users/admin/builder/spi-builder-workspace/DataSource/Diffable.swift /Users/admin/builder/spi-builder-workspace/DataSource/Row.swift /Users/admin/builder/spi-builder-workspace/DataSource/Section.swift /Users/admin/builder/spi-builder-workspace/DataSource/SectionDescriptor.swift /Users/admin/builder/spi-builder-workspace/DataSource/SeparatedSection/SeparatedSection.swift /Users/admin/builder/spi-builder-workspace/DataSource/SeparatedSection/SeparatorCustomViewViewModel.swift /Users/admin/builder/spi-builder-workspace/DataSource/SeparatedSection/SeparatorLineCell.swift /Users/admin/builder/spi-builder-workspace/DataSource/SeparatedSection/SeparatorLineViewModel.swift /Users/admin/builder/spi-builder-workspace/DataSource/UITableViewExtensions.swift /Users/admin/builder/spi-builder-workspace/DataSource/Utilities/UIView+AutoLayout.swift -target arm64-apple-xros1.0 -load-resolved-plugin /Applications/Xcode-26.4.0.app/Contents/Developer/Platforms/XROS.platform/Developer/usr/lib/swift/host/plugins/libFoundationMacros.dylib\#/Applications/Xcode-26.4.0.app/Contents/Developer/Platforms/XROS.platform/Developer/usr/bin/swift-plugin-server\#FoundationMacros -load-resolved-plugin /Applications/Xcode-26.4.0.app/Contents/Developer/Platforms/XROS.platform/Developer/usr/lib/swift/host/plugins/libObservationMacros.dylib\#/Applications/Xcode-26.4.0.app/Contents/Developer/Platforms/XROS.platform/Developer/usr/bin/swift-plugin-server\#ObservationMacros -load-resolved-plugin /Applications/Xcode-26.4.0.app/Contents/Developer/Platforms/XROS.platform/Developer/usr/lib/swift/host/plugins/libPreviewsMacros.dylib\#/Applications/Xcode-26.4.0.app/Contents/Developer/Platforms/XROS.platform/Developer/usr/bin/swift-plugin-server\#PreviewsMacros -load-resolved-plugin /Applications/Xcode-26.4.0.app/Contents/Developer/Platforms/XROS.platform/Developer/usr/lib/swift/host/plugins/libSwiftMacros.dylib\#/Applications/Xcode-26.4.0.app/Contents/Developer/Platforms/XROS.platform/Developer/usr/bin/swift-plugin-server\#SwiftMacros -load-resolved-plugin /Applications/Xcode-26.4.0.app/Contents/Developer/Platforms/XROS.platform/Developer/usr/lib/swift/host/plugins/libSwiftUIMacros.dylib\#/Applications/Xcode-26.4.0.app/Contents/Developer/Platforms/XROS.platform/Developer/usr/bin/swift-plugin-server\#SwiftUIMacros -disable-implicit-swift-modules -Xcc -fno-implicit-modules -Xcc -fno-implicit-module-maps -explicit-swift-module-map-file /Users/admin/builder/spi-builder-workspace/.derivedData/Build/Intermediates.noindex/DataSource.build/Debug-xros/DataSource.build/Objects-normal/arm64/DataSource-dependencies-1.json -Xllvm -aarch64-use-tbi -enable-objc-interop -stack-check -sdk /Applications/Xcode-26.4.0.app/Contents/Developer/Platforms/XROS.platform/Developer/SDKs/XROS26.4.sdk -I /Users/admin/builder/spi-builder-workspace/.derivedData/Build/Products/Debug-xros -Isystem /Applications/Xcode-26.4.0.app/Contents/Developer/Platforms/XROS.platform/Developer/usr/lib -F /Users/admin/builder/spi-builder-workspace/.derivedData/Build/Products/Debug-xros/PackageFrameworks -F /Users/admin/builder/spi-builder-workspace/.derivedData/Build/Products/Debug-xros -F /Applications/Xcode-26.4.0.app/Contents/Developer/Platforms/XROS.platform/Developer/Library/Frameworks -F /Applications/Xcode-26.4.0.app/Contents/Developer/Platforms/XROS.platform/Developer/SDKs/XROS26.4.sdk/Developer/Library/Frameworks -no-color-diagnostics -Xcc -fno-color-diagnostics -enable-testing -g -debug-info-format\=dwarf -dwarf-version\=4 -module-cache-path /Users/admin/builder/spi-builder-workspace/.derivedData/Build/Intermediates.noindex/SwiftExplicitPrecompiledModules -profile-generate -profile-coverage-mapping -swift-version 5 -Onone -D SWIFT_PACKAGE -D DEBUG -D SWIFT_MODULE_RESOURCE_BUNDLE_UNAVAILABLE -D Xcode -serialize-debugging-options -const-gather-protocols-file /Users/admin/builder/spi-builder-workspace/.derivedData/Build/Intermediates.noindex/DataSource.build/Debug-xros/DataSource.build/Objects-normal/arm64/DataSource_const_extract_protocols.json -enable-experimental-feature DebugDescriptionMacro -empty-abi-descriptor -validate-clang-modules-once -clang-build-session-file /Users/admin/builder/spi-builder-workspace/.derivedData/ModuleCache.noindex/Session.modulevalidation -Xcc -working-directory -Xcc /Users/admin/builder/spi-builder-workspace/.swiftpm/xcode -enable-anonymous-context-mangled-names -file-compilation-dir /Users/admin/builder/spi-builder-workspace/.swiftpm/xcode -Xcc -D_LIBCPP_HARDENING_MODE\=_LIBCPP_HARDENING_MODE_DEBUG -Xcc -ivfsstatcache -Xcc /Users/admin/builder/spi-builder-workspace/.derivedData/SDKStatCaches.noindex/xros26.4-23O238-688ef53f1462e2c8f657fdc38a81448fc42b1e75d12c8f651050d7e98f89897c.sdkstatcache -Xcc -I/Users/admin/builder/spi-builder-workspace/.derivedData/Build/Intermediates.noindex/DataSource.build/Debug-xros/DataSource.build/swift-overrides.hmap -Xcc -I/Users/admin/builder/spi-builder-workspace/.derivedData/Build/Products/Debug-xros/include -Xcc -I/Users/admin/builder/spi-builder-workspace/.derivedData/Build/Intermediates.noindex/DataSource.build/Debug-xros/DataSource.build/DerivedSources-normal/arm64 -Xcc -I/Users/admin/builder/spi-builder-workspace/.derivedData/Build/Intermediates.noindex/DataSource.build/Debug-xros/DataSource.build/DerivedSources/arm64 -Xcc -I/Users/admin/builder/spi-builder-workspace/.derivedData/Build/Intermediates.noindex/DataSource.build/Debug-xros/DataSource.build/DerivedSources -Xcc -DSWIFT_PACKAGE -Xcc -DDEBUG\=1 -no-auto-bridging-header-chaining -module-name DataSource -frontend-parseable-output -disable-clang-spi -clang-target arm64-apple-xros26.4 -target-sdk-version 26.4 -target-sdk-name xros26.4 -in-process-plugin-server-path /Applications/Xcode-26.4.0.app/Contents/Developer/Toolchains/XcodeDefault.xctoolchain/usr/lib/swift/host/libSwiftInProcPluginServer.dylib -emit-module-doc-path /Users/admin/builder/spi-builder-workspace/.derivedData/Build/Intermediates.noindex/DataSource.build/Debug-xros/DataSource.build/Objects-normal/arm64/DataSource.swiftdoc -emit-module-source-info-path /Users/admin/builder/spi-builder-workspace/.derivedData/Build/Intermediates.noindex/DataSource.build/Debug-xros/DataSource.build/Objects-normal/arm64/DataSource.swiftsourceinfo -emit-objc-header-path /Users/admin/builder/spi-builder-workspace/.derivedData/Build/Intermediates.noindex/DataSource.build/Debug-xros/DataSource.build/Objects-normal/arm64/DataSource-Swift.h -serialize-diagnostics-path /Users/admin/builder/spi-builder-workspace/.derivedData/Build/Intermediates.noindex/DataSource.build/Debug-xros/DataSource.build/Objects-normal/arm64/DataSource-primary-emit-module.dia -emit-dependencies-path /Users/admin/builder/spi-builder-workspace/.derivedData/Build/Intermediates.noindex/DataSource.build/Debug-xros/DataSource.build/Objects-normal/arm64/DataSource-primary-emit-module.d -o /Users/admin/builder/spi-builder-workspace/.derivedData/Build/Intermediates.noindex/DataSource.build/Debug-xros/DataSource.build/Objects-normal/arm64/DataSource.swiftmodule -emit-abi-descriptor-path /Users/admin/builder/spi-builder-workspace/.derivedData/Build/Intermediates.noindex/DataSource.build/Debug-xros/DataSource.build/Objects-normal/arm64/DataSource.abi.json
EmitSwiftModule normal arm64 (in target 'DataSource' from project 'DataSource')
    cd /Users/admin/builder/spi-builder-workspace/.swiftpm/xcode

/Users/admin/builder/spi-builder-workspace/DataSource/CellDescriptor.swift:51:55: error: 'UITableViewRowAction' is unavailable in visionOS
    var editActionsClosure: ((RowType, IndexPath) -> [UITableViewRowAction]?)? { get }
                                                      ^~~~~~~~~~~~~~~~~~~~
/Applications/Xcode-26.4.0.app/Contents/Developer/Platforms/XROS.platform/Developer/SDKs/XROS26.4.sdk/System/Library/Frameworks/UIKit.framework/Headers/UITableView.h:77:12: note: 'UITableViewRowAction' has been explicitly marked unavailable here
@interface UITableViewRowAction : NSObject <NSCopying>
           ^
/Users/admin/builder/spi-builder-workspace/DataSource/CellDescriptor.swift:403:75: error: 'UITableViewRowAction' is unavailable in visionOS
    public private(set) var editActionsClosure: ((RowType, IndexPath) -> [UITableViewRowAction]?)?
                                                                          ^~~~~~~~~~~~~~~~~~~~
/Applications/Xcode-26.4.0.app/Contents/Developer/Platforms/XROS.platform/Developer/SDKs/XROS26.4.sdk/System/Library/Frameworks/UIKit.framework/Headers/UITableView.h:77:12: note: 'UITableViewRowAction' has been explicitly marked unavailable here
@interface UITableViewRowAction : NSObject <NSCopying>
           ^
/Users/admin/builder/spi-builder-workspace/DataSource/CellDescriptor.swift:405:72: error: 'UITableViewRowAction' is unavailable in visionOS
    public func editActions(_ closure: @escaping (Item, IndexPath) -> [UITableViewRowAction]?) -> CellDescriptor {
                                                                       ^~~~~~~~~~~~~~~~~~~~
/Applications/Xcode-26.4.0.app/Contents/Developer/Platforms/XROS.platform/Developer/SDKs/XROS26.4.sdk/System/Library/Frameworks/UIKit.framework/Headers/UITableView.h:77:12: note: 'UITableViewRowAction' has been explicitly marked unavailable here
@interface UITableViewRowAction : NSObject <NSCopying>
           ^
/Users/admin/builder/spi-builder-workspace/DataSource/CellDescriptor.swift:412:57: error: 'UITableViewRowAction' is unavailable in visionOS
    public func editActions(_ closure: @escaping () -> [UITableViewRowAction]?) -> CellDescriptor {
                                                        ^~~~~~~~~~~~~~~~~~~~
/Applications/Xcode-26.4.0.app/Contents/Developer/Platforms/XROS.platform/Developer/SDKs/XROS26.4.sdk/System/Library/Frameworks/UIKit.framework/Headers/UITableView.h:77:12: note: 'UITableViewRowAction' has been explicitly marked unavailable here
@interface UITableViewRowAction : NSObject <NSCopying>
           ^
/Users/admin/builder/spi-builder-workspace/DataSource/DataSource+UITableViewDelegate.swift:417:99: error: 'UITableViewRowAction' is unavailable in visionOS
    public func tableView(_ tableView: UITableView, editActionsForRowAt indexPath: IndexPath) -> [UITableViewRowAction]? {
                                                                                                  ^~~~~~~~~~~~~~~~~~~~
/Applications/Xcode-26.4.0.app/Contents/Developer/Platforms/XROS.platform/Developer/SDKs/XROS26.4.sdk/System/Library/Frameworks/UIKit.framework/Headers/UITableView.h:77:12: note: 'UITableViewRowAction' has been explicitly marked unavailable here
@interface UITableViewRowAction : NSObject <NSCopying>
           ^
/Users/admin/builder/spi-builder-workspace/DataSource/DataSource+UITableViewDelegate.swift:417:17: error: cannot override 'tableView' which has been marked unavailable
    public func tableView(_ tableView: UITableView, editActionsForRowAt indexPath: IndexPath) -> [UITableViewRowAction]? {
                ^
UIKit.UITableViewDelegate.tableView:3:17: note: 'tableView(_:editActionsForRowAt:)' has been explicitly marked unavailable here
  optional func tableView(_ tableView: UITableView, editActionsForRowAt indexPath: IndexPath) -> [UITableViewRowAction]?}
                ^
/Users/admin/builder/spi-builder-workspace/DataSource/DataSource+UITableViewDelegate.swift:508:17: error: cannot override 'tableView' which has been marked unavailable
    public func tableView(_ tableView: UITableView, shouldShowMenuForRowAt indexPath: IndexPath) -> Bool {
                ^
UIKit.UITableViewDelegate.tableView:3:17: note: 'tableView(_:shouldShowMenuForRowAt:)' has been explicitly marked unavailable here
  optional func tableView(_ tableView: UITableView, shouldShowMenuForRowAt indexPath: IndexPath) -> Bool}
                ^
/Users/admin/builder/spi-builder-workspace/DataSource/DataSource+UITableViewDelegate.swift:523:17: error: cannot override 'tableView' which has been marked unavailable
    public func tableView(_ tableView: UITableView, canPerformAction action: Selector, forRowAt indexPath: IndexPath, withSender sender: Any?) -> Bool {
                ^
UIKit.UITableViewDelegate.tableView:3:17: note: 'tableView(_:canPerformAction:forRowAt:withSender:)' has been explicitly marked unavailable here
  optional func tableView(_ tableView: UITableView, canPerformAction action: Selector, forRowAt indexPath: IndexPath, withSender sender: Any?) -> Bool}
                ^
/Users/admin/builder/spi-builder-workspace/DataSource/DataSource+UITableViewDelegate.swift:538:17: error: cannot override 'tableView' which has been marked unavailable
    public func tableView(_ tableView: UITableView, performAction action: Selector, forRowAt indexPath: IndexPath, withSender sender: Any?) {
                ^
UIKit.UITableViewDelegate.tableView:3:17: note: 'tableView(_:performAction:forRowAt:withSender:)' has been explicitly marked unavailable here
  optional func tableView(_ tableView: UITableView, performAction action: Selector, forRowAt indexPath: IndexPath, withSender sender: Any?)}
                ^
/Users/admin/builder/spi-builder-workspace/DataSource/DataSource.swift:42:55: error: 'UITableViewRowAction' is unavailable in visionOS
    public var editActions: ((RowType, IndexPath) -> [UITableViewRowAction]?)?
                                                      ^~~~~~~~~~~~~~~~~~~~
/Applications/Xcode-26.4.0.app/Contents/Developer/Platforms/XROS.platform/Developer/SDKs/XROS26.4.sdk/System/Library/Frameworks/UIKit.framework/Headers/UITableView.h:77:12: note: 'UITableViewRowAction' has been explicitly marked unavailable here
@interface UITableViewRowAction : NSObject <NSCopying>
           ^
/Users/admin/builder/spi-builder-workspace/DataSource/SeparatedSection/SeparatorLineCell.swift:21:58: error: 'UIScreen' is unavailable in visionOS
    public static let defaultLineHeight: CGFloat = 1.0 / UIScreen.main.scale
                                                         ^~~~~~~~
/Applications/Xcode-26.4.0.app/Contents/Developer/Platforms/XROS.platform/Developer/SDKs/XROS26.4.sdk/System/Library/Frameworks/UIKit.framework/Headers/UIScreen.h:54:12: note: 'UIScreen' has been explicitly marked unavailable here
@interface UIScreen : NSObject <UITraitEnvironment>
           ^
SwiftCompile normal arm64 Compiling\ SeparatorCustomViewViewModel.swift,\ SeparatorLineCell.swift /Users/admin/builder/spi-builder-workspace/DataSource/SeparatedSection/SeparatorCustomViewViewModel.swift /Users/admin/builder/spi-builder-workspace/DataSource/SeparatedSection/SeparatorLineCell.swift (in target 'DataSource' from project 'DataSource')
SwiftCompile normal arm64 /Users/admin/builder/spi-builder-workspace/DataSource/SeparatedSection/SeparatorCustomViewViewModel.swift (in target 'DataSource' from project 'DataSource')
    cd /Users/admin/builder/spi-builder-workspace/.swiftpm/xcode

SwiftCompile normal arm64 /Users/admin/builder/spi-builder-workspace/DataSource/SeparatedSection/SeparatorLineCell.swift (in target 'DataSource' from project 'DataSource')
    cd /Users/admin/builder/spi-builder-workspace/.swiftpm/xcode

SwiftCompile normal arm64 Compiling\ Row.swift,\ Section.swift /Users/admin/builder/spi-builder-workspace/DataSource/Row.swift /Users/admin/builder/spi-builder-workspace/DataSource/Section.swift (in target 'DataSource' from project 'DataSource')
SwiftCompile normal arm64 /Users/admin/builder/spi-builder-workspace/DataSource/Row.swift (in target 'DataSource' from project 'DataSource')
    cd /Users/admin/builder/spi-builder-workspace/.swiftpm/xcode

SwiftCompile normal arm64 /Users/admin/builder/spi-builder-workspace/DataSource/Section.swift (in target 'DataSource' from project 'DataSource')
    cd /Users/admin/builder/spi-builder-workspace/.swiftpm/xcode

SwiftCompile normal arm64 Compiling\ AutoRegisterCell.swift,\ CellDescriptor.swift /Users/admin/builder/spi-builder-workspace/DataSource/AutoRegisterCell.swift /Users/admin/builder/spi-builder-workspace/DataSource/CellDescriptor.swift (in target 'DataSource' from project 'DataSource')
SwiftCompile normal arm64 /Users/admin/builder/spi-builder-workspace/DataSource/AutoRegisterCell.swift (in target 'DataSource' from project 'DataSource')
    cd /Users/admin/builder/spi-builder-workspace/.swiftpm/xcode

SwiftCompile normal arm64 /Users/admin/builder/spi-builder-workspace/DataSource/CellDescriptor.swift (in target 'DataSource' from project 'DataSource')
    cd /Users/admin/builder/spi-builder-workspace/.swiftpm/xcode

SwiftCompile normal arm64 Compiling\ UIView+AutoLayout.swift /Users/admin/builder/spi-builder-workspace/DataSource/Utilities/UIView+AutoLayout.swift (in target 'DataSource' from project 'DataSource')
SwiftCompile normal arm64 /Users/admin/builder/spi-builder-workspace/DataSource/Utilities/UIView+AutoLayout.swift (in target 'DataSource' from project 'DataSource')
    cd /Users/admin/builder/spi-builder-workspace/.swiftpm/xcode

SwiftCompile normal arm64 Compiling\ SeparatorLineViewModel.swift /Users/admin/builder/spi-builder-workspace/DataSource/SeparatedSection/SeparatorLineViewModel.swift (in target 'DataSource' from project 'DataSource')
SwiftCompile normal arm64 /Users/admin/builder/spi-builder-workspace/DataSource/SeparatedSection/SeparatorLineViewModel.swift (in target 'DataSource' from project 'DataSource')
    cd /Users/admin/builder/spi-builder-workspace/.swiftpm/xcode

SwiftDriverJobDiscovery normal arm64 Compiling LinkedList.swift, NestedBatchUpdate.swift (in target 'Differ' from project 'Differ')
SwiftCompile normal arm64 Compiling\ DataSource.swift,\ Diffable.swift /Users/admin/builder/spi-builder-workspace/DataSource/DataSource.swift /Users/admin/builder/spi-builder-workspace/DataSource/Diffable.swift (in target 'DataSource' from project 'DataSource')
SwiftCompile normal arm64 /Users/admin/builder/spi-builder-workspace/DataSource/DataSource.swift (in target 'DataSource' from project 'DataSource')
    cd /Users/admin/builder/spi-builder-workspace/.swiftpm/xcode

SwiftCompile normal arm64 /Users/admin/builder/spi-builder-workspace/DataSource/Diffable.swift (in target 'DataSource' from project 'DataSource')
    cd /Users/admin/builder/spi-builder-workspace/.swiftpm/xcode

SwiftDriverJobDiscovery normal arm64 Compiling BatchUpdate.swift, Diff+AppKit.swift (in target 'Differ' from project 'Differ')
SwiftCompile normal arm64 Compiling\ SectionDescriptor.swift,\ SeparatedSection.swift /Users/admin/builder/spi-builder-workspace/DataSource/SectionDescriptor.swift /Users/admin/builder/spi-builder-workspace/DataSource/SeparatedSection/SeparatedSection.swift (in target 'DataSource' from project 'DataSource')
2026-06-25 14:41:56.078 xcodebuild[747:4667] [MT] IDERunDestination: Supported platforms for the buildables in the current scheme is empty.
** BUILD FAILED **
The following build commands failed:
	SwiftEmitModule normal arm64 Emitting\ module\ for\ DataSource (in target 'DataSource' from project 'DataSource')
	EmitSwiftModule normal arm64 (in target 'DataSource' from project 'DataSource')
	Building workspace spi-builder-workspace with scheme DataSource
(3 failures)
Command line invocation:
    /Applications/Xcode-26.4.0.app/Contents/Developer/usr/bin/xcodebuild -IDEClonedSourcePackagesDirPathOverride=/Users/admin/builder/spi-builder-workspace/.dependencies -resolvePackageDependencies
Resolve Package Graph
Resolved source packages:
  DataSource: /Users/admin/builder/spi-builder-workspace
  Differ: https://github.com/tonyarnold/Differ @ 1.4.5
resolved source packages: DataSource, Differ
2026-06-25 14:42:06.273 xcodebuild[861:5181] [MT] IDERunDestination: Supported platforms for the buildables in the current scheme is empty.
{
  "dependencies" : [
    {
      "identity" : "differ",
      "requirement" : {
        "range" : [
          {
            "lower_bound" : "1.4.3",
            "upper_bound" : "2.0.0"
          }
        ]
      },
      "type" : "sourceControl",
      "url" : "https://github.com/tonyarnold/Differ.git"
    }
  ],
  "manifest_display_name" : "DataSource",
  "name" : "DataSource",
  "path" : "/Users/admin/builder/spi-builder-workspace",
  "platforms" : [
    {
      "name" : "macos",
      "version" : "10.12"
    },
    {
      "name" : "ios",
      "version" : "11.0"
    },
    {
      "name" : "tvos",
      "version" : "11.0"
    },
    {
      "name" : "watchos",
      "version" : "3.0"
    }
  ],
  "products" : [
    {
      "name" : "DataSource",
      "targets" : [
        "DataSource"
      ],
      "type" : {
        "library" : [
          "automatic"
        ]
      }
    }
  ],
  "swift_languages_versions" : [
    "5"
  ],
  "targets" : [
    {
      "c99name" : "DataSourceTests",
      "module_type" : "SwiftTarget",
      "name" : "DataSourceTests",
      "path" : "DataSourceTests",
      "sources" : [
        "ConcurrentReloadSelectTest.swift"
      ],
      "target_dependencies" : [
        "DataSource"
      ],
      "type" : "test"
    },
    {
      "c99name" : "DataSource",
      "module_type" : "SwiftTarget",
      "name" : "DataSource",
      "path" : "DataSource",
      "product_dependencies" : [
        "Differ"
      ],
      "product_memberships" : [
        "DataSource"
      ],
      "sources" : [
        "AutoRegisterCell.swift",
        "CellDescriptor.swift",
        "DataSource+Diff.swift",
        "DataSource+UITableViewDataSource.swift",
        "DataSource+UITableViewDataSourcePrefetching.swift",
        "DataSource+UITableViewDelegate.swift",
        "DataSource.swift",
        "Diffable.swift",
        "Row.swift",
        "Section.swift",
        "SectionDescriptor.swift",
        "SeparatedSection/SeparatedSection.swift",
        "SeparatedSection/SeparatorCustomViewViewModel.swift",
        "SeparatedSection/SeparatorLineCell.swift",
        "SeparatedSection/SeparatorLineViewModel.swift",
        "UITableViewExtensions.swift",
        "Utilities/UIView+AutoLayout.swift"
      ],
      "type" : "library"
    }
  ],
  "tools_version" : "5.0"
}
{
  "workspace" : {
    "name" : "spi-builder-workspace",
    "schemes" : [
      "DataSource"
    ]
  }
}
2026-06-25 14:42:07.435 xcodebuild[870:5261] [MT] IDERunDestination: Supported platforms for the buildables in the current scheme is empty.
Running build ...
env DEVELOPER_DIR=/Applications/Xcode-26.4.0.app xcrun xcodebuild -IDEClonedSourcePackagesDirPathOverride=$PWD/.dependencies -skipMacroValidation -skipPackagePluginValidation -derivedDataPath $PWD/.derivedData build -scheme DataSource -destination generic/platform=xrOS
Command line invocation:
    /Applications/Xcode-26.4.0.app/Contents/Developer/usr/bin/xcodebuild -IDEClonedSourcePackagesDirPathOverride=/Users/admin/builder/spi-builder-workspace/.dependencies -skipMacroValidation -skipPackagePluginValidation -derivedDataPath /Users/admin/builder/spi-builder-workspace/.derivedData build -scheme DataSource -destination generic/platform=xrOS
Resolve Package Graph
Resolved source packages:
  Differ: https://github.com/tonyarnold/Differ @ 1.4.5
  DataSource: /Users/admin/builder/spi-builder-workspace
ComputePackagePrebuildTargetDependencyGraph
Prepare packages
CreateBuildRequest
SendProjectDescription
CreateBuildOperation
ComputeTargetDependencyGraph
note: Building targets in dependency order
note: Target dependency graph (4 targets)
    Target 'DataSource' in project 'DataSource'
        ➜ Explicit dependency on target 'DataSource' in project 'DataSource'
        ➜ Explicit dependency on target 'Differ' in project 'Differ'
    Target 'DataSource' in project 'DataSource'
        ➜ Explicit dependency on target 'Differ' in project 'Differ'
    Target 'Differ' in project 'Differ'
        ➜ Explicit dependency on target 'Differ' in project 'Differ'
    Target 'Differ' in project 'Differ' (no dependencies)
GatherProvisioningInputs
CreateBuildDescription
ClangStatCache /Applications/Xcode-26.4.0.app/Contents/Developer/Toolchains/XcodeDefault.xctoolchain/usr/bin/clang-stat-cache /Applications/Xcode-26.4.0.app/Contents/Developer/Platforms/XROS.platform/Developer/SDKs/XROS26.4.sdk /Users/admin/builder/spi-builder-workspace/.derivedData/SDKStatCaches.noindex/xros26.4-23O238-688ef53f1462e2c8f657fdc38a81448fc42b1e75d12c8f651050d7e98f89897c.sdkstatcache
    cd /Users/admin/builder/spi-builder-workspace/.swiftpm/xcode
    /Applications/Xcode-26.4.0.app/Contents/Developer/Toolchains/XcodeDefault.xctoolchain/usr/bin/clang-stat-cache /Applications/Xcode-26.4.0.app/Contents/Developer/Platforms/XROS.platform/Developer/SDKs/XROS26.4.sdk -o /Users/admin/builder/spi-builder-workspace/.derivedData/SDKStatCaches.noindex/xros26.4-23O238-688ef53f1462e2c8f657fdc38a81448fc42b1e75d12c8f651050d7e98f89897c.sdkstatcache
SwiftDriver DataSource normal arm64 com.apple.xcode.tools.swift.compiler (in target 'DataSource' from project 'DataSource')
    cd /Users/admin/builder/spi-builder-workspace/.swiftpm/xcode
    builtin-SwiftDriver -- /Applications/Xcode-26.4.0.app/Contents/Developer/Toolchains/XcodeDefault.xctoolchain/usr/bin/swiftc -module-name DataSource -Onone @/Users/admin/builder/spi-builder-workspace/.derivedData/Build/Intermediates.noindex/DataSource.build/Debug-xros/DataSource.build/Objects-normal/arm64/DataSource.SwiftFileList -DSWIFT_PACKAGE -DDEBUG -DSWIFT_MODULE_RESOURCE_BUNDLE_UNAVAILABLE -DXcode -plugin-path /Applications/Xcode-26.4.0.app/Contents/Developer/Toolchains/XcodeDefault.xctoolchain/usr/lib/swift/host/plugins/testing -enable-experimental-feature DebugDescriptionMacro -sdk /Applications/Xcode-26.4.0.app/Contents/Developer/Platforms/XROS.platform/Developer/SDKs/XROS26.4.sdk -target arm64-apple-xros1.0 -g -module-cache-path /Users/admin/builder/spi-builder-workspace/.derivedData/ModuleCache.noindex -Xfrontend -serialize-debugging-options -profile-coverage-mapping -profile-generate -enable-testing -index-store-path /Users/admin/builder/spi-builder-workspace/.derivedData/Index.noindex/DataStore -Xcc -D_LIBCPP_HARDENING_MODE\=_LIBCPP_HARDENING_MODE_DEBUG -swift-version 5 -I /Users/admin/builder/spi-builder-workspace/.derivedData/Build/Products/Debug-xros -Isystem /Applications/Xcode-26.4.0.app/Contents/Developer/Platforms/XROS.platform/Developer/usr/lib -F /Users/admin/builder/spi-builder-workspace/.derivedData/Build/Products/Debug-xros/PackageFrameworks -F /Users/admin/builder/spi-builder-workspace/.derivedData/Build/Products/Debug-xros -F /Applications/Xcode-26.4.0.app/Contents/Developer/Platforms/XROS.platform/Developer/Library/Frameworks -F /Applications/Xcode-26.4.0.app/Contents/Developer/Platforms/XROS.platform/Developer/SDKs/XROS26.4.sdk/Developer/Library/Frameworks -c -j10 -enable-batch-mode -incremental -Xcc -ivfsstatcache -Xcc /Users/admin/builder/spi-builder-workspace/.derivedData/SDKStatCaches.noindex/xros26.4-23O238-688ef53f1462e2c8f657fdc38a81448fc42b1e75d12c8f651050d7e98f89897c.sdkstatcache -output-file-map /Users/admin/builder/spi-builder-workspace/.derivedData/Build/Intermediates.noindex/DataSource.build/Debug-xros/DataSource.build/Objects-normal/arm64/DataSource-OutputFileMap.json -use-frontend-parseable-output -save-temps -no-color-diagnostics -explicit-module-build -module-cache-path /Users/admin/builder/spi-builder-workspace/.derivedData/Build/Intermediates.noindex/SwiftExplicitPrecompiledModules -clang-scanner-module-cache-path /Users/admin/builder/spi-builder-workspace/.derivedData/ModuleCache.noindex -sdk-module-cache-path /Users/admin/builder/spi-builder-workspace/.derivedData/ModuleCache.noindex -serialize-diagnostics -emit-dependencies -emit-module -emit-module-path /Users/admin/builder/spi-builder-workspace/.derivedData/Build/Intermediates.noindex/DataSource.build/Debug-xros/DataSource.build/Objects-normal/arm64/DataSource.swiftmodule -validate-clang-modules-once -clang-build-session-file /Users/admin/builder/spi-builder-workspace/.derivedData/ModuleCache.noindex/Session.modulevalidation -Xcc -I/Users/admin/builder/spi-builder-workspace/.derivedData/Build/Intermediates.noindex/DataSource.build/Debug-xros/DataSource.build/swift-overrides.hmap -emit-const-values -Xfrontend -const-gather-protocols-file -Xfrontend /Users/admin/builder/spi-builder-workspace/.derivedData/Build/Intermediates.noindex/DataSource.build/Debug-xros/DataSource.build/Objects-normal/arm64/DataSource_const_extract_protocols.json -Xcc -I/Users/admin/builder/spi-builder-workspace/.derivedData/Build/Products/Debug-xros/include -Xcc -I/Users/admin/builder/spi-builder-workspace/.derivedData/Build/Intermediates.noindex/DataSource.build/Debug-xros/DataSource.build/DerivedSources-normal/arm64 -Xcc -I/Users/admin/builder/spi-builder-workspace/.derivedData/Build/Intermediates.noindex/DataSource.build/Debug-xros/DataSource.build/DerivedSources/arm64 -Xcc -I/Users/admin/builder/spi-builder-workspace/.derivedData/Build/Intermediates.noindex/DataSource.build/Debug-xros/DataSource.build/DerivedSources -Xcc -DSWIFT_PACKAGE -Xcc -DDEBUG\=1 -emit-objc-header -emit-objc-header-path /Users/admin/builder/spi-builder-workspace/.derivedData/Build/Intermediates.noindex/DataSource.build/Debug-xros/DataSource.build/Objects-normal/arm64/DataSource-Swift.h -working-directory /Users/admin/builder/spi-builder-workspace/.swiftpm/xcode -experimental-emit-module-separately -disable-cmo
SwiftDriver Differ normal arm64 com.apple.xcode.tools.swift.compiler (in target 'Differ' from project 'Differ')
    cd /Users/admin/builder/spi-builder-workspace/.swiftpm/xcode
    builtin-SwiftDriver -- /Applications/Xcode-26.4.0.app/Contents/Developer/Toolchains/XcodeDefault.xctoolchain/usr/bin/swiftc -module-name Differ -Onone @/Users/admin/builder/spi-builder-workspace/.derivedData/Build/Intermediates.noindex/Differ.build/Debug-xros/Differ.build/Objects-normal/arm64/Differ.SwiftFileList -DSWIFT_PACKAGE -DDEBUG -DSWIFT_MODULE_RESOURCE_BUNDLE_UNAVAILABLE -DXcode -plugin-path /Applications/Xcode-26.4.0.app/Contents/Developer/Toolchains/XcodeDefault.xctoolchain/usr/lib/swift/host/plugins/testing -enable-experimental-feature DebugDescriptionMacro -sdk /Applications/Xcode-26.4.0.app/Contents/Developer/Platforms/XROS.platform/Developer/SDKs/XROS26.4.sdk -target arm64-apple-xros1.0 -g -module-cache-path /Users/admin/builder/spi-builder-workspace/.derivedData/ModuleCache.noindex -Xfrontend -serialize-debugging-options -profile-coverage-mapping -profile-generate -enable-testing -suppress-warnings -index-store-path /Users/admin/builder/spi-builder-workspace/.derivedData/Index.noindex/DataStore -Xcc -D_LIBCPP_HARDENING_MODE\=_LIBCPP_HARDENING_MODE_DEBUG -swift-version 5 -I /Users/admin/builder/spi-builder-workspace/.derivedData/Build/Products/Debug-xros -Isystem /Applications/Xcode-26.4.0.app/Contents/Developer/Platforms/XROS.platform/Developer/usr/lib -F /Users/admin/builder/spi-builder-workspace/.derivedData/Build/Products/Debug-xros -F /Applications/Xcode-26.4.0.app/Contents/Developer/Platforms/XROS.platform/Developer/Library/Frameworks -F /Applications/Xcode-26.4.0.app/Contents/Developer/Platforms/XROS.platform/Developer/SDKs/XROS26.4.sdk/Developer/Library/Frameworks -c -j10 -enable-batch-mode -incremental -Xcc -ivfsstatcache -Xcc /Users/admin/builder/spi-builder-workspace/.derivedData/SDKStatCaches.noindex/xros26.4-23O238-688ef53f1462e2c8f657fdc38a81448fc42b1e75d12c8f651050d7e98f89897c.sdkstatcache -output-file-map /Users/admin/builder/spi-builder-workspace/.derivedData/Build/Intermediates.noindex/Differ.build/Debug-xros/Differ.build/Objects-normal/arm64/Differ-OutputFileMap.json -use-frontend-parseable-output -save-temps -no-color-diagnostics -explicit-module-build -module-cache-path /Users/admin/builder/spi-builder-workspace/.derivedData/Build/Intermediates.noindex/SwiftExplicitPrecompiledModules -clang-scanner-module-cache-path /Users/admin/builder/spi-builder-workspace/.derivedData/ModuleCache.noindex -sdk-module-cache-path /Users/admin/builder/spi-builder-workspace/.derivedData/ModuleCache.noindex -serialize-diagnostics -emit-dependencies -emit-module -emit-module-path /Users/admin/builder/spi-builder-workspace/.derivedData/Build/Intermediates.noindex/Differ.build/Debug-xros/Differ.build/Objects-normal/arm64/Differ.swiftmodule -validate-clang-modules-once -clang-build-session-file /Users/admin/builder/spi-builder-workspace/.derivedData/ModuleCache.noindex/Session.modulevalidation -Xcc -I/Users/admin/builder/spi-builder-workspace/.derivedData/Build/Intermediates.noindex/Differ.build/Debug-xros/Differ.build/swift-overrides.hmap -emit-const-values -Xfrontend -const-gather-protocols-file -Xfrontend /Users/admin/builder/spi-builder-workspace/.derivedData/Build/Intermediates.noindex/Differ.build/Debug-xros/Differ.build/Objects-normal/arm64/Differ_const_extract_protocols.json -Xcc -I/Users/admin/builder/spi-builder-workspace/.derivedData/Build/Products/Debug-xros/include -Xcc -I/Users/admin/builder/spi-builder-workspace/.derivedData/Build/Intermediates.noindex/Differ.build/Debug-xros/Differ.build/DerivedSources-normal/arm64 -Xcc -I/Users/admin/builder/spi-builder-workspace/.derivedData/Build/Intermediates.noindex/Differ.build/Debug-xros/Differ.build/DerivedSources/arm64 -Xcc -I/Users/admin/builder/spi-builder-workspace/.derivedData/Build/Intermediates.noindex/Differ.build/Debug-xros/Differ.build/DerivedSources -Xcc -DSWIFT_PACKAGE -Xcc -DDEBUG\=1 -emit-objc-header -emit-objc-header-path /Users/admin/builder/spi-builder-workspace/.derivedData/Build/Intermediates.noindex/Differ.build/Debug-xros/Differ.build/Objects-normal/arm64/Differ-Swift.h -working-directory /Users/admin/builder/spi-builder-workspace/.swiftpm/xcode -experimental-emit-module-separately -disable-cmo
SwiftCompile normal arm64 Compiling\ DataSource+Diff.swift,\ DataSource+UITableViewDataSource.swift /Users/admin/builder/spi-builder-workspace/DataSource/DataSource+Diff.swift /Users/admin/builder/spi-builder-workspace/DataSource/DataSource+UITableViewDataSource.swift (in target 'DataSource' from project 'DataSource')
SwiftCompile normal arm64 /Users/admin/builder/spi-builder-workspace/DataSource/DataSource+Diff.swift (in target 'DataSource' from project 'DataSource')
    cd /Users/admin/builder/spi-builder-workspace/.swiftpm/xcode

SwiftCompile normal arm64 /Users/admin/builder/spi-builder-workspace/DataSource/DataSource+UITableViewDataSource.swift (in target 'DataSource' from project 'DataSource')
    cd /Users/admin/builder/spi-builder-workspace/.swiftpm/xcode

/Users/admin/builder/spi-builder-workspace/DataSource/DataSource+UITableViewDataSource.swift:20:107: warning: string interpolation produces a debug description for an optional value; did you mean to make this explicit?
            fatalError("[DataSource] no cellDescriptor found for indexPath \(indexPath) with identifier \(visibleRow(at: indexPath)?.identifier)")
                                                                                                          ^~~~~~~~~~~~~~~~~~~~~~~~~~~~~~~~~~~~~
/Users/admin/builder/spi-builder-workspace/DataSource/DataSource+UITableViewDataSource.swift:20:134: note: provide a default value to avoid this warning
            fatalError("[DataSource] no cellDescriptor found for indexPath \(indexPath) with identifier \(visibleRow(at: indexPath)?.identifier)")
                                                                                                          ~~~~~~~~~~~~~~~~~~~~~~~~~~~^~~~~~~~~~
                                                                                                                                                ?? <#default value#>
/Users/admin/builder/spi-builder-workspace/DataSource/DataSource+UITableViewDataSource.swift:20:134: note: use 'String(describing:)' to silence this warning
            fatalError("[DataSource] no cellDescriptor found for indexPath \(indexPath) with identifier \(visibleRow(at: indexPath)?.identifier)")
                                                                                                          ~~~~~~~~~~~~~~~~~~~~~~~~~~~^~~~~~~~~~
                                                                                                          String(describing:                   )
SwiftCompile normal arm64 Compiling\ DataSource+UITableViewDataSourcePrefetching.swift,\ DataSource+UITableViewDelegate.swift /Users/admin/builder/spi-builder-workspace/DataSource/DataSource+UITableViewDataSourcePrefetching.swift /Users/admin/builder/spi-builder-workspace/DataSource/DataSource+UITableViewDelegate.swift (in target 'DataSource' from project 'DataSource')
SwiftCompile normal arm64 /Users/admin/builder/spi-builder-workspace/DataSource/DataSource+UITableViewDataSourcePrefetching.swift (in target 'DataSource' from project 'DataSource')
    cd /Users/admin/builder/spi-builder-workspace/.swiftpm/xcode

SwiftCompile normal arm64 /Users/admin/builder/spi-builder-workspace/DataSource/DataSource+UITableViewDelegate.swift (in target 'DataSource' from project 'DataSource')
    cd /Users/admin/builder/spi-builder-workspace/.swiftpm/xcode

/Users/admin/builder/spi-builder-workspace/DataSource/DataSource+UITableViewDelegate.swift:417:99: error: 'UITableViewRowAction' is unavailable in visionOS
    public func tableView(_ tableView: UITableView, editActionsForRowAt indexPath: IndexPath) -> [UITableViewRowAction]? {
                                                                                                  ^~~~~~~~~~~~~~~~~~~~
/Applications/Xcode-26.4.0.app/Contents/Developer/Platforms/XROS.platform/Developer/SDKs/XROS26.4.sdk/System/Library/Frameworks/UIKit.framework/Headers/UITableView.h:77:12: note: 'UITableViewRowAction' has been explicitly marked unavailable here
@interface UITableViewRowAction : NSObject <NSCopying>
           ^
/Users/admin/builder/spi-builder-workspace/DataSource/DataSource+UITableViewDelegate.swift:417:17: error: cannot override 'tableView' which has been marked unavailable
    public func tableView(_ tableView: UITableView, editActionsForRowAt indexPath: IndexPath) -> [UITableViewRowAction]? {
                ^
UIKit.UITableViewDelegate.tableView:3:17: note: 'tableView(_:editActionsForRowAt:)' has been explicitly marked unavailable here
  optional func tableView(_ tableView: UITableView, editActionsForRowAt indexPath: IndexPath) -> [UITableViewRowAction]?}
                ^
/Users/admin/builder/spi-builder-workspace/DataSource/DataSource+UITableViewDelegate.swift:508:17: error: cannot override 'tableView' which has been marked unavailable
    public func tableView(_ tableView: UITableView, shouldShowMenuForRowAt indexPath: IndexPath) -> Bool {
                ^
UIKit.UITableViewDelegate.tableView:3:17: note: 'tableView(_:shouldShowMenuForRowAt:)' has been explicitly marked unavailable here
  optional func tableView(_ tableView: UITableView, shouldShowMenuForRowAt indexPath: IndexPath) -> Bool}
                ^
/Users/admin/builder/spi-builder-workspace/DataSource/DataSource+UITableViewDelegate.swift:523:17: error: cannot override 'tableView' which has been marked unavailable
    public func tableView(_ tableView: UITableView, canPerformAction action: Selector, forRowAt indexPath: IndexPath, withSender sender: Any?) -> Bool {
                ^
UIKit.UITableViewDelegate.tableView:3:17: note: 'tableView(_:canPerformAction:forRowAt:withSender:)' has been explicitly marked unavailable here
  optional func tableView(_ tableView: UITableView, canPerformAction action: Selector, forRowAt indexPath: IndexPath, withSender sender: Any?) -> Bool}
                ^
/Users/admin/builder/spi-builder-workspace/DataSource/DataSource+UITableViewDelegate.swift:538:17: error: cannot override 'tableView' which has been marked unavailable
    public func tableView(_ tableView: UITableView, performAction action: Selector, forRowAt indexPath: IndexPath, withSender sender: Any?) {
                ^
UIKit.UITableViewDelegate.tableView:3:17: note: 'tableView(_:performAction:forRowAt:withSender:)' has been explicitly marked unavailable here
  optional func tableView(_ tableView: UITableView, performAction action: Selector, forRowAt indexPath: IndexPath, withSender sender: Any?)}
                ^
/Users/admin/builder/spi-builder-workspace/DataSource/DataSource+UITableViewDelegate.swift:430:34: error: 'tableView(_:editActionsForRowAt:)' is unavailable in visionOS
        return fallbackDelegate?.tableView?(tableView, editActionsForRowAt: indexPath)
                                 ^~~~~~~~~
UIKit.UITableViewDelegate.tableView:3:17: note: 'tableView(_:editActionsForRowAt:)' has been explicitly marked unavailable here
  optional func tableView(_ tableView: UITableView, editActionsForRowAt indexPath: IndexPath) -> [UITableViewRowAction]?}
                ^
/Users/admin/builder/spi-builder-workspace/DataSource/DataSource+UITableViewDelegate.swift:519:34: error: 'tableView(_:shouldShowMenuForRowAt:)' is unavailable in visionOS
        return fallbackDelegate?.tableView?(tableView, shouldShowMenuForRowAt: indexPath)
                                 ^~~~~~~~~
UIKit.UITableViewDelegate.tableView:3:17: note: 'tableView(_:shouldShowMenuForRowAt:)' has been explicitly marked unavailable here
  optional func tableView(_ tableView: UITableView, shouldShowMenuForRowAt indexPath: IndexPath) -> Bool}
                ^
/Users/admin/builder/spi-builder-workspace/DataSource/DataSource+UITableViewDelegate.swift:534:34: error: 'tableView(_:canPerformAction:forRowAt:withSender:)' is unavailable in visionOS
        return fallbackDelegate?.tableView?(tableView, canPerformAction: action, forRowAt: indexPath, withSender: sender)
                                 ^~~~~~~~~
UIKit.UITableViewDelegate.tableView:3:17: note: 'tableView(_:canPerformAction:forRowAt:withSender:)' has been explicitly marked unavailable here
  optional func tableView(_ tableView: UITableView, canPerformAction action: Selector, forRowAt indexPath: IndexPath, withSender sender: Any?) -> Bool}
                ^
/Users/admin/builder/spi-builder-workspace/DataSource/DataSource+UITableViewDelegate.swift:550:27: error: 'tableView(_:performAction:forRowAt:withSender:)' is unavailable in visionOS
        fallbackDelegate?.tableView?(tableView, performAction: action, forRowAt: indexPath, withSender: sender)
                          ^~~~~~~~~
UIKit.UITableViewDelegate.tableView:3:17: note: 'tableView(_:performAction:forRowAt:withSender:)' has been explicitly marked unavailable here
  optional func tableView(_ tableView: UITableView, performAction action: Selector, forRowAt indexPath: IndexPath, withSender sender: Any?)}
                ^
SwiftCompile normal arm64 Compiling\ AutoRegisterCell.swift,\ CellDescriptor.swift /Users/admin/builder/spi-builder-workspace/DataSource/AutoRegisterCell.swift /Users/admin/builder/spi-builder-workspace/DataSource/CellDescriptor.swift (in target 'DataSource' from project 'DataSource')
Failed frontend command:
/Applications/Xcode-26.4.0.app/Contents/Developer/Toolchains/XcodeDefault.xctoolchain/usr/bin/swift-frontend -frontend -c -primary-file /Users/admin/builder/spi-builder-workspace/DataSource/AutoRegisterCell.swift -primary-file /Users/admin/builder/spi-builder-workspace/DataSource/CellDescriptor.swift /Users/admin/builder/spi-builder-workspace/DataSource/DataSource+Diff.swift /Users/admin/builder/spi-builder-workspace/DataSource/DataSource+UITableViewDataSource.swift /Users/admin/builder/spi-builder-workspace/DataSource/DataSource+UITableViewDataSourcePrefetching.swift /Users/admin/builder/spi-builder-workspace/DataSource/DataSource+UITableViewDelegate.swift /Users/admin/builder/spi-builder-workspace/DataSource/DataSource.swift /Users/admin/builder/spi-builder-workspace/DataSource/Diffable.swift /Users/admin/builder/spi-builder-workspace/DataSource/Row.swift /Users/admin/builder/spi-builder-workspace/DataSource/Section.swift /Users/admin/builder/spi-builder-workspace/DataSource/SectionDescriptor.swift /Users/admin/builder/spi-builder-workspace/DataSource/SeparatedSection/SeparatedSection.swift /Users/admin/builder/spi-builder-workspace/DataSource/SeparatedSection/SeparatorCustomViewViewModel.swift /Users/admin/builder/spi-builder-workspace/DataSource/SeparatedSection/SeparatorLineCell.swift /Users/admin/builder/spi-builder-workspace/DataSource/SeparatedSection/SeparatorLineViewModel.swift /Users/admin/builder/spi-builder-workspace/DataSource/UITableViewExtensions.swift /Users/admin/builder/spi-builder-workspace/DataSource/Utilities/UIView+AutoLayout.swift -emit-dependencies-path /Users/admin/builder/spi-builder-workspace/.derivedData/Build/Intermediates.noindex/DataSource.build/Debug-xros/DataSource.build/Objects-normal/arm64/AutoRegisterCell.d -emit-const-values-path /Users/admin/builder/spi-builder-workspace/.derivedData/Build/Intermediates.noindex/DataSource.build/Debug-xros/DataSource.build/Objects-normal/arm64/AutoRegisterCell.swiftconstvalues -emit-reference-dependencies-path /Users/admin/builder/spi-builder-workspace/.derivedData/Build/Intermediates.noindex/DataSource.build/Debug-xros/DataSource.build/Objects-normal/arm64/AutoRegisterCell.swiftdeps -serialize-diagnostics-path /Users/admin/builder/spi-builder-workspace/.derivedData/Build/Intermediates.noindex/DataSource.build/Debug-xros/DataSource.build/Objects-normal/arm64/AutoRegisterCell.dia -emit-dependencies-path /Users/admin/builder/spi-builder-workspace/.derivedData/Build/Intermediates.noindex/DataSource.build/Debug-xros/DataSource.build/Objects-normal/arm64/CellDescriptor.d -emit-const-values-path /Users/admin/builder/spi-builder-workspace/.derivedData/Build/Intermediates.noindex/DataSource.build/Debug-xros/DataSource.build/Objects-normal/arm64/CellDescriptor.swiftconstvalues -emit-reference-dependencies-path /Users/admin/builder/spi-builder-workspace/.derivedData/Build/Intermediates.noindex/DataSource.build/Debug-xros/DataSource.build/Objects-normal/arm64/CellDescriptor.swiftdeps -serialize-diagnostics-path /Users/admin/builder/spi-builder-workspace/.derivedData/Build/Intermediates.noindex/DataSource.build/Debug-xros/DataSource.build/Objects-normal/arm64/CellDescriptor.dia -target arm64-apple-xros1.0 -load-resolved-plugin /Applications/Xcode-26.4.0.app/Contents/Developer/Platforms/XROS.platform/Developer/usr/lib/swift/host/plugins/libFoundationMacros.dylib\#/Applications/Xcode-26.4.0.app/Contents/Developer/Platforms/XROS.platform/Developer/usr/bin/swift-plugin-server\#FoundationMacros -load-resolved-plugin /Applications/Xcode-26.4.0.app/Contents/Developer/Platforms/XROS.platform/Developer/usr/lib/swift/host/plugins/libObservationMacros.dylib\#/Applications/Xcode-26.4.0.app/Contents/Developer/Platforms/XROS.platform/Developer/usr/bin/swift-plugin-server\#ObservationMacros -load-resolved-plugin /Applications/Xcode-26.4.0.app/Contents/Developer/Platforms/XROS.platform/Developer/usr/lib/swift/host/plugins/libPreviewsMacros.dylib\#/Applications/Xcode-26.4.0.app/Contents/Developer/Platforms/XROS.platform/Developer/usr/bin/swift-plugin-server\#PreviewsMacros -load-resolved-plugin /Applications/Xcode-26.4.0.app/Contents/Developer/Platforms/XROS.platform/Developer/usr/lib/swift/host/plugins/libSwiftMacros.dylib\#/Applications/Xcode-26.4.0.app/Contents/Developer/Platforms/XROS.platform/Developer/usr/bin/swift-plugin-server\#SwiftMacros -load-resolved-plugin /Applications/Xcode-26.4.0.app/Contents/Developer/Platforms/XROS.platform/Developer/usr/lib/swift/host/plugins/libSwiftUIMacros.dylib\#/Applications/Xcode-26.4.0.app/Contents/Developer/Platforms/XROS.platform/Developer/usr/bin/swift-plugin-server\#SwiftUIMacros -disable-implicit-swift-modules -Xcc -fno-implicit-modules -Xcc -fno-implicit-module-maps -explicit-swift-module-map-file /Users/admin/builder/spi-builder-workspace/.derivedData/Build/Intermediates.noindex/DataSource.build/Debug-xros/DataSource.build/Objects-normal/arm64/DataSource-dependencies-1.json -debug-module-path /Users/admin/builder/spi-builder-workspace/.derivedData/Build/Intermediates.noindex/DataSource.build/Debug-xros/DataSource.build/Objects-normal/arm64/DataSource.swiftmodule -Xllvm -aarch64-use-tbi -enable-objc-interop -stack-check -sdk /Applications/Xcode-26.4.0.app/Contents/Developer/Platforms/XROS.platform/Developer/SDKs/XROS26.4.sdk -I /Users/admin/builder/spi-builder-workspace/.derivedData/Build/Products/Debug-xros -Isystem /Applications/Xcode-26.4.0.app/Contents/Developer/Platforms/XROS.platform/Developer/usr/lib -F /Users/admin/builder/spi-builder-workspace/.derivedData/Build/Products/Debug-xros/PackageFrameworks -F /Users/admin/builder/spi-builder-workspace/.derivedData/Build/Products/Debug-xros -F /Applications/Xcode-26.4.0.app/Contents/Developer/Platforms/XROS.platform/Developer/Library/Frameworks -F /Applications/Xcode-26.4.0.app/Contents/Developer/Platforms/XROS.platform/Developer/SDKs/XROS26.4.sdk/Developer/Library/Frameworks -no-color-diagnostics -Xcc -fno-color-diagnostics -enable-testing -g -debug-info-format\=dwarf -dwarf-version\=4 -module-cache-path /Users/admin/builder/spi-builder-workspace/.derivedData/Build/Intermediates.noindex/SwiftExplicitPrecompiledModules -profile-generate -profile-coverage-mapping -swift-version 5 -Onone -D SWIFT_PACKAGE -D DEBUG -D SWIFT_MODULE_RESOURCE_BUNDLE_UNAVAILABLE -D Xcode -serialize-debugging-options -const-gather-protocols-file /Users/admin/builder/spi-builder-workspace/.derivedData/Build/Intermediates.noindex/DataSource.build/Debug-xros/DataSource.build/Objects-normal/arm64/DataSource_const_extract_protocols.json -enable-experimental-feature DebugDescriptionMacro -empty-abi-descriptor -validate-clang-modules-once -clang-build-session-file /Users/admin/builder/spi-builder-workspace/.derivedData/ModuleCache.noindex/Session.modulevalidation -Xcc -working-directory -Xcc /Users/admin/builder/spi-builder-workspace/.swiftpm/xcode -enable-anonymous-context-mangled-names -file-compilation-dir /Users/admin/builder/spi-builder-workspace/.swiftpm/xcode -Xcc -D_LIBCPP_HARDENING_MODE\=_LIBCPP_HARDENING_MODE_DEBUG -Xcc -ivfsstatcache -Xcc /Users/admin/builder/spi-builder-workspace/.derivedData/SDKStatCaches.noindex/xros26.4-23O238-688ef53f1462e2c8f657fdc38a81448fc42b1e75d12c8f651050d7e98f89897c.sdkstatcache -Xcc -I/Users/admin/builder/spi-builder-workspace/.derivedData/Build/Intermediates.noindex/DataSource.build/Debug-xros/DataSource.build/swift-overrides.hmap -Xcc -I/Users/admin/builder/spi-builder-workspace/.derivedData/Build/Products/Debug-xros/include -Xcc -I/Users/admin/builder/spi-builder-workspace/.derivedData/Build/Intermediates.noindex/DataSource.build/Debug-xros/DataSource.build/DerivedSources-normal/arm64 -Xcc -I/Users/admin/builder/spi-builder-workspace/.derivedData/Build/Intermediates.noindex/DataSource.build/Debug-xros/DataSource.build/DerivedSources/arm64 -Xcc -I/Users/admin/builder/spi-builder-workspace/.derivedData/Build/Intermediates.noindex/DataSource.build/Debug-xros/DataSource.build/DerivedSources -Xcc -DSWIFT_PACKAGE -Xcc -DDEBUG\=1 -no-auto-bridging-header-chaining -module-name DataSource -frontend-parseable-output -disable-clang-spi -clang-target arm64-apple-xros26.4 -target-sdk-version 26.4 -target-sdk-name xros26.4 -in-process-plugin-server-path /Applications/Xcode-26.4.0.app/Contents/Developer/Toolchains/XcodeDefault.xctoolchain/usr/lib/swift/host/libSwiftInProcPluginServer.dylib -o /Users/admin/builder/spi-builder-workspace/.derivedData/Build/Intermediates.noindex/DataSource.build/Debug-xros/DataSource.build/Objects-normal/arm64/AutoRegisterCell.o -o /Users/admin/builder/spi-builder-workspace/.derivedData/Build/Intermediates.noindex/DataSource.build/Debug-xros/DataSource.build/Objects-normal/arm64/CellDescriptor.o -index-unit-output-path /DataSource.build/Debug-xros/DataSource.build/Objects-normal/arm64/AutoRegisterCell.o -index-unit-output-path /DataSource.build/Debug-xros/DataSource.build/Objects-normal/arm64/CellDescriptor.o -index-store-path /Users/admin/builder/spi-builder-workspace/.derivedData/Index.noindex/DataStore -index-system-modules
SwiftCompile normal arm64 /Users/admin/builder/spi-builder-workspace/DataSource/AutoRegisterCell.swift (in target 'DataSource' from project 'DataSource')
    cd /Users/admin/builder/spi-builder-workspace/.swiftpm/xcode

SwiftCompile normal arm64 /Users/admin/builder/spi-builder-workspace/DataSource/CellDescriptor.swift (in target 'DataSource' from project 'DataSource')
    cd /Users/admin/builder/spi-builder-workspace/.swiftpm/xcode

/Users/admin/builder/spi-builder-workspace/DataSource/CellDescriptor.swift:51:55: error: 'UITableViewRowAction' is unavailable in visionOS
    var editActionsClosure: ((RowType, IndexPath) -> [UITableViewRowAction]?)? { get }
                                                      ^~~~~~~~~~~~~~~~~~~~
/Applications/Xcode-26.4.0.app/Contents/Developer/Platforms/XROS.platform/Developer/SDKs/XROS26.4.sdk/System/Library/Frameworks/UIKit.framework/Headers/UITableView.h:77:12: note: 'UITableViewRowAction' has been explicitly marked unavailable here
@interface UITableViewRowAction : NSObject <NSCopying>
           ^
/Users/admin/builder/spi-builder-workspace/DataSource/CellDescriptor.swift:403:75: error: 'UITableViewRowAction' is unavailable in visionOS
    public private(set) var editActionsClosure: ((RowType, IndexPath) -> [UITableViewRowAction]?)?
                                                                          ^~~~~~~~~~~~~~~~~~~~
/Applications/Xcode-26.4.0.app/Contents/Developer/Platforms/XROS.platform/Developer/SDKs/XROS26.4.sdk/System/Library/Frameworks/UIKit.framework/Headers/UITableView.h:77:12: note: 'UITableViewRowAction' has been explicitly marked unavailable here
@interface UITableViewRowAction : NSObject <NSCopying>
           ^
/Users/admin/builder/spi-builder-workspace/DataSource/CellDescriptor.swift:405:72: error: 'UITableViewRowAction' is unavailable in visionOS
    public func editActions(_ closure: @escaping (Item, IndexPath) -> [UITableViewRowAction]?) -> CellDescriptor {
                                                                       ^~~~~~~~~~~~~~~~~~~~
/Applications/Xcode-26.4.0.app/Contents/Developer/Platforms/XROS.platform/Developer/SDKs/XROS26.4.sdk/System/Library/Frameworks/UIKit.framework/Headers/UITableView.h:77:12: note: 'UITableViewRowAction' has been explicitly marked unavailable here
@interface UITableViewRowAction : NSObject <NSCopying>
           ^
/Users/admin/builder/spi-builder-workspace/DataSource/CellDescriptor.swift:412:57: error: 'UITableViewRowAction' is unavailable in visionOS
    public func editActions(_ closure: @escaping () -> [UITableViewRowAction]?) -> CellDescriptor {
                                                        ^~~~~~~~~~~~~~~~~~~~
/Applications/Xcode-26.4.0.app/Contents/Developer/Platforms/XROS.platform/Developer/SDKs/XROS26.4.sdk/System/Library/Frameworks/UIKit.framework/Headers/UITableView.h:77:12: note: 'UITableViewRowAction' has been explicitly marked unavailable here
@interface UITableViewRowAction : NSObject <NSCopying>
           ^
SwiftCompile normal arm64 Compiling\ SectionDescriptor.swift,\ SeparatedSection.swift /Users/admin/builder/spi-builder-workspace/DataSource/SectionDescriptor.swift /Users/admin/builder/spi-builder-workspace/DataSource/SeparatedSection/SeparatedSection.swift (in target 'DataSource' from project 'DataSource')
SwiftCompile normal arm64 /Users/admin/builder/spi-builder-workspace/DataSource/SectionDescriptor.swift (in target 'DataSource' from project 'DataSource')
    cd /Users/admin/builder/spi-builder-workspace/.swiftpm/xcode

SwiftCompile normal arm64 /Users/admin/builder/spi-builder-workspace/DataSource/SeparatedSection/SeparatedSection.swift (in target 'DataSource' from project 'DataSource')
    cd /Users/admin/builder/spi-builder-workspace/.swiftpm/xcode

SwiftCompile normal arm64 Compiling\ SeparatorCustomViewViewModel.swift,\ SeparatorLineCell.swift /Users/admin/builder/spi-builder-workspace/DataSource/SeparatedSection/SeparatorCustomViewViewModel.swift /Users/admin/builder/spi-builder-workspace/DataSource/SeparatedSection/SeparatorLineCell.swift (in target 'DataSource' from project 'DataSource')
SwiftCompile normal arm64 /Users/admin/builder/spi-builder-workspace/DataSource/SeparatedSection/SeparatorCustomViewViewModel.swift (in target 'DataSource' from project 'DataSource')
    cd /Users/admin/builder/spi-builder-workspace/.swiftpm/xcode

SwiftCompile normal arm64 /Users/admin/builder/spi-builder-workspace/DataSource/SeparatedSection/SeparatorLineCell.swift (in target 'DataSource' from project 'DataSource')
    cd /Users/admin/builder/spi-builder-workspace/.swiftpm/xcode

/Users/admin/builder/spi-builder-workspace/DataSource/SeparatedSection/SeparatorLineCell.swift:21:58: error: 'UIScreen' is unavailable in visionOS
    public static let defaultLineHeight: CGFloat = 1.0 / UIScreen.main.scale
                                                         ^~~~~~~~
/Applications/Xcode-26.4.0.app/Contents/Developer/Platforms/XROS.platform/Developer/SDKs/XROS26.4.sdk/System/Library/Frameworks/UIKit.framework/Headers/UIScreen.h:54:12: note: 'UIScreen' has been explicitly marked unavailable here
@interface UIScreen : NSObject <UITraitEnvironment>
           ^
SwiftCompile normal arm64 Compiling\ Row.swift,\ Section.swift /Users/admin/builder/spi-builder-workspace/DataSource/Row.swift /Users/admin/builder/spi-builder-workspace/DataSource/Section.swift (in target 'DataSource' from project 'DataSource')
SwiftCompile normal arm64 /Users/admin/builder/spi-builder-workspace/DataSource/Row.swift (in target 'DataSource' from project 'DataSource')
    cd /Users/admin/builder/spi-builder-workspace/.swiftpm/xcode

SwiftCompile normal arm64 /Users/admin/builder/spi-builder-workspace/DataSource/Section.swift (in target 'DataSource' from project 'DataSource')
    cd /Users/admin/builder/spi-builder-workspace/.swiftpm/xcode

SwiftCompile normal arm64 Compiling\ SeparatorLineViewModel.swift /Users/admin/builder/spi-builder-workspace/DataSource/SeparatedSection/SeparatorLineViewModel.swift (in target 'DataSource' from project 'DataSource')
SwiftCompile normal arm64 /Users/admin/builder/spi-builder-workspace/DataSource/SeparatedSection/SeparatorLineViewModel.swift (in target 'DataSource' from project 'DataSource')
    cd /Users/admin/builder/spi-builder-workspace/.swiftpm/xcode

SwiftCompile normal arm64 Compiling\ UITableViewExtensions.swift /Users/admin/builder/spi-builder-workspace/DataSource/UITableViewExtensions.swift (in target 'DataSource' from project 'DataSource')
SwiftCompile normal arm64 /Users/admin/builder/spi-builder-workspace/DataSource/UITableViewExtensions.swift (in target 'DataSource' from project 'DataSource')
    cd /Users/admin/builder/spi-builder-workspace/.swiftpm/xcode

SwiftCompile normal arm64 Compiling\ DataSource.swift,\ Diffable.swift /Users/admin/builder/spi-builder-workspace/DataSource/DataSource.swift /Users/admin/builder/spi-builder-workspace/DataSource/Diffable.swift (in target 'DataSource' from project 'DataSource')
Failed frontend command:
/Applications/Xcode-26.4.0.app/Contents/Developer/Toolchains/XcodeDefault.xctoolchain/usr/bin/swift-frontend -frontend -c /Users/admin/builder/spi-builder-workspace/DataSource/AutoRegisterCell.swift /Users/admin/builder/spi-builder-workspace/DataSource/CellDescriptor.swift /Users/admin/builder/spi-builder-workspace/DataSource/DataSource+Diff.swift /Users/admin/builder/spi-builder-workspace/DataSource/DataSource+UITableViewDataSource.swift /Users/admin/builder/spi-builder-workspace/DataSource/DataSource+UITableViewDataSourcePrefetching.swift /Users/admin/builder/spi-builder-workspace/DataSource/DataSource+UITableViewDelegate.swift -primary-file /Users/admin/builder/spi-builder-workspace/DataSource/DataSource.swift -primary-file /Users/admin/builder/spi-builder-workspace/DataSource/Diffable.swift /Users/admin/builder/spi-builder-workspace/DataSource/Row.swift /Users/admin/builder/spi-builder-workspace/DataSource/Section.swift /Users/admin/builder/spi-builder-workspace/DataSource/SectionDescriptor.swift /Users/admin/builder/spi-builder-workspace/DataSource/SeparatedSection/SeparatedSection.swift /Users/admin/builder/spi-builder-workspace/DataSource/SeparatedSection/SeparatorCustomViewViewModel.swift /Users/admin/builder/spi-builder-workspace/DataSource/SeparatedSection/SeparatorLineCell.swift /Users/admin/builder/spi-builder-workspace/DataSource/SeparatedSection/SeparatorLineViewModel.swift /Users/admin/builder/spi-builder-workspace/DataSource/UITableViewExtensions.swift /Users/admin/builder/spi-builder-workspace/DataSource/Utilities/UIView+AutoLayout.swift -emit-dependencies-path /Users/admin/builder/spi-builder-workspace/.derivedData/Build/Intermediates.noindex/DataSource.build/Debug-xros/DataSource.build/Objects-normal/arm64/DataSource.d -emit-const-values-path /Users/admin/builder/spi-builder-workspace/.derivedData/Build/Intermediates.noindex/DataSource.build/Debug-xros/DataSource.build/Objects-normal/arm64/DataSource.swiftconstvalues -emit-reference-dependencies-path /Users/admin/builder/spi-builder-workspace/.derivedData/Build/Intermediates.noindex/DataSource.build/Debug-xros/DataSource.build/Objects-normal/arm64/DataSource.swiftdeps -serialize-diagnostics-path /Users/admin/builder/spi-builder-workspace/.derivedData/Build/Intermediates.noindex/DataSource.build/Debug-xros/DataSource.build/Objects-normal/arm64/DataSource.dia -emit-dependencies-path /Users/admin/builder/spi-builder-workspace/.derivedData/Build/Intermediates.noindex/DataSource.build/Debug-xros/DataSource.build/Objects-normal/arm64/Diffable.d -emit-const-values-path /Users/admin/builder/spi-builder-workspace/.derivedData/Build/Intermediates.noindex/DataSource.build/Debug-xros/DataSource.build/Objects-normal/arm64/Diffable.swiftconstvalues -emit-reference-dependencies-path /Users/admin/builder/spi-builder-workspace/.derivedData/Build/Intermediates.noindex/DataSource.build/Debug-xros/DataSource.build/Objects-normal/arm64/Diffable.swiftdeps -serialize-diagnostics-path /Users/admin/builder/spi-builder-workspace/.derivedData/Build/Intermediates.noindex/DataSource.build/Debug-xros/DataSource.build/Objects-normal/arm64/Diffable.dia -target arm64-apple-xros1.0 -load-resolved-plugin /Applications/Xcode-26.4.0.app/Contents/Developer/Platforms/XROS.platform/Developer/usr/lib/swift/host/plugins/libFoundationMacros.dylib\#/Applications/Xcode-26.4.0.app/Contents/Developer/Platforms/XROS.platform/Developer/usr/bin/swift-plugin-server\#FoundationMacros -load-resolved-plugin /Applications/Xcode-26.4.0.app/Contents/Developer/Platforms/XROS.platform/Developer/usr/lib/swift/host/plugins/libObservationMacros.dylib\#/Applications/Xcode-26.4.0.app/Contents/Developer/Platforms/XROS.platform/Developer/usr/bin/swift-plugin-server\#ObservationMacros -load-resolved-plugin /Applications/Xcode-26.4.0.app/Contents/Developer/Platforms/XROS.platform/Developer/usr/lib/swift/host/plugins/libPreviewsMacros.dylib\#/Applications/Xcode-26.4.0.app/Contents/Developer/Platforms/XROS.platform/Developer/usr/bin/swift-plugin-server\#PreviewsMacros -load-resolved-plugin /Applications/Xcode-26.4.0.app/Contents/Developer/Platforms/XROS.platform/Developer/usr/lib/swift/host/plugins/libSwiftMacros.dylib\#/Applications/Xcode-26.4.0.app/Contents/Developer/Platforms/XROS.platform/Developer/usr/bin/swift-plugin-server\#SwiftMacros -load-resolved-plugin /Applications/Xcode-26.4.0.app/Contents/Developer/Platforms/XROS.platform/Developer/usr/lib/swift/host/plugins/libSwiftUIMacros.dylib\#/Applications/Xcode-26.4.0.app/Contents/Developer/Platforms/XROS.platform/Developer/usr/bin/swift-plugin-server\#SwiftUIMacros -disable-implicit-swift-modules -Xcc -fno-implicit-modules -Xcc -fno-implicit-module-maps -explicit-swift-module-map-file /Users/admin/builder/spi-builder-workspace/.derivedData/Build/Intermediates.noindex/DataSource.build/Debug-xros/DataSource.build/Objects-normal/arm64/DataSource-dependencies-1.json -debug-module-path /Users/admin/builder/spi-builder-workspace/.derivedData/Build/Intermediates.noindex/DataSource.build/Debug-xros/DataSource.build/Objects-normal/arm64/DataSource.swiftmodule -Xllvm -aarch64-use-tbi -enable-objc-interop -stack-check -sdk /Applications/Xcode-26.4.0.app/Contents/Developer/Platforms/XROS.platform/Developer/SDKs/XROS26.4.sdk -I /Users/admin/builder/spi-builder-workspace/.derivedData/Build/Products/Debug-xros -Isystem /Applications/Xcode-26.4.0.app/Contents/Developer/Platforms/XROS.platform/Developer/usr/lib -F /Users/admin/builder/spi-builder-workspace/.derivedData/Build/Products/Debug-xros/PackageFrameworks -F /Users/admin/builder/spi-builder-workspace/.derivedData/Build/Products/Debug-xros -F /Applications/Xcode-26.4.0.app/Contents/Developer/Platforms/XROS.platform/Developer/Library/Frameworks -F /Applications/Xcode-26.4.0.app/Contents/Developer/Platforms/XROS.platform/Developer/SDKs/XROS26.4.sdk/Developer/Library/Frameworks -no-color-diagnostics -Xcc -fno-color-diagnostics -enable-testing -g -debug-info-format\=dwarf -dwarf-version\=4 -module-cache-path /Users/admin/builder/spi-builder-workspace/.derivedData/Build/Intermediates.noindex/SwiftExplicitPrecompiledModules -profile-generate -profile-coverage-mapping -swift-version 5 -Onone -D SWIFT_PACKAGE -D DEBUG -D SWIFT_MODULE_RESOURCE_BUNDLE_UNAVAILABLE -D Xcode -serialize-debugging-options -const-gather-protocols-file /Users/admin/builder/spi-builder-workspace/.derivedData/Build/Intermediates.noindex/DataSource.build/Debug-xros/DataSource.build/Objects-normal/arm64/DataSource_const_extract_protocols.json -enable-experimental-feature DebugDescriptionMacro -empty-abi-descriptor -validate-clang-modules-once -clang-build-session-file /Users/admin/builder/spi-builder-workspace/.derivedData/ModuleCache.noindex/Session.modulevalidation -Xcc -working-directory -Xcc /Users/admin/builder/spi-builder-workspace/.swiftpm/xcode -enable-anonymous-context-mangled-names -file-compilation-dir /Users/admin/builder/spi-builder-workspace/.swiftpm/xcode -Xcc -D_LIBCPP_HARDENING_MODE\=_LIBCPP_HARDENING_MODE_DEBUG -Xcc -ivfsstatcache -Xcc /Users/admin/builder/spi-builder-workspace/.derivedData/SDKStatCaches.noindex/xros26.4-23O238-688ef53f1462e2c8f657fdc38a81448fc42b1e75d12c8f651050d7e98f89897c.sdkstatcache -Xcc -I/Users/admin/builder/spi-builder-workspace/.derivedData/Build/Intermediates.noindex/DataSource.build/Debug-xros/DataSource.build/swift-overrides.hmap -Xcc -I/Users/admin/builder/spi-builder-workspace/.derivedData/Build/Products/Debug-xros/include -Xcc -I/Users/admin/builder/spi-builder-workspace/.derivedData/Build/Intermediates.noindex/DataSource.build/Debug-xros/DataSource.build/DerivedSources-normal/arm64 -Xcc -I/Users/admin/builder/spi-builder-workspace/.derivedData/Build/Intermediates.noindex/DataSource.build/Debug-xros/DataSource.build/DerivedSources/arm64 -Xcc -I/Users/admin/builder/spi-builder-workspace/.derivedData/Build/Intermediates.noindex/DataSource.build/Debug-xros/DataSource.build/DerivedSources -Xcc -DSWIFT_PACKAGE -Xcc -DDEBUG\=1 -no-auto-bridging-header-chaining -module-name DataSource -frontend-parseable-output -disable-clang-spi -clang-target arm64-apple-xros26.4 -target-sdk-version 26.4 -target-sdk-name xros26.4 -in-process-plugin-server-path /Applications/Xcode-26.4.0.app/Contents/Developer/Toolchains/XcodeDefault.xctoolchain/usr/lib/swift/host/libSwiftInProcPluginServer.dylib -o /Users/admin/builder/spi-builder-workspace/.derivedData/Build/Intermediates.noindex/DataSource.build/Debug-xros/DataSource.build/Objects-normal/arm64/DataSource.o -o /Users/admin/builder/spi-builder-workspace/.derivedData/Build/Intermediates.noindex/DataSource.build/Debug-xros/DataSource.build/Objects-normal/arm64/Diffable.o -index-unit-output-path /DataSource.build/Debug-xros/DataSource.build/Objects-normal/arm64/DataSource.o -index-unit-output-path /DataSource.build/Debug-xros/DataSource.build/Objects-normal/arm64/Diffable.o -index-store-path /Users/admin/builder/spi-builder-workspace/.derivedData/Index.noindex/DataStore -index-system-modules
SwiftCompile normal arm64 /Users/admin/builder/spi-builder-workspace/DataSource/DataSource.swift (in target 'DataSource' from project 'DataSource')
    cd /Users/admin/builder/spi-builder-workspace/.swiftpm/xcode

/Users/admin/builder/spi-builder-workspace/DataSource/DataSource.swift:42:55: error: 'UITableViewRowAction' is unavailable in visionOS
    public var editActions: ((RowType, IndexPath) -> [UITableViewRowAction]?)?
                                                      ^~~~~~~~~~~~~~~~~~~~
/Applications/Xcode-26.4.0.app/Contents/Developer/Platforms/XROS.platform/Developer/SDKs/XROS26.4.sdk/System/Library/Frameworks/UIKit.framework/Headers/UITableView.h:77:12: note: 'UITableViewRowAction' has been explicitly marked unavailable here
@interface UITableViewRowAction : NSObject <NSCopying>
           ^
SwiftCompile normal arm64 /Users/admin/builder/spi-builder-workspace/DataSource/Diffable.swift (in target 'DataSource' from project 'DataSource')
    cd /Users/admin/builder/spi-builder-workspace/.swiftpm/xcode

SwiftCompile normal arm64 Compiling\ UIView+AutoLayout.swift /Users/admin/builder/spi-builder-workspace/DataSource/Utilities/UIView+AutoLayout.swift (in target 'DataSource' from project 'DataSource')
SwiftCompile normal arm64 /Users/admin/builder/spi-builder-workspace/DataSource/Utilities/UIView+AutoLayout.swift (in target 'DataSource' from project 'DataSource')
    cd /Users/admin/builder/spi-builder-workspace/.swiftpm/xcode

SwiftEmitModule normal arm64 Emitting\ module\ for\ Differ (in target 'Differ' from project 'Differ')
2026-06-25 14:42:08.320 xcodebuild[872:5290] [MT] IDERunDestination: Supported platforms for the buildables in the current scheme is empty.
** BUILD FAILED **
The following build commands failed:
	SwiftCompile normal arm64 /Users/admin/builder/spi-builder-workspace/DataSource/DataSource+UITableViewDelegate.swift (in target 'DataSource' from project 'DataSource')
	SwiftCompile normal arm64 Compiling\ AutoRegisterCell.swift,\ CellDescriptor.swift /Users/admin/builder/spi-builder-workspace/DataSource/AutoRegisterCell.swift /Users/admin/builder/spi-builder-workspace/DataSource/CellDescriptor.swift (in target 'DataSource' from project 'DataSource')
	SwiftCompile normal arm64 /Users/admin/builder/spi-builder-workspace/DataSource/CellDescriptor.swift (in target 'DataSource' from project 'DataSource')
	SwiftCompile normal arm64 /Users/admin/builder/spi-builder-workspace/DataSource/SeparatedSection/SeparatorLineCell.swift (in target 'DataSource' from project 'DataSource')
	SwiftCompile normal arm64 Compiling\ DataSource.swift,\ Diffable.swift /Users/admin/builder/spi-builder-workspace/DataSource/DataSource.swift /Users/admin/builder/spi-builder-workspace/DataSource/Diffable.swift (in target 'DataSource' from project 'DataSource')
	SwiftCompile normal arm64 /Users/admin/builder/spi-builder-workspace/DataSource/DataSource.swift (in target 'DataSource' from project 'DataSource')
	Building workspace spi-builder-workspace with scheme DataSource
(7 failures)
BUILD FAILURE 6.3 visionOS