The Swift Package Index logo.Swift Package Index

Build Information

Failed to build AnyDocSwift, reference 0.2.3 (8ff4d5), with Swift 6.2 for Wasm on 3 Oct 2026 00:10:38 UTC.

Build Command

bash -c docker run --pull=always --rm -v "checkouts-54344843-1":/host -w "$PWD" -e JAVA_HOME="/root/.sdkman/candidates/java/current" -e SPI_BUILD="1" -e SPI_PROCESSING="1" registry.gitlab.com/saguaro1/spi-images:wasm-6.2-latest swift build --swift-sdk swift-6.2-RELEASE_wasm 2>&1

Build Log

========================================
RunAll
========================================
Builder version: 5.1.1
Interrupt handler set up.
========================================
Checkout
========================================
Clone URL: https://github.com/ngutech21/anydoc-swift.git
Reference: 0.2.3
Initialized empty Git repository in /host/spi-builder-workspace/.git/
hint: Using 'master' as the name for the initial branch. This default branch name
hint: is subject to change. To configure the initial branch name to use in all
hint: of your new repositories, which will suppress this warning, call:
hint:
hint: 	git config --global init.defaultBranch <name>
hint:
hint: Names commonly chosen instead of 'master' are 'main', 'trunk' and
hint: 'development'. The just-created branch can be renamed via this command:
hint:
hint: 	git branch -m <name>
From https://github.com/ngutech21/anydoc-swift
 * tag               0.2.3      -> FETCH_HEAD
HEAD is now at 8ff4d54 chore: update iOS required-reason audit and pdf-inspector upgrade documentation
Cloned https://github.com/ngutech21/anydoc-swift.git
Revision (git rev-parse @):
8ff4d546dbcdcab7bf1343bbeff50ecb892c7374
SUCCESS checkout https://github.com/ngutech21/anydoc-swift.git at 0.2.3
========================================
Build
========================================
Selected platform:         wasm
Swift version:             6.2
Building package at path:  $PWD
https://github.com/ngutech21/anydoc-swift.git
Running build ...
bash -c docker run --pull=always --rm -v "checkouts-54344843-1":/host -w "$PWD" -e JAVA_HOME="/root/.sdkman/candidates/java/current" -e SPI_BUILD="1" -e SPI_PROCESSING="1" registry.gitlab.com/saguaro1/spi-images:wasm-6.2-latest swift build --swift-sdk swift-6.2-RELEASE_wasm 2>&1
wasm-6.2-latest: Pulling from saguaro1/spi-images
Digest: sha256:ff44196b45f83e5a0a99a627b185f548850d9bc1242e3dee2178fb1570812fe8
Status: Image is up to date for registry.gitlab.com/saguaro1/spi-images:wasm-6.2-latest
Downloading binary artifact https://github.com/ngutech21/anydoc-swift/releases/download/binary-0.2.1/AnyDocSwiftBridge-x86_64-unknown-linux-gnu.artifactbundle.zip
[16375/7121432] Downloading https://github.com/ngutech21/anydoc-swift/releases/download/binary-0.2.1/AnyDocSwiftBridge-x86_64-unknown-linux-gnu.artifactbundle.zip
Downloaded https://github.com/ngutech21/anydoc-swift/releases/download/binary-0.2.1/AnyDocSwiftBridge-x86_64-unknown-linux-gnu.artifactbundle.zip (0.88s)
Building for debugging...
[0/2] Write sources
[1/2] Write swift-version-24593BA9C3E375BF.txt
[3/10] Compiling AnyDocSwift AnyDocConverter.swift
/host/spi-builder-workspace/Sources/AnyDocSwift/AnyDocCAdapter.swift:1:17: error: no such module 'AnyDocSwiftBridge'
  1 | internal import AnyDocSwiftBridge
    |                 `- error: no such module 'AnyDocSwiftBridge'
  2 | import Foundation
  3 |
error: emit-module command failed with exit code 1 (use -v to see invocation)
[4/11] Emitting module AnyDocSwift
/host/spi-builder-workspace/Sources/AnyDocSwift/AnyDocCAdapter.swift:1:17: error: no such module 'AnyDocSwiftBridge'
  1 | internal import AnyDocSwiftBridge
    |                 `- error: no such module 'AnyDocSwiftBridge'
  2 | import Foundation
  3 |
[5/11] Compiling AnyDocSwift AnyDocCAdapter.swift
/host/spi-builder-workspace/Sources/AnyDocSwift/AnyDocCAdapter.swift:1:17: error: no such module 'AnyDocSwiftBridge'
  1 | internal import AnyDocSwiftBridge
    |                 `- error: no such module 'AnyDocSwiftBridge'
  2 | import Foundation
  3 |
[6/11] Compiling AnyDocSwift AnyDocDocument.swift
/host/spi-builder-workspace/Sources/AnyDocSwift/AnyDocCAdapter.swift:1:17: error: no such module 'AnyDocSwiftBridge'
  1 | internal import AnyDocSwiftBridge
    |                 `- error: no such module 'AnyDocSwiftBridge'
  2 | import Foundation
  3 |
[7/11] Compiling AnyDocSwift AnyDocFormat.swift
/host/spi-builder-workspace/Sources/AnyDocSwift/AnyDocCAdapter.swift:1:17: error: no such module 'AnyDocSwiftBridge'
  1 | internal import AnyDocSwiftBridge
    |                 `- error: no such module 'AnyDocSwiftBridge'
  2 | import Foundation
  3 |
[8/11] Compiling AnyDocSwift AnyDocConversionError.swift
/host/spi-builder-workspace/Sources/AnyDocSwift/AnyDocCAdapter.swift:1:17: error: no such module 'AnyDocSwiftBridge'
  1 | internal import AnyDocSwiftBridge
    |                 `- error: no such module 'AnyDocSwiftBridge'
  2 | import Foundation
  3 |
[9/11] Compiling AnyDocSwift HostedOCRAdapter.swift
/host/spi-builder-workspace/Sources/AnyDocSwift/AnyDocCAdapter.swift:1:17: error: no such module 'AnyDocSwiftBridge'
  1 | internal import AnyDocSwiftBridge
    |                 `- error: no such module 'AnyDocSwiftBridge'
  2 | import Foundation
  3 |
[10/11] Compiling AnyDocSwift AnyDocDocumentDecoder.swift
/host/spi-builder-workspace/Sources/AnyDocSwift/AnyDocCAdapter.swift:1:17: error: no such module 'AnyDocSwiftBridge'
  1 | internal import AnyDocSwiftBridge
    |                 `- error: no such module 'AnyDocSwiftBridge'
  2 | import Foundation
  3 |
[11/11] Compiling AnyDocSwift OCRPolicy.swift
/host/spi-builder-workspace/Sources/AnyDocSwift/AnyDocCAdapter.swift:1:17: error: no such module 'AnyDocSwiftBridge'
  1 | internal import AnyDocSwiftBridge
    |                 `- error: no such module 'AnyDocSwiftBridge'
  2 | import Foundation
  3 |
BUILD FAILURE 6.2 wasm