Build Information
Failed to build EverscaleClientSwift, reference master (0d54a5), with Swift 6.3 for watchOS using Xcode 26.4 on 25 Jun 2026 05:25:44 UTC.
Build Command
env DEVELOPER_DIR=/Applications/Xcode-26.4.0.app xcrun xcodebuild -IDEClonedSourcePackagesDirPathOverride=$PWD/.dependencies -skipMacroValidation -skipPackagePluginValidation -derivedDataPath $PWD/.derivedData build -scheme EverscaleClientSwift -destination generic/platform=watchOSBuild Log
========================================
RunAll
========================================
Builder version: undefined version: run 'make version' to update
Interrupt handler set up.
========================================
Checkout
========================================
Clone URL: https://github.com/nerzh/everscale-client-swift.git
Reference: master
Initialized empty Git repository in /Users/admin/builder/spi-builder-workspace/.git/
From https://github.com/nerzh/everscale-client-swift
* branch master -> FETCH_HEAD
* [new branch] master -> origin/master
HEAD is now at 0d54a50 try fix
Cloned https://github.com/nerzh/everscale-client-swift.git
Revision (git rev-parse @):
0d54a50ed7d759f4b158d2492398dad541fe018e
SUCCESS checkout https://github.com/nerzh/everscale-client-swift.git at master
========================================
Build
========================================
Selected platform: watchOS
Swift version: 6.3
Building package at path: $PWD
https://github.com/nerzh/everscale-client-swift.git
Command line invocation:
/Applications/Xcode-26.4.0.app/Contents/Developer/usr/bin/xcodebuild -IDEClonedSourcePackagesDirPathOverride=/Users/admin/builder/spi-builder-workspace/.dependencies -resolvePackageDependencies
Resolve Package Graph
Fetching from https://github.com/nerzh/SwiftFileUtils
Fetching from https://github.com/nerzh/swift-extensions-pack
Fetching from https://github.com/nerzh/swift-regular-expression.git
Fetching from https://github.com/bytehubio/BigInt
Fetching from https://github.com/bytehubio/ed25519
Fetching from https://github.com/apple/swift-crypto
Fetching from https://github.com/apple/swift-asn1.git
Creating working copy of package ‘ed25519’
Checking out 1.0.0 of package ‘ed25519’
Creating working copy of package ‘BigInt’
Checking out 5.3.0 of package ‘BigInt’
Creating working copy of package ‘swift-extensions-pack’
Checking out 2.7.4 of package ‘swift-extensions-pack’
Creating working copy of package ‘swift-asn1’
Checking out 1.7.1 of package ‘swift-asn1’
Creating working copy of package ‘swift-crypto’
Checking out 4.5.0 of package ‘swift-crypto’
Creating working copy of package ‘SwiftFileUtils’
Checking out 1.3.2 of package ‘SwiftFileUtils’
Creating working copy of package ‘swift-regular-expression’
Checking out 0.2.4 of package ‘swift-regular-expression’
Resolve Package Graph
Resolved source packages:
SwiftExtensionsPack: https://github.com/nerzh/swift-extensions-pack @ 2.7.4
swift-crypto: https://github.com/apple/swift-crypto @ 4.5.0
BigInt: https://github.com/bytehubio/BigInt @ 5.3.0
EverscaleClientSwift: /Users/admin/builder/spi-builder-workspace
SwiftRegularExpression: https://github.com/nerzh/swift-regular-expression.git @ 0.2.4
Ed25519: https://github.com/bytehubio/ed25519 @ 1.0.0
FileUtils: https://github.com/nerzh/SwiftFileUtils @ 1.3.2
swift-asn1: https://github.com/apple/swift-asn1.git @ 1.7.1
resolved source packages: SwiftExtensionsPack, swift-crypto, BigInt, EverscaleClientSwift, SwiftRegularExpression, Ed25519, FileUtils, swift-asn1
2026-06-25 01:25:12.929 xcodebuild[535:3071] [MT] IDERunDestination: Supported platforms for the buildables in the current scheme is empty.
2026-06-25 01:25:13.264 xcodebuild[535:3071] [MT] DVTAssertions: Warning in IDEFrameworks/IDEFoundation/Execution/RunContextManager/IDERunContextManager.m:926
Details: Error deleting scheme: Cannot modify data because the process disallows saving.
Object: <IDERunContextManager: 0x78257a940>
Method: -deleteRunContexts:completionQueue:completionBlock:
Thread: <_NSMainThread: 0x104be1640>{number = 1, name = main}
Please file a bug at https://feedbackassistant.apple.com with this warning message and any useful information you can provide.
2026-06-25 01:25:13.265 xcodebuild[535:3071] could not delete old scheme: Error Domain=DVTCustomDataStoringErrors Code=0 "Cannot modify data because the process disallows saving." UserInfo={NSLocalizedDescription=Cannot modify data because the process disallows saving.}
{
"dependencies" : [
{
"identity" : "swift-regular-expression",
"requirement" : {
"range" : [
{
"lower_bound" : "0.2.4",
"upper_bound" : "1.0.0"
}
]
},
"type" : "sourceControl",
"url" : "https://github.com/nerzh/swift-regular-expression.git"
},
{
"identity" : "swiftfileutils",
"requirement" : {
"range" : [
{
"lower_bound" : "1.3.0",
"upper_bound" : "2.0.0"
}
]
},
"type" : "sourceControl",
"url" : "https://github.com/nerzh/SwiftFileUtils"
},
{
"identity" : "bigint",
"requirement" : {
"exact" : [
"5.3.0"
]
},
"type" : "sourceControl",
"url" : "https://github.com/bytehubio/BigInt"
},
{
"identity" : "swift-extensions-pack",
"requirement" : {
"range" : [
{
"lower_bound" : "2.0.0",
"upper_bound" : "3.0.0"
}
]
},
"type" : "sourceControl",
"url" : "https://github.com/nerzh/swift-extensions-pack"
}
],
"manifest_display_name" : "EverscaleClientSwift",
"name" : "EverscaleClientSwift",
"path" : "/Users/admin/builder/spi-builder-workspace",
"platforms" : [
{
"name" : "macos",
"version" : "12.0"
},
{
"name" : "ios",
"version" : "13.0"
}
],
"products" : [
{
"name" : "EverscaleClientSwift",
"targets" : [
"EverscaleClientSwift"
],
"type" : {
"library" : [
"automatic"
]
}
}
],
"targets" : [
{
"c99name" : "EverscaleClientSwiftTests",
"module_type" : "SwiftTarget",
"name" : "EverscaleClientSwiftTests",
"path" : "Tests/EverscaleClientSwiftTests",
"product_dependencies" : [
"SwiftRegularExpression",
"FileUtils",
"BigInt",
"SwiftExtensionsPack"
],
"sources" : [
"AbiTests.swift",
"BindingTests.swift",
"BocTests.swift",
"ClientTests.swift",
"CryptoTests.swift",
"ErrorsTests.swift",
"Helpers.swift",
"NetTests.swift",
"ProcessingTests.swift",
"TvmTests.swift",
"UtilsTests.swift"
],
"target_dependencies" : [
"EverscaleClientSwift"
],
"type" : "test"
},
{
"c99name" : "EverscaleClientSwift",
"module_type" : "SwiftTarget",
"name" : "EverscaleClientSwift",
"path" : "Sources/EverscaleClientSwift",
"product_dependencies" : [
"SwiftRegularExpression",
"BigInt",
"SwiftExtensionsPack"
],
"product_memberships" : [
"EverscaleClientSwift"
],
"sources" : [
"Abi/Abi.swift",
"Abi/AbiTypes.swift",
"Binding/Binding.swift",
"Binding/BindingStore.swift",
"Binding/BindingTypes.swift",
"Boc/Boc.swift",
"Boc/BocTypes.swift",
"Client/Client.swift",
"Client/ClientTypes.swift",
"Crypto/Crypto.swift",
"Crypto/CryptoTypes.swift",
"Debot/Debot.swift",
"Debot/DebotTypes.swift",
"Extensions/FileReader.swift",
"Extensions/Helpers.swift",
"Extensions/SimpleEnv.swift",
"Net/Net.swift",
"Net/NetTypes.swift",
"Processing/Processing.swift",
"Processing/ProcessingTypes.swift",
"Proofs/Proofs.swift",
"Proofs/ProofsTypes.swift",
"Tvm/Tvm.swift",
"Tvm/TvmTypes.swift",
"Utils/Utils.swift",
"Utils/UtilsTypes.swift"
],
"target_dependencies" : [
"CTonSDK"
],
"type" : "library"
},
{
"c99name" : "CTonSDK",
"module_type" : "BinaryTarget",
"name" : "CTonSDK",
"path" : "Sources/CTonSDKBinary/CTonSDK.xcframework",
"product_memberships" : [
"EverscaleClientSwift"
],
"sources" : [
],
"type" : "binary"
}
],
"tools_version" : "6.0"
}
{
"workspace" : {
"name" : "spi-builder-workspace",
"schemes" : [
"EverscaleClientSwift"
]
}
}
2026-06-25 01:25:33.983 xcodebuild[978:5567] [MT] IDERunDestination: Supported platforms for the buildables in the current scheme is empty.
Running build ...
env DEVELOPER_DIR=/Applications/Xcode-26.4.0.app xcrun xcodebuild -IDEClonedSourcePackagesDirPathOverride=$PWD/.dependencies -skipMacroValidation -skipPackagePluginValidation -derivedDataPath $PWD/.derivedData build -scheme EverscaleClientSwift -destination generic/platform=watchOS
Command line invocation:
/Applications/Xcode-26.4.0.app/Contents/Developer/usr/bin/xcodebuild -IDEClonedSourcePackagesDirPathOverride=/Users/admin/builder/spi-builder-workspace/.dependencies -skipMacroValidation -skipPackagePluginValidation -derivedDataPath /Users/admin/builder/spi-builder-workspace/.derivedData build -scheme EverscaleClientSwift -destination generic/platform=watchOS
Resolve Package Graph
Resolve Package Graph
Resolved source packages:
SwiftExtensionsPack: https://github.com/nerzh/swift-extensions-pack @ 2.7.4
Ed25519: https://github.com/bytehubio/ed25519 @ 1.0.0
FileUtils: https://github.com/nerzh/SwiftFileUtils @ 1.3.2
EverscaleClientSwift: /Users/admin/builder/spi-builder-workspace
BigInt: https://github.com/bytehubio/BigInt @ 5.3.0
swift-asn1: https://github.com/apple/swift-asn1.git @ 1.7.1
swift-crypto: https://github.com/apple/swift-crypto @ 4.5.0
SwiftRegularExpression: https://github.com/nerzh/swift-regular-expression.git @ 0.2.4
2026-06-25 01:25:38.507 xcodebuild[1007:5713] [MT] IDERunDestination: Supported platforms for the buildables in the current scheme is empty.
2026-06-25 01:25:38.755 xcodebuild[1007:5713] [MT] DVTAssertions: Warning in IDEFrameworks/IDEFoundation/Execution/RunContextManager/IDERunContextManager.m:926
Details: Error deleting scheme: Cannot modify data because the process disallows saving.
Object: <IDERunContextManager: 0xc241a0240>
Method: -deleteRunContexts:completionQueue:completionBlock:
Thread: <_NSMainThread: 0x1038f9640>{number = 1, name = main}
Please file a bug at https://feedbackassistant.apple.com with this warning message and any useful information you can provide.
2026-06-25 01:25:38.756 xcodebuild[1007:5713] could not delete old scheme: Error Domain=DVTCustomDataStoringErrors Code=0 "Cannot modify data because the process disallows saving." UserInfo={NSLocalizedDescription=Cannot modify data because the process disallows saving.}
2026-06-25 01:25:38.759 xcodebuild[1007:5713] Writing error result bundle to /var/folders/xq/y_g06wb113726d38xsyx71_h0000gn/T/ResultBundle_2026-25-06_01-25-0038.xcresult
xcodebuild: error: The workspace named "spi-builder-workspace" does not contain a scheme named "EverscaleClientSwift". The "-list" option can be used to find the names of the schemes in the workspace.
Command line invocation:
/Applications/Xcode-26.4.0.app/Contents/Developer/usr/bin/xcodebuild -IDEClonedSourcePackagesDirPathOverride=/Users/admin/builder/spi-builder-workspace/.dependencies -resolvePackageDependencies
Resolve Package Graph
Resolved source packages:
EverscaleClientSwift: /Users/admin/builder/spi-builder-workspace
swift-crypto: https://github.com/apple/swift-crypto @ 4.5.0
swift-asn1: https://github.com/apple/swift-asn1.git @ 1.7.1
BigInt: https://github.com/bytehubio/BigInt @ 5.3.0
SwiftRegularExpression: https://github.com/nerzh/swift-regular-expression.git @ 0.2.4
Ed25519: https://github.com/bytehubio/ed25519 @ 1.0.0
FileUtils: https://github.com/nerzh/SwiftFileUtils @ 1.3.2
SwiftExtensionsPack: https://github.com/nerzh/swift-extensions-pack @ 2.7.4
resolved source packages: EverscaleClientSwift, swift-crypto, swift-asn1, BigInt, SwiftRegularExpression, Ed25519, FileUtils, SwiftExtensionsPack
2026-06-25 01:25:39.894 xcodebuild[1116:6206] [MT] IDERunDestination: Supported platforms for the buildables in the current scheme is empty.
{
"dependencies" : [
{
"identity" : "swift-regular-expression",
"requirement" : {
"range" : [
{
"lower_bound" : "0.2.4",
"upper_bound" : "1.0.0"
}
]
},
"type" : "sourceControl",
"url" : "https://github.com/nerzh/swift-regular-expression.git"
},
{
"identity" : "swiftfileutils",
"requirement" : {
"range" : [
{
"lower_bound" : "1.3.0",
"upper_bound" : "2.0.0"
}
]
},
"type" : "sourceControl",
"url" : "https://github.com/nerzh/SwiftFileUtils"
},
{
"identity" : "bigint",
"requirement" : {
"exact" : [
"5.3.0"
]
},
"type" : "sourceControl",
"url" : "https://github.com/bytehubio/BigInt"
},
{
"identity" : "swift-extensions-pack",
"requirement" : {
"range" : [
{
"lower_bound" : "2.0.0",
"upper_bound" : "3.0.0"
}
]
},
"type" : "sourceControl",
"url" : "https://github.com/nerzh/swift-extensions-pack"
}
],
"manifest_display_name" : "EverscaleClientSwift",
"name" : "EverscaleClientSwift",
"path" : "/Users/admin/builder/spi-builder-workspace",
"platforms" : [
{
"name" : "macos",
"version" : "12.0"
},
{
"name" : "ios",
"version" : "13.0"
}
],
"products" : [
{
"name" : "EverscaleClientSwift",
"targets" : [
"EverscaleClientSwift"
],
"type" : {
"library" : [
"automatic"
]
}
}
],
"targets" : [
{
"c99name" : "EverscaleClientSwiftTests",
"module_type" : "SwiftTarget",
"name" : "EverscaleClientSwiftTests",
"path" : "Tests/EverscaleClientSwiftTests",
"product_dependencies" : [
"SwiftRegularExpression",
"FileUtils",
"BigInt",
"SwiftExtensionsPack"
],
"sources" : [
"AbiTests.swift",
"BindingTests.swift",
"BocTests.swift",
"ClientTests.swift",
"CryptoTests.swift",
"ErrorsTests.swift",
"Helpers.swift",
"NetTests.swift",
"ProcessingTests.swift",
"TvmTests.swift",
"UtilsTests.swift"
],
"target_dependencies" : [
"EverscaleClientSwift"
],
"type" : "test"
},
{
"c99name" : "EverscaleClientSwift",
"module_type" : "SwiftTarget",
"name" : "EverscaleClientSwift",
"path" : "Sources/EverscaleClientSwift",
"product_dependencies" : [
"SwiftRegularExpression",
"BigInt",
"SwiftExtensionsPack"
],
"product_memberships" : [
"EverscaleClientSwift"
],
"sources" : [
"Abi/Abi.swift",
"Abi/AbiTypes.swift",
"Binding/Binding.swift",
"Binding/BindingStore.swift",
"Binding/BindingTypes.swift",
"Boc/Boc.swift",
"Boc/BocTypes.swift",
"Client/Client.swift",
"Client/ClientTypes.swift",
"Crypto/Crypto.swift",
"Crypto/CryptoTypes.swift",
"Debot/Debot.swift",
"Debot/DebotTypes.swift",
"Extensions/FileReader.swift",
"Extensions/Helpers.swift",
"Extensions/SimpleEnv.swift",
"Net/Net.swift",
"Net/NetTypes.swift",
"Processing/Processing.swift",
"Processing/ProcessingTypes.swift",
"Proofs/Proofs.swift",
"Proofs/ProofsTypes.swift",
"Tvm/Tvm.swift",
"Tvm/TvmTypes.swift",
"Utils/Utils.swift",
"Utils/UtilsTypes.swift"
],
"target_dependencies" : [
"CTonSDK"
],
"type" : "library"
},
{
"c99name" : "CTonSDK",
"module_type" : "BinaryTarget",
"name" : "CTonSDK",
"path" : "Sources/CTonSDKBinary/CTonSDK.xcframework",
"product_memberships" : [
"EverscaleClientSwift"
],
"sources" : [
],
"type" : "binary"
}
],
"tools_version" : "6.0"
}
{
"workspace" : {
"name" : "spi-builder-workspace",
"schemes" : [
"EverscaleClientSwift"
]
}
}
2026-06-25 01:25:41.390 xcodebuild[1147:6338] [MT] IDERunDestination: Supported platforms for the buildables in the current scheme is empty.
Running build ...
env DEVELOPER_DIR=/Applications/Xcode-26.4.0.app xcrun xcodebuild -IDEClonedSourcePackagesDirPathOverride=$PWD/.dependencies -skipMacroValidation -skipPackagePluginValidation -derivedDataPath $PWD/.derivedData build -scheme EverscaleClientSwift -destination generic/platform=watchOS
Command line invocation:
/Applications/Xcode-26.4.0.app/Contents/Developer/usr/bin/xcodebuild -IDEClonedSourcePackagesDirPathOverride=/Users/admin/builder/spi-builder-workspace/.dependencies -skipMacroValidation -skipPackagePluginValidation -derivedDataPath /Users/admin/builder/spi-builder-workspace/.derivedData build -scheme EverscaleClientSwift -destination generic/platform=watchOS
Resolve Package Graph
Resolved source packages:
swift-asn1: https://github.com/apple/swift-asn1.git @ 1.7.1
swift-crypto: https://github.com/apple/swift-crypto @ 4.5.0
BigInt: https://github.com/bytehubio/BigInt @ 5.3.0
SwiftExtensionsPack: https://github.com/nerzh/swift-extensions-pack @ 2.7.4
SwiftRegularExpression: https://github.com/nerzh/swift-regular-expression.git @ 0.2.4
EverscaleClientSwift: /Users/admin/builder/spi-builder-workspace
Ed25519: https://github.com/bytehubio/ed25519 @ 1.0.0
FileUtils: https://github.com/nerzh/SwiftFileUtils @ 1.3.2
ComputePackagePrebuildTargetDependencyGraph
Prepare packages
CreateBuildRequest
SendProjectDescription
CreateBuildOperation
ComputeTargetDependencyGraph
note: Building targets in dependency order
note: Target dependency graph (11 targets)
Target 'EverscaleClientSwift' in project 'EverscaleClientSwift'
➜ Explicit dependency on target 'EverscaleClientSwift' in project 'EverscaleClientSwift'
➜ Explicit dependency on target 'SwiftRegularExpression' in project 'SwiftRegularExpression'
➜ Explicit dependency on target 'BigInt' in project 'BigInt'
➜ Explicit dependency on target 'SwiftExtensionsPack' in project 'SwiftExtensionsPack'
Target 'EverscaleClientSwift' in project 'EverscaleClientSwift'
➜ Explicit dependency on target 'SwiftRegularExpression' in project 'SwiftRegularExpression'
➜ Explicit dependency on target 'BigInt' in project 'BigInt'
➜ Explicit dependency on target 'SwiftExtensionsPack' in project 'SwiftExtensionsPack'
Target 'SwiftExtensionsPack' in project 'SwiftExtensionsPack'
➜ Explicit dependency on target 'SwiftExtensionsPack' in project 'SwiftExtensionsPack'
➜ Explicit dependency on target 'SwiftRegularExpression' in project 'SwiftRegularExpression'
➜ Explicit dependency on target 'Ed25519' in project 'Ed25519'
Target 'SwiftExtensionsPack' in project 'SwiftExtensionsPack'
➜ Explicit dependency on target 'SwiftRegularExpression' in project 'SwiftRegularExpression'
➜ Explicit dependency on target 'Ed25519' in project 'Ed25519'
Target 'Ed25519' in project 'Ed25519'
➜ Explicit dependency on target 'Ed25519' in project 'Ed25519'
➜ Explicit dependency on target 'CEd25519' in project 'Ed25519'
Target 'Ed25519' in project 'Ed25519'
➜ Explicit dependency on target 'CEd25519' in project 'Ed25519'
Target 'CEd25519' in project 'Ed25519' (no dependencies)
Target 'BigInt' in project 'BigInt'
➜ Explicit dependency on target 'BigInt' in project 'BigInt'
Target 'BigInt' in project 'BigInt' (no dependencies)
Target 'SwiftRegularExpression' in project 'SwiftRegularExpression'
➜ Explicit dependency on target 'SwiftRegularExpression' in project 'SwiftRegularExpression'
Target 'SwiftRegularExpression' in project 'SwiftRegularExpression' (no dependencies)
GatherProvisioningInputs
CreateBuildDescription
ExecuteExternalTool /Applications/Xcode-26.4.0.app/Contents/Developer/Toolchains/XcodeDefault.xctoolchain/usr/bin/swiftc --version
ExecuteExternalTool /Applications/Xcode-26.4.0.app/Contents/Developer/Toolchains/XcodeDefault.xctoolchain/usr/bin/clang -v -E -dM -arch arm64 -isysroot /Applications/Xcode-26.4.0.app/Contents/Developer/Platforms/WatchOS.platform/Developer/SDKs/WatchOS26.4.sdk -x c -c /dev/null
ExecuteExternalTool /Applications/Xcode-26.4.0.app/Contents/Developer/Toolchains/XcodeDefault.xctoolchain/usr/bin/clang -v -E -dM -isysroot /Applications/Xcode-26.4.0.app/Contents/Developer/Platforms/WatchOS.platform/Developer/SDKs/WatchOS26.4.sdk -x c -c /dev/null
ExecuteExternalTool /Applications/Xcode-26.4.0.app/Contents/Developer/Toolchains/XcodeDefault.xctoolchain/usr/bin/ld -version_details
ExecuteExternalTool /Applications/Xcode-26.4.0.app/Contents/Developer/Toolchains/XcodeDefault.xctoolchain/usr/bin/clang -v -E -dM -arch armv7k -isysroot /Applications/Xcode-26.4.0.app/Contents/Developer/Platforms/WatchOS.platform/Developer/SDKs/WatchOS26.4.sdk -x c -c /dev/null
ExecuteExternalTool /Applications/Xcode-26.4.0.app/Contents/Developer/Toolchains/XcodeDefault.xctoolchain/usr/bin/clang -v -E -dM -arch arm64_32 -isysroot /Applications/Xcode-26.4.0.app/Contents/Developer/Platforms/WatchOS.platform/Developer/SDKs/WatchOS26.4.sdk -x c -c /dev/null
Build description signature: 652bfc28b76d4437c7b22e5e5bfd6f9a
Build description path: /Users/admin/builder/spi-builder-workspace/.derivedData/Build/Intermediates.noindex/XCBuildData/652bfc28b76d4437c7b22e5e5bfd6f9a.xcbuilddata
/Users/admin/builder/spi-builder-workspace/Sources/CTonSDKBinary/CTonSDK.xcframework:1:1: error: While building for watchOS, no library for this platform was found in '/Users/admin/builder/spi-builder-workspace/Sources/CTonSDKBinary/CTonSDK.xcframework'. (in target 'EverscaleClientSwift' from project 'EverscaleClientSwift')
/Users/admin/builder/spi-builder-workspace/Sources/CTonSDKBinary/CTonSDK.xcframework:1:1: error: While building for watchOS, no library for this platform was found in '/Users/admin/builder/spi-builder-workspace/Sources/CTonSDKBinary/CTonSDK.xcframework'. (in target 'EverscaleClientSwift' from project 'EverscaleClientSwift')
2026-06-25 01:25:42.607 xcodebuild[1171:6440] [MT] IDERunDestination: Supported platforms for the buildables in the current scheme is empty.
** BUILD FAILED **
The following build commands failed:
Building workspace spi-builder-workspace with scheme EverscaleClientSwift
(1 failure)
BUILD FAILURE 6.3 watchOS