The Swift Package Index logo.Swift Package Index

Build Information

Failed to build DocumentReader, reference 9.9.7126 (16b112), with Swift 6.2 for watchOS using Xcode 26.3 on 10 Oct 2026 13:32:36 UTC.

Build Command

env DEVELOPER_DIR=/Applications/Xcode-26.3.0.app xcrun xcodebuild -IDEClonedSourcePackagesDirPathOverride=$PWD/.dependencies -skipMacroValidation -skipPackagePluginValidation -derivedDataPath $PWD/.derivedData build -scheme DocumentReader -destination generic/platform=watchOS

Build Log

========================================
RunAll
========================================
Builder version: 5.1.1
Interrupt handler set up.
========================================
Checkout
========================================
Clone URL: https://github.com/regulaforensics/DocumentReader-Swift-Package.git
Reference: 9.9.7126
Initialized empty Git repository in /Users/admin/builder/spi-builder-workspace/.git/
From https://github.com/regulaforensics/DocumentReader-Swift-Package
 * tag               9.9.7126   -> FETCH_HEAD
HEAD is now at 16b112e Release 9.9.7126
Cloned https://github.com/regulaforensics/DocumentReader-Swift-Package.git
Revision (git rev-parse @):
16b112ebf7bcc4d4f1cd39656a59a2a32eb0fb5d
SUCCESS checkout https://github.com/regulaforensics/DocumentReader-Swift-Package.git at 9.9.7126
========================================
Build
========================================
Selected platform:         watchOS
Swift version:             6.2
Building package at path:  $PWD
https://github.com/regulaforensics/DocumentReader-Swift-Package.git
Command line invocation:
    /Applications/Xcode-26.3.0.app/Contents/Developer/usr/bin/xcodebuild -IDEClonedSourcePackagesDirPathOverride=/Users/admin/builder/spi-builder-workspace/.dependencies -resolvePackageDependencies
Resolve Package Graph
Fetching from https://github.com/regulaforensics/RegulaCommon-Swift-Package.git
Creating working copy of package ‘RegulaCommon-Swift-Package’
Checking out 9.9.2925 of package ‘RegulaCommon-Swift-Package’
Resolve Package Graph
Resolved source packages:
  RegulaCommon: https://github.com/regulaforensics/RegulaCommon-Swift-Package.git @ 9.9.2925
  DocumentReader: /Users/admin/builder/spi-builder-workspace
resolved source packages: RegulaCommon, DocumentReader
2026-10-10 09:32:09.196 xcodebuild[533:3039] [MT] IDERunDestination: Supported platforms for the buildables in the current scheme is empty.
{
  "dependencies" : [
    {
      "identity" : "regulacommon-swift-package",
      "requirement" : {
        "exact" : [
          "9.9.2925"
        ]
      },
      "type" : "sourceControl",
      "url" : "https://github.com/regulaforensics/RegulaCommon-Swift-Package.git"
    }
  ],
  "manifest_display_name" : "DocumentReader",
  "name" : "DocumentReader",
  "path" : "/Users/admin/builder/spi-builder-workspace",
  "platforms" : [
    {
      "name" : "ios",
      "version" : "15.0"
    }
  ],
  "products" : [
    {
      "name" : "DocumentReader",
      "targets" : [
        "DocumentReaderCommon"
      ],
      "type" : {
        "library" : [
          "automatic"
        ]
      }
    }
  ],
  "targets" : [
    {
      "c99name" : "DocumentReaderCommon",
      "module_type" : "SwiftTarget",
      "name" : "DocumentReaderCommon",
      "path" : "Sources",
      "product_dependencies" : [
        "RegulaCommon"
      ],
      "product_memberships" : [
        "DocumentReader"
      ],
      "sources" : [
        "dummy.swift"
      ],
      "target_dependencies" : [
        "DocumentReader"
      ],
      "type" : "library"
    },
    {
      "c99name" : "DocumentReader",
      "module_type" : "BinaryTarget",
      "name" : "DocumentReader",
      "path" : "remote/archive/DocumentReader-9.9.7126.zip",
      "product_memberships" : [
        "DocumentReader"
      ],
      "sources" : [
      ],
      "type" : "binary"
    }
  ],
  "tools_version" : "5.5"
}
{
  "workspace" : {
    "name" : "spi-builder-workspace",
    "schemes" : [
      "DocumentReader"
    ]
  }
}
2026-10-10 09:32:29.422 xcodebuild[728:4371] [MT] IDERunDestination: Supported platforms for the buildables in the current scheme is empty.
Running build ...
env DEVELOPER_DIR=/Applications/Xcode-26.3.0.app xcrun xcodebuild -IDEClonedSourcePackagesDirPathOverride=$PWD/.dependencies -skipMacroValidation -skipPackagePluginValidation -derivedDataPath $PWD/.derivedData build -scheme DocumentReader -destination generic/platform=watchOS
Command line invocation:
    /Applications/Xcode-26.3.0.app/Contents/Developer/usr/bin/xcodebuild -IDEClonedSourcePackagesDirPathOverride=/Users/admin/builder/spi-builder-workspace/.dependencies -skipMacroValidation -skipPackagePluginValidation -derivedDataPath /Users/admin/builder/spi-builder-workspace/.derivedData build -scheme DocumentReader -destination generic/platform=watchOS
Resolve Package Graph
Resolve Package Graph
Resolved source packages:
  RegulaCommon: https://github.com/regulaforensics/RegulaCommon-Swift-Package.git @ 9.9.2925
  DocumentReader: /Users/admin/builder/spi-builder-workspace
ComputePackagePrebuildTargetDependencyGraph
Prepare packages
CreateBuildRequest
SendProjectDescription
CreateBuildOperation
ComputeTargetDependencyGraph
note: Building targets in dependency order
note: Target dependency graph (3 targets)
    Target 'DocumentReader' in project 'DocumentReader'
        ➜ Explicit dependency on target 'DocumentReaderCommon' in project 'DocumentReader'
        ➜ Explicit dependency on target 'RegulaCommon' in project 'RegulaCommon'
    Target 'DocumentReaderCommon' in project 'DocumentReader'
        ➜ Explicit dependency on target 'RegulaCommon' in project 'RegulaCommon'
    Target 'RegulaCommon' in project 'RegulaCommon' (no dependencies)
GatherProvisioningInputs
CreateBuildDescription
ExecuteExternalTool /Applications/Xcode-26.3.0.app/Contents/Developer/Toolchains/XcodeDefault.xctoolchain/usr/bin/clang -v -E -dM -isysroot /Applications/Xcode-26.3.0.app/Contents/Developer/Platforms/WatchOS.platform/Developer/SDKs/WatchOS26.2.sdk -x c -c /dev/null
ExecuteExternalTool /Applications/Xcode-26.3.0.app/Contents/Developer/Toolchains/XcodeDefault.xctoolchain/usr/bin/swiftc --version
ExecuteExternalTool /Applications/Xcode-26.3.0.app/Contents/Developer/Toolchains/XcodeDefault.xctoolchain/usr/bin/ld -version_details
Build description signature: e2f1be92158d61031429f71481145c74
Build description path: /Users/admin/builder/spi-builder-workspace/.derivedData/Build/Intermediates.noindex/XCBuildData/e2f1be92158d61031429f71481145c74.xcbuilddata
/Users/admin/builder/spi-builder-workspace/.dependencies/artifacts/spi-builder-workspace/DocumentReader/DocumentReader.xcframework:1:1: error: While building for watchOS, no library for this platform was found in '/Users/admin/builder/spi-builder-workspace/.dependencies/artifacts/spi-builder-workspace/DocumentReader/DocumentReader.xcframework'. (in target 'DocumentReaderCommon' from project 'DocumentReader')
/Users/admin/builder/spi-builder-workspace/.dependencies/artifacts/regulacommon-swift-package/RegulaCommon/RegulaCommon.xcframework:1:1: error: While building for watchOS, no library for this platform was found in '/Users/admin/builder/spi-builder-workspace/.dependencies/artifacts/regulacommon-swift-package/RegulaCommon/RegulaCommon.xcframework'. (in target 'DocumentReaderCommon' from project 'DocumentReader')
/Users/admin/builder/spi-builder-workspace/.dependencies/artifacts/spi-builder-workspace/DocumentReader/DocumentReader.xcframework:1:1: error: While building for watchOS, no library for this platform was found in '/Users/admin/builder/spi-builder-workspace/.dependencies/artifacts/spi-builder-workspace/DocumentReader/DocumentReader.xcframework'. (in target 'DocumentReader' from project 'DocumentReader')
/Users/admin/builder/spi-builder-workspace/.dependencies/artifacts/regulacommon-swift-package/RegulaCommon/RegulaCommon.xcframework:1:1: error: While building for watchOS, no library for this platform was found in '/Users/admin/builder/spi-builder-workspace/.dependencies/artifacts/regulacommon-swift-package/RegulaCommon/RegulaCommon.xcframework'. (in target 'DocumentReader' from project 'DocumentReader')
/Users/admin/builder/spi-builder-workspace/.dependencies/artifacts/regulacommon-swift-package/RegulaCommon/RegulaCommon.xcframework:1:1: error: While building for watchOS, no library for this platform was found in '/Users/admin/builder/spi-builder-workspace/.dependencies/artifacts/regulacommon-swift-package/RegulaCommon/RegulaCommon.xcframework'. (in target 'DocumentReader' from project 'DocumentReader')
/Users/admin/builder/spi-builder-workspace/.dependencies/artifacts/regulacommon-swift-package/RegulaCommon/RegulaCommon.xcframework:1:1: error: While building for watchOS, no library for this platform was found in '/Users/admin/builder/spi-builder-workspace/.dependencies/artifacts/regulacommon-swift-package/RegulaCommon/RegulaCommon.xcframework'. (in target 'RegulaCommon' from project 'RegulaCommon')
2026-10-10 09:32:31.290 xcodebuild[730:4420] [MT] IDERunDestination: Supported platforms for the buildables in the current scheme is empty.
** BUILD FAILED **
The following build commands failed:
	Building workspace spi-builder-workspace with scheme DocumentReader
(1 failure)
Command line invocation:
    /Applications/Xcode-26.3.0.app/Contents/Developer/usr/bin/xcodebuild -IDEClonedSourcePackagesDirPathOverride=/Users/admin/builder/spi-builder-workspace/.dependencies -resolvePackageDependencies
Resolve Package Graph
Resolved source packages:
  RegulaCommon: https://github.com/regulaforensics/RegulaCommon-Swift-Package.git @ 9.9.2925
  DocumentReader: /Users/admin/builder/spi-builder-workspace
resolved source packages: RegulaCommon, DocumentReader
2026-10-10 09:32:33.778 xcodebuild[753:4574] [MT] IDERunDestination: Supported platforms for the buildables in the current scheme is empty.
{
  "dependencies" : [
    {
      "identity" : "regulacommon-swift-package",
      "requirement" : {
        "exact" : [
          "9.9.2925"
        ]
      },
      "type" : "sourceControl",
      "url" : "https://github.com/regulaforensics/RegulaCommon-Swift-Package.git"
    }
  ],
  "manifest_display_name" : "DocumentReader",
  "name" : "DocumentReader",
  "path" : "/Users/admin/builder/spi-builder-workspace",
  "platforms" : [
    {
      "name" : "ios",
      "version" : "15.0"
    }
  ],
  "products" : [
    {
      "name" : "DocumentReader",
      "targets" : [
        "DocumentReaderCommon"
      ],
      "type" : {
        "library" : [
          "automatic"
        ]
      }
    }
  ],
  "targets" : [
    {
      "c99name" : "DocumentReaderCommon",
      "module_type" : "SwiftTarget",
      "name" : "DocumentReaderCommon",
      "path" : "Sources",
      "product_dependencies" : [
        "RegulaCommon"
      ],
      "product_memberships" : [
        "DocumentReader"
      ],
      "sources" : [
        "dummy.swift"
      ],
      "target_dependencies" : [
        "DocumentReader"
      ],
      "type" : "library"
    },
    {
      "c99name" : "DocumentReader",
      "module_type" : "BinaryTarget",
      "name" : "DocumentReader",
      "path" : "remote/archive/DocumentReader-9.9.7126.zip",
      "product_memberships" : [
        "DocumentReader"
      ],
      "sources" : [
      ],
      "type" : "binary"
    }
  ],
  "tools_version" : "5.5"
}
{
  "workspace" : {
    "name" : "spi-builder-workspace",
    "schemes" : [
      "DocumentReader"
    ]
  }
}
2026-10-10 09:32:34.855 xcodebuild[761:4633] [MT] IDERunDestination: Supported platforms for the buildables in the current scheme is empty.
Running build ...
env DEVELOPER_DIR=/Applications/Xcode-26.3.0.app xcrun xcodebuild -IDEClonedSourcePackagesDirPathOverride=$PWD/.dependencies -skipMacroValidation -skipPackagePluginValidation -derivedDataPath $PWD/.derivedData build -scheme DocumentReader -destination generic/platform=watchOS
Command line invocation:
    /Applications/Xcode-26.3.0.app/Contents/Developer/usr/bin/xcodebuild -IDEClonedSourcePackagesDirPathOverride=/Users/admin/builder/spi-builder-workspace/.dependencies -skipMacroValidation -skipPackagePluginValidation -derivedDataPath /Users/admin/builder/spi-builder-workspace/.derivedData build -scheme DocumentReader -destination generic/platform=watchOS
Resolve Package Graph
Resolved source packages:
  DocumentReader: /Users/admin/builder/spi-builder-workspace
  RegulaCommon: https://github.com/regulaforensics/RegulaCommon-Swift-Package.git @ 9.9.2925
ComputePackagePrebuildTargetDependencyGraph
Prepare packages
CreateBuildRequest
SendProjectDescription
CreateBuildOperation
ComputeTargetDependencyGraph
note: Building targets in dependency order
note: Target dependency graph (3 targets)
    Target 'DocumentReader' in project 'DocumentReader'
        ➜ Explicit dependency on target 'DocumentReaderCommon' in project 'DocumentReader'
        ➜ Explicit dependency on target 'RegulaCommon' in project 'RegulaCommon'
    Target 'DocumentReaderCommon' in project 'DocumentReader'
        ➜ Explicit dependency on target 'RegulaCommon' in project 'RegulaCommon'
    Target 'RegulaCommon' in project 'RegulaCommon' (no dependencies)
GatherProvisioningInputs
CreateBuildDescription
ExecuteExternalTool /Applications/Xcode-26.3.0.app/Contents/Developer/Toolchains/XcodeDefault.xctoolchain/usr/bin/clang -v -E -dM -isysroot /Applications/Xcode-26.3.0.app/Contents/Developer/Platforms/WatchOS.platform/Developer/SDKs/WatchOS26.2.sdk -x c -c /dev/null
ExecuteExternalTool /Applications/Xcode-26.3.0.app/Contents/Developer/Toolchains/XcodeDefault.xctoolchain/usr/bin/swiftc --version
ExecuteExternalTool /Applications/Xcode-26.3.0.app/Contents/Developer/Toolchains/XcodeDefault.xctoolchain/usr/bin/ld -version_details
Build description signature: e2f1be92158d61031429f71481145c74
Build description path: /Users/admin/builder/spi-builder-workspace/.derivedData/Build/Intermediates.noindex/XCBuildData/e2f1be92158d61031429f71481145c74.xcbuilddata
/Users/admin/builder/spi-builder-workspace/.dependencies/artifacts/spi-builder-workspace/DocumentReader/DocumentReader.xcframework:1:1: error: While building for watchOS, no library for this platform was found in '/Users/admin/builder/spi-builder-workspace/.dependencies/artifacts/spi-builder-workspace/DocumentReader/DocumentReader.xcframework'. (in target 'DocumentReaderCommon' from project 'DocumentReader')
/Users/admin/builder/spi-builder-workspace/.dependencies/artifacts/regulacommon-swift-package/RegulaCommon/RegulaCommon.xcframework:1:1: error: While building for watchOS, no library for this platform was found in '/Users/admin/builder/spi-builder-workspace/.dependencies/artifacts/regulacommon-swift-package/RegulaCommon/RegulaCommon.xcframework'. (in target 'DocumentReaderCommon' from project 'DocumentReader')
/Users/admin/builder/spi-builder-workspace/.dependencies/artifacts/spi-builder-workspace/DocumentReader/DocumentReader.xcframework:1:1: error: While building for watchOS, no library for this platform was found in '/Users/admin/builder/spi-builder-workspace/.dependencies/artifacts/spi-builder-workspace/DocumentReader/DocumentReader.xcframework'. (in target 'DocumentReader' from project 'DocumentReader')
/Users/admin/builder/spi-builder-workspace/.dependencies/artifacts/regulacommon-swift-package/RegulaCommon/RegulaCommon.xcframework:1:1: error: While building for watchOS, no library for this platform was found in '/Users/admin/builder/spi-builder-workspace/.dependencies/artifacts/regulacommon-swift-package/RegulaCommon/RegulaCommon.xcframework'. (in target 'DocumentReader' from project 'DocumentReader')
/Users/admin/builder/spi-builder-workspace/.dependencies/artifacts/regulacommon-swift-package/RegulaCommon/RegulaCommon.xcframework:1:1: error: While building for watchOS, no library for this platform was found in '/Users/admin/builder/spi-builder-workspace/.dependencies/artifacts/regulacommon-swift-package/RegulaCommon/RegulaCommon.xcframework'. (in target 'DocumentReader' from project 'DocumentReader')
/Users/admin/builder/spi-builder-workspace/.dependencies/artifacts/regulacommon-swift-package/RegulaCommon/RegulaCommon.xcframework:1:1: error: While building for watchOS, no library for this platform was found in '/Users/admin/builder/spi-builder-workspace/.dependencies/artifacts/regulacommon-swift-package/RegulaCommon/RegulaCommon.xcframework'. (in target 'RegulaCommon' from project 'RegulaCommon')
2026-10-10 09:32:35.717 xcodebuild[763:4665] [MT] IDERunDestination: Supported platforms for the buildables in the current scheme is empty.
** BUILD FAILED **
The following build commands failed:
	Building workspace spi-builder-workspace with scheme DocumentReader
(1 failure)
BUILD FAILURE 6.2 watchOS