Build Information
Failed to build FuntastyKit, reference main (8faf78), with Swift 6.3 for macOS (SPM) on 20 Oct 2026 12:04:32 UTC.
Build Command
env DEVELOPER_DIR=/Applications/Xcode-26.5.0.app xcrun swift build --arch arm64Build Log
========================================
RunAll
========================================
Builder version: 5.1.3
Interrupt handler set up.
========================================
Checkout
========================================
Clone URL: https://github.com/futuredapp/FuntastyKit.git
Reference: main
Initialized empty Git repository in /Users/admin/builder/spi-builder-workspace/.git/
From https://github.com/futuredapp/FuntastyKit
* branch main -> FETCH_HEAD
* [new branch] main -> origin/main
HEAD is now at 8faf788 Merge pull request #103 from futuredapp/docs/migration-guide-3.0
Cloned https://github.com/futuredapp/FuntastyKit.git
Revision (git rev-parse @):
8faf7886bab1dd75bfb0df0cc97194f7696fb5a4
SUCCESS checkout https://github.com/futuredapp/FuntastyKit.git at main
========================================
Build
========================================
Selected platform: macosSpm
Swift version: 6.3
Building package at path: $PWD
https://github.com/futuredapp/FuntastyKit.git
Running build ...
env DEVELOPER_DIR=/Applications/Xcode-26.5.0.app xcrun swift build --arch arm64
Building for debugging...
[0/2] Write sources
[1/2] Write swift-version-69A768CDF2A0BEE1.txt
[3/10] Compiling FuntastyKit UIWindow+RootViewController.swift
/Users/admin/builder/spi-builder-workspace/Sources/FuntastyKit/Architecture/Coordinator.swift:1:8: error: no such module 'UIKit'
1 | import UIKit
| `- error: no such module 'UIKit'
2 |
3 | @MainActor
[4/10] Compiling FuntastyKit UIViewController+Deselection.swift
/Users/admin/builder/spi-builder-workspace/Sources/FuntastyKit/Architecture/Coordinator.swift:1:8: error: no such module 'UIKit'
1 | import UIKit
| `- error: no such module 'UIKit'
2 |
3 | @MainActor
[5/10] Compiling FuntastyKit UIAlertController+Error.swift
/Users/admin/builder/spi-builder-workspace/Sources/FuntastyKit/Architecture/Coordinator.swift:1:8: error: no such module 'UIKit'
1 | import UIKit
| `- error: no such module 'UIKit'
2 |
3 | @MainActor
[6/10] Compiling FuntastyKit UITableView+Extensions.swift
/Users/admin/builder/spi-builder-workspace/Sources/FuntastyKit/Architecture/Coordinator.swift:1:8: error: no such module 'UIKit'
1 | import UIKit
| `- error: no such module 'UIKit'
2 |
3 | @MainActor
error: emit-module command failed with exit code 1 (use -v to see invocation)
[7/10] Emitting module FuntastyKit
/Users/admin/builder/spi-builder-workspace/Sources/FuntastyKit/Architecture/Coordinator.swift:1:8: error: no such module 'UIKit'
1 | import UIKit
| `- error: no such module 'UIKit'
2 |
3 | @MainActor
[8/10] Compiling FuntastyKit Errors.swift
/Users/admin/builder/spi-builder-workspace/Sources/FuntastyKit/Architecture/Coordinator.swift:1:8: error: no such module 'UIKit'
1 | import UIKit
| `- error: no such module 'UIKit'
2 |
3 | @MainActor
[9/10] Compiling FuntastyKit AlertCoordinator.swift
/Users/admin/builder/spi-builder-workspace/Sources/FuntastyKit/Architecture/Coordinator.swift:1:8: error: no such module 'UIKit'
1 | import UIKit
| `- error: no such module 'UIKit'
2 |
3 | @MainActor
[10/10] Compiling FuntastyKit Coordinator.swift
/Users/admin/builder/spi-builder-workspace/Sources/FuntastyKit/Architecture/Coordinator.swift:1:8: error: no such module 'UIKit'
1 | import UIKit
| `- error: no such module 'UIKit'
2 |
3 | @MainActor
BUILD FAILURE 6.3 macosSpm