Build Information
Failed to build Theseus, reference master (71ca1c), with Swift 6.1 for macOS (SPM) on 18 Oct 2026 16:30:43 UTC.
Build Command
env DEVELOPER_DIR=/Applications/Xcode-16.3.0.app xcrun swift build --arch arm64Build Log
========================================
RunAll
========================================
Builder version: 5.1.3
Interrupt handler set up.
========================================
Checkout
========================================
Clone URL: https://github.com/valzevul/Theseus.git
Reference: master
Initialized empty Git repository in /Users/admin/builder/spi-builder-workspace/.git/
From https://github.com/valzevul/Theseus
* branch master -> FETCH_HEAD
* [new branch] master -> origin/master
HEAD is now at 71ca1c1 iOS 27 and Duo support (#2)
Cloned https://github.com/valzevul/Theseus.git
Revision (git rev-parse @):
71ca1c127a4e7fe3387361f160c4890dbd427f66
SPI manifest file found: $PWD/.spi.yml
SUCCESS checkout https://github.com/valzevul/Theseus.git at master
========================================
Build
========================================
Selected platform: macosSpm
Swift version: 6.1
Building package at path: $PWD
https://github.com/valzevul/Theseus.git
https://github.com/valzevul/Theseus.git
{
"dependencies" : [
],
"manifest_display_name" : "Theseus",
"name" : "Theseus",
"path" : "/Users/admin/builder/spi-builder-workspace",
"platforms" : [
{
"name" : "ios",
"version" : "13.0"
}
],
"products" : [
{
"name" : "Theseus",
"targets" : [
"Theseus"
],
"type" : {
"library" : [
"automatic"
]
}
}
],
"targets" : [
{
"c99name" : "TheseusTests",
"module_type" : "SwiftTarget",
"name" : "TheseusTests",
"path" : "Tests/TheseusTests",
"sources" : [
"Animation/KnobGlassMorphTests.swift",
"Animation/KnobGlassMotionTests.swift",
"Animation/LensMorphTests.swift",
"Animation/TheseusStretchAnimatorTests.swift",
"Components/TheseusLensMaterialTests.swift",
"Components/TheseusSliderTests.swift",
"Components/TheseusSwitchTests.swift",
"Components/TheseusTabBarTests.swift",
"Core/FlexGlowTests.swift",
"Core/GlassRimTests.swift",
"Core/NativeLens26Tests.swift",
"Core/TheseusCapabilityTests.swift",
"Core/TheseusConfigurationTests.swift",
"Core/TheseusMaterialModelTests.swift",
"Core/TheseusSettingsTests.swift",
"Rendering/CapsuleEndsTests.swift",
"Rendering/CaptureEdgesTests.swift",
"Rendering/LayerRenderTransformTests.swift"
],
"target_dependencies" : [
"Theseus"
],
"type" : "test"
},
{
"c99name" : "Theseus",
"module_type" : "SwiftTarget",
"name" : "Theseus",
"path" : "Sources/Theseus",
"product_memberships" : [
"Theseus"
],
"resources" : [
{
"path" : "/Users/admin/builder/spi-builder-workspace/Sources/Theseus/Shaders/TheseusShaders.metal",
"rule" : {
"process" : {
}
}
}
],
"sources" : [
"Animation/TheseusGestureDeformer.swift",
"Animation/TheseusStretchAnimator.swift",
"Components/TheseusLensMaterial.swift",
"Components/TheseusSlider.swift",
"Components/TheseusSwitch.swift",
"Components/TheseusTabBar.swift",
"Core/TheseusCapability.swift",
"Core/TheseusConfiguration.swift",
"Core/TheseusMaterialModel.swift",
"Core/TheseusSettings.swift",
"Core/TheseusView.swift",
"Internal/CapsuleEnds.swift",
"Internal/DisplayLinkDriver.swift",
"Internal/FlexGlow.swift",
"Internal/GlassKnobShadowView.swift",
"Internal/HapticManager.swift",
"Internal/KnobGlassMorph.swift",
"Internal/KnobGlassMotion.swift",
"Internal/LayoutTransition.swift",
"Internal/LensMorph.swift",
"Internal/NativeLens26.swift",
"Internal/PixelAlignment.swift",
"Internal/SimpleLayer.swift",
"Rendering/BackgroundCaptureDraw.swift",
"Rendering/BlurKernelCalculator.swift",
"Rendering/CaptureCompensation.swift",
"Rendering/CaptureEdges.swift",
"Rendering/MetalContext.swift",
"Rendering/ShaderTypes.swift",
"Rendering/TheseusRenderer.swift",
"Rendering/TheseusTextureCache.swift",
"Rendering/ViewLayerCapture.swift",
"Rendering/VisualEffectFallback.swift"
],
"type" : "library"
}
],
"tools_version" : "5.9"
}
Running build ...
env DEVELOPER_DIR=/Applications/Xcode-16.3.0.app xcrun swift build --arch arm64 -Xswiftc -Xfrontend -Xswiftc -stats-output-dir -Xswiftc -Xfrontend -Xswiftc .stats -Xswiftc -strict-concurrency=complete -Xswiftc -enable-upcoming-feature -Xswiftc StrictConcurrency -Xswiftc -enable-upcoming-feature -Xswiftc DisableOutwardActorInference -Xswiftc -enable-upcoming-feature -Xswiftc GlobalActorIsolatedTypesUsability -Xswiftc -enable-upcoming-feature -Xswiftc InferSendableFromCaptures
Building for debugging...
[0/3] Write sources
[1/3] Copying TheseusShaders.metal
[2/3] Write swift-version-2F0A5646E1D333AE.txt
[4/35] Compiling Theseus LensMorph.swift
/Users/admin/builder/spi-builder-workspace/Sources/Theseus/Animation/TheseusGestureDeformer.swift:1:8: error: no such module 'UIKit'
1 | import UIKit
| `- error: no such module 'UIKit'
2 | import QuartzCore
3 |
[5/35] Compiling Theseus NativeLens26.swift
/Users/admin/builder/spi-builder-workspace/Sources/Theseus/Animation/TheseusGestureDeformer.swift:1:8: error: no such module 'UIKit'
1 | import UIKit
| `- error: no such module 'UIKit'
2 | import QuartzCore
3 |
[6/35] Compiling Theseus PixelAlignment.swift
/Users/admin/builder/spi-builder-workspace/Sources/Theseus/Animation/TheseusGestureDeformer.swift:1:8: error: no such module 'UIKit'
1 | import UIKit
| `- error: no such module 'UIKit'
2 | import QuartzCore
3 |
[7/35] Compiling Theseus CaptureCompensation.swift
/Users/admin/builder/spi-builder-workspace/Sources/Theseus/Animation/TheseusGestureDeformer.swift:1:8: error: no such module 'UIKit'
1 | import UIKit
| `- error: no such module 'UIKit'
2 | import QuartzCore
3 |
[8/35] Compiling Theseus CaptureEdges.swift
/Users/admin/builder/spi-builder-workspace/Sources/Theseus/Animation/TheseusGestureDeformer.swift:1:8: error: no such module 'UIKit'
1 | import UIKit
| `- error: no such module 'UIKit'
2 | import QuartzCore
3 |
[9/35] Compiling Theseus MetalContext.swift
/Users/admin/builder/spi-builder-workspace/Sources/Theseus/Animation/TheseusGestureDeformer.swift:1:8: error: no such module 'UIKit'
1 | import UIKit
| `- error: no such module 'UIKit'
2 | import QuartzCore
3 |
[10/35] Compiling Theseus DisplayLinkDriver.swift
/Users/admin/builder/spi-builder-workspace/Sources/Theseus/Animation/TheseusGestureDeformer.swift:1:8: error: no such module 'UIKit'
1 | import UIKit
| `- error: no such module 'UIKit'
2 | import QuartzCore
3 |
[11/35] Compiling Theseus FlexGlow.swift
/Users/admin/builder/spi-builder-workspace/Sources/Theseus/Animation/TheseusGestureDeformer.swift:1:8: error: no such module 'UIKit'
1 | import UIKit
| `- error: no such module 'UIKit'
2 | import QuartzCore
3 |
[12/35] Compiling Theseus GlassKnobShadowView.swift
/Users/admin/builder/spi-builder-workspace/Sources/Theseus/Animation/TheseusGestureDeformer.swift:1:8: error: no such module 'UIKit'
1 | import UIKit
| `- error: no such module 'UIKit'
2 | import QuartzCore
3 |
[13/35] Compiling Theseus HapticManager.swift
/Users/admin/builder/spi-builder-workspace/Sources/Theseus/Animation/TheseusGestureDeformer.swift:1:8: error: no such module 'UIKit'
1 | import UIKit
| `- error: no such module 'UIKit'
2 | import QuartzCore
3 |
[14/38] Compiling Theseus ViewLayerCapture.swift
/Users/admin/builder/spi-builder-workspace/Sources/Theseus/Animation/TheseusGestureDeformer.swift:1:8: error: no such module 'UIKit'
1 | import UIKit
| `- error: no such module 'UIKit'
2 | import QuartzCore
3 |
[15/38] Compiling Theseus VisualEffectFallback.swift
/Users/admin/builder/spi-builder-workspace/Sources/Theseus/Animation/TheseusGestureDeformer.swift:1:8: error: no such module 'UIKit'
1 | import UIKit
| `- error: no such module 'UIKit'
2 | import QuartzCore
3 |
[16/38] Compiling Theseus resource_bundle_accessor.swift
/Users/admin/builder/spi-builder-workspace/Sources/Theseus/Animation/TheseusGestureDeformer.swift:1:8: error: no such module 'UIKit'
1 | import UIKit
| `- error: no such module 'UIKit'
2 | import QuartzCore
3 |
error: emit-module command failed with exit code 1 (use -v to see invocation)
[17/38] Emitting module Theseus
/Users/admin/builder/spi-builder-workspace/Sources/Theseus/Animation/TheseusGestureDeformer.swift:1:8: error: no such module 'UIKit'
1 | import UIKit
| `- error: no such module 'UIKit'
2 | import QuartzCore
3 |
[18/38] Compiling Theseus TheseusGestureDeformer.swift
/Users/admin/builder/spi-builder-workspace/Sources/Theseus/Animation/TheseusGestureDeformer.swift:1:8: error: no such module 'UIKit'
1 | import UIKit
| `- error: no such module 'UIKit'
2 | import QuartzCore
3 |
[19/38] Compiling Theseus TheseusStretchAnimator.swift
/Users/admin/builder/spi-builder-workspace/Sources/Theseus/Animation/TheseusGestureDeformer.swift:1:8: error: no such module 'UIKit'
1 | import UIKit
| `- error: no such module 'UIKit'
2 | import QuartzCore
3 |
[20/38] Compiling Theseus TheseusLensMaterial.swift
/Users/admin/builder/spi-builder-workspace/Sources/Theseus/Animation/TheseusGestureDeformer.swift:1:8: error: no such module 'UIKit'
1 | import UIKit
| `- error: no such module 'UIKit'
2 | import QuartzCore
3 |
[21/38] Compiling Theseus TheseusSlider.swift
/Users/admin/builder/spi-builder-workspace/Sources/Theseus/Animation/TheseusGestureDeformer.swift:1:8: error: no such module 'UIKit'
1 | import UIKit
| `- error: no such module 'UIKit'
2 | import QuartzCore
3 |
[22/38] Compiling Theseus TheseusMaterialModel.swift
/Users/admin/builder/spi-builder-workspace/Sources/Theseus/Animation/TheseusGestureDeformer.swift:1:8: error: no such module 'UIKit'
1 | import UIKit
| `- error: no such module 'UIKit'
2 | import QuartzCore
3 |
[23/38] Compiling Theseus TheseusSettings.swift
/Users/admin/builder/spi-builder-workspace/Sources/Theseus/Animation/TheseusGestureDeformer.swift:1:8: error: no such module 'UIKit'
1 | import UIKit
| `- error: no such module 'UIKit'
2 | import QuartzCore
3 |
[24/38] Compiling Theseus TheseusView.swift
/Users/admin/builder/spi-builder-workspace/Sources/Theseus/Animation/TheseusGestureDeformer.swift:1:8: error: no such module 'UIKit'
1 | import UIKit
| `- error: no such module 'UIKit'
2 | import QuartzCore
3 |
[25/38] Compiling Theseus CapsuleEnds.swift
/Users/admin/builder/spi-builder-workspace/Sources/Theseus/Animation/TheseusGestureDeformer.swift:1:8: error: no such module 'UIKit'
1 | import UIKit
| `- error: no such module 'UIKit'
2 | import QuartzCore
3 |
[26/38] Compiling Theseus KnobGlassMorph.swift
/Users/admin/builder/spi-builder-workspace/Sources/Theseus/Animation/TheseusGestureDeformer.swift:1:8: error: no such module 'UIKit'
1 | import UIKit
| `- error: no such module 'UIKit'
2 | import QuartzCore
3 |
[27/38] Compiling Theseus KnobGlassMotion.swift
/Users/admin/builder/spi-builder-workspace/Sources/Theseus/Animation/TheseusGestureDeformer.swift:1:8: error: no such module 'UIKit'
1 | import UIKit
| `- error: no such module 'UIKit'
2 | import QuartzCore
3 |
[28/38] Compiling Theseus LayoutTransition.swift
/Users/admin/builder/spi-builder-workspace/Sources/Theseus/Animation/TheseusGestureDeformer.swift:1:8: error: no such module 'UIKit'
1 | import UIKit
| `- error: no such module 'UIKit'
2 | import QuartzCore
3 |
[29/38] Compiling Theseus SimpleLayer.swift
/Users/admin/builder/spi-builder-workspace/Sources/Theseus/Animation/TheseusGestureDeformer.swift:1:8: error: no such module 'UIKit'
1 | import UIKit
| `- error: no such module 'UIKit'
2 | import QuartzCore
3 |
[30/38] Compiling Theseus BackgroundCaptureDraw.swift
/Users/admin/builder/spi-builder-workspace/Sources/Theseus/Animation/TheseusGestureDeformer.swift:1:8: error: no such module 'UIKit'
1 | import UIKit
| `- error: no such module 'UIKit'
2 | import QuartzCore
3 |
[31/38] Compiling Theseus BlurKernelCalculator.swift
/Users/admin/builder/spi-builder-workspace/Sources/Theseus/Animation/TheseusGestureDeformer.swift:1:8: error: no such module 'UIKit'
1 | import UIKit
| `- error: no such module 'UIKit'
2 | import QuartzCore
3 |
[32/38] Compiling Theseus TheseusSwitch.swift
/Users/admin/builder/spi-builder-workspace/Sources/Theseus/Animation/TheseusGestureDeformer.swift:1:8: error: no such module 'UIKit'
1 | import UIKit
| `- error: no such module 'UIKit'
2 | import QuartzCore
3 |
[33/38] Compiling Theseus TheseusTabBar.swift
/Users/admin/builder/spi-builder-workspace/Sources/Theseus/Animation/TheseusGestureDeformer.swift:1:8: error: no such module 'UIKit'
1 | import UIKit
| `- error: no such module 'UIKit'
2 | import QuartzCore
3 |
[34/38] Compiling Theseus TheseusCapability.swift
/Users/admin/builder/spi-builder-workspace/Sources/Theseus/Animation/TheseusGestureDeformer.swift:1:8: error: no such module 'UIKit'
1 | import UIKit
| `- error: no such module 'UIKit'
2 | import QuartzCore
3 |
[35/38] Compiling Theseus TheseusConfiguration.swift
/Users/admin/builder/spi-builder-workspace/Sources/Theseus/Animation/TheseusGestureDeformer.swift:1:8: error: no such module 'UIKit'
1 | import UIKit
| `- error: no such module 'UIKit'
2 | import QuartzCore
3 |
[36/38] Compiling Theseus ShaderTypes.swift
/Users/admin/builder/spi-builder-workspace/Sources/Theseus/Animation/TheseusGestureDeformer.swift:1:8: error: no such module 'UIKit'
1 | import UIKit
| `- error: no such module 'UIKit'
2 | import QuartzCore
3 |
[37/38] Compiling Theseus TheseusRenderer.swift
/Users/admin/builder/spi-builder-workspace/Sources/Theseus/Animation/TheseusGestureDeformer.swift:1:8: error: no such module 'UIKit'
1 | import UIKit
| `- error: no such module 'UIKit'
2 | import QuartzCore
3 |
[38/38] Compiling Theseus TheseusTextureCache.swift
/Users/admin/builder/spi-builder-workspace/Sources/Theseus/Animation/TheseusGestureDeformer.swift:1:8: error: no such module 'UIKit'
1 | import UIKit
| `- error: no such module 'UIKit'
2 | import QuartzCore
3 |
Running build ...
env DEVELOPER_DIR=/Applications/Xcode-16.3.0.app xcrun swift build --arch arm64
[0/1] Planning build
Building for debugging...
[0/1] Write swift-version-2F0A5646E1D333AE.txt
[2/33] Compiling Theseus LensMorph.swift
/Users/admin/builder/spi-builder-workspace/Sources/Theseus/Animation/TheseusGestureDeformer.swift:1:8: error: no such module 'UIKit'
1 | import UIKit
| `- error: no such module 'UIKit'
2 | import QuartzCore
3 |
[3/33] Compiling Theseus NativeLens26.swift
/Users/admin/builder/spi-builder-workspace/Sources/Theseus/Animation/TheseusGestureDeformer.swift:1:8: error: no such module 'UIKit'
1 | import UIKit
| `- error: no such module 'UIKit'
2 | import QuartzCore
3 |
[4/33] Compiling Theseus PixelAlignment.swift
/Users/admin/builder/spi-builder-workspace/Sources/Theseus/Animation/TheseusGestureDeformer.swift:1:8: error: no such module 'UIKit'
1 | import UIKit
| `- error: no such module 'UIKit'
2 | import QuartzCore
3 |
[5/36] Compiling Theseus ViewLayerCapture.swift
/Users/admin/builder/spi-builder-workspace/Sources/Theseus/Animation/TheseusGestureDeformer.swift:1:8: error: no such module 'UIKit'
1 | import UIKit
| `- error: no such module 'UIKit'
2 | import QuartzCore
3 |
[6/36] Compiling Theseus VisualEffectFallback.swift
/Users/admin/builder/spi-builder-workspace/Sources/Theseus/Animation/TheseusGestureDeformer.swift:1:8: error: no such module 'UIKit'
1 | import UIKit
| `- error: no such module 'UIKit'
2 | import QuartzCore
3 |
[7/36] Compiling Theseus resource_bundle_accessor.swift
/Users/admin/builder/spi-builder-workspace/Sources/Theseus/Animation/TheseusGestureDeformer.swift:1:8: error: no such module 'UIKit'
1 | import UIKit
| `- error: no such module 'UIKit'
2 | import QuartzCore
3 |
[8/36] Compiling Theseus CaptureCompensation.swift
/Users/admin/builder/spi-builder-workspace/Sources/Theseus/Animation/TheseusGestureDeformer.swift:1:8: error: no such module 'UIKit'
1 | import UIKit
| `- error: no such module 'UIKit'
2 | import QuartzCore
3 |
[9/36] Compiling Theseus CaptureEdges.swift
/Users/admin/builder/spi-builder-workspace/Sources/Theseus/Animation/TheseusGestureDeformer.swift:1:8: error: no such module 'UIKit'
1 | import UIKit
| `- error: no such module 'UIKit'
2 | import QuartzCore
3 |
[10/36] Compiling Theseus MetalContext.swift
/Users/admin/builder/spi-builder-workspace/Sources/Theseus/Animation/TheseusGestureDeformer.swift:1:8: error: no such module 'UIKit'
1 | import UIKit
| `- error: no such module 'UIKit'
2 | import QuartzCore
3 |
[11/36] Compiling Theseus DisplayLinkDriver.swift
/Users/admin/builder/spi-builder-workspace/Sources/Theseus/Animation/TheseusGestureDeformer.swift:1:8: error: no such module 'UIKit'
1 | import UIKit
| `- error: no such module 'UIKit'
2 | import QuartzCore
3 |
[12/36] Compiling Theseus FlexGlow.swift
/Users/admin/builder/spi-builder-workspace/Sources/Theseus/Animation/TheseusGestureDeformer.swift:1:8: error: no such module 'UIKit'
1 | import UIKit
| `- error: no such module 'UIKit'
2 | import QuartzCore
3 |
[13/36] Compiling Theseus GlassKnobShadowView.swift
/Users/admin/builder/spi-builder-workspace/Sources/Theseus/Animation/TheseusGestureDeformer.swift:1:8: error: no such module 'UIKit'
1 | import UIKit
| `- error: no such module 'UIKit'
2 | import QuartzCore
3 |
[14/36] Compiling Theseus HapticManager.swift
/Users/admin/builder/spi-builder-workspace/Sources/Theseus/Animation/TheseusGestureDeformer.swift:1:8: error: no such module 'UIKit'
1 | import UIKit
| `- error: no such module 'UIKit'
2 | import QuartzCore
3 |
error: emit-module command failed with exit code 1 (use -v to see invocation)
[15/36] Emitting module Theseus
/Users/admin/builder/spi-builder-workspace/Sources/Theseus/Animation/TheseusGestureDeformer.swift:1:8: error: no such module 'UIKit'
1 | import UIKit
| `- error: no such module 'UIKit'
2 | import QuartzCore
3 |
[16/36] Compiling Theseus SimpleLayer.swift
/Users/admin/builder/spi-builder-workspace/Sources/Theseus/Animation/TheseusGestureDeformer.swift:1:8: error: no such module 'UIKit'
1 | import UIKit
| `- error: no such module 'UIKit'
2 | import QuartzCore
3 |
[17/36] Compiling Theseus BackgroundCaptureDraw.swift
/Users/admin/builder/spi-builder-workspace/Sources/Theseus/Animation/TheseusGestureDeformer.swift:1:8: error: no such module 'UIKit'
1 | import UIKit
| `- error: no such module 'UIKit'
2 | import QuartzCore
3 |
[18/36] Compiling Theseus BlurKernelCalculator.swift
/Users/admin/builder/spi-builder-workspace/Sources/Theseus/Animation/TheseusGestureDeformer.swift:1:8: error: no such module 'UIKit'
1 | import UIKit
| `- error: no such module 'UIKit'
2 | import QuartzCore
3 |
[19/36] Compiling Theseus KnobGlassMorph.swift
/Users/admin/builder/spi-builder-workspace/Sources/Theseus/Animation/TheseusGestureDeformer.swift:1:8: error: no such module 'UIKit'
1 | import UIKit
| `- error: no such module 'UIKit'
2 | import QuartzCore
3 |
[20/36] Compiling Theseus KnobGlassMotion.swift
/Users/admin/builder/spi-builder-workspace/Sources/Theseus/Animation/TheseusGestureDeformer.swift:1:8: error: no such module 'UIKit'
1 | import UIKit
| `- error: no such module 'UIKit'
2 | import QuartzCore
3 |
[21/36] Compiling Theseus LayoutTransition.swift
/Users/admin/builder/spi-builder-workspace/Sources/Theseus/Animation/TheseusGestureDeformer.swift:1:8: error: no such module 'UIKit'
1 | import UIKit
| `- error: no such module 'UIKit'
2 | import QuartzCore
3 |
[22/36] Compiling Theseus TheseusMaterialModel.swift
/Users/admin/builder/spi-builder-workspace/Sources/Theseus/Animation/TheseusGestureDeformer.swift:1:8: error: no such module 'UIKit'
1 | import UIKit
| `- error: no such module 'UIKit'
2 | import QuartzCore
3 |
[23/36] Compiling Theseus TheseusSettings.swift
/Users/admin/builder/spi-builder-workspace/Sources/Theseus/Animation/TheseusGestureDeformer.swift:1:8: error: no such module 'UIKit'
1 | import UIKit
| `- error: no such module 'UIKit'
2 | import QuartzCore
3 |
[24/36] Compiling Theseus TheseusView.swift
/Users/admin/builder/spi-builder-workspace/Sources/Theseus/Animation/TheseusGestureDeformer.swift:1:8: error: no such module 'UIKit'
1 | import UIKit
| `- error: no such module 'UIKit'
2 | import QuartzCore
3 |
[25/36] Compiling Theseus CapsuleEnds.swift
/Users/admin/builder/spi-builder-workspace/Sources/Theseus/Animation/TheseusGestureDeformer.swift:1:8: error: no such module 'UIKit'
1 | import UIKit
| `- error: no such module 'UIKit'
2 | import QuartzCore
3 |
[26/36] Compiling Theseus TheseusSwitch.swift
/Users/admin/builder/spi-builder-workspace/Sources/Theseus/Animation/TheseusGestureDeformer.swift:1:8: error: no such module 'UIKit'
1 | import UIKit
| `- error: no such module 'UIKit'
2 | import QuartzCore
3 |
[27/36] Compiling Theseus TheseusTabBar.swift
/Users/admin/builder/spi-builder-workspace/Sources/Theseus/Animation/TheseusGestureDeformer.swift:1:8: error: no such module 'UIKit'
1 | import UIKit
| `- error: no such module 'UIKit'
2 | import QuartzCore
3 |
[28/36] Compiling Theseus TheseusCapability.swift
/Users/admin/builder/spi-builder-workspace/Sources/Theseus/Animation/TheseusGestureDeformer.swift:1:8: error: no such module 'UIKit'
1 | import UIKit
| `- error: no such module 'UIKit'
2 | import QuartzCore
3 |
[29/36] Compiling Theseus TheseusConfiguration.swift
/Users/admin/builder/spi-builder-workspace/Sources/Theseus/Animation/TheseusGestureDeformer.swift:1:8: error: no such module 'UIKit'
1 | import UIKit
| `- error: no such module 'UIKit'
2 | import QuartzCore
3 |
[30/36] Compiling Theseus ShaderTypes.swift
/Users/admin/builder/spi-builder-workspace/Sources/Theseus/Animation/TheseusGestureDeformer.swift:1:8: error: no such module 'UIKit'
1 | import UIKit
| `- error: no such module 'UIKit'
2 | import QuartzCore
3 |
[31/36] Compiling Theseus TheseusRenderer.swift
/Users/admin/builder/spi-builder-workspace/Sources/Theseus/Animation/TheseusGestureDeformer.swift:1:8: error: no such module 'UIKit'
1 | import UIKit
| `- error: no such module 'UIKit'
2 | import QuartzCore
3 |
[32/36] Compiling Theseus TheseusTextureCache.swift
/Users/admin/builder/spi-builder-workspace/Sources/Theseus/Animation/TheseusGestureDeformer.swift:1:8: error: no such module 'UIKit'
1 | import UIKit
| `- error: no such module 'UIKit'
2 | import QuartzCore
3 |
[33/36] Compiling Theseus TheseusGestureDeformer.swift
/Users/admin/builder/spi-builder-workspace/Sources/Theseus/Animation/TheseusGestureDeformer.swift:1:8: error: no such module 'UIKit'
1 | import UIKit
| `- error: no such module 'UIKit'
2 | import QuartzCore
3 |
[34/36] Compiling Theseus TheseusStretchAnimator.swift
/Users/admin/builder/spi-builder-workspace/Sources/Theseus/Animation/TheseusGestureDeformer.swift:1:8: error: no such module 'UIKit'
1 | import UIKit
| `- error: no such module 'UIKit'
2 | import QuartzCore
3 |
[35/36] Compiling Theseus TheseusLensMaterial.swift
/Users/admin/builder/spi-builder-workspace/Sources/Theseus/Animation/TheseusGestureDeformer.swift:1:8: error: no such module 'UIKit'
1 | import UIKit
| `- error: no such module 'UIKit'
2 | import QuartzCore
3 |
[36/36] Compiling Theseus TheseusSlider.swift
/Users/admin/builder/spi-builder-workspace/Sources/Theseus/Animation/TheseusGestureDeformer.swift:1:8: error: no such module 'UIKit'
1 | import UIKit
| `- error: no such module 'UIKit'
2 | import QuartzCore
3 |
BUILD FAILURE 6.1 macosSpm