Build Information
Failed to build MagicBell, reference main (8bd2e4), with Swift 6.4 for watchOS using Xcode 27.0 on 21 Sep 2026 07:54:09 UTC.
Build Command
env DEVELOPER_DIR=/Applications/Xcode-27.0.0-Release.Candidate.app xcrun xcodebuild -IDEClonedSourcePackagesDirPathOverride=$PWD/.dependencies -skipMacroValidation -skipPackagePluginValidation -derivedDataPath $PWD/.derivedData build -scheme MagicBell -destination generic/platform=watchOSBuild Log
CompileC /Users/admin/builder/spi-builder-workspace/.derivedData/Build/Intermediates.noindex/msgpack.build/Debug-watchos/msgpack-t.build/Objects-normal/arm64_32/NSNull+MessagePack.o /Users/admin/builder/spi-builder-workspace/.dependencies/checkouts/msgpack-objective-C/Pod/Classes/NSNull+MessagePack.m normal arm64_32 objective-c com.apple.compilers.llvm.clang.1_0.compiler (in target 'msgpack' from project 'msgpack')
cd /Users/admin/builder/spi-builder-workspace/.swiftpm/xcode
Using response file: /Users/admin/builder/spi-builder-workspace/.derivedData/Build/Intermediates.noindex/msgpack.build/Debug-watchos/msgpack-t.build/Objects-normal/arm64_32/e6072d4f65d7061329687fe24e3d63a7-common-args.resp
/Applications/Xcode-27.0.0-Release.Candidate.app/Contents/Developer/Toolchains/XcodeDefault.xctoolchain/usr/bin/clang -x objective-c -ivfsstatcache /Users/admin/builder/spi-builder-workspace/.derivedData/SDKStatCaches.noindex/watchos27.0-24R360-e829b21a6f8c9b70876ba0858053c04477534ef55a1706bf4c1112bbb242f0a2.sdkstatcache -target arm64_32-apple-watchos9.0 -fmessage-length\=0 -fdiagnostics-show-note-include-stack -fmacro-backtrace-limit\=0 -fno-color-diagnostics -fmodules-prune-interval\=86400 -fmodules-prune-after\=345600 -fbuild-session-file\=/Users/admin/builder/spi-builder-workspace/.derivedData/ModuleCache.noindex/Session.modulevalidation -fmodules-validate-once-per-build-session -Wnon-modular-include-in-framework-module -Werror\=non-modular-include-in-framework-module -Wno-trigraphs -Wno-missing-field-initializers -Wno-missing-prototypes -Wno-return-type -Wno-implicit-atomic-properties -Wno-objc-interface-ivars -Wno-arc-repeated-use-of-weak -Wno-missing-braces -Wparentheses -Wswitch -Wno-unused-function -Wno-unused-label -Wno-unused-parameter -Wno-unused-variable -Wunused-value -Wno-empty-body -Wno-uninitialized -Wno-unknown-pragmas -w -Wno-shadow -Wno-four-char-constants -Wno-conversion -Wno-constant-conversion -Wno-int-conversion -Wno-bool-conversion -Wno-enum-conversion -Wno-float-conversion -Wno-non-literal-null-conversion -Wno-objc-literal-conversion -Wno-shorten-64-to-32 -Wpointer-sign -Wno-newline-eof -Wno-selector -Wno-strict-selector-match -Wno-undeclared-selector -Wno-deprecated-implementations -Wno-implicit-fallthrough -isysroot /Applications/Xcode-27.0.0-Release.Candidate.app/Contents/Developer/Platforms/WatchOS.platform/Developer/SDKs/WatchOS27.0.sdk -fstrict-aliasing -Wprotocol -Wdeprecated-declarations -Wno-sign-conversion -Wno-infinite-recursion -Wno-comma -Wno-block-capture-autoreleasing -Wno-strict-prototypes -Wno-semicolon-before-method-body -index-store-path /Users/admin/builder/spi-builder-workspace/.derivedData/Index.noindex/DataStore @/Users/admin/builder/spi-builder-workspace/.derivedData/Build/Intermediates.noindex/msgpack.build/Debug-watchos/msgpack-t.build/Objects-normal/arm64_32/e6072d4f65d7061329687fe24e3d63a7-common-args.resp -MMD -MT dependencies -MF /Users/admin/builder/spi-builder-workspace/.derivedData/Build/Intermediates.noindex/msgpack.build/Debug-watchos/msgpack-t.build/Objects-normal/arm64_32/NSNull+MessagePack.d --serialize-diagnostics /Users/admin/builder/spi-builder-workspace/.derivedData/Build/Intermediates.noindex/msgpack.build/Debug-watchos/msgpack-t.build/Objects-normal/arm64_32/NSNull+MessagePack.dia -c /Users/admin/builder/spi-builder-workspace/.dependencies/checkouts/msgpack-objective-C/Pod/Classes/NSNull+MessagePack.m -o /Users/admin/builder/spi-builder-workspace/.derivedData/Build/Intermediates.noindex/msgpack.build/Debug-watchos/msgpack-t.build/Objects-normal/arm64_32/NSNull+MessagePack.o -index-unit-output-path /msgpack.build/Debug-watchos/msgpack-t.build/Objects-normal/arm64_32/NSNull+MessagePack.o
CompileC /Users/admin/builder/spi-builder-workspace/.derivedData/Build/Intermediates.noindex/msgpack.build/Debug-watchos/msgpack-t.build/Objects-normal/arm64_32/NSDictionary+MessagePack.o /Users/admin/builder/spi-builder-workspace/.dependencies/checkouts/msgpack-objective-C/Pod/Classes/NSDictionary+MessagePack.m normal arm64_32 objective-c com.apple.compilers.llvm.clang.1_0.compiler (in target 'msgpack' from project 'msgpack')
cd /Users/admin/builder/spi-builder-workspace/.swiftpm/xcode
Using response file: /Users/admin/builder/spi-builder-workspace/.derivedData/Build/Intermediates.noindex/msgpack.build/Debug-watchos/msgpack-t.build/Objects-normal/arm64_32/e6072d4f65d7061329687fe24e3d63a7-common-args.resp
/Applications/Xcode-27.0.0-Release.Candidate.app/Contents/Developer/Toolchains/XcodeDefault.xctoolchain/usr/bin/clang -x objective-c -ivfsstatcache /Users/admin/builder/spi-builder-workspace/.derivedData/SDKStatCaches.noindex/watchos27.0-24R360-e829b21a6f8c9b70876ba0858053c04477534ef55a1706bf4c1112bbb242f0a2.sdkstatcache -target arm64_32-apple-watchos9.0 -fmessage-length\=0 -fdiagnostics-show-note-include-stack -fmacro-backtrace-limit\=0 -fno-color-diagnostics -fmodules-prune-interval\=86400 -fmodules-prune-after\=345600 -fbuild-session-file\=/Users/admin/builder/spi-builder-workspace/.derivedData/ModuleCache.noindex/Session.modulevalidation -fmodules-validate-once-per-build-session -Wnon-modular-include-in-framework-module -Werror\=non-modular-include-in-framework-module -Wno-trigraphs -Wno-missing-field-initializers -Wno-missing-prototypes -Wno-return-type -Wno-implicit-atomic-properties -Wno-objc-interface-ivars -Wno-arc-repeated-use-of-weak -Wno-missing-braces -Wparentheses -Wswitch -Wno-unused-function -Wno-unused-label -Wno-unused-parameter -Wno-unused-variable -Wunused-value -Wno-empty-body -Wno-uninitialized -Wno-unknown-pragmas -w -Wno-shadow -Wno-four-char-constants -Wno-conversion -Wno-constant-conversion -Wno-int-conversion -Wno-bool-conversion -Wno-enum-conversion -Wno-float-conversion -Wno-non-literal-null-conversion -Wno-objc-literal-conversion -Wno-shorten-64-to-32 -Wpointer-sign -Wno-newline-eof -Wno-selector -Wno-strict-selector-match -Wno-undeclared-selector -Wno-deprecated-implementations -Wno-implicit-fallthrough -isysroot /Applications/Xcode-27.0.0-Release.Candidate.app/Contents/Developer/Platforms/WatchOS.platform/Developer/SDKs/WatchOS27.0.sdk -fstrict-aliasing -Wprotocol -Wdeprecated-declarations -Wno-sign-conversion -Wno-infinite-recursion -Wno-comma -Wno-block-capture-autoreleasing -Wno-strict-prototypes -Wno-semicolon-before-method-body -index-store-path /Users/admin/builder/spi-builder-workspace/.derivedData/Index.noindex/DataStore @/Users/admin/builder/spi-builder-workspace/.derivedData/Build/Intermediates.noindex/msgpack.build/Debug-watchos/msgpack-t.build/Objects-normal/arm64_32/e6072d4f65d7061329687fe24e3d63a7-common-args.resp -MMD -MT dependencies -MF /Users/admin/builder/spi-builder-workspace/.derivedData/Build/Intermediates.noindex/msgpack.build/Debug-watchos/msgpack-t.build/Objects-normal/arm64_32/NSDictionary+MessagePack.d --serialize-diagnostics /Users/admin/builder/spi-builder-workspace/.derivedData/Build/Intermediates.noindex/msgpack.build/Debug-watchos/msgpack-t.build/Objects-normal/arm64_32/NSDictionary+MessagePack.dia -c /Users/admin/builder/spi-builder-workspace/.dependencies/checkouts/msgpack-objective-C/Pod/Classes/NSDictionary+MessagePack.m -o /Users/admin/builder/spi-builder-workspace/.derivedData/Build/Intermediates.noindex/msgpack.build/Debug-watchos/msgpack-t.build/Objects-normal/arm64_32/NSDictionary+MessagePack.o -index-unit-output-path /msgpack.build/Debug-watchos/msgpack-t.build/Objects-normal/arm64_32/NSDictionary+MessagePack.o
CompileC /Users/admin/builder/spi-builder-workspace/.derivedData/Build/Intermediates.noindex/msgpack.build/Debug-watchos/msgpack-t.build/Objects-normal/arm64_32/NSData+MessagePack.o /Users/admin/builder/spi-builder-workspace/.dependencies/checkouts/msgpack-objective-C/Pod/Classes/NSData+MessagePack.m normal arm64_32 objective-c com.apple.compilers.llvm.clang.1_0.compiler (in target 'msgpack' from project 'msgpack')
cd /Users/admin/builder/spi-builder-workspace/.swiftpm/xcode
Using response file: /Users/admin/builder/spi-builder-workspace/.derivedData/Build/Intermediates.noindex/msgpack.build/Debug-watchos/msgpack-t.build/Objects-normal/arm64_32/e6072d4f65d7061329687fe24e3d63a7-common-args.resp
/Applications/Xcode-27.0.0-Release.Candidate.app/Contents/Developer/Toolchains/XcodeDefault.xctoolchain/usr/bin/clang -x objective-c -ivfsstatcache /Users/admin/builder/spi-builder-workspace/.derivedData/SDKStatCaches.noindex/watchos27.0-24R360-e829b21a6f8c9b70876ba0858053c04477534ef55a1706bf4c1112bbb242f0a2.sdkstatcache -target arm64_32-apple-watchos9.0 -fmessage-length\=0 -fdiagnostics-show-note-include-stack -fmacro-backtrace-limit\=0 -fno-color-diagnostics -fmodules-prune-interval\=86400 -fmodules-prune-after\=345600 -fbuild-session-file\=/Users/admin/builder/spi-builder-workspace/.derivedData/ModuleCache.noindex/Session.modulevalidation -fmodules-validate-once-per-build-session -Wnon-modular-include-in-framework-module -Werror\=non-modular-include-in-framework-module -Wno-trigraphs -Wno-missing-field-initializers -Wno-missing-prototypes -Wno-return-type -Wno-implicit-atomic-properties -Wno-objc-interface-ivars -Wno-arc-repeated-use-of-weak -Wno-missing-braces -Wparentheses -Wswitch -Wno-unused-function -Wno-unused-label -Wno-unused-parameter -Wno-unused-variable -Wunused-value -Wno-empty-body -Wno-uninitialized -Wno-unknown-pragmas -w -Wno-shadow -Wno-four-char-constants -Wno-conversion -Wno-constant-conversion -Wno-int-conversion -Wno-bool-conversion -Wno-enum-conversion -Wno-float-conversion -Wno-non-literal-null-conversion -Wno-objc-literal-conversion -Wno-shorten-64-to-32 -Wpointer-sign -Wno-newline-eof -Wno-selector -Wno-strict-selector-match -Wno-undeclared-selector -Wno-deprecated-implementations -Wno-implicit-fallthrough -isysroot /Applications/Xcode-27.0.0-Release.Candidate.app/Contents/Developer/Platforms/WatchOS.platform/Developer/SDKs/WatchOS27.0.sdk -fstrict-aliasing -Wprotocol -Wdeprecated-declarations -Wno-sign-conversion -Wno-infinite-recursion -Wno-comma -Wno-block-capture-autoreleasing -Wno-strict-prototypes -Wno-semicolon-before-method-body -index-store-path /Users/admin/builder/spi-builder-workspace/.derivedData/Index.noindex/DataStore @/Users/admin/builder/spi-builder-workspace/.derivedData/Build/Intermediates.noindex/msgpack.build/Debug-watchos/msgpack-t.build/Objects-normal/arm64_32/e6072d4f65d7061329687fe24e3d63a7-common-args.resp -MMD -MT dependencies -MF /Users/admin/builder/spi-builder-workspace/.derivedData/Build/Intermediates.noindex/msgpack.build/Debug-watchos/msgpack-t.build/Objects-normal/arm64_32/NSData+MessagePack.d --serialize-diagnostics /Users/admin/builder/spi-builder-workspace/.derivedData/Build/Intermediates.noindex/msgpack.build/Debug-watchos/msgpack-t.build/Objects-normal/arm64_32/NSData+MessagePack.dia -c /Users/admin/builder/spi-builder-workspace/.dependencies/checkouts/msgpack-objective-C/Pod/Classes/NSData+MessagePack.m -o /Users/admin/builder/spi-builder-workspace/.derivedData/Build/Intermediates.noindex/msgpack.build/Debug-watchos/msgpack-t.build/Objects-normal/arm64_32/NSData+MessagePack.o -index-unit-output-path /msgpack.build/Debug-watchos/msgpack-t.build/Objects-normal/arm64_32/NSData+MessagePack.o
CompileC /Users/admin/builder/spi-builder-workspace/.derivedData/Build/Intermediates.noindex/msgpack.build/Debug-watchos/msgpack-t.build/Objects-normal/arm64_32/NSArray+MessagePack.o /Users/admin/builder/spi-builder-workspace/.dependencies/checkouts/msgpack-objective-C/Pod/Classes/NSArray+MessagePack.m normal arm64_32 objective-c com.apple.compilers.llvm.clang.1_0.compiler (in target 'msgpack' from project 'msgpack')
cd /Users/admin/builder/spi-builder-workspace/.swiftpm/xcode
Using response file: /Users/admin/builder/spi-builder-workspace/.derivedData/Build/Intermediates.noindex/msgpack.build/Debug-watchos/msgpack-t.build/Objects-normal/arm64_32/e6072d4f65d7061329687fe24e3d63a7-common-args.resp
/Applications/Xcode-27.0.0-Release.Candidate.app/Contents/Developer/Toolchains/XcodeDefault.xctoolchain/usr/bin/clang -x objective-c -ivfsstatcache /Users/admin/builder/spi-builder-workspace/.derivedData/SDKStatCaches.noindex/watchos27.0-24R360-e829b21a6f8c9b70876ba0858053c04477534ef55a1706bf4c1112bbb242f0a2.sdkstatcache -target arm64_32-apple-watchos9.0 -fmessage-length\=0 -fdiagnostics-show-note-include-stack -fmacro-backtrace-limit\=0 -fno-color-diagnostics -fmodules-prune-interval\=86400 -fmodules-prune-after\=345600 -fbuild-session-file\=/Users/admin/builder/spi-builder-workspace/.derivedData/ModuleCache.noindex/Session.modulevalidation -fmodules-validate-once-per-build-session -Wnon-modular-include-in-framework-module -Werror\=non-modular-include-in-framework-module -Wno-trigraphs -Wno-missing-field-initializers -Wno-missing-prototypes -Wno-return-type -Wno-implicit-atomic-properties -Wno-objc-interface-ivars -Wno-arc-repeated-use-of-weak -Wno-missing-braces -Wparentheses -Wswitch -Wno-unused-function -Wno-unused-label -Wno-unused-parameter -Wno-unused-variable -Wunused-value -Wno-empty-body -Wno-uninitialized -Wno-unknown-pragmas -w -Wno-shadow -Wno-four-char-constants -Wno-conversion -Wno-constant-conversion -Wno-int-conversion -Wno-bool-conversion -Wno-enum-conversion -Wno-float-conversion -Wno-non-literal-null-conversion -Wno-objc-literal-conversion -Wno-shorten-64-to-32 -Wpointer-sign -Wno-newline-eof -Wno-selector -Wno-strict-selector-match -Wno-undeclared-selector -Wno-deprecated-implementations -Wno-implicit-fallthrough -isysroot /Applications/Xcode-27.0.0-Release.Candidate.app/Contents/Developer/Platforms/WatchOS.platform/Developer/SDKs/WatchOS27.0.sdk -fstrict-aliasing -Wprotocol -Wdeprecated-declarations -Wno-sign-conversion -Wno-infinite-recursion -Wno-comma -Wno-block-capture-autoreleasing -Wno-strict-prototypes -Wno-semicolon-before-method-body -index-store-path /Users/admin/builder/spi-builder-workspace/.derivedData/Index.noindex/DataStore @/Users/admin/builder/spi-builder-workspace/.derivedData/Build/Intermediates.noindex/msgpack.build/Debug-watchos/msgpack-t.build/Objects-normal/arm64_32/e6072d4f65d7061329687fe24e3d63a7-common-args.resp -MMD -MT dependencies -MF /Users/admin/builder/spi-builder-workspace/.derivedData/Build/Intermediates.noindex/msgpack.build/Debug-watchos/msgpack-t.build/Objects-normal/arm64_32/NSArray+MessagePack.d --serialize-diagnostics /Users/admin/builder/spi-builder-workspace/.derivedData/Build/Intermediates.noindex/msgpack.build/Debug-watchos/msgpack-t.build/Objects-normal/arm64_32/NSArray+MessagePack.dia -c /Users/admin/builder/spi-builder-workspace/.dependencies/checkouts/msgpack-objective-C/Pod/Classes/NSArray+MessagePack.m -o /Users/admin/builder/spi-builder-workspace/.derivedData/Build/Intermediates.noindex/msgpack.build/Debug-watchos/msgpack-t.build/Objects-normal/arm64_32/NSArray+MessagePack.o -index-unit-output-path /msgpack.build/Debug-watchos/msgpack-t.build/Objects-normal/arm64_32/NSArray+MessagePack.o
CompileC /Users/admin/builder/spi-builder-workspace/.derivedData/Build/Intermediates.noindex/msgpack.build/Debug-watchos/msgpack-t.build/Objects-normal/arm64_32/MessagePackParser.o /Users/admin/builder/spi-builder-workspace/.dependencies/checkouts/msgpack-objective-C/Pod/Classes/MessagePackParser.m normal arm64_32 objective-c com.apple.compilers.llvm.clang.1_0.compiler (in target 'msgpack' from project 'msgpack')
cd /Users/admin/builder/spi-builder-workspace/.swiftpm/xcode
Using response file: /Users/admin/builder/spi-builder-workspace/.derivedData/Build/Intermediates.noindex/msgpack.build/Debug-watchos/msgpack-t.build/Objects-normal/arm64_32/e6072d4f65d7061329687fe24e3d63a7-common-args.resp
/Applications/Xcode-27.0.0-Release.Candidate.app/Contents/Developer/Toolchains/XcodeDefault.xctoolchain/usr/bin/clang -x objective-c -ivfsstatcache /Users/admin/builder/spi-builder-workspace/.derivedData/SDKStatCaches.noindex/watchos27.0-24R360-e829b21a6f8c9b70876ba0858053c04477534ef55a1706bf4c1112bbb242f0a2.sdkstatcache -target arm64_32-apple-watchos9.0 -fmessage-length\=0 -fdiagnostics-show-note-include-stack -fmacro-backtrace-limit\=0 -fno-color-diagnostics -fmodules-prune-interval\=86400 -fmodules-prune-after\=345600 -fbuild-session-file\=/Users/admin/builder/spi-builder-workspace/.derivedData/ModuleCache.noindex/Session.modulevalidation -fmodules-validate-once-per-build-session -Wnon-modular-include-in-framework-module -Werror\=non-modular-include-in-framework-module -Wno-trigraphs -Wno-missing-field-initializers -Wno-missing-prototypes -Wno-return-type -Wno-implicit-atomic-properties -Wno-objc-interface-ivars -Wno-arc-repeated-use-of-weak -Wno-missing-braces -Wparentheses -Wswitch -Wno-unused-function -Wno-unused-label -Wno-unused-parameter -Wno-unused-variable -Wunused-value -Wno-empty-body -Wno-uninitialized -Wno-unknown-pragmas -w -Wno-shadow -Wno-four-char-constants -Wno-conversion -Wno-constant-conversion -Wno-int-conversion -Wno-bool-conversion -Wno-enum-conversion -Wno-float-conversion -Wno-non-literal-null-conversion -Wno-objc-literal-conversion -Wno-shorten-64-to-32 -Wpointer-sign -Wno-newline-eof -Wno-selector -Wno-strict-selector-match -Wno-undeclared-selector -Wno-deprecated-implementations -Wno-implicit-fallthrough -isysroot /Applications/Xcode-27.0.0-Release.Candidate.app/Contents/Developer/Platforms/WatchOS.platform/Developer/SDKs/WatchOS27.0.sdk -fstrict-aliasing -Wprotocol -Wdeprecated-declarations -Wno-sign-conversion -Wno-infinite-recursion -Wno-comma -Wno-block-capture-autoreleasing -Wno-strict-prototypes -Wno-semicolon-before-method-body -index-store-path /Users/admin/builder/spi-builder-workspace/.derivedData/Index.noindex/DataStore @/Users/admin/builder/spi-builder-workspace/.derivedData/Build/Intermediates.noindex/msgpack.build/Debug-watchos/msgpack-t.build/Objects-normal/arm64_32/e6072d4f65d7061329687fe24e3d63a7-common-args.resp -MMD -MT dependencies -MF /Users/admin/builder/spi-builder-workspace/.derivedData/Build/Intermediates.noindex/msgpack.build/Debug-watchos/msgpack-t.build/Objects-normal/arm64_32/MessagePackParser.d --serialize-diagnostics /Users/admin/builder/spi-builder-workspace/.derivedData/Build/Intermediates.noindex/msgpack.build/Debug-watchos/msgpack-t.build/Objects-normal/arm64_32/MessagePackParser.dia -c /Users/admin/builder/spi-builder-workspace/.dependencies/checkouts/msgpack-objective-C/Pod/Classes/MessagePackParser.m -o /Users/admin/builder/spi-builder-workspace/.derivedData/Build/Intermediates.noindex/msgpack.build/Debug-watchos/msgpack-t.build/Objects-normal/arm64_32/MessagePackParser.o -index-unit-output-path /msgpack.build/Debug-watchos/msgpack-t.build/Objects-normal/arm64_32/MessagePackParser.o
CompileC /Users/admin/builder/spi-builder-workspace/.derivedData/Build/Intermediates.noindex/msgpack.build/Debug-watchos/msgpack-t.build/Objects-normal/arm64_32/MessagePackParser+Streaming.o /Users/admin/builder/spi-builder-workspace/.dependencies/checkouts/msgpack-objective-C/Pod/Classes/MessagePackParser+Streaming.m normal arm64_32 objective-c com.apple.compilers.llvm.clang.1_0.compiler (in target 'msgpack' from project 'msgpack')
cd /Users/admin/builder/spi-builder-workspace/.swiftpm/xcode
Using response file: /Users/admin/builder/spi-builder-workspace/.derivedData/Build/Intermediates.noindex/msgpack.build/Debug-watchos/msgpack-t.build/Objects-normal/arm64_32/e6072d4f65d7061329687fe24e3d63a7-common-args.resp
/Applications/Xcode-27.0.0-Release.Candidate.app/Contents/Developer/Toolchains/XcodeDefault.xctoolchain/usr/bin/clang -x objective-c -ivfsstatcache /Users/admin/builder/spi-builder-workspace/.derivedData/SDKStatCaches.noindex/watchos27.0-24R360-e829b21a6f8c9b70876ba0858053c04477534ef55a1706bf4c1112bbb242f0a2.sdkstatcache -target arm64_32-apple-watchos9.0 -fmessage-length\=0 -fdiagnostics-show-note-include-stack -fmacro-backtrace-limit\=0 -fno-color-diagnostics -fmodules-prune-interval\=86400 -fmodules-prune-after\=345600 -fbuild-session-file\=/Users/admin/builder/spi-builder-workspace/.derivedData/ModuleCache.noindex/Session.modulevalidation -fmodules-validate-once-per-build-session -Wnon-modular-include-in-framework-module -Werror\=non-modular-include-in-framework-module -Wno-trigraphs -Wno-missing-field-initializers -Wno-missing-prototypes -Wno-return-type -Wno-implicit-atomic-properties -Wno-objc-interface-ivars -Wno-arc-repeated-use-of-weak -Wno-missing-braces -Wparentheses -Wswitch -Wno-unused-function -Wno-unused-label -Wno-unused-parameter -Wno-unused-variable -Wunused-value -Wno-empty-body -Wno-uninitialized -Wno-unknown-pragmas -w -Wno-shadow -Wno-four-char-constants -Wno-conversion -Wno-constant-conversion -Wno-int-conversion -Wno-bool-conversion -Wno-enum-conversion -Wno-float-conversion -Wno-non-literal-null-conversion -Wno-objc-literal-conversion -Wno-shorten-64-to-32 -Wpointer-sign -Wno-newline-eof -Wno-selector -Wno-strict-selector-match -Wno-undeclared-selector -Wno-deprecated-implementations -Wno-implicit-fallthrough -isysroot /Applications/Xcode-27.0.0-Release.Candidate.app/Contents/Developer/Platforms/WatchOS.platform/Developer/SDKs/WatchOS27.0.sdk -fstrict-aliasing -Wprotocol -Wdeprecated-declarations -Wno-sign-conversion -Wno-infinite-recursion -Wno-comma -Wno-block-capture-autoreleasing -Wno-strict-prototypes -Wno-semicolon-before-method-body -index-store-path /Users/admin/builder/spi-builder-workspace/.derivedData/Index.noindex/DataStore @/Users/admin/builder/spi-builder-workspace/.derivedData/Build/Intermediates.noindex/msgpack.build/Debug-watchos/msgpack-t.build/Objects-normal/arm64_32/e6072d4f65d7061329687fe24e3d63a7-common-args.resp -MMD -MT dependencies -MF /Users/admin/builder/spi-builder-workspace/.derivedData/Build/Intermediates.noindex/msgpack.build/Debug-watchos/msgpack-t.build/Objects-normal/arm64_32/MessagePackParser+Streaming.d --serialize-diagnostics /Users/admin/builder/spi-builder-workspace/.derivedData/Build/Intermediates.noindex/msgpack.build/Debug-watchos/msgpack-t.build/Objects-normal/arm64_32/MessagePackParser+Streaming.dia -c /Users/admin/builder/spi-builder-workspace/.dependencies/checkouts/msgpack-objective-C/Pod/Classes/MessagePackParser+Streaming.m -o /Users/admin/builder/spi-builder-workspace/.derivedData/Build/Intermediates.noindex/msgpack.build/Debug-watchos/msgpack-t.build/Objects-normal/arm64_32/MessagePackParser+Streaming.o -index-unit-output-path /msgpack.build/Debug-watchos/msgpack-t.build/Objects-normal/arm64_32/MessagePackParser+Streaming.o
CompileC /Users/admin/builder/spi-builder-workspace/.derivedData/Build/Intermediates.noindex/msgpack.build/Debug-watchos/msgpack-t.build/Objects-normal/arm64_32/MessagePackPacker.o /Users/admin/builder/spi-builder-workspace/.dependencies/checkouts/msgpack-objective-C/Pod/Classes/MessagePackPacker.m normal arm64_32 objective-c com.apple.compilers.llvm.clang.1_0.compiler (in target 'msgpack' from project 'msgpack')
cd /Users/admin/builder/spi-builder-workspace/.swiftpm/xcode
Using response file: /Users/admin/builder/spi-builder-workspace/.derivedData/Build/Intermediates.noindex/msgpack.build/Debug-watchos/msgpack-t.build/Objects-normal/arm64_32/e6072d4f65d7061329687fe24e3d63a7-common-args.resp
/Applications/Xcode-27.0.0-Release.Candidate.app/Contents/Developer/Toolchains/XcodeDefault.xctoolchain/usr/bin/clang -x objective-c -ivfsstatcache /Users/admin/builder/spi-builder-workspace/.derivedData/SDKStatCaches.noindex/watchos27.0-24R360-e829b21a6f8c9b70876ba0858053c04477534ef55a1706bf4c1112bbb242f0a2.sdkstatcache -target arm64_32-apple-watchos9.0 -fmessage-length\=0 -fdiagnostics-show-note-include-stack -fmacro-backtrace-limit\=0 -fno-color-diagnostics -fmodules-prune-interval\=86400 -fmodules-prune-after\=345600 -fbuild-session-file\=/Users/admin/builder/spi-builder-workspace/.derivedData/ModuleCache.noindex/Session.modulevalidation -fmodules-validate-once-per-build-session -Wnon-modular-include-in-framework-module -Werror\=non-modular-include-in-framework-module -Wno-trigraphs -Wno-missing-field-initializers -Wno-missing-prototypes -Wno-return-type -Wno-implicit-atomic-properties -Wno-objc-interface-ivars -Wno-arc-repeated-use-of-weak -Wno-missing-braces -Wparentheses -Wswitch -Wno-unused-function -Wno-unused-label -Wno-unused-parameter -Wno-unused-variable -Wunused-value -Wno-empty-body -Wno-uninitialized -Wno-unknown-pragmas -w -Wno-shadow -Wno-four-char-constants -Wno-conversion -Wno-constant-conversion -Wno-int-conversion -Wno-bool-conversion -Wno-enum-conversion -Wno-float-conversion -Wno-non-literal-null-conversion -Wno-objc-literal-conversion -Wno-shorten-64-to-32 -Wpointer-sign -Wno-newline-eof -Wno-selector -Wno-strict-selector-match -Wno-undeclared-selector -Wno-deprecated-implementations -Wno-implicit-fallthrough -isysroot /Applications/Xcode-27.0.0-Release.Candidate.app/Contents/Developer/Platforms/WatchOS.platform/Developer/SDKs/WatchOS27.0.sdk -fstrict-aliasing -Wprotocol -Wdeprecated-declarations -Wno-sign-conversion -Wno-infinite-recursion -Wno-comma -Wno-block-capture-autoreleasing -Wno-strict-prototypes -Wno-semicolon-before-method-body -index-store-path /Users/admin/builder/spi-builder-workspace/.derivedData/Index.noindex/DataStore @/Users/admin/builder/spi-builder-workspace/.derivedData/Build/Intermediates.noindex/msgpack.build/Debug-watchos/msgpack-t.build/Objects-normal/arm64_32/e6072d4f65d7061329687fe24e3d63a7-common-args.resp -MMD -MT dependencies -MF /Users/admin/builder/spi-builder-workspace/.derivedData/Build/Intermediates.noindex/msgpack.build/Debug-watchos/msgpack-t.build/Objects-normal/arm64_32/MessagePackPacker.d --serialize-diagnostics /Users/admin/builder/spi-builder-workspace/.derivedData/Build/Intermediates.noindex/msgpack.build/Debug-watchos/msgpack-t.build/Objects-normal/arm64_32/MessagePackPacker.dia -c /Users/admin/builder/spi-builder-workspace/.dependencies/checkouts/msgpack-objective-C/Pod/Classes/MessagePackPacker.m -o /Users/admin/builder/spi-builder-workspace/.derivedData/Build/Intermediates.noindex/msgpack.build/Debug-watchos/msgpack-t.build/Objects-normal/arm64_32/MessagePackPacker.o -index-unit-output-path /msgpack.build/Debug-watchos/msgpack-t.build/Objects-normal/arm64_32/MessagePackPacker.o
CompileC /Users/admin/builder/spi-builder-workspace/.derivedData/Build/Intermediates.noindex/ably-cocoa.build/Debug-watchos/_AblyPluginSupportPrivate-t.build/Objects-normal/arm64_32/APDependencyStore.o /Users/admin/builder/spi-builder-workspace/.dependencies/checkouts/ably-cocoa/_AblyPluginSupportPrivate/APDependencyStore.m normal arm64_32 objective-c com.apple.compilers.llvm.clang.1_0.compiler (in target '_AblyPluginSupportPrivate' from project 'ably-cocoa')
cd /Users/admin/builder/spi-builder-workspace/.swiftpm/xcode
Using response file: /Users/admin/builder/spi-builder-workspace/.derivedData/Build/Intermediates.noindex/ably-cocoa.build/Debug-watchos/_AblyPluginSupportPrivate-t.build/Objects-normal/arm64_32/e6072d4f65d7061329687fe24e3d63a7-common-args.resp
/Applications/Xcode-27.0.0-Release.Candidate.app/Contents/Developer/Toolchains/XcodeDefault.xctoolchain/usr/bin/clang -x objective-c -ivfsstatcache /Users/admin/builder/spi-builder-workspace/.derivedData/SDKStatCaches.noindex/watchos27.0-24R360-e829b21a6f8c9b70876ba0858053c04477534ef55a1706bf4c1112bbb242f0a2.sdkstatcache -target arm64_32-apple-watchos9.0 -fmessage-length\=0 -fdiagnostics-show-note-include-stack -fmacro-backtrace-limit\=0 -fno-color-diagnostics -fmodules-prune-interval\=86400 -fmodules-prune-after\=345600 -fbuild-session-file\=/Users/admin/builder/spi-builder-workspace/.derivedData/ModuleCache.noindex/Session.modulevalidation -fmodules-validate-once-per-build-session -Wnon-modular-include-in-framework-module -Werror\=non-modular-include-in-framework-module -Wno-trigraphs -Wno-missing-field-initializers -Wno-missing-prototypes -Wno-return-type -Wno-implicit-atomic-properties -Wno-objc-interface-ivars -Wno-arc-repeated-use-of-weak -Wno-missing-braces -Wparentheses -Wswitch -Wno-unused-function -Wno-unused-label -Wno-unused-parameter -Wno-unused-variable -Wunused-value -Wno-empty-body -Wno-uninitialized -Wno-unknown-pragmas -w -Wno-shadow -Wno-four-char-constants -Wno-conversion -Wno-constant-conversion -Wno-int-conversion -Wno-bool-conversion -Wno-enum-conversion -Wno-float-conversion -Wno-non-literal-null-conversion -Wno-objc-literal-conversion -Wno-shorten-64-to-32 -Wpointer-sign -Wno-newline-eof -Wno-selector -Wno-strict-selector-match -Wno-undeclared-selector -Wno-deprecated-implementations -Wno-implicit-fallthrough -isysroot /Applications/Xcode-27.0.0-Release.Candidate.app/Contents/Developer/Platforms/WatchOS.platform/Developer/SDKs/WatchOS27.0.sdk -fstrict-aliasing -Wprotocol -Wdeprecated-declarations -Wno-sign-conversion -Wno-infinite-recursion -Wno-comma -Wno-block-capture-autoreleasing -Wno-strict-prototypes -Wno-semicolon-before-method-body -index-store-path /Users/admin/builder/spi-builder-workspace/.derivedData/Index.noindex/DataStore @/Users/admin/builder/spi-builder-workspace/.derivedData/Build/Intermediates.noindex/ably-cocoa.build/Debug-watchos/_AblyPluginSupportPrivate-t.build/Objects-normal/arm64_32/e6072d4f65d7061329687fe24e3d63a7-common-args.resp -MMD -MT dependencies -MF /Users/admin/builder/spi-builder-workspace/.derivedData/Build/Intermediates.noindex/ably-cocoa.build/Debug-watchos/_AblyPluginSupportPrivate-t.build/Objects-normal/arm64_32/APDependencyStore.d --serialize-diagnostics /Users/admin/builder/spi-builder-workspace/.derivedData/Build/Intermediates.noindex/ably-cocoa.build/Debug-watchos/_AblyPluginSupportPrivate-t.build/Objects-normal/arm64_32/APDependencyStore.dia -c /Users/admin/builder/spi-builder-workspace/.dependencies/checkouts/ably-cocoa/_AblyPluginSupportPrivate/APDependencyStore.m -o /Users/admin/builder/spi-builder-workspace/.derivedData/Build/Intermediates.noindex/ably-cocoa.build/Debug-watchos/_AblyPluginSupportPrivate-t.build/Objects-normal/arm64_32/APDependencyStore.o -index-unit-output-path /ably-cocoa.build/Debug-watchos/_AblyPluginSupportPrivate-t.build/Objects-normal/arm64_32/APDependencyStore.o
PrecompileModule /Users/admin/builder/spi-builder-workspace/.derivedData/Build/Intermediates.noindex/ExplicitPrecompiledModules/Security-EW5R5LNPUJP0PDDEAKCJKN2ET.scan
cd /
builtin-precompileModule /Users/admin/builder/spi-builder-workspace/.derivedData/Build/Intermediates.noindex/ExplicitPrecompiledModules/Security-EW5R5LNPUJP0PDDEAKCJKN2ET.scan
PrecompileModule /Users/admin/builder/spi-builder-workspace/.derivedData/Build/Intermediates.noindex/ExplicitPrecompiledModules/os_object-726CP7EUQWR2JQI5TXKWUY10W.scan
cd /
builtin-precompileModule /Users/admin/builder/spi-builder-workspace/.derivedData/Build/Intermediates.noindex/ExplicitPrecompiledModules/os_object-726CP7EUQWR2JQI5TXKWUY10W.scan
ScanDependencies /Users/admin/builder/spi-builder-workspace/.derivedData/Build/Intermediates.noindex/ably-cocoa.build/Debug-watchos/Ably-t.build/Objects-normal/arm64_32/ARTPushActivationState.o /Users/admin/builder/spi-builder-workspace/.dependencies/checkouts/ably-cocoa/Source/ARTPushActivationState.m normal arm64_32 objective-c com.apple.compilers.llvm.clang.1_0.compiler (in target 'Ably' from project 'ably-cocoa')
cd /Users/admin/builder/spi-builder-workspace/.swiftpm/xcode
Using response file: /Users/admin/builder/spi-builder-workspace/.derivedData/Build/Intermediates.noindex/ably-cocoa.build/Debug-watchos/Ably-t.build/Objects-normal/arm64_32/e6072d4f65d7061329687fe24e3d63a7-common-args.resp
builtin-ScanDependencies -o /Users/admin/builder/spi-builder-workspace/.derivedData/Build/Intermediates.noindex/ably-cocoa.build/Debug-watchos/Ably-t.build/Objects-normal/arm64_32/ARTPushActivationState.o.scan -- /Applications/Xcode-27.0.0-Release.Candidate.app/Contents/Developer/Toolchains/XcodeDefault.xctoolchain/usr/bin/clang -x objective-c -ivfsstatcache /Users/admin/builder/spi-builder-workspace/.derivedData/SDKStatCaches.noindex/watchos27.0-24R360-e829b21a6f8c9b70876ba0858053c04477534ef55a1706bf4c1112bbb242f0a2.sdkstatcache -target arm64_32-apple-watchos9.0 -fmessage-length\=0 -fdiagnostics-show-note-include-stack -fmacro-backtrace-limit\=0 -fno-color-diagnostics -fmodules-prune-interval\=86400 -fmodules-prune-after\=345600 -fbuild-session-file\=/Users/admin/builder/spi-builder-workspace/.derivedData/ModuleCache.noindex/Session.modulevalidation -fmodules-validate-once-per-build-session -Wnon-modular-include-in-framework-module -Werror\=non-modular-include-in-framework-module -Wno-trigraphs -Wno-missing-field-initializers -Wno-missing-prototypes -Wno-return-type -Wno-implicit-atomic-properties -Wno-objc-interface-ivars -Wno-arc-repeated-use-of-weak -Wno-missing-braces -Wparentheses -Wswitch -Wno-unused-function -Wno-unused-label -Wno-unused-parameter -Wno-unused-variable -Wunused-value -Wno-empty-body -Wno-uninitialized -Wno-unknown-pragmas -w -Wno-shadow -Wno-four-char-constants -Wno-conversion -Wno-constant-conversion -Wno-int-conversion -Wno-bool-conversion -Wno-enum-conversion -Wno-float-conversion -Wno-non-literal-null-conversion -Wno-objc-literal-conversion -Wno-shorten-64-to-32 -Wpointer-sign -Wno-newline-eof -Wno-selector -Wno-strict-selector-match -Wno-undeclared-selector -Wno-deprecated-implementations -Wno-implicit-fallthrough -isysroot /Applications/Xcode-27.0.0-Release.Candidate.app/Contents/Developer/Platforms/WatchOS.platform/Developer/SDKs/WatchOS27.0.sdk -fstrict-aliasing -Wprotocol -Wdeprecated-declarations -Wno-sign-conversion -Wno-infinite-recursion -Wno-comma -Wno-block-capture-autoreleasing -Wno-strict-prototypes -Wno-semicolon-before-method-body -index-store-path /Users/admin/builder/spi-builder-workspace/.derivedData/Index.noindex/DataStore @/Users/admin/builder/spi-builder-workspace/.derivedData/Build/Intermediates.noindex/ably-cocoa.build/Debug-watchos/Ably-t.build/Objects-normal/arm64_32/e6072d4f65d7061329687fe24e3d63a7-common-args.resp -include /Users/admin/builder/spi-builder-workspace/.derivedData/Build/Intermediates.noindex/ably-cocoa.build/Debug-watchos/Ably-t.build/DerivedSources/resource_bundle_accessor.h -MMD -MT dependencies -MF /Users/admin/builder/spi-builder-workspace/.derivedData/Build/Intermediates.noindex/ably-cocoa.build/Debug-watchos/Ably-t.build/Objects-normal/arm64_32/ARTPushActivationState.d --serialize-diagnostics /Users/admin/builder/spi-builder-workspace/.derivedData/Build/Intermediates.noindex/ably-cocoa.build/Debug-watchos/Ably-t.build/Objects-normal/arm64_32/ARTPushActivationState.dia -c /Users/admin/builder/spi-builder-workspace/.dependencies/checkouts/ably-cocoa/Source/ARTPushActivationState.m -o /Users/admin/builder/spi-builder-workspace/.derivedData/Build/Intermediates.noindex/ably-cocoa.build/Debug-watchos/Ably-t.build/Objects-normal/arm64_32/ARTPushActivationState.o -index-unit-output-path /ably-cocoa.build/Debug-watchos/Ably-t.build/Objects-normal/arm64_32/ARTPushActivationState.o
ScanDependencies /Users/admin/builder/spi-builder-workspace/.derivedData/Build/Intermediates.noindex/ably-cocoa.build/Debug-watchos/Ably-t.build/Objects-normal/arm64_32/ARTPushActivationEvent.o /Users/admin/builder/spi-builder-workspace/.dependencies/checkouts/ably-cocoa/Source/ARTPushActivationEvent.m normal arm64_32 objective-c com.apple.compilers.llvm.clang.1_0.compiler (in target 'Ably' from project 'ably-cocoa')
cd /Users/admin/builder/spi-builder-workspace/.swiftpm/xcode
Using response file: /Users/admin/builder/spi-builder-workspace/.derivedData/Build/Intermediates.noindex/ably-cocoa.build/Debug-watchos/Ably-t.build/Objects-normal/arm64_32/e6072d4f65d7061329687fe24e3d63a7-common-args.resp
builtin-ScanDependencies -o /Users/admin/builder/spi-builder-workspace/.derivedData/Build/Intermediates.noindex/ably-cocoa.build/Debug-watchos/Ably-t.build/Objects-normal/arm64_32/ARTPushActivationEvent.o.scan -- /Applications/Xcode-27.0.0-Release.Candidate.app/Contents/Developer/Toolchains/XcodeDefault.xctoolchain/usr/bin/clang -x objective-c -ivfsstatcache /Users/admin/builder/spi-builder-workspace/.derivedData/SDKStatCaches.noindex/watchos27.0-24R360-e829b21a6f8c9b70876ba0858053c04477534ef55a1706bf4c1112bbb242f0a2.sdkstatcache -target arm64_32-apple-watchos9.0 -fmessage-length\=0 -fdiagnostics-show-note-include-stack -fmacro-backtrace-limit\=0 -fno-color-diagnostics -fmodules-prune-interval\=86400 -fmodules-prune-after\=345600 -fbuild-session-file\=/Users/admin/builder/spi-builder-workspace/.derivedData/ModuleCache.noindex/Session.modulevalidation -fmodules-validate-once-per-build-session -Wnon-modular-include-in-framework-module -Werror\=non-modular-include-in-framework-module -Wno-trigraphs -Wno-missing-field-initializers -Wno-missing-prototypes -Wno-return-type -Wno-implicit-atomic-properties -Wno-objc-interface-ivars -Wno-arc-repeated-use-of-weak -Wno-missing-braces -Wparentheses -Wswitch -Wno-unused-function -Wno-unused-label -Wno-unused-parameter -Wno-unused-variable -Wunused-value -Wno-empty-body -Wno-uninitialized -Wno-unknown-pragmas -w -Wno-shadow -Wno-four-char-constants -Wno-conversion -Wno-constant-conversion -Wno-int-conversion -Wno-bool-conversion -Wno-enum-conversion -Wno-float-conversion -Wno-non-literal-null-conversion -Wno-objc-literal-conversion -Wno-shorten-64-to-32 -Wpointer-sign -Wno-newline-eof -Wno-selector -Wno-strict-selector-match -Wno-undeclared-selector -Wno-deprecated-implementations -Wno-implicit-fallthrough -isysroot /Applications/Xcode-27.0.0-Release.Candidate.app/Contents/Developer/Platforms/WatchOS.platform/Developer/SDKs/WatchOS27.0.sdk -fstrict-aliasing -Wprotocol -Wdeprecated-declarations -Wno-sign-conversion -Wno-infinite-recursion -Wno-comma -Wno-block-capture-autoreleasing -Wno-strict-prototypes -Wno-semicolon-before-method-body -index-store-path /Users/admin/builder/spi-builder-workspace/.derivedData/Index.noindex/DataStore @/Users/admin/builder/spi-builder-workspace/.derivedData/Build/Intermediates.noindex/ably-cocoa.build/Debug-watchos/Ably-t.build/Objects-normal/arm64_32/e6072d4f65d7061329687fe24e3d63a7-common-args.resp -include /Users/admin/builder/spi-builder-workspace/.derivedData/Build/Intermediates.noindex/ably-cocoa.build/Debug-watchos/Ably-t.build/DerivedSources/resource_bundle_accessor.h -MMD -MT dependencies -MF /Users/admin/builder/spi-builder-workspace/.derivedData/Build/Intermediates.noindex/ably-cocoa.build/Debug-watchos/Ably-t.build/Objects-normal/arm64_32/ARTPushActivationEvent.d --serialize-diagnostics /Users/admin/builder/spi-builder-workspace/.derivedData/Build/Intermediates.noindex/ably-cocoa.build/Debug-watchos/Ably-t.build/Objects-normal/arm64_32/ARTPushActivationEvent.dia -c /Users/admin/builder/spi-builder-workspace/.dependencies/checkouts/ably-cocoa/Source/ARTPushActivationEvent.m -o /Users/admin/builder/spi-builder-workspace/.derivedData/Build/Intermediates.noindex/ably-cocoa.build/Debug-watchos/Ably-t.build/Objects-normal/arm64_32/ARTPushActivationEvent.o -index-unit-output-path /ably-cocoa.build/Debug-watchos/Ably-t.build/Objects-normal/arm64_32/ARTPushActivationEvent.o
ScanDependencies /Users/admin/builder/spi-builder-workspace/.derivedData/Build/Intermediates.noindex/ably-cocoa.build/Debug-watchos/Ably-t.build/Objects-normal/arm64_32/ARTPush.o /Users/admin/builder/spi-builder-workspace/.dependencies/checkouts/ably-cocoa/Source/ARTPush.m normal arm64_32 objective-c com.apple.compilers.llvm.clang.1_0.compiler (in target 'Ably' from project 'ably-cocoa')
cd /Users/admin/builder/spi-builder-workspace/.swiftpm/xcode
Using response file: /Users/admin/builder/spi-builder-workspace/.derivedData/Build/Intermediates.noindex/ably-cocoa.build/Debug-watchos/Ably-t.build/Objects-normal/arm64_32/e6072d4f65d7061329687fe24e3d63a7-common-args.resp
builtin-ScanDependencies -o /Users/admin/builder/spi-builder-workspace/.derivedData/Build/Intermediates.noindex/ably-cocoa.build/Debug-watchos/Ably-t.build/Objects-normal/arm64_32/ARTPush.o.scan -- /Applications/Xcode-27.0.0-Release.Candidate.app/Contents/Developer/Toolchains/XcodeDefault.xctoolchain/usr/bin/clang -x objective-c -ivfsstatcache /Users/admin/builder/spi-builder-workspace/.derivedData/SDKStatCaches.noindex/watchos27.0-24R360-e829b21a6f8c9b70876ba0858053c04477534ef55a1706bf4c1112bbb242f0a2.sdkstatcache -target arm64_32-apple-watchos9.0 -fmessage-length\=0 -fdiagnostics-show-note-include-stack -fmacro-backtrace-limit\=0 -fno-color-diagnostics -fmodules-prune-interval\=86400 -fmodules-prune-after\=345600 -fbuild-session-file\=/Users/admin/builder/spi-builder-workspace/.derivedData/ModuleCache.noindex/Session.modulevalidation -fmodules-validate-once-per-build-session -Wnon-modular-include-in-framework-module -Werror\=non-modular-include-in-framework-module -Wno-trigraphs -Wno-missing-field-initializers -Wno-missing-prototypes -Wno-return-type -Wno-implicit-atomic-properties -Wno-objc-interface-ivars -Wno-arc-repeated-use-of-weak -Wno-missing-braces -Wparentheses -Wswitch -Wno-unused-function -Wno-unused-label -Wno-unused-parameter -Wno-unused-variable -Wunused-value -Wno-empty-body -Wno-uninitialized -Wno-unknown-pragmas -w -Wno-shadow -Wno-four-char-constants -Wno-conversion -Wno-constant-conversion -Wno-int-conversion -Wno-bool-conversion -Wno-enum-conversion -Wno-float-conversion -Wno-non-literal-null-conversion -Wno-objc-literal-conversion -Wno-shorten-64-to-32 -Wpointer-sign -Wno-newline-eof -Wno-selector -Wno-strict-selector-match -Wno-undeclared-selector -Wno-deprecated-implementations -Wno-implicit-fallthrough -isysroot /Applications/Xcode-27.0.0-Release.Candidate.app/Contents/Developer/Platforms/WatchOS.platform/Developer/SDKs/WatchOS27.0.sdk -fstrict-aliasing -Wprotocol -Wdeprecated-declarations -Wno-sign-conversion -Wno-infinite-recursion -Wno-comma -Wno-block-capture-autoreleasing -Wno-strict-prototypes -Wno-semicolon-before-method-body -index-store-path /Users/admin/builder/spi-builder-workspace/.derivedData/Index.noindex/DataStore @/Users/admin/builder/spi-builder-workspace/.derivedData/Build/Intermediates.noindex/ably-cocoa.build/Debug-watchos/Ably-t.build/Objects-normal/arm64_32/e6072d4f65d7061329687fe24e3d63a7-common-args.resp -include /Users/admin/builder/spi-builder-workspace/.derivedData/Build/Intermediates.noindex/ably-cocoa.build/Debug-watchos/Ably-t.build/DerivedSources/resource_bundle_accessor.h -MMD -MT dependencies -MF /Users/admin/builder/spi-builder-workspace/.derivedData/Build/Intermediates.noindex/ably-cocoa.build/Debug-watchos/Ably-t.build/Objects-normal/arm64_32/ARTPush.d --serialize-diagnostics /Users/admin/builder/spi-builder-workspace/.derivedData/Build/Intermediates.noindex/ably-cocoa.build/Debug-watchos/Ably-t.build/Objects-normal/arm64_32/ARTPush.dia -c /Users/admin/builder/spi-builder-workspace/.dependencies/checkouts/ably-cocoa/Source/ARTPush.m -o /Users/admin/builder/spi-builder-workspace/.derivedData/Build/Intermediates.noindex/ably-cocoa.build/Debug-watchos/Ably-t.build/Objects-normal/arm64_32/ARTPush.o -index-unit-output-path /ably-cocoa.build/Debug-watchos/Ably-t.build/Objects-normal/arm64_32/ARTPush.o
ScanDependencies /Users/admin/builder/spi-builder-workspace/.derivedData/Build/Intermediates.noindex/ably-cocoa.build/Debug-watchos/Ably-t.build/Objects-normal/arm64_32/ARTPublishResultSerial.o /Users/admin/builder/spi-builder-workspace/.dependencies/checkouts/ably-cocoa/Source/ARTPublishResultSerial.m normal arm64_32 objective-c com.apple.compilers.llvm.clang.1_0.compiler (in target 'Ably' from project 'ably-cocoa')
cd /Users/admin/builder/spi-builder-workspace/.swiftpm/xcode
Using response file: /Users/admin/builder/spi-builder-workspace/.derivedData/Build/Intermediates.noindex/ably-cocoa.build/Debug-watchos/Ably-t.build/Objects-normal/arm64_32/e6072d4f65d7061329687fe24e3d63a7-common-args.resp
builtin-ScanDependencies -o /Users/admin/builder/spi-builder-workspace/.derivedData/Build/Intermediates.noindex/ably-cocoa.build/Debug-watchos/Ably-t.build/Objects-normal/arm64_32/ARTPublishResultSerial.o.scan -- /Applications/Xcode-27.0.0-Release.Candidate.app/Contents/Developer/Toolchains/XcodeDefault.xctoolchain/usr/bin/clang -x objective-c -ivfsstatcache /Users/admin/builder/spi-builder-workspace/.derivedData/SDKStatCaches.noindex/watchos27.0-24R360-e829b21a6f8c9b70876ba0858053c04477534ef55a1706bf4c1112bbb242f0a2.sdkstatcache -target arm64_32-apple-watchos9.0 -fmessage-length\=0 -fdiagnostics-show-note-include-stack -fmacro-backtrace-limit\=0 -fno-color-diagnostics -fmodules-prune-interval\=86400 -fmodules-prune-after\=345600 -fbuild-session-file\=/Users/admin/builder/spi-builder-workspace/.derivedData/ModuleCache.noindex/Session.modulevalidation -fmodules-validate-once-per-build-session -Wnon-modular-include-in-framework-module -Werror\=non-modular-include-in-framework-module -Wno-trigraphs -Wno-missing-field-initializers -Wno-missing-prototypes -Wno-return-type -Wno-implicit-atomic-properties -Wno-objc-interface-ivars -Wno-arc-repeated-use-of-weak -Wno-missing-braces -Wparentheses -Wswitch -Wno-unused-function -Wno-unused-label -Wno-unused-parameter -Wno-unused-variable -Wunused-value -Wno-empty-body -Wno-uninitialized -Wno-unknown-pragmas -w -Wno-shadow -Wno-four-char-constants -Wno-conversion -Wno-constant-conversion -Wno-int-conversion -Wno-bool-conversion -Wno-enum-conversion -Wno-float-conversion -Wno-non-literal-null-conversion -Wno-objc-literal-conversion -Wno-shorten-64-to-32 -Wpointer-sign -Wno-newline-eof -Wno-selector -Wno-strict-selector-match -Wno-undeclared-selector -Wno-deprecated-implementations -Wno-implicit-fallthrough -isysroot /Applications/Xcode-27.0.0-Release.Candidate.app/Contents/Developer/Platforms/WatchOS.platform/Developer/SDKs/WatchOS27.0.sdk -fstrict-aliasing -Wprotocol -Wdeprecated-declarations -Wno-sign-conversion -Wno-infinite-recursion -Wno-comma -Wno-block-capture-autoreleasing -Wno-strict-prototypes -Wno-semicolon-before-method-body -index-store-path /Users/admin/builder/spi-builder-workspace/.derivedData/Index.noindex/DataStore @/Users/admin/builder/spi-builder-workspace/.derivedData/Build/Intermediates.noindex/ably-cocoa.build/Debug-watchos/Ably-t.build/Objects-normal/arm64_32/e6072d4f65d7061329687fe24e3d63a7-common-args.resp -include /Users/admin/builder/spi-builder-workspace/.derivedData/Build/Intermediates.noindex/ably-cocoa.build/Debug-watchos/Ably-t.build/DerivedSources/resource_bundle_accessor.h -MMD -MT dependencies -MF /Users/admin/builder/spi-builder-workspace/.derivedData/Build/Intermediates.noindex/ably-cocoa.build/Debug-watchos/Ably-t.build/Objects-normal/arm64_32/ARTPublishResultSerial.d --serialize-diagnostics /Users/admin/builder/spi-builder-workspace/.derivedData/Build/Intermediates.noindex/ably-cocoa.build/Debug-watchos/Ably-t.build/Objects-normal/arm64_32/ARTPublishResultSerial.dia -c /Users/admin/builder/spi-builder-workspace/.dependencies/checkouts/ably-cocoa/Source/ARTPublishResultSerial.m -o /Users/admin/builder/spi-builder-workspace/.derivedData/Build/Intermediates.noindex/ably-cocoa.build/Debug-watchos/Ably-t.build/Objects-normal/arm64_32/ARTPublishResultSerial.o -index-unit-output-path /ably-cocoa.build/Debug-watchos/Ably-t.build/Objects-normal/arm64_32/ARTPublishResultSerial.o
ScanDependencies /Users/admin/builder/spi-builder-workspace/.derivedData/Build/Intermediates.noindex/ably-cocoa.build/Debug-watchos/Ably-t.build/Objects-normal/arm64_32/ARTPublishResult.o /Users/admin/builder/spi-builder-workspace/.dependencies/checkouts/ably-cocoa/Source/ARTPublishResult.m normal arm64_32 objective-c com.apple.compilers.llvm.clang.1_0.compiler (in target 'Ably' from project 'ably-cocoa')
cd /Users/admin/builder/spi-builder-workspace/.swiftpm/xcode
Using response file: /Users/admin/builder/spi-builder-workspace/.derivedData/Build/Intermediates.noindex/ably-cocoa.build/Debug-watchos/Ably-t.build/Objects-normal/arm64_32/e6072d4f65d7061329687fe24e3d63a7-common-args.resp
builtin-ScanDependencies -o /Users/admin/builder/spi-builder-workspace/.derivedData/Build/Intermediates.noindex/ably-cocoa.build/Debug-watchos/Ably-t.build/Objects-normal/arm64_32/ARTPublishResult.o.scan -- /Applications/Xcode-27.0.0-Release.Candidate.app/Contents/Developer/Toolchains/XcodeDefault.xctoolchain/usr/bin/clang -x objective-c -ivfsstatcache /Users/admin/builder/spi-builder-workspace/.derivedData/SDKStatCaches.noindex/watchos27.0-24R360-e829b21a6f8c9b70876ba0858053c04477534ef55a1706bf4c1112bbb242f0a2.sdkstatcache -target arm64_32-apple-watchos9.0 -fmessage-length\=0 -fdiagnostics-show-note-include-stack -fmacro-backtrace-limit\=0 -fno-color-diagnostics -fmodules-prune-interval\=86400 -fmodules-prune-after\=345600 -fbuild-session-file\=/Users/admin/builder/spi-builder-workspace/.derivedData/ModuleCache.noindex/Session.modulevalidation -fmodules-validate-once-per-build-session -Wnon-modular-include-in-framework-module -Werror\=non-modular-include-in-framework-module -Wno-trigraphs -Wno-missing-field-initializers -Wno-missing-prototypes -Wno-return-type -Wno-implicit-atomic-properties -Wno-objc-interface-ivars -Wno-arc-repeated-use-of-weak -Wno-missing-braces -Wparentheses -Wswitch -Wno-unused-function -Wno-unused-label -Wno-unused-parameter -Wno-unused-variable -Wunused-value -Wno-empty-body -Wno-uninitialized -Wno-unknown-pragmas -w -Wno-shadow -Wno-four-char-constants -Wno-conversion -Wno-constant-conversion -Wno-int-conversion -Wno-bool-conversion -Wno-enum-conversion -Wno-float-conversion -Wno-non-literal-null-conversion -Wno-objc-literal-conversion -Wno-shorten-64-to-32 -Wpointer-sign -Wno-newline-eof -Wno-selector -Wno-strict-selector-match -Wno-undeclared-selector -Wno-deprecated-implementations -Wno-implicit-fallthrough -isysroot /Applications/Xcode-27.0.0-Release.Candidate.app/Contents/Developer/Platforms/WatchOS.platform/Developer/SDKs/WatchOS27.0.sdk -fstrict-aliasing -Wprotocol -Wdeprecated-declarations -Wno-sign-conversion -Wno-infinite-recursion -Wno-comma -Wno-block-capture-autoreleasing -Wno-strict-prototypes -Wno-semicolon-before-method-body -index-store-path /Users/admin/builder/spi-builder-workspace/.derivedData/Index.noindex/DataStore @/Users/admin/builder/spi-builder-workspace/.derivedData/Build/Intermediates.noindex/ably-cocoa.build/Debug-watchos/Ably-t.build/Objects-normal/arm64_32/e6072d4f65d7061329687fe24e3d63a7-common-args.resp -include /Users/admin/builder/spi-builder-workspace/.derivedData/Build/Intermediates.noindex/ably-cocoa.build/Debug-watchos/Ably-t.build/DerivedSources/resource_bundle_accessor.h -MMD -MT dependencies -MF /Users/admin/builder/spi-builder-workspace/.derivedData/Build/Intermediates.noindex/ably-cocoa.build/Debug-watchos/Ably-t.build/Objects-normal/arm64_32/ARTPublishResult.d --serialize-diagnostics /Users/admin/builder/spi-builder-workspace/.derivedData/Build/Intermediates.noindex/ably-cocoa.build/Debug-watchos/Ably-t.build/Objects-normal/arm64_32/ARTPublishResult.dia -c /Users/admin/builder/spi-builder-workspace/.dependencies/checkouts/ably-cocoa/Source/ARTPublishResult.m -o /Users/admin/builder/spi-builder-workspace/.derivedData/Build/Intermediates.noindex/ably-cocoa.build/Debug-watchos/Ably-t.build/Objects-normal/arm64_32/ARTPublishResult.o -index-unit-output-path /ably-cocoa.build/Debug-watchos/Ably-t.build/Objects-normal/arm64_32/ARTPublishResult.o
ScanDependencies /Users/admin/builder/spi-builder-workspace/.derivedData/Build/Intermediates.noindex/ably-cocoa.build/Debug-watchos/Ably-t.build/Objects-normal/arm64_32/ARTPublicRealtimeChannelUnderlyingObjects.o /Users/admin/builder/spi-builder-workspace/.dependencies/checkouts/ably-cocoa/Source/ARTPublicRealtimeChannelUnderlyingObjects.m normal arm64_32 objective-c com.apple.compilers.llvm.clang.1_0.compiler (in target 'Ably' from project 'ably-cocoa')
cd /Users/admin/builder/spi-builder-workspace/.swiftpm/xcode
Using response file: /Users/admin/builder/spi-builder-workspace/.derivedData/Build/Intermediates.noindex/ably-cocoa.build/Debug-watchos/Ably-t.build/Objects-normal/arm64_32/e6072d4f65d7061329687fe24e3d63a7-common-args.resp
builtin-ScanDependencies -o /Users/admin/builder/spi-builder-workspace/.derivedData/Build/Intermediates.noindex/ably-cocoa.build/Debug-watchos/Ably-t.build/Objects-normal/arm64_32/ARTPublicRealtimeChannelUnderlyingObjects.o.scan -- /Applications/Xcode-27.0.0-Release.Candidate.app/Contents/Developer/Toolchains/XcodeDefault.xctoolchain/usr/bin/clang -x objective-c -ivfsstatcache /Users/admin/builder/spi-builder-workspace/.derivedData/SDKStatCaches.noindex/watchos27.0-24R360-e829b21a6f8c9b70876ba0858053c04477534ef55a1706bf4c1112bbb242f0a2.sdkstatcache -target arm64_32-apple-watchos9.0 -fmessage-length\=0 -fdiagnostics-show-note-include-stack -fmacro-backtrace-limit\=0 -fno-color-diagnostics -fmodules-prune-interval\=86400 -fmodules-prune-after\=345600 -fbuild-session-file\=/Users/admin/builder/spi-builder-workspace/.derivedData/ModuleCache.noindex/Session.modulevalidation -fmodules-validate-once-per-build-session -Wnon-modular-include-in-framework-module -Werror\=non-modular-include-in-framework-module -Wno-trigraphs -Wno-missing-field-initializers -Wno-missing-prototypes -Wno-return-type -Wno-implicit-atomic-properties -Wno-objc-interface-ivars -Wno-arc-repeated-use-of-weak -Wno-missing-braces -Wparentheses -Wswitch -Wno-unused-function -Wno-unused-label -Wno-unused-parameter -Wno-unused-variable -Wunused-value -Wno-empty-body -Wno-uninitialized -Wno-unknown-pragmas -w -Wno-shadow -Wno-four-char-constants -Wno-conversion -Wno-constant-conversion -Wno-int-conversion -Wno-bool-conversion -Wno-enum-conversion -Wno-float-conversion -Wno-non-literal-null-conversion -Wno-objc-literal-conversion -Wno-shorten-64-to-32 -Wpointer-sign -Wno-newline-eof -Wno-selector -Wno-strict-selector-match -Wno-undeclared-selector -Wno-deprecated-implementations -Wno-implicit-fallthrough -isysroot /Applications/Xcode-27.0.0-Release.Candidate.app/Contents/Developer/Platforms/WatchOS.platform/Developer/SDKs/WatchOS27.0.sdk -fstrict-aliasing -Wprotocol -Wdeprecated-declarations -Wno-sign-conversion -Wno-infinite-recursion -Wno-comma -Wno-block-capture-autoreleasing -Wno-strict-prototypes -Wno-semicolon-before-method-body -index-store-path /Users/admin/builder/spi-builder-workspace/.derivedData/Index.noindex/DataStore @/Users/admin/builder/spi-builder-workspace/.derivedData/Build/Intermediates.noindex/ably-cocoa.build/Debug-watchos/Ably-t.build/Objects-normal/arm64_32/e6072d4f65d7061329687fe24e3d63a7-common-args.resp -include /Users/admin/builder/spi-builder-workspace/.derivedData/Build/Intermediates.noindex/ably-cocoa.build/Debug-watchos/Ably-t.build/DerivedSources/resource_bundle_accessor.h -MMD -MT dependencies -MF /Users/admin/builder/spi-builder-workspace/.derivedData/Build/Intermediates.noindex/ably-cocoa.build/Debug-watchos/Ably-t.build/Objects-normal/arm64_32/ARTPublicRealtimeChannelUnderlyingObjects.d --serialize-diagnostics /Users/admin/builder/spi-builder-workspace/.derivedData/Build/Intermediates.noindex/ably-cocoa.build/Debug-watchos/Ably-t.build/Objects-normal/arm64_32/ARTPublicRealtimeChannelUnderlyingObjects.dia -c /Users/admin/builder/spi-builder-workspace/.dependencies/checkouts/ably-cocoa/Source/ARTPublicRealtimeChannelUnderlyingObjects.m -o /Users/admin/builder/spi-builder-workspace/.derivedData/Build/Intermediates.noindex/ably-cocoa.build/Debug-watchos/Ably-t.build/Objects-normal/arm64_32/ARTPublicRealtimeChannelUnderlyingObjects.o -index-unit-output-path /ably-cocoa.build/Debug-watchos/Ably-t.build/Objects-normal/arm64_32/ARTPublicRealtimeChannelUnderlyingObjects.o
ScanDependencies /Users/admin/builder/spi-builder-workspace/.derivedData/Build/Intermediates.noindex/ably-cocoa.build/Debug-watchos/Ably-t.build/Objects-normal/arm64_32/ARTProtocolMessage.o /Users/admin/builder/spi-builder-workspace/.dependencies/checkouts/ably-cocoa/Source/ARTProtocolMessage.m normal arm64_32 objective-c com.apple.compilers.llvm.clang.1_0.compiler (in target 'Ably' from project 'ably-cocoa')
cd /Users/admin/builder/spi-builder-workspace/.swiftpm/xcode
Using response file: /Users/admin/builder/spi-builder-workspace/.derivedData/Build/Intermediates.noindex/ably-cocoa.build/Debug-watchos/Ably-t.build/Objects-normal/arm64_32/e6072d4f65d7061329687fe24e3d63a7-common-args.resp
builtin-ScanDependencies -o /Users/admin/builder/spi-builder-workspace/.derivedData/Build/Intermediates.noindex/ably-cocoa.build/Debug-watchos/Ably-t.build/Objects-normal/arm64_32/ARTProtocolMessage.o.scan -- /Applications/Xcode-27.0.0-Release.Candidate.app/Contents/Developer/Toolchains/XcodeDefault.xctoolchain/usr/bin/clang -x objective-c -ivfsstatcache /Users/admin/builder/spi-builder-workspace/.derivedData/SDKStatCaches.noindex/watchos27.0-24R360-e829b21a6f8c9b70876ba0858053c04477534ef55a1706bf4c1112bbb242f0a2.sdkstatcache -target arm64_32-apple-watchos9.0 -fmessage-length\=0 -fdiagnostics-show-note-include-stack -fmacro-backtrace-limit\=0 -fno-color-diagnostics -fmodules-prune-interval\=86400 -fmodules-prune-after\=345600 -fbuild-session-file\=/Users/admin/builder/spi-builder-workspace/.derivedData/ModuleCache.noindex/Session.modulevalidation -fmodules-validate-once-per-build-session -Wnon-modular-include-in-framework-module -Werror\=non-modular-include-in-framework-module -Wno-trigraphs -Wno-missing-field-initializers -Wno-missing-prototypes -Wno-return-type -Wno-implicit-atomic-properties -Wno-objc-interface-ivars -Wno-arc-repeated-use-of-weak -Wno-missing-braces -Wparentheses -Wswitch -Wno-unused-function -Wno-unused-label -Wno-unused-parameter -Wno-unused-variable -Wunused-value -Wno-empty-body -Wno-uninitialized -Wno-unknown-pragmas -w -Wno-shadow -Wno-four-char-constants -Wno-conversion -Wno-constant-conversion -Wno-int-conversion -Wno-bool-conversion -Wno-enum-conversion -Wno-float-conversion -Wno-non-literal-null-conversion -Wno-objc-literal-conversion -Wno-shorten-64-to-32 -Wpointer-sign -Wno-newline-eof -Wno-selector -Wno-strict-selector-match -Wno-undeclared-selector -Wno-deprecated-implementations -Wno-implicit-fallthrough -isysroot /Applications/Xcode-27.0.0-Release.Candidate.app/Contents/Developer/Platforms/WatchOS.platform/Developer/SDKs/WatchOS27.0.sdk -fstrict-aliasing -Wprotocol -Wdeprecated-declarations -Wno-sign-conversion -Wno-infinite-recursion -Wno-comma -Wno-block-capture-autoreleasing -Wno-strict-prototypes -Wno-semicolon-before-method-body -index-store-path /Users/admin/builder/spi-builder-workspace/.derivedData/Index.noindex/DataStore @/Users/admin/builder/spi-builder-workspace/.derivedData/Build/Intermediates.noindex/ably-cocoa.build/Debug-watchos/Ably-t.build/Objects-normal/arm64_32/e6072d4f65d7061329687fe24e3d63a7-common-args.resp -include /Users/admin/builder/spi-builder-workspace/.derivedData/Build/Intermediates.noindex/ably-cocoa.build/Debug-watchos/Ably-t.build/DerivedSources/resource_bundle_accessor.h -MMD -MT dependencies -MF /Users/admin/builder/spi-builder-workspace/.derivedData/Build/Intermediates.noindex/ably-cocoa.build/Debug-watchos/Ably-t.build/Objects-normal/arm64_32/ARTProtocolMessage.d --serialize-diagnostics /Users/admin/builder/spi-builder-workspace/.derivedData/Build/Intermediates.noindex/ably-cocoa.build/Debug-watchos/Ably-t.build/Objects-normal/arm64_32/ARTProtocolMessage.dia -c /Users/admin/builder/spi-builder-workspace/.dependencies/checkouts/ably-cocoa/Source/ARTProtocolMessage.m -o /Users/admin/builder/spi-builder-workspace/.derivedData/Build/Intermediates.noindex/ably-cocoa.build/Debug-watchos/Ably-t.build/Objects-normal/arm64_32/ARTProtocolMessage.o -index-unit-output-path /ably-cocoa.build/Debug-watchos/Ably-t.build/Objects-normal/arm64_32/ARTProtocolMessage.o
Ld /Users/admin/builder/spi-builder-workspace/.derivedData/Build/Intermediates.noindex/ably-cocoa.build/Debug-watchos/_AblyPluginSupportPrivate-t.build/Objects-normal/arm64_32/Binary/_AblyPluginSupportPrivate.o normal arm64_32 (in target '_AblyPluginSupportPrivate' from project 'ably-cocoa')
cd /Users/admin/builder/spi-builder-workspace/.dependencies/checkouts/ably-cocoa
/Applications/Xcode-27.0.0-Release.Candidate.app/Contents/Developer/Toolchains/XcodeDefault.xctoolchain/usr/bin/clang -Xlinker -reproducible -target arm64_32-apple-watchos9.0 -r -isysroot /Applications/Xcode-27.0.0-Release.Candidate.app/Contents/Developer/Platforms/WatchOS.platform/Developer/SDKs/WatchOS27.0.sdk -O0 -w -Xlinker -no_warn_duplicate_libraries -F/Users/admin/builder/spi-builder-workspace/.derivedData/Build/Intermediates.noindex/EagerLinkingTBDs/Debug-watchos -F/Users/admin/builder/spi-builder-workspace/.derivedData/Build/Products/Debug-watchos -iframework /Applications/Xcode-27.0.0-Release.Candidate.app/Contents/Developer/Platforms/WatchOS.platform/Developer/Library/Frameworks -iframework /Applications/Xcode-27.0.0-Release.Candidate.app/Contents/Developer/Platforms/WatchOS.platform/Developer/SDKs/WatchOS27.0.sdk/Developer/Library/Frameworks -filelist /Users/admin/builder/spi-builder-workspace/.derivedData/Build/Intermediates.noindex/ably-cocoa.build/Debug-watchos/_AblyPluginSupportPrivate-t.build/Objects-normal/arm64_32/_AblyPluginSupportPrivate.LinkFileList -nostdlib -Xlinker -object_path_lto -Xlinker /Users/admin/builder/spi-builder-workspace/.derivedData/Build/Intermediates.noindex/ably-cocoa.build/Debug-watchos/_AblyPluginSupportPrivate-t.build/Objects-normal/arm64_32/_AblyPluginSupportPrivate_lto.o -Xlinker -no_deduplicate -Xlinker -debug_variant -Xlinker -dependency_info -Xlinker /Users/admin/builder/spi-builder-workspace/.derivedData/Build/Intermediates.noindex/ably-cocoa.build/Debug-watchos/_AblyPluginSupportPrivate-t.build/Objects-normal/arm64_32/_AblyPluginSupportPrivate_dependency_info.dat -fobjc-arc -fobjc-link-runtime -o /Users/admin/builder/spi-builder-workspace/.derivedData/Build/Intermediates.noindex/ably-cocoa.build/Debug-watchos/_AblyPluginSupportPrivate-t.build/Objects-normal/arm64_32/Binary/_AblyPluginSupportPrivate.o
PrecompileModule /Users/admin/builder/spi-builder-workspace/.derivedData/Build/Intermediates.noindex/ExplicitPrecompiledModules/os_workgroup-7891FV92AIN1QAP2DDQ6CE50R.scan
cd /
builtin-precompileModule /Users/admin/builder/spi-builder-workspace/.derivedData/Build/Intermediates.noindex/ExplicitPrecompiledModules/os_workgroup-7891FV92AIN1QAP2DDQ6CE50R.scan
ScanDependencies /Users/admin/builder/spi-builder-workspace/.derivedData/Build/Intermediates.noindex/ably-cocoa.build/Debug-watchos/Ably-t.build/Objects-normal/arm64_32/ARTPresenceMessage.o /Users/admin/builder/spi-builder-workspace/.dependencies/checkouts/ably-cocoa/Source/ARTPresenceMessage.m normal arm64_32 objective-c com.apple.compilers.llvm.clang.1_0.compiler (in target 'Ably' from project 'ably-cocoa')
cd /Users/admin/builder/spi-builder-workspace/.swiftpm/xcode
Using response file: /Users/admin/builder/spi-builder-workspace/.derivedData/Build/Intermediates.noindex/ably-cocoa.build/Debug-watchos/Ably-t.build/Objects-normal/arm64_32/e6072d4f65d7061329687fe24e3d63a7-common-args.resp
builtin-ScanDependencies -o /Users/admin/builder/spi-builder-workspace/.derivedData/Build/Intermediates.noindex/ably-cocoa.build/Debug-watchos/Ably-t.build/Objects-normal/arm64_32/ARTPresenceMessage.o.scan -- /Applications/Xcode-27.0.0-Release.Candidate.app/Contents/Developer/Toolchains/XcodeDefault.xctoolchain/usr/bin/clang -x objective-c -ivfsstatcache /Users/admin/builder/spi-builder-workspace/.derivedData/SDKStatCaches.noindex/watchos27.0-24R360-e829b21a6f8c9b70876ba0858053c04477534ef55a1706bf4c1112bbb242f0a2.sdkstatcache -target arm64_32-apple-watchos9.0 -fmessage-length\=0 -fdiagnostics-show-note-include-stack -fmacro-backtrace-limit\=0 -fno-color-diagnostics -fmodules-prune-interval\=86400 -fmodules-prune-after\=345600 -fbuild-session-file\=/Users/admin/builder/spi-builder-workspace/.derivedData/ModuleCache.noindex/Session.modulevalidation -fmodules-validate-once-per-build-session -Wnon-modular-include-in-framework-module -Werror\=non-modular-include-in-framework-module -Wno-trigraphs -Wno-missing-field-initializers -Wno-missing-prototypes -Wno-return-type -Wno-implicit-atomic-properties -Wno-objc-interface-ivars -Wno-arc-repeated-use-of-weak -Wno-missing-braces -Wparentheses -Wswitch -Wno-unused-function -Wno-unused-label -Wno-unused-parameter -Wno-unused-variable -Wunused-value -Wno-empty-body -Wno-uninitialized -Wno-unknown-pragmas -w -Wno-shadow -Wno-four-char-constants -Wno-conversion -Wno-constant-conversion -Wno-int-conversion -Wno-bool-conversion -Wno-enum-conversion -Wno-float-conversion -Wno-non-literal-null-conversion -Wno-objc-literal-conversion -Wno-shorten-64-to-32 -Wpointer-sign -Wno-newline-eof -Wno-selector -Wno-strict-selector-match -Wno-undeclared-selector -Wno-deprecated-implementations -Wno-implicit-fallthrough -isysroot /Applications/Xcode-27.0.0-Release.Candidate.app/Contents/Developer/Platforms/WatchOS.platform/Developer/SDKs/WatchOS27.0.sdk -fstrict-aliasing -Wprotocol -Wdeprecated-declarations -Wno-sign-conversion -Wno-infinite-recursion -Wno-comma -Wno-block-capture-autoreleasing -Wno-strict-prototypes -Wno-semicolon-before-method-body -index-store-path /Users/admin/builder/spi-builder-workspace/.derivedData/Index.noindex/DataStore @/Users/admin/builder/spi-builder-workspace/.derivedData/Build/Intermediates.noindex/ably-cocoa.build/Debug-watchos/Ably-t.build/Objects-normal/arm64_32/e6072d4f65d7061329687fe24e3d63a7-common-args.resp -include /Users/admin/builder/spi-builder-workspace/.derivedData/Build/Intermediates.noindex/ably-cocoa.build/Debug-watchos/Ably-t.build/DerivedSources/resource_bundle_accessor.h -MMD -MT dependencies -MF /Users/admin/builder/spi-builder-workspace/.derivedData/Build/Intermediates.noindex/ably-cocoa.build/Debug-watchos/Ably-t.build/Objects-normal/arm64_32/ARTPresenceMessage.d --serialize-diagnostics /Users/admin/builder/spi-builder-workspace/.derivedData/Build/Intermediates.noindex/ably-cocoa.build/Debug-watchos/Ably-t.build/Objects-normal/arm64_32/ARTPresenceMessage.dia -c /Users/admin/builder/spi-builder-workspace/.dependencies/checkouts/ably-cocoa/Source/ARTPresenceMessage.m -o /Users/admin/builder/spi-builder-workspace/.derivedData/Build/Intermediates.noindex/ably-cocoa.build/Debug-watchos/Ably-t.build/Objects-normal/arm64_32/ARTPresenceMessage.o -index-unit-output-path /ably-cocoa.build/Debug-watchos/Ably-t.build/Objects-normal/arm64_32/ARTPresenceMessage.o
ScanDependencies /Users/admin/builder/spi-builder-workspace/.derivedData/Build/Intermediates.noindex/ably-cocoa.build/Debug-watchos/Ably-t.build/Objects-normal/arm64_32/ARTPresence.o /Users/admin/builder/spi-builder-workspace/.dependencies/checkouts/ably-cocoa/Source/ARTPresence.m normal arm64_32 objective-c com.apple.compilers.llvm.clang.1_0.compiler (in target 'Ably' from project 'ably-cocoa')
cd /Users/admin/builder/spi-builder-workspace/.swiftpm/xcode
Using response file: /Users/admin/builder/spi-builder-workspace/.derivedData/Build/Intermediates.noindex/ably-cocoa.build/Debug-watchos/Ably-t.build/Objects-normal/arm64_32/e6072d4f65d7061329687fe24e3d63a7-common-args.resp
builtin-ScanDependencies -o /Users/admin/builder/spi-builder-workspace/.derivedData/Build/Intermediates.noindex/ably-cocoa.build/Debug-watchos/Ably-t.build/Objects-normal/arm64_32/ARTPresence.o.scan -- /Applications/Xcode-27.0.0-Release.Candidate.app/Contents/Developer/Toolchains/XcodeDefault.xctoolchain/usr/bin/clang -x objective-c -ivfsstatcache /Users/admin/builder/spi-builder-workspace/.derivedData/SDKStatCaches.noindex/watchos27.0-24R360-e829b21a6f8c9b70876ba0858053c04477534ef55a1706bf4c1112bbb242f0a2.sdkstatcache -target arm64_32-apple-watchos9.0 -fmessage-length\=0 -fdiagnostics-show-note-include-stack -fmacro-backtrace-limit\=0 -fno-color-diagnostics -fmodules-prune-interval\=86400 -fmodules-prune-after\=345600 -fbuild-session-file\=/Users/admin/builder/spi-builder-workspace/.derivedData/ModuleCache.noindex/Session.modulevalidation -fmodules-validate-once-per-build-session -Wnon-modular-include-in-framework-module -Werror\=non-modular-include-in-framework-module -Wno-trigraphs -Wno-missing-field-initializers -Wno-missing-prototypes -Wno-return-type -Wno-implicit-atomic-properties -Wno-objc-interface-ivars -Wno-arc-repeated-use-of-weak -Wno-missing-braces -Wparentheses -Wswitch -Wno-unused-function -Wno-unused-label -Wno-unused-parameter -Wno-unused-variable -Wunused-value -Wno-empty-body -Wno-uninitialized -Wno-unknown-pragmas -w -Wno-shadow -Wno-four-char-constants -Wno-conversion -Wno-constant-conversion -Wno-int-conversion -Wno-bool-conversion -Wno-enum-conversion -Wno-float-conversion -Wno-non-literal-null-conversion -Wno-objc-literal-conversion -Wno-shorten-64-to-32 -Wpointer-sign -Wno-newline-eof -Wno-selector -Wno-strict-selector-match -Wno-undeclared-selector -Wno-deprecated-implementations -Wno-implicit-fallthrough -isysroot /Applications/Xcode-27.0.0-Release.Candidate.app/Contents/Developer/Platforms/WatchOS.platform/Developer/SDKs/WatchOS27.0.sdk -fstrict-aliasing -Wprotocol -Wdeprecated-declarations -Wno-sign-conversion -Wno-infinite-recursion -Wno-comma -Wno-block-capture-autoreleasing -Wno-strict-prototypes -Wno-semicolon-before-method-body -index-store-path /Users/admin/builder/spi-builder-workspace/.derivedData/Index.noindex/DataStore @/Users/admin/builder/spi-builder-workspace/.derivedData/Build/Intermediates.noindex/ably-cocoa.build/Debug-watchos/Ably-t.build/Objects-normal/arm64_32/e6072d4f65d7061329687fe24e3d63a7-common-args.resp -include /Users/admin/builder/spi-builder-workspace/.derivedData/Build/Intermediates.noindex/ably-cocoa.build/Debug-watchos/Ably-t.build/DerivedSources/resource_bundle_accessor.h -MMD -MT dependencies -MF /Users/admin/builder/spi-builder-workspace/.derivedData/Build/Intermediates.noindex/ably-cocoa.build/Debug-watchos/Ably-t.build/Objects-normal/arm64_32/ARTPresence.d --serialize-diagnostics /Users/admin/builder/spi-builder-workspace/.derivedData/Build/Intermediates.noindex/ably-cocoa.build/Debug-watchos/Ably-t.build/Objects-normal/arm64_32/ARTPresence.dia -c /Users/admin/builder/spi-builder-workspace/.dependencies/checkouts/ably-cocoa/Source/ARTPresence.m -o /Users/admin/builder/spi-builder-workspace/.derivedData/Build/Intermediates.noindex/ably-cocoa.build/Debug-watchos/Ably-t.build/Objects-normal/arm64_32/ARTPresence.o -index-unit-output-path /ably-cocoa.build/Debug-watchos/Ably-t.build/Objects-normal/arm64_32/ARTPresence.o
ScanDependencies /Users/admin/builder/spi-builder-workspace/.derivedData/Build/Intermediates.noindex/ably-cocoa.build/Debug-watchos/Ably-t.build/Objects-normal/arm64_32/ARTPluginDecodingContext.o /Users/admin/builder/spi-builder-workspace/.dependencies/checkouts/ably-cocoa/Source/ARTPluginDecodingContext.m normal arm64_32 objective-c com.apple.compilers.llvm.clang.1_0.compiler (in target 'Ably' from project 'ably-cocoa')
cd /Users/admin/builder/spi-builder-workspace/.swiftpm/xcode
Using response file: /Users/admin/builder/spi-builder-workspace/.derivedData/Build/Intermediates.noindex/ably-cocoa.build/Debug-watchos/Ably-t.build/Objects-normal/arm64_32/e6072d4f65d7061329687fe24e3d63a7-common-args.resp
builtin-ScanDependencies -o /Users/admin/builder/spi-builder-workspace/.derivedData/Build/Intermediates.noindex/ably-cocoa.build/Debug-watchos/Ably-t.build/Objects-normal/arm64_32/ARTPluginDecodingContext.o.scan -- /Applications/Xcode-27.0.0-Release.Candidate.app/Contents/Developer/Toolchains/XcodeDefault.xctoolchain/usr/bin/clang -x objective-c -ivfsstatcache /Users/admin/builder/spi-builder-workspace/.derivedData/SDKStatCaches.noindex/watchos27.0-24R360-e829b21a6f8c9b70876ba0858053c04477534ef55a1706bf4c1112bbb242f0a2.sdkstatcache -target arm64_32-apple-watchos9.0 -fmessage-length\=0 -fdiagnostics-show-note-include-stack -fmacro-backtrace-limit\=0 -fno-color-diagnostics -fmodules-prune-interval\=86400 -fmodules-prune-after\=345600 -fbuild-session-file\=/Users/admin/builder/spi-builder-workspace/.derivedData/ModuleCache.noindex/Session.modulevalidation -fmodules-validate-once-per-build-session -Wnon-modular-include-in-framework-module -Werror\=non-modular-include-in-framework-module -Wno-trigraphs -Wno-missing-field-initializers -Wno-missing-prototypes -Wno-return-type -Wno-implicit-atomic-properties -Wno-objc-interface-ivars -Wno-arc-repeated-use-of-weak -Wno-missing-braces -Wparentheses -Wswitch -Wno-unused-function -Wno-unused-label -Wno-unused-parameter -Wno-unused-variable -Wunused-value -Wno-empty-body -Wno-uninitialized -Wno-unknown-pragmas -w -Wno-shadow -Wno-four-char-constants -Wno-conversion -Wno-constant-conversion -Wno-int-conversion -Wno-bool-conversion -Wno-enum-conversion -Wno-float-conversion -Wno-non-literal-null-conversion -Wno-objc-literal-conversion -Wno-shorten-64-to-32 -Wpointer-sign -Wno-newline-eof -Wno-selector -Wno-strict-selector-match -Wno-undeclared-selector -Wno-deprecated-implementations -Wno-implicit-fallthrough -isysroot /Applications/Xcode-27.0.0-Release.Candidate.app/Contents/Developer/Platforms/WatchOS.platform/Developer/SDKs/WatchOS27.0.sdk -fstrict-aliasing -Wprotocol -Wdeprecated-declarations -Wno-sign-conversion -Wno-infinite-recursion -Wno-comma -Wno-block-capture-autoreleasing -Wno-strict-prototypes -Wno-semicolon-before-method-body -index-store-path /Users/admin/builder/spi-builder-workspace/.derivedData/Index.noindex/DataStore @/Users/admin/builder/spi-builder-workspace/.derivedData/Build/Intermediates.noindex/ably-cocoa.build/Debug-watchos/Ably-t.build/Objects-normal/arm64_32/e6072d4f65d7061329687fe24e3d63a7-common-args.resp -include /Users/admin/builder/spi-builder-workspace/.derivedData/Build/Intermediates.noindex/ably-cocoa.build/Debug-watchos/Ably-t.build/DerivedSources/resource_bundle_accessor.h -MMD -MT dependencies -MF /Users/admin/builder/spi-builder-workspace/.derivedData/Build/Intermediates.noindex/ably-cocoa.build/Debug-watchos/Ably-t.build/Objects-normal/arm64_32/ARTPluginDecodingContext.d --serialize-diagnostics /Users/admin/builder/spi-builder-workspace/.derivedData/Build/Intermediates.noindex/ably-cocoa.build/Debug-watchos/Ably-t.build/Objects-normal/arm64_32/ARTPluginDecodingContext.dia -c /Users/admin/builder/spi-builder-workspace/.dependencies/checkouts/ably-cocoa/Source/ARTPluginDecodingContext.m -o /Users/admin/builder/spi-builder-workspace/.derivedData/Build/Intermediates.noindex/ably-cocoa.build/Debug-watchos/Ably-t.build/Objects-normal/arm64_32/ARTPluginDecodingContext.o -index-unit-output-path /ably-cocoa.build/Debug-watchos/Ably-t.build/Objects-normal/arm64_32/ARTPluginDecodingContext.o
ScanDependencies /Users/admin/builder/spi-builder-workspace/.derivedData/Build/Intermediates.noindex/ably-cocoa.build/Debug-watchos/Ably-t.build/Objects-normal/arm64_32/ARTPluginAPI.o /Users/admin/builder/spi-builder-workspace/.dependencies/checkouts/ably-cocoa/Source/ARTPluginAPI.m normal arm64_32 objective-c com.apple.compilers.llvm.clang.1_0.compiler (in target 'Ably' from project 'ably-cocoa')
cd /Users/admin/builder/spi-builder-workspace/.swiftpm/xcode
Using response file: /Users/admin/builder/spi-builder-workspace/.derivedData/Build/Intermediates.noindex/ably-cocoa.build/Debug-watchos/Ably-t.build/Objects-normal/arm64_32/e6072d4f65d7061329687fe24e3d63a7-common-args.resp
builtin-ScanDependencies -o /Users/admin/builder/spi-builder-workspace/.derivedData/Build/Intermediates.noindex/ably-cocoa.build/Debug-watchos/Ably-t.build/Objects-normal/arm64_32/ARTPluginAPI.o.scan -- /Applications/Xcode-27.0.0-Release.Candidate.app/Contents/Developer/Toolchains/XcodeDefault.xctoolchain/usr/bin/clang -x objective-c -ivfsstatcache /Users/admin/builder/spi-builder-workspace/.derivedData/SDKStatCaches.noindex/watchos27.0-24R360-e829b21a6f8c9b70876ba0858053c04477534ef55a1706bf4c1112bbb242f0a2.sdkstatcache -target arm64_32-apple-watchos9.0 -fmessage-length\=0 -fdiagnostics-show-note-include-stack -fmacro-backtrace-limit\=0 -fno-color-diagnostics -fmodules-prune-interval\=86400 -fmodules-prune-after\=345600 -fbuild-session-file\=/Users/admin/builder/spi-builder-workspace/.derivedData/ModuleCache.noindex/Session.modulevalidation -fmodules-validate-once-per-build-session -Wnon-modular-include-in-framework-module -Werror\=non-modular-include-in-framework-module -Wno-trigraphs -Wno-missing-field-initializers -Wno-missing-prototypes -Wno-return-type -Wno-implicit-atomic-properties -Wno-objc-interface-ivars -Wno-arc-repeated-use-of-weak -Wno-missing-braces -Wparentheses -Wswitch -Wno-unused-function -Wno-unused-label -Wno-unused-parameter -Wno-unused-variable -Wunused-value -Wno-empty-body -Wno-uninitialized -Wno-unknown-pragmas -w -Wno-shadow -Wno-four-char-constants -Wno-conversion -Wno-constant-conversion -Wno-int-conversion -Wno-bool-conversion -Wno-enum-conversion -Wno-float-conversion -Wno-non-literal-null-conversion -Wno-objc-literal-conversion -Wno-shorten-64-to-32 -Wpointer-sign -Wno-newline-eof -Wno-selector -Wno-strict-selector-match -Wno-undeclared-selector -Wno-deprecated-implementations -Wno-implicit-fallthrough -isysroot /Applications/Xcode-27.0.0-Release.Candidate.app/Contents/Developer/Platforms/WatchOS.platform/Developer/SDKs/WatchOS27.0.sdk -fstrict-aliasing -Wprotocol -Wdeprecated-declarations -Wno-sign-conversion -Wno-infinite-recursion -Wno-comma -Wno-block-capture-autoreleasing -Wno-strict-prototypes -Wno-semicolon-before-method-body -index-store-path /Users/admin/builder/spi-builder-workspace/.derivedData/Index.noindex/DataStore @/Users/admin/builder/spi-builder-workspace/.derivedData/Build/Intermediates.noindex/ably-cocoa.build/Debug-watchos/Ably-t.build/Objects-normal/arm64_32/e6072d4f65d7061329687fe24e3d63a7-common-args.resp -include /Users/admin/builder/spi-builder-workspace/.derivedData/Build/Intermediates.noindex/ably-cocoa.build/Debug-watchos/Ably-t.build/DerivedSources/resource_bundle_accessor.h -MMD -MT dependencies -MF /Users/admin/builder/spi-builder-workspace/.derivedData/Build/Intermediates.noindex/ably-cocoa.build/Debug-watchos/Ably-t.build/Objects-normal/arm64_32/ARTPluginAPI.d --serialize-diagnostics /Users/admin/builder/spi-builder-workspace/.derivedData/Build/Intermediates.noindex/ably-cocoa.build/Debug-watchos/Ably-t.build/Objects-normal/arm64_32/ARTPluginAPI.dia -c /Users/admin/builder/spi-builder-workspace/.dependencies/checkouts/ably-cocoa/Source/ARTPluginAPI.m -o /Users/admin/builder/spi-builder-workspace/.derivedData/Build/Intermediates.noindex/ably-cocoa.build/Debug-watchos/Ably-t.build/Objects-normal/arm64_32/ARTPluginAPI.o -index-unit-output-path /ably-cocoa.build/Debug-watchos/Ably-t.build/Objects-normal/arm64_32/ARTPluginAPI.o
ScanDependencies /Users/admin/builder/spi-builder-workspace/.derivedData/Build/Intermediates.noindex/ably-cocoa.build/Debug-watchos/Ably-t.build/Objects-normal/arm64_32/ARTPendingMessage.o /Users/admin/builder/spi-builder-workspace/.dependencies/checkouts/ably-cocoa/Source/ARTPendingMessage.m normal arm64_32 objective-c com.apple.compilers.llvm.clang.1_0.compiler (in target 'Ably' from project 'ably-cocoa')
cd /Users/admin/builder/spi-builder-workspace/.swiftpm/xcode
Using response file: /Users/admin/builder/spi-builder-workspace/.derivedData/Build/Intermediates.noindex/ably-cocoa.build/Debug-watchos/Ably-t.build/Objects-normal/arm64_32/e6072d4f65d7061329687fe24e3d63a7-common-args.resp
builtin-ScanDependencies -o /Users/admin/builder/spi-builder-workspace/.derivedData/Build/Intermediates.noindex/ably-cocoa.build/Debug-watchos/Ably-t.build/Objects-normal/arm64_32/ARTPendingMessage.o.scan -- /Applications/Xcode-27.0.0-Release.Candidate.app/Contents/Developer/Toolchains/XcodeDefault.xctoolchain/usr/bin/clang -x objective-c -ivfsstatcache /Users/admin/builder/spi-builder-workspace/.derivedData/SDKStatCaches.noindex/watchos27.0-24R360-e829b21a6f8c9b70876ba0858053c04477534ef55a1706bf4c1112bbb242f0a2.sdkstatcache -target arm64_32-apple-watchos9.0 -fmessage-length\=0 -fdiagnostics-show-note-include-stack -fmacro-backtrace-limit\=0 -fno-color-diagnostics -fmodules-prune-interval\=86400 -fmodules-prune-after\=345600 -fbuild-session-file\=/Users/admin/builder/spi-builder-workspace/.derivedData/ModuleCache.noindex/Session.modulevalidation -fmodules-validate-once-per-build-session -Wnon-modular-include-in-framework-module -Werror\=non-modular-include-in-framework-module -Wno-trigraphs -Wno-missing-field-initializers -Wno-missing-prototypes -Wno-return-type -Wno-implicit-atomic-properties -Wno-objc-interface-ivars -Wno-arc-repeated-use-of-weak -Wno-missing-braces -Wparentheses -Wswitch -Wno-unused-function -Wno-unused-label -Wno-unused-parameter -Wno-unused-variable -Wunused-value -Wno-empty-body -Wno-uninitialized -Wno-unknown-pragmas -w -Wno-shadow -Wno-four-char-constants -Wno-conversion -Wno-constant-conversion -Wno-int-conversion -Wno-bool-conversion -Wno-enum-conversion -Wno-float-conversion -Wno-non-literal-null-conversion -Wno-objc-literal-conversion -Wno-shorten-64-to-32 -Wpointer-sign -Wno-newline-eof -Wno-selector -Wno-strict-selector-match -Wno-undeclared-selector -Wno-deprecated-implementations -Wno-implicit-fallthrough -isysroot /Applications/Xcode-27.0.0-Release.Candidate.app/Contents/Developer/Platforms/WatchOS.platform/Developer/SDKs/WatchOS27.0.sdk -fstrict-aliasing -Wprotocol -Wdeprecated-declarations -Wno-sign-conversion -Wno-infinite-recursion -Wno-comma -Wno-block-capture-autoreleasing -Wno-strict-prototypes -Wno-semicolon-before-method-body -index-store-path /Users/admin/builder/spi-builder-workspace/.derivedData/Index.noindex/DataStore @/Users/admin/builder/spi-builder-workspace/.derivedData/Build/Intermediates.noindex/ably-cocoa.build/Debug-watchos/Ably-t.build/Objects-normal/arm64_32/e6072d4f65d7061329687fe24e3d63a7-common-args.resp -include /Users/admin/builder/spi-builder-workspace/.derivedData/Build/Intermediates.noindex/ably-cocoa.build/Debug-watchos/Ably-t.build/DerivedSources/resource_bundle_accessor.h -MMD -MT dependencies -MF /Users/admin/builder/spi-builder-workspace/.derivedData/Build/Intermediates.noindex/ably-cocoa.build/Debug-watchos/Ably-t.build/Objects-normal/arm64_32/ARTPendingMessage.d --serialize-diagnostics /Users/admin/builder/spi-builder-workspace/.derivedData/Build/Intermediates.noindex/ably-cocoa.build/Debug-watchos/Ably-t.build/Objects-normal/arm64_32/ARTPendingMessage.dia -c /Users/admin/builder/spi-builder-workspace/.dependencies/checkouts/ably-cocoa/Source/ARTPendingMessage.m -o /Users/admin/builder/spi-builder-workspace/.derivedData/Build/Intermediates.noindex/ably-cocoa.build/Debug-watchos/Ably-t.build/Objects-normal/arm64_32/ARTPendingMessage.o -index-unit-output-path /ably-cocoa.build/Debug-watchos/Ably-t.build/Objects-normal/arm64_32/ARTPendingMessage.o
ScanDependencies /Users/admin/builder/spi-builder-workspace/.derivedData/Build/Intermediates.noindex/ably-cocoa.build/Debug-watchos/Ably-t.build/Objects-normal/arm64_32/ARTPaginatedResult.o /Users/admin/builder/spi-builder-workspace/.dependencies/checkouts/ably-cocoa/Source/ARTPaginatedResult.m normal arm64_32 objective-c com.apple.compilers.llvm.clang.1_0.compiler (in target 'Ably' from project 'ably-cocoa')
cd /Users/admin/builder/spi-builder-workspace/.swiftpm/xcode
Using response file: /Users/admin/builder/spi-builder-workspace/.derivedData/Build/Intermediates.noindex/ably-cocoa.build/Debug-watchos/Ably-t.build/Objects-normal/arm64_32/e6072d4f65d7061329687fe24e3d63a7-common-args.resp
builtin-ScanDependencies -o /Users/admin/builder/spi-builder-workspace/.derivedData/Build/Intermediates.noindex/ably-cocoa.build/Debug-watchos/Ably-t.build/Objects-normal/arm64_32/ARTPaginatedResult.o.scan -- /Applications/Xcode-27.0.0-Release.Candidate.app/Contents/Developer/Toolchains/XcodeDefault.xctoolchain/usr/bin/clang -x objective-c -ivfsstatcache /Users/admin/builder/spi-builder-workspace/.derivedData/SDKStatCaches.noindex/watchos27.0-24R360-e829b21a6f8c9b70876ba0858053c04477534ef55a1706bf4c1112bbb242f0a2.sdkstatcache -target arm64_32-apple-watchos9.0 -fmessage-length\=0 -fdiagnostics-show-note-include-stack -fmacro-backtrace-limit\=0 -fno-color-diagnostics -fmodules-prune-interval\=86400 -fmodules-prune-after\=345600 -fbuild-session-file\=/Users/admin/builder/spi-builder-workspace/.derivedData/ModuleCache.noindex/Session.modulevalidation -fmodules-validate-once-per-build-session -Wnon-modular-include-in-framework-module -Werror\=non-modular-include-in-framework-module -Wno-trigraphs -Wno-missing-field-initializers -Wno-missing-prototypes -Wno-return-type -Wno-implicit-atomic-properties -Wno-objc-interface-ivars -Wno-arc-repeated-use-of-weak -Wno-missing-braces -Wparentheses -Wswitch -Wno-unused-function -Wno-unused-label -Wno-unused-parameter -Wno-unused-variable -Wunused-value -Wno-empty-body -Wno-uninitialized -Wno-unknown-pragmas -w -Wno-shadow -Wno-four-char-constants -Wno-conversion -Wno-constant-conversion -Wno-int-conversion -Wno-bool-conversion -Wno-enum-conversion -Wno-float-conversion -Wno-non-literal-null-conversion -Wno-objc-literal-conversion -Wno-shorten-64-to-32 -Wpointer-sign -Wno-newline-eof -Wno-selector -Wno-strict-selector-match -Wno-undeclared-selector -Wno-deprecated-implementations -Wno-implicit-fallthrough -isysroot /Applications/Xcode-27.0.0-Release.Candidate.app/Contents/Developer/Platforms/WatchOS.platform/Developer/SDKs/WatchOS27.0.sdk -fstrict-aliasing -Wprotocol -Wdeprecated-declarations -Wno-sign-conversion -Wno-infinite-recursion -Wno-comma -Wno-block-capture-autoreleasing -Wno-strict-prototypes -Wno-semicolon-before-method-body -index-store-path /Users/admin/builder/spi-builder-workspace/.derivedData/Index.noindex/DataStore @/Users/admin/builder/spi-builder-workspace/.derivedData/Build/Intermediates.noindex/ably-cocoa.build/Debug-watchos/Ably-t.build/Objects-normal/arm64_32/e6072d4f65d7061329687fe24e3d63a7-common-args.resp -include /Users/admin/builder/spi-builder-workspace/.derivedData/Build/Intermediates.noindex/ably-cocoa.build/Debug-watchos/Ably-t.build/DerivedSources/resource_bundle_accessor.h -MMD -MT dependencies -MF /Users/admin/builder/spi-builder-workspace/.derivedData/Build/Intermediates.noindex/ably-cocoa.build/Debug-watchos/Ably-t.build/Objects-normal/arm64_32/ARTPaginatedResult.d --serialize-diagnostics /Users/admin/builder/spi-builder-workspace/.derivedData/Build/Intermediates.noindex/ably-cocoa.build/Debug-watchos/Ably-t.build/Objects-normal/arm64_32/ARTPaginatedResult.dia -c /Users/admin/builder/spi-builder-workspace/.dependencies/checkouts/ably-cocoa/Source/ARTPaginatedResult.m -o /Users/admin/builder/spi-builder-workspace/.derivedData/Build/Intermediates.noindex/ably-cocoa.build/Debug-watchos/Ably-t.build/Objects-normal/arm64_32/ARTPaginatedResult.o -index-unit-output-path /ably-cocoa.build/Debug-watchos/Ably-t.build/Objects-normal/arm64_32/ARTPaginatedResult.o
ScanDependencies /Users/admin/builder/spi-builder-workspace/.derivedData/Build/Intermediates.noindex/ably-cocoa.build/Debug-watchos/Ably-t.build/Objects-normal/arm64_32/ARTOutboundAnnotation.o /Users/admin/builder/spi-builder-workspace/.dependencies/checkouts/ably-cocoa/Source/ARTOutboundAnnotation.m normal arm64_32 objective-c com.apple.compilers.llvm.clang.1_0.compiler (in target 'Ably' from project 'ably-cocoa')
cd /Users/admin/builder/spi-builder-workspace/.swiftpm/xcode
Using response file: /Users/admin/builder/spi-builder-workspace/.derivedData/Build/Intermediates.noindex/ably-cocoa.build/Debug-watchos/Ably-t.build/Objects-normal/arm64_32/e6072d4f65d7061329687fe24e3d63a7-common-args.resp
builtin-ScanDependencies -o /Users/admin/builder/spi-builder-workspace/.derivedData/Build/Intermediates.noindex/ably-cocoa.build/Debug-watchos/Ably-t.build/Objects-normal/arm64_32/ARTOutboundAnnotation.o.scan -- /Applications/Xcode-27.0.0-Release.Candidate.app/Contents/Developer/Toolchains/XcodeDefault.xctoolchain/usr/bin/clang -x objective-c -ivfsstatcache /Users/admin/builder/spi-builder-workspace/.derivedData/SDKStatCaches.noindex/watchos27.0-24R360-e829b21a6f8c9b70876ba0858053c04477534ef55a1706bf4c1112bbb242f0a2.sdkstatcache -target arm64_32-apple-watchos9.0 -fmessage-length\=0 -fdiagnostics-show-note-include-stack -fmacro-backtrace-limit\=0 -fno-color-diagnostics -fmodules-prune-interval\=86400 -fmodules-prune-after\=345600 -fbuild-session-file\=/Users/admin/builder/spi-builder-workspace/.derivedData/ModuleCache.noindex/Session.modulevalidation -fmodules-validate-once-per-build-session -Wnon-modular-include-in-framework-module -Werror\=non-modular-include-in-framework-module -Wno-trigraphs -Wno-missing-field-initializers -Wno-missing-prototypes -Wno-return-type -Wno-implicit-atomic-properties -Wno-objc-interface-ivars -Wno-arc-repeated-use-of-weak -Wno-missing-braces -Wparentheses -Wswitch -Wno-unused-function -Wno-unused-label -Wno-unused-parameter -Wno-unused-variable -Wunused-value -Wno-empty-body -Wno-uninitialized -Wno-unknown-pragmas -w -Wno-shadow -Wno-four-char-constants -Wno-conversion -Wno-constant-conversion -Wno-int-conversion -Wno-bool-conversion -Wno-enum-conversion -Wno-float-conversion -Wno-non-literal-null-conversion -Wno-objc-literal-conversion -Wno-shorten-64-to-32 -Wpointer-sign -Wno-newline-eof -Wno-selector -Wno-strict-selector-match -Wno-undeclared-selector -Wno-deprecated-implementations -Wno-implicit-fallthrough -isysroot /Applications/Xcode-27.0.0-Release.Candidate.app/Contents/Developer/Platforms/WatchOS.platform/Developer/SDKs/WatchOS27.0.sdk -fstrict-aliasing -Wprotocol -Wdeprecated-declarations -Wno-sign-conversion -Wno-infinite-recursion -Wno-comma -Wno-block-capture-autoreleasing -Wno-strict-prototypes -Wno-semicolon-before-method-body -index-store-path /Users/admin/builder/spi-builder-workspace/.derivedData/Index.noindex/DataStore @/Users/admin/builder/spi-builder-workspace/.derivedData/Build/Intermediates.noindex/ably-cocoa.build/Debug-watchos/Ably-t.build/Objects-normal/arm64_32/e6072d4f65d7061329687fe24e3d63a7-common-args.resp -include /Users/admin/builder/spi-builder-workspace/.derivedData/Build/Intermediates.noindex/ably-cocoa.build/Debug-watchos/Ably-t.build/DerivedSources/resource_bundle_accessor.h -MMD -MT dependencies -MF /Users/admin/builder/spi-builder-workspace/.derivedData/Build/Intermediates.noindex/ably-cocoa.build/Debug-watchos/Ably-t.build/Objects-normal/arm64_32/ARTOutboundAnnotation.d --serialize-diagnostics /Users/admin/builder/spi-builder-workspace/.derivedData/Build/Intermediates.noindex/ably-cocoa.build/Debug-watchos/Ably-t.build/Objects-normal/arm64_32/ARTOutboundAnnotation.dia -c /Users/admin/builder/spi-builder-workspace/.dependencies/checkouts/ably-cocoa/Source/ARTOutboundAnnotation.m -o /Users/admin/builder/spi-builder-workspace/.derivedData/Build/Intermediates.noindex/ably-cocoa.build/Debug-watchos/Ably-t.build/Objects-normal/arm64_32/ARTOutboundAnnotation.o -index-unit-output-path /ably-cocoa.build/Debug-watchos/Ably-t.build/Objects-normal/arm64_32/ARTOutboundAnnotation.o
ScanDependencies /Users/admin/builder/spi-builder-workspace/.derivedData/Build/Intermediates.noindex/ably-cocoa.build/Debug-watchos/Ably-t.build/Objects-normal/arm64_32/ARTOSReachability.o /Users/admin/builder/spi-builder-workspace/.dependencies/checkouts/ably-cocoa/Source/ARTOSReachability.m normal arm64_32 objective-c com.apple.compilers.llvm.clang.1_0.compiler (in target 'Ably' from project 'ably-cocoa')
cd /Users/admin/builder/spi-builder-workspace/.swiftpm/xcode
Using response file: /Users/admin/builder/spi-builder-workspace/.derivedData/Build/Intermediates.noindex/ably-cocoa.build/Debug-watchos/Ably-t.build/Objects-normal/arm64_32/e6072d4f65d7061329687fe24e3d63a7-common-args.resp
builtin-ScanDependencies -o /Users/admin/builder/spi-builder-workspace/.derivedData/Build/Intermediates.noindex/ably-cocoa.build/Debug-watchos/Ably-t.build/Objects-normal/arm64_32/ARTOSReachability.o.scan -- /Applications/Xcode-27.0.0-Release.Candidate.app/Contents/Developer/Toolchains/XcodeDefault.xctoolchain/usr/bin/clang -x objective-c -ivfsstatcache /Users/admin/builder/spi-builder-workspace/.derivedData/SDKStatCaches.noindex/watchos27.0-24R360-e829b21a6f8c9b70876ba0858053c04477534ef55a1706bf4c1112bbb242f0a2.sdkstatcache -target arm64_32-apple-watchos9.0 -fmessage-length\=0 -fdiagnostics-show-note-include-stack -fmacro-backtrace-limit\=0 -fno-color-diagnostics -fmodules-prune-interval\=86400 -fmodules-prune-after\=345600 -fbuild-session-file\=/Users/admin/builder/spi-builder-workspace/.derivedData/ModuleCache.noindex/Session.modulevalidation -fmodules-validate-once-per-build-session -Wnon-modular-include-in-framework-module -Werror\=non-modular-include-in-framework-module -Wno-trigraphs -Wno-missing-field-initializers -Wno-missing-prototypes -Wno-return-type -Wno-implicit-atomic-properties -Wno-objc-interface-ivars -Wno-arc-repeated-use-of-weak -Wno-missing-braces -Wparentheses -Wswitch -Wno-unused-function -Wno-unused-label -Wno-unused-parameter -Wno-unused-variable -Wunused-value -Wno-empty-body -Wno-uninitialized -Wno-unknown-pragmas -w -Wno-shadow -Wno-four-char-constants -Wno-conversion -Wno-constant-conversion -Wno-int-conversion -Wno-bool-conversion -Wno-enum-conversion -Wno-float-conversion -Wno-non-literal-null-conversion -Wno-objc-literal-conversion -Wno-shorten-64-to-32 -Wpointer-sign -Wno-newline-eof -Wno-selector -Wno-strict-selector-match -Wno-undeclared-selector -Wno-deprecated-implementations -Wno-implicit-fallthrough -isysroot /Applications/Xcode-27.0.0-Release.Candidate.app/Contents/Developer/Platforms/WatchOS.platform/Developer/SDKs/WatchOS27.0.sdk -fstrict-aliasing -Wprotocol -Wdeprecated-declarations -Wno-sign-conversion -Wno-infinite-recursion -Wno-comma -Wno-block-capture-autoreleasing -Wno-strict-prototypes -Wno-semicolon-before-method-body -index-store-path /Users/admin/builder/spi-builder-workspace/.derivedData/Index.noindex/DataStore @/Users/admin/builder/spi-builder-workspace/.derivedData/Build/Intermediates.noindex/ably-cocoa.build/Debug-watchos/Ably-t.build/Objects-normal/arm64_32/e6072d4f65d7061329687fe24e3d63a7-common-args.resp -include /Users/admin/builder/spi-builder-workspace/.derivedData/Build/Intermediates.noindex/ably-cocoa.build/Debug-watchos/Ably-t.build/DerivedSources/resource_bundle_accessor.h -MMD -MT dependencies -MF /Users/admin/builder/spi-builder-workspace/.derivedData/Build/Intermediates.noindex/ably-cocoa.build/Debug-watchos/Ably-t.build/Objects-normal/arm64_32/ARTOSReachability.d --serialize-diagnostics /Users/admin/builder/spi-builder-workspace/.derivedData/Build/Intermediates.noindex/ably-cocoa.build/Debug-watchos/Ably-t.build/Objects-normal/arm64_32/ARTOSReachability.dia -c /Users/admin/builder/spi-builder-workspace/.dependencies/checkouts/ably-cocoa/Source/ARTOSReachability.m -o /Users/admin/builder/spi-builder-workspace/.derivedData/Build/Intermediates.noindex/ably-cocoa.build/Debug-watchos/Ably-t.build/Objects-normal/arm64_32/ARTOSReachability.o -index-unit-output-path /ably-cocoa.build/Debug-watchos/Ably-t.build/Objects-normal/arm64_32/ARTOSReachability.o
/Users/admin/builder/spi-builder-workspace/.dependencies/checkouts/ably-cocoa/Source/ARTOSReachability.m:6:9: error: 'SystemConfiguration/SystemConfiguration.h' file not found (in target 'Ably' from project 'ably-cocoa')
ScanDependencies /Users/admin/builder/spi-builder-workspace/.derivedData/Build/Intermediates.noindex/ably-cocoa.build/Debug-watchos/Ably-t.build/Objects-normal/arm64_32/ARTNSString+ARTUtil.o /Users/admin/builder/spi-builder-workspace/.dependencies/checkouts/ably-cocoa/Source/ARTNSString+ARTUtil.m normal arm64_32 objective-c com.apple.compilers.llvm.clang.1_0.compiler (in target 'Ably' from project 'ably-cocoa')
cd /Users/admin/builder/spi-builder-workspace/.swiftpm/xcode
Using response file: /Users/admin/builder/spi-builder-workspace/.derivedData/Build/Intermediates.noindex/ably-cocoa.build/Debug-watchos/Ably-t.build/Objects-normal/arm64_32/e6072d4f65d7061329687fe24e3d63a7-common-args.resp
builtin-ScanDependencies -o /Users/admin/builder/spi-builder-workspace/.derivedData/Build/Intermediates.noindex/ably-cocoa.build/Debug-watchos/Ably-t.build/Objects-normal/arm64_32/ARTNSString+ARTUtil.o.scan -- /Applications/Xcode-27.0.0-Release.Candidate.app/Contents/Developer/Toolchains/XcodeDefault.xctoolchain/usr/bin/clang -x objective-c -ivfsstatcache /Users/admin/builder/spi-builder-workspace/.derivedData/SDKStatCaches.noindex/watchos27.0-24R360-e829b21a6f8c9b70876ba0858053c04477534ef55a1706bf4c1112bbb242f0a2.sdkstatcache -target arm64_32-apple-watchos9.0 -fmessage-length\=0 -fdiagnostics-show-note-include-stack -fmacro-backtrace-limit\=0 -fno-color-diagnostics -fmodules-prune-interval\=86400 -fmodules-prune-after\=345600 -fbuild-session-file\=/Users/admin/builder/spi-builder-workspace/.derivedData/ModuleCache.noindex/Session.modulevalidation -fmodules-validate-once-per-build-session -Wnon-modular-include-in-framework-module -Werror\=non-modular-include-in-framework-module -Wno-trigraphs -Wno-missing-field-initializers -Wno-missing-prototypes -Wno-return-type -Wno-implicit-atomic-properties -Wno-objc-interface-ivars -Wno-arc-repeated-use-of-weak -Wno-missing-braces -Wparentheses -Wswitch -Wno-unused-function -Wno-unused-label -Wno-unused-parameter -Wno-unused-variable -Wunused-value -Wno-empty-body -Wno-uninitialized -Wno-unknown-pragmas -w -Wno-shadow -Wno-four-char-constants -Wno-conversion -Wno-constant-conversion -Wno-int-conversion -Wno-bool-conversion -Wno-enum-conversion -Wno-float-conversion -Wno-non-literal-null-conversion -Wno-objc-literal-conversion -Wno-shorten-64-to-32 -Wpointer-sign -Wno-newline-eof -Wno-selector -Wno-strict-selector-match -Wno-undeclared-selector -Wno-deprecated-implementations -Wno-implicit-fallthrough -isysroot /Applications/Xcode-27.0.0-Release.Candidate.app/Contents/Developer/Platforms/WatchOS.platform/Developer/SDKs/WatchOS27.0.sdk -fstrict-aliasing -Wprotocol -Wdeprecated-declarations -Wno-sign-conversion -Wno-infinite-recursion -Wno-comma -Wno-block-capture-autoreleasing -Wno-strict-prototypes -Wno-semicolon-before-method-body -index-store-path /Users/admin/builder/spi-builder-workspace/.derivedData/Index.noindex/DataStore @/Users/admin/builder/spi-builder-workspace/.derivedData/Build/Intermediates.noindex/ably-cocoa.build/Debug-watchos/Ably-t.build/Objects-normal/arm64_32/e6072d4f65d7061329687fe24e3d63a7-common-args.resp -include /Users/admin/builder/spi-builder-workspace/.derivedData/Build/Intermediates.noindex/ably-cocoa.build/Debug-watchos/Ably-t.build/DerivedSources/resource_bundle_accessor.h -MMD -MT dependencies -MF /Users/admin/builder/spi-builder-workspace/.derivedData/Build/Intermediates.noindex/ably-cocoa.build/Debug-watchos/Ably-t.build/Objects-normal/arm64_32/ARTNSString+ARTUtil.d --serialize-diagnostics /Users/admin/builder/spi-builder-workspace/.derivedData/Build/Intermediates.noindex/ably-cocoa.build/Debug-watchos/Ably-t.build/Objects-normal/arm64_32/ARTNSString+ARTUtil.dia -c /Users/admin/builder/spi-builder-workspace/.dependencies/checkouts/ably-cocoa/Source/ARTNSString+ARTUtil.m -o /Users/admin/builder/spi-builder-workspace/.derivedData/Build/Intermediates.noindex/ably-cocoa.build/Debug-watchos/Ably-t.build/Objects-normal/arm64_32/ARTNSString+ARTUtil.o -index-unit-output-path /ably-cocoa.build/Debug-watchos/Ably-t.build/Objects-normal/arm64_32/ARTNSString+ARTUtil.o
ScanDependencies /Users/admin/builder/spi-builder-workspace/.derivedData/Build/Intermediates.noindex/ably-cocoa.build/Debug-watchos/Ably-t.build/Objects-normal/arm64_32/ARTNSURL+ARTUtils.o /Users/admin/builder/spi-builder-workspace/.dependencies/checkouts/ably-cocoa/Source/ARTNSURL+ARTUtils.m normal arm64_32 objective-c com.apple.compilers.llvm.clang.1_0.compiler (in target 'Ably' from project 'ably-cocoa')
cd /Users/admin/builder/spi-builder-workspace/.swiftpm/xcode
Using response file: /Users/admin/builder/spi-builder-workspace/.derivedData/Build/Intermediates.noindex/ably-cocoa.build/Debug-watchos/Ably-t.build/Objects-normal/arm64_32/e6072d4f65d7061329687fe24e3d63a7-common-args.resp
builtin-ScanDependencies -o /Users/admin/builder/spi-builder-workspace/.derivedData/Build/Intermediates.noindex/ably-cocoa.build/Debug-watchos/Ably-t.build/Objects-normal/arm64_32/ARTNSURL+ARTUtils.o.scan -- /Applications/Xcode-27.0.0-Release.Candidate.app/Contents/Developer/Toolchains/XcodeDefault.xctoolchain/usr/bin/clang -x objective-c -ivfsstatcache /Users/admin/builder/spi-builder-workspace/.derivedData/SDKStatCaches.noindex/watchos27.0-24R360-e829b21a6f8c9b70876ba0858053c04477534ef55a1706bf4c1112bbb242f0a2.sdkstatcache -target arm64_32-apple-watchos9.0 -fmessage-length\=0 -fdiagnostics-show-note-include-stack -fmacro-backtrace-limit\=0 -fno-color-diagnostics -fmodules-prune-interval\=86400 -fmodules-prune-after\=345600 -fbuild-session-file\=/Users/admin/builder/spi-builder-workspace/.derivedData/ModuleCache.noindex/Session.modulevalidation -fmodules-validate-once-per-build-session -Wnon-modular-include-in-framework-module -Werror\=non-modular-include-in-framework-module -Wno-trigraphs -Wno-missing-field-initializers -Wno-missing-prototypes -Wno-return-type -Wno-implicit-atomic-properties -Wno-objc-interface-ivars -Wno-arc-repeated-use-of-weak -Wno-missing-braces -Wparentheses -Wswitch -Wno-unused-function -Wno-unused-label -Wno-unused-parameter -Wno-unused-variable -Wunused-value -Wno-empty-body -Wno-uninitialized -Wno-unknown-pragmas -w -Wno-shadow -Wno-four-char-constants -Wno-conversion -Wno-constant-conversion -Wno-int-conversion -Wno-bool-conversion -Wno-enum-conversion -Wno-float-conversion -Wno-non-literal-null-conversion -Wno-objc-literal-conversion -Wno-shorten-64-to-32 -Wpointer-sign -Wno-newline-eof -Wno-selector -Wno-strict-selector-match -Wno-undeclared-selector -Wno-deprecated-implementations -Wno-implicit-fallthrough -isysroot /Applications/Xcode-27.0.0-Release.Candidate.app/Contents/Developer/Platforms/WatchOS.platform/Developer/SDKs/WatchOS27.0.sdk -fstrict-aliasing -Wprotocol -Wdeprecated-declarations -Wno-sign-conversion -Wno-infinite-recursion -Wno-comma -Wno-block-capture-autoreleasing -Wno-strict-prototypes -Wno-semicolon-before-method-body -index-store-path /Users/admin/builder/spi-builder-workspace/.derivedData/Index.noindex/DataStore @/Users/admin/builder/spi-builder-workspace/.derivedData/Build/Intermediates.noindex/ably-cocoa.build/Debug-watchos/Ably-t.build/Objects-normal/arm64_32/e6072d4f65d7061329687fe24e3d63a7-common-args.resp -include /Users/admin/builder/spi-builder-workspace/.derivedData/Build/Intermediates.noindex/ably-cocoa.build/Debug-watchos/Ably-t.build/DerivedSources/resource_bundle_accessor.h -MMD -MT dependencies -MF /Users/admin/builder/spi-builder-workspace/.derivedData/Build/Intermediates.noindex/ably-cocoa.build/Debug-watchos/Ably-t.build/Objects-normal/arm64_32/ARTNSURL+ARTUtils.d --serialize-diagnostics /Users/admin/builder/spi-builder-workspace/.derivedData/Build/Intermediates.noindex/ably-cocoa.build/Debug-watchos/Ably-t.build/Objects-normal/arm64_32/ARTNSURL+ARTUtils.dia -c /Users/admin/builder/spi-builder-workspace/.dependencies/checkouts/ably-cocoa/Source/ARTNSURL+ARTUtils.m -o /Users/admin/builder/spi-builder-workspace/.derivedData/Build/Intermediates.noindex/ably-cocoa.build/Debug-watchos/Ably-t.build/Objects-normal/arm64_32/ARTNSURL+ARTUtils.o -index-unit-output-path /ably-cocoa.build/Debug-watchos/Ably-t.build/Objects-normal/arm64_32/ARTNSURL+ARTUtils.o
PrecompileModule /Users/admin/builder/spi-builder-workspace/.derivedData/Build/Intermediates.noindex/ExplicitPrecompiledModules/Foundation-B8UX3D1BLDKLUFDO97GHFWJBB.scan
cd /
builtin-precompileModule /Users/admin/builder/spi-builder-workspace/.derivedData/Build/Intermediates.noindex/ExplicitPrecompiledModules/Foundation-B8UX3D1BLDKLUFDO97GHFWJBB.scan
ScanDependencies /Users/admin/builder/spi-builder-workspace/.derivedData/Build/Intermediates.noindex/ably-cocoa.build/Debug-watchos/Ably-t.build/Objects-normal/arm64_32/ARTNSMutableURLRequest+ARTUtils.o /Users/admin/builder/spi-builder-workspace/.dependencies/checkouts/ably-cocoa/Source/ARTNSMutableURLRequest+ARTUtils.m normal arm64_32 objective-c com.apple.compilers.llvm.clang.1_0.compiler (in target 'Ably' from project 'ably-cocoa')
cd /Users/admin/builder/spi-builder-workspace/.swiftpm/xcode
Using response file: /Users/admin/builder/spi-builder-workspace/.derivedData/Build/Intermediates.noindex/ably-cocoa.build/Debug-watchos/Ably-t.build/Objects-normal/arm64_32/e6072d4f65d7061329687fe24e3d63a7-common-args.resp
builtin-ScanDependencies -o /Users/admin/builder/spi-builder-workspace/.derivedData/Build/Intermediates.noindex/ably-cocoa.build/Debug-watchos/Ably-t.build/Objects-normal/arm64_32/ARTNSMutableURLRequest+ARTUtils.o.scan -- /Applications/Xcode-27.0.0-Release.Candidate.app/Contents/Developer/Toolchains/XcodeDefault.xctoolchain/usr/bin/clang -x objective-c -ivfsstatcache /Users/admin/builder/spi-builder-workspace/.derivedData/SDKStatCaches.noindex/watchos27.0-24R360-e829b21a6f8c9b70876ba0858053c04477534ef55a1706bf4c1112bbb242f0a2.sdkstatcache -target arm64_32-apple-watchos9.0 -fmessage-length\=0 -fdiagnostics-show-note-include-stack -fmacro-backtrace-limit\=0 -fno-color-diagnostics -fmodules-prune-interval\=86400 -fmodules-prune-after\=345600 -fbuild-session-file\=/Users/admin/builder/spi-builder-workspace/.derivedData/ModuleCache.noindex/Session.modulevalidation -fmodules-validate-once-per-build-session -Wnon-modular-include-in-framework-module -Werror\=non-modular-include-in-framework-module -Wno-trigraphs -Wno-missing-field-initializers -Wno-missing-prototypes -Wno-return-type -Wno-implicit-atomic-properties -Wno-objc-interface-ivars -Wno-arc-repeated-use-of-weak -Wno-missing-braces -Wparentheses -Wswitch -Wno-unused-function -Wno-unused-label -Wno-unused-parameter -Wno-unused-variable -Wunused-value -Wno-empty-body -Wno-uninitialized -Wno-unknown-pragmas -w -Wno-shadow -Wno-four-char-constants -Wno-conversion -Wno-constant-conversion -Wno-int-conversion -Wno-bool-conversion -Wno-enum-conversion -Wno-float-conversion -Wno-non-literal-null-conversion -Wno-objc-literal-conversion -Wno-shorten-64-to-32 -Wpointer-sign -Wno-newline-eof -Wno-selector -Wno-strict-selector-match -Wno-undeclared-selector -Wno-deprecated-implementations -Wno-implicit-fallthrough -isysroot /Applications/Xcode-27.0.0-Release.Candidate.app/Contents/Developer/Platforms/WatchOS.platform/Developer/SDKs/WatchOS27.0.sdk -fstrict-aliasing -Wprotocol -Wdeprecated-declarations -Wno-sign-conversion -Wno-infinite-recursion -Wno-comma -Wno-block-capture-autoreleasing -Wno-strict-prototypes -Wno-semicolon-before-method-body -index-store-path /Users/admin/builder/spi-builder-workspace/.derivedData/Index.noindex/DataStore @/Users/admin/builder/spi-builder-workspace/.derivedData/Build/Intermediates.noindex/ably-cocoa.build/Debug-watchos/Ably-t.build/Objects-normal/arm64_32/e6072d4f65d7061329687fe24e3d63a7-common-args.resp -include /Users/admin/builder/spi-builder-workspace/.derivedData/Build/Intermediates.noindex/ably-cocoa.build/Debug-watchos/Ably-t.build/DerivedSources/resource_bundle_accessor.h -MMD -MT dependencies -MF /Users/admin/builder/spi-builder-workspace/.derivedData/Build/Intermediates.noindex/ably-cocoa.build/Debug-watchos/Ably-t.build/Objects-normal/arm64_32/ARTNSMutableURLRequest+ARTUtils.d --serialize-diagnostics /Users/admin/builder/spi-builder-workspace/.derivedData/Build/Intermediates.noindex/ably-cocoa.build/Debug-watchos/Ably-t.build/Objects-normal/arm64_32/ARTNSMutableURLRequest+ARTUtils.dia -c /Users/admin/builder/spi-builder-workspace/.dependencies/checkouts/ably-cocoa/Source/ARTNSMutableURLRequest+ARTUtils.m -o /Users/admin/builder/spi-builder-workspace/.derivedData/Build/Intermediates.noindex/ably-cocoa.build/Debug-watchos/Ably-t.build/Objects-normal/arm64_32/ARTNSMutableURLRequest+ARTUtils.o -index-unit-output-path /ably-cocoa.build/Debug-watchos/Ably-t.build/Objects-normal/arm64_32/ARTNSMutableURLRequest+ARTUtils.o
Ld /Users/admin/builder/spi-builder-workspace/.derivedData/Build/Intermediates.noindex/msgpack.build/Debug-watchos/msgpack-t.build/Objects-normal/arm64_32/Binary/msgpack.o normal arm64_32 (in target 'msgpack' from project 'msgpack')
cd /Users/admin/builder/spi-builder-workspace/.dependencies/checkouts/msgpack-objective-C
/Applications/Xcode-27.0.0-Release.Candidate.app/Contents/Developer/Toolchains/XcodeDefault.xctoolchain/usr/bin/clang -Xlinker -reproducible -target arm64_32-apple-watchos9.0 -r -isysroot /Applications/Xcode-27.0.0-Release.Candidate.app/Contents/Developer/Platforms/WatchOS.platform/Developer/SDKs/WatchOS27.0.sdk -O0 -w -Xlinker -no_warn_duplicate_libraries -F/Users/admin/builder/spi-builder-workspace/.derivedData/Build/Intermediates.noindex/EagerLinkingTBDs/Debug-watchos -F/Users/admin/builder/spi-builder-workspace/.derivedData/Build/Products/Debug-watchos -iframework /Applications/Xcode-27.0.0-Release.Candidate.app/Contents/Developer/Platforms/WatchOS.platform/Developer/Library/Frameworks -iframework /Applications/Xcode-27.0.0-Release.Candidate.app/Contents/Developer/Platforms/WatchOS.platform/Developer/SDKs/WatchOS27.0.sdk/Developer/Library/Frameworks -filelist /Users/admin/builder/spi-builder-workspace/.derivedData/Build/Intermediates.noindex/msgpack.build/Debug-watchos/msgpack-t.build/Objects-normal/arm64_32/msgpack.LinkFileList -nostdlib -Xlinker -object_path_lto -Xlinker /Users/admin/builder/spi-builder-workspace/.derivedData/Build/Intermediates.noindex/msgpack.build/Debug-watchos/msgpack-t.build/Objects-normal/arm64_32/msgpack_lto.o -Xlinker -no_deduplicate -Xlinker -debug_variant -Xlinker -dependency_info -Xlinker /Users/admin/builder/spi-builder-workspace/.derivedData/Build/Intermediates.noindex/msgpack.build/Debug-watchos/msgpack-t.build/Objects-normal/arm64_32/msgpack_dependency_info.dat -fobjc-arc -fobjc-link-runtime -o /Users/admin/builder/spi-builder-workspace/.derivedData/Build/Intermediates.noindex/msgpack.build/Debug-watchos/msgpack-t.build/Objects-normal/arm64_32/Binary/msgpack.o
PrecompileModule /Users/admin/builder/spi-builder-workspace/.derivedData/Build/Intermediates.noindex/ExplicitPrecompiledModules/Dispatch-2HRZRHSDODZ7JL2COQ8337A07.scan
cd /
builtin-precompileModule /Users/admin/builder/spi-builder-workspace/.derivedData/Build/Intermediates.noindex/ExplicitPrecompiledModules/Dispatch-2HRZRHSDODZ7JL2COQ8337A07.scan
ScanDependencies /Users/admin/builder/spi-builder-workspace/.derivedData/Build/Intermediates.noindex/ably-cocoa.build/Debug-watchos/Ably-t.build/Objects-normal/arm64_32/ARTNSMutableURLRequest+ARTPaginated.o /Users/admin/builder/spi-builder-workspace/.dependencies/checkouts/ably-cocoa/Source/ARTNSMutableURLRequest+ARTPaginated.m normal arm64_32 objective-c com.apple.compilers.llvm.clang.1_0.compiler (in target 'Ably' from project 'ably-cocoa')
cd /Users/admin/builder/spi-builder-workspace/.swiftpm/xcode
Using response file: /Users/admin/builder/spi-builder-workspace/.derivedData/Build/Intermediates.noindex/ably-cocoa.build/Debug-watchos/Ably-t.build/Objects-normal/arm64_32/e6072d4f65d7061329687fe24e3d63a7-common-args.resp
builtin-ScanDependencies -o /Users/admin/builder/spi-builder-workspace/.derivedData/Build/Intermediates.noindex/ably-cocoa.build/Debug-watchos/Ably-t.build/Objects-normal/arm64_32/ARTNSMutableURLRequest+ARTPaginated.o.scan -- /Applications/Xcode-27.0.0-Release.Candidate.app/Contents/Developer/Toolchains/XcodeDefault.xctoolchain/usr/bin/clang -x objective-c -ivfsstatcache /Users/admin/builder/spi-builder-workspace/.derivedData/SDKStatCaches.noindex/watchos27.0-24R360-e829b21a6f8c9b70876ba0858053c04477534ef55a1706bf4c1112bbb242f0a2.sdkstatcache -target arm64_32-apple-watchos9.0 -fmessage-length\=0 -fdiagnostics-show-note-include-stack -fmacro-backtrace-limit\=0 -fno-color-diagnostics -fmodules-prune-interval\=86400 -fmodules-prune-after\=345600 -fbuild-session-file\=/Users/admin/builder/spi-builder-workspace/.derivedData/ModuleCache.noindex/Session.modulevalidation -fmodules-validate-once-per-build-session -Wnon-modular-include-in-framework-module -Werror\=non-modular-include-in-framework-module -Wno-trigraphs -Wno-missing-field-initializers -Wno-missing-prototypes -Wno-return-type -Wno-implicit-atomic-properties -Wno-objc-interface-ivars -Wno-arc-repeated-use-of-weak -Wno-missing-braces -Wparentheses -Wswitch -Wno-unused-function -Wno-unused-label -Wno-unused-parameter -Wno-unused-variable -Wunused-value -Wno-empty-body -Wno-uninitialized -Wno-unknown-pragmas -w -Wno-shadow -Wno-four-char-constants -Wno-conversion -Wno-constant-conversion -Wno-int-conversion -Wno-bool-conversion -Wno-enum-conversion -Wno-float-conversion -Wno-non-literal-null-conversion -Wno-objc-literal-conversion -Wno-shorten-64-to-32 -Wpointer-sign -Wno-newline-eof -Wno-selector -Wno-strict-selector-match -Wno-undeclared-selector -Wno-deprecated-implementations -Wno-implicit-fallthrough -isysroot /Applications/Xcode-27.0.0-Release.Candidate.app/Contents/Developer/Platforms/WatchOS.platform/Developer/SDKs/WatchOS27.0.sdk -fstrict-aliasing -Wprotocol -Wdeprecated-declarations -Wno-sign-conversion -Wno-infinite-recursion -Wno-comma -Wno-block-capture-autoreleasing -Wno-strict-prototypes -Wno-semicolon-before-method-body -index-store-path /Users/admin/builder/spi-builder-workspace/.derivedData/Index.noindex/DataStore @/Users/admin/builder/spi-builder-workspace/.derivedData/Build/Intermediates.noindex/ably-cocoa.build/Debug-watchos/Ably-t.build/Objects-normal/arm64_32/e6072d4f65d7061329687fe24e3d63a7-common-args.resp -include /Users/admin/builder/spi-builder-workspace/.derivedData/Build/Intermediates.noindex/ably-cocoa.build/Debug-watchos/Ably-t.build/DerivedSources/resource_bundle_accessor.h -MMD -MT dependencies -MF /Users/admin/builder/spi-builder-workspace/.derivedData/Build/Intermediates.noindex/ably-cocoa.build/Debug-watchos/Ably-t.build/Objects-normal/arm64_32/ARTNSMutableURLRequest+ARTPaginated.d --serialize-diagnostics /Users/admin/builder/spi-builder-workspace/.derivedData/Build/Intermediates.noindex/ably-cocoa.build/Debug-watchos/Ably-t.build/Objects-normal/arm64_32/ARTNSMutableURLRequest+ARTPaginated.dia -c /Users/admin/builder/spi-builder-workspace/.dependencies/checkouts/ably-cocoa/Source/ARTNSMutableURLRequest+ARTPaginated.m -o /Users/admin/builder/spi-builder-workspace/.derivedData/Build/Intermediates.noindex/ably-cocoa.build/Debug-watchos/Ably-t.build/Objects-normal/arm64_32/ARTNSMutableURLRequest+ARTPaginated.o -index-unit-output-path /ably-cocoa.build/Debug-watchos/Ably-t.build/Objects-normal/arm64_32/ARTNSMutableURLRequest+ARTPaginated.o
SwiftExplicitDependencyGeneratePcm arm64 /Users/admin/builder/spi-builder-workspace/.derivedData/SDKExplicitPrecompiledModules/ObjectiveC-72IVD3VS2RS8Q28D9PIMY0KQP.pcm
ScanDependencies /Users/admin/builder/spi-builder-workspace/.derivedData/Build/Intermediates.noindex/ably-cocoa.build/Debug-watchos/Ably-t.build/Objects-normal/arm64_32/ARTNSMutableRequest+ARTRest.o /Users/admin/builder/spi-builder-workspace/.dependencies/checkouts/ably-cocoa/Source/ARTNSMutableRequest+ARTRest.m normal arm64_32 objective-c com.apple.compilers.llvm.clang.1_0.compiler (in target 'Ably' from project 'ably-cocoa')
cd /Users/admin/builder/spi-builder-workspace/.swiftpm/xcode
Using response file: /Users/admin/builder/spi-builder-workspace/.derivedData/Build/Intermediates.noindex/ably-cocoa.build/Debug-watchos/Ably-t.build/Objects-normal/arm64_32/e6072d4f65d7061329687fe24e3d63a7-common-args.resp
builtin-ScanDependencies -o /Users/admin/builder/spi-builder-workspace/.derivedData/Build/Intermediates.noindex/ably-cocoa.build/Debug-watchos/Ably-t.build/Objects-normal/arm64_32/ARTNSMutableRequest+ARTRest.o.scan -- /Applications/Xcode-27.0.0-Release.Candidate.app/Contents/Developer/Toolchains/XcodeDefault.xctoolchain/usr/bin/clang -x objective-c -ivfsstatcache /Users/admin/builder/spi-builder-workspace/.derivedData/SDKStatCaches.noindex/watchos27.0-24R360-e829b21a6f8c9b70876ba0858053c04477534ef55a1706bf4c1112bbb242f0a2.sdkstatcache -target arm64_32-apple-watchos9.0 -fmessage-length\=0 -fdiagnostics-show-note-include-stack -fmacro-backtrace-limit\=0 -fno-color-diagnostics -fmodules-prune-interval\=86400 -fmodules-prune-after\=345600 -fbuild-session-file\=/Users/admin/builder/spi-builder-workspace/.derivedData/ModuleCache.noindex/Session.modulevalidation -fmodules-validate-once-per-build-session -Wnon-modular-include-in-framework-module -Werror\=non-modular-include-in-framework-module -Wno-trigraphs -Wno-missing-field-initializers -Wno-missing-prototypes -Wno-return-type -Wno-implicit-atomic-properties -Wno-objc-interface-ivars -Wno-arc-repeated-use-of-weak -Wno-missing-braces -Wparentheses -Wswitch -Wno-unused-function -Wno-unused-label -Wno-unused-parameter -Wno-unused-variable -Wunused-value -Wno-empty-body -Wno-uninitialized -Wno-unknown-pragmas -w -Wno-shadow -Wno-four-char-constants -Wno-conversion -Wno-constant-conversion -Wno-int-conversion -Wno-bool-conversion -Wno-enum-conversion -Wno-float-conversion -Wno-non-literal-null-conversion -Wno-objc-literal-conversion -Wno-shorten-64-to-32 -Wpointer-sign -Wno-newline-eof -Wno-selector -Wno-strict-selector-match -Wno-undeclared-selector -Wno-deprecated-implementations -Wno-implicit-fallthrough -isysroot /Applications/Xcode-27.0.0-Release.Candidate.app/Contents/Developer/Platforms/WatchOS.platform/Developer/SDKs/WatchOS27.0.sdk -fstrict-aliasing -Wprotocol -Wdeprecated-declarations -Wno-sign-conversion -Wno-infinite-recursion -Wno-comma -Wno-block-capture-autoreleasing -Wno-strict-prototypes -Wno-semicolon-before-method-body -index-store-path /Users/admin/builder/spi-builder-workspace/.derivedData/Index.noindex/DataStore @/Users/admin/builder/spi-builder-workspace/.derivedData/Build/Intermediates.noindex/ably-cocoa.build/Debug-watchos/Ably-t.build/Objects-normal/arm64_32/e6072d4f65d7061329687fe24e3d63a7-common-args.resp -include /Users/admin/builder/spi-builder-workspace/.derivedData/Build/Intermediates.noindex/ably-cocoa.build/Debug-watchos/Ably-t.build/DerivedSources/resource_bundle_accessor.h -MMD -MT dependencies -MF /Users/admin/builder/spi-builder-workspace/.derivedData/Build/Intermediates.noindex/ably-cocoa.build/Debug-watchos/Ably-t.build/Objects-normal/arm64_32/ARTNSMutableRequest+ARTRest.d --serialize-diagnostics /Users/admin/builder/spi-builder-workspace/.derivedData/Build/Intermediates.noindex/ably-cocoa.build/Debug-watchos/Ably-t.build/Objects-normal/arm64_32/ARTNSMutableRequest+ARTRest.dia -c /Users/admin/builder/spi-builder-workspace/.dependencies/checkouts/ably-cocoa/Source/ARTNSMutableRequest+ARTRest.m -o /Users/admin/builder/spi-builder-workspace/.derivedData/Build/Intermediates.noindex/ably-cocoa.build/Debug-watchos/Ably-t.build/Objects-normal/arm64_32/ARTNSMutableRequest+ARTRest.o -index-unit-output-path /ably-cocoa.build/Debug-watchos/Ably-t.build/Objects-normal/arm64_32/ARTNSMutableRequest+ARTRest.o
ScanDependencies /Users/admin/builder/spi-builder-workspace/.derivedData/Build/Intermediates.noindex/ably-cocoa.build/Debug-watchos/Ably-t.build/Objects-normal/arm64_32/ARTNSMutableRequest+ARTPush.o /Users/admin/builder/spi-builder-workspace/.dependencies/checkouts/ably-cocoa/Source/ARTNSMutableRequest+ARTPush.m normal arm64_32 objective-c com.apple.compilers.llvm.clang.1_0.compiler (in target 'Ably' from project 'ably-cocoa')
cd /Users/admin/builder/spi-builder-workspace/.swiftpm/xcode
Using response file: /Users/admin/builder/spi-builder-workspace/.derivedData/Build/Intermediates.noindex/ably-cocoa.build/Debug-watchos/Ably-t.build/Objects-normal/arm64_32/e6072d4f65d7061329687fe24e3d63a7-common-args.resp
builtin-ScanDependencies -o /Users/admin/builder/spi-builder-workspace/.derivedData/Build/Intermediates.noindex/ably-cocoa.build/Debug-watchos/Ably-t.build/Objects-normal/arm64_32/ARTNSMutableRequest+ARTPush.o.scan -- /Applications/Xcode-27.0.0-Release.Candidate.app/Contents/Developer/Toolchains/XcodeDefault.xctoolchain/usr/bin/clang -x objective-c -ivfsstatcache /Users/admin/builder/spi-builder-workspace/.derivedData/SDKStatCaches.noindex/watchos27.0-24R360-e829b21a6f8c9b70876ba0858053c04477534ef55a1706bf4c1112bbb242f0a2.sdkstatcache -target arm64_32-apple-watchos9.0 -fmessage-length\=0 -fdiagnostics-show-note-include-stack -fmacro-backtrace-limit\=0 -fno-color-diagnostics -fmodules-prune-interval\=86400 -fmodules-prune-after\=345600 -fbuild-session-file\=/Users/admin/builder/spi-builder-workspace/.derivedData/ModuleCache.noindex/Session.modulevalidation -fmodules-validate-once-per-build-session -Wnon-modular-include-in-framework-module -Werror\=non-modular-include-in-framework-module -Wno-trigraphs -Wno-missing-field-initializers -Wno-missing-prototypes -Wno-return-type -Wno-implicit-atomic-properties -Wno-objc-interface-ivars -Wno-arc-repeated-use-of-weak -Wno-missing-braces -Wparentheses -Wswitch -Wno-unused-function -Wno-unused-label -Wno-unused-parameter -Wno-unused-variable -Wunused-value -Wno-empty-body -Wno-uninitialized -Wno-unknown-pragmas -w -Wno-shadow -Wno-four-char-constants -Wno-conversion -Wno-constant-conversion -Wno-int-conversion -Wno-bool-conversion -Wno-enum-conversion -Wno-float-conversion -Wno-non-literal-null-conversion -Wno-objc-literal-conversion -Wno-shorten-64-to-32 -Wpointer-sign -Wno-newline-eof -Wno-selector -Wno-strict-selector-match -Wno-undeclared-selector -Wno-deprecated-implementations -Wno-implicit-fallthrough -isysroot /Applications/Xcode-27.0.0-Release.Candidate.app/Contents/Developer/Platforms/WatchOS.platform/Developer/SDKs/WatchOS27.0.sdk -fstrict-aliasing -Wprotocol -Wdeprecated-declarations -Wno-sign-conversion -Wno-infinite-recursion -Wno-comma -Wno-block-capture-autoreleasing -Wno-strict-prototypes -Wno-semicolon-before-method-body -index-store-path /Users/admin/builder/spi-builder-workspace/.derivedData/Index.noindex/DataStore @/Users/admin/builder/spi-builder-workspace/.derivedData/Build/Intermediates.noindex/ably-cocoa.build/Debug-watchos/Ably-t.build/Objects-normal/arm64_32/e6072d4f65d7061329687fe24e3d63a7-common-args.resp -include /Users/admin/builder/spi-builder-workspace/.derivedData/Build/Intermediates.noindex/ably-cocoa.build/Debug-watchos/Ably-t.build/DerivedSources/resource_bundle_accessor.h -MMD -MT dependencies -MF /Users/admin/builder/spi-builder-workspace/.derivedData/Build/Intermediates.noindex/ably-cocoa.build/Debug-watchos/Ably-t.build/Objects-normal/arm64_32/ARTNSMutableRequest+ARTPush.d --serialize-diagnostics /Users/admin/builder/spi-builder-workspace/.derivedData/Build/Intermediates.noindex/ably-cocoa.build/Debug-watchos/Ably-t.build/Objects-normal/arm64_32/ARTNSMutableRequest+ARTPush.dia -c /Users/admin/builder/spi-builder-workspace/.dependencies/checkouts/ably-cocoa/Source/ARTNSMutableRequest+ARTPush.m -o /Users/admin/builder/spi-builder-workspace/.derivedData/Build/Intermediates.noindex/ably-cocoa.build/Debug-watchos/Ably-t.build/Objects-normal/arm64_32/ARTNSMutableRequest+ARTPush.o -index-unit-output-path /ably-cocoa.build/Debug-watchos/Ably-t.build/Objects-normal/arm64_32/ARTNSMutableRequest+ARTPush.o
ScanDependencies /Users/admin/builder/spi-builder-workspace/.derivedData/Build/Intermediates.noindex/ably-cocoa.build/Debug-watchos/Ably-t.build/Objects-normal/arm64_32/ARTNSMutableDictionary+ARTDictionaryUtil.o /Users/admin/builder/spi-builder-workspace/.dependencies/checkouts/ably-cocoa/Source/ARTNSMutableDictionary+ARTDictionaryUtil.m normal arm64_32 objective-c com.apple.compilers.llvm.clang.1_0.compiler (in target 'Ably' from project 'ably-cocoa')
cd /Users/admin/builder/spi-builder-workspace/.swiftpm/xcode
Using response file: /Users/admin/builder/spi-builder-workspace/.derivedData/Build/Intermediates.noindex/ably-cocoa.build/Debug-watchos/Ably-t.build/Objects-normal/arm64_32/e6072d4f65d7061329687fe24e3d63a7-common-args.resp
builtin-ScanDependencies -o /Users/admin/builder/spi-builder-workspace/.derivedData/Build/Intermediates.noindex/ably-cocoa.build/Debug-watchos/Ably-t.build/Objects-normal/arm64_32/ARTNSMutableDictionary+ARTDictionaryUtil.o.scan -- /Applications/Xcode-27.0.0-Release.Candidate.app/Contents/Developer/Toolchains/XcodeDefault.xctoolchain/usr/bin/clang -x objective-c -ivfsstatcache /Users/admin/builder/spi-builder-workspace/.derivedData/SDKStatCaches.noindex/watchos27.0-24R360-e829b21a6f8c9b70876ba0858053c04477534ef55a1706bf4c1112bbb242f0a2.sdkstatcache -target arm64_32-apple-watchos9.0 -fmessage-length\=0 -fdiagnostics-show-note-include-stack -fmacro-backtrace-limit\=0 -fno-color-diagnostics -fmodules-prune-interval\=86400 -fmodules-prune-after\=345600 -fbuild-session-file\=/Users/admin/builder/spi-builder-workspace/.derivedData/ModuleCache.noindex/Session.modulevalidation -fmodules-validate-once-per-build-session -Wnon-modular-include-in-framework-module -Werror\=non-modular-include-in-framework-module -Wno-trigraphs -Wno-missing-field-initializers -Wno-missing-prototypes -Wno-return-type -Wno-implicit-atomic-properties -Wno-objc-interface-ivars -Wno-arc-repeated-use-of-weak -Wno-missing-braces -Wparentheses -Wswitch -Wno-unused-function -Wno-unused-label -Wno-unused-parameter -Wno-unused-variable -Wunused-value -Wno-empty-body -Wno-uninitialized -Wno-unknown-pragmas -w -Wno-shadow -Wno-four-char-constants -Wno-conversion -Wno-constant-conversion -Wno-int-conversion -Wno-bool-conversion -Wno-enum-conversion -Wno-float-conversion -Wno-non-literal-null-conversion -Wno-objc-literal-conversion -Wno-shorten-64-to-32 -Wpointer-sign -Wno-newline-eof -Wno-selector -Wno-strict-selector-match -Wno-undeclared-selector -Wno-deprecated-implementations -Wno-implicit-fallthrough -isysroot /Applications/Xcode-27.0.0-Release.Candidate.app/Contents/Developer/Platforms/WatchOS.platform/Developer/SDKs/WatchOS27.0.sdk -fstrict-aliasing -Wprotocol -Wdeprecated-declarations -Wno-sign-conversion -Wno-infinite-recursion -Wno-comma -Wno-block-capture-autoreleasing -Wno-strict-prototypes -Wno-semicolon-before-method-body -index-store-path /Users/admin/builder/spi-builder-workspace/.derivedData/Index.noindex/DataStore @/Users/admin/builder/spi-builder-workspace/.derivedData/Build/Intermediates.noindex/ably-cocoa.build/Debug-watchos/Ably-t.build/Objects-normal/arm64_32/e6072d4f65d7061329687fe24e3d63a7-common-args.resp -include /Users/admin/builder/spi-builder-workspace/.derivedData/Build/Intermediates.noindex/ably-cocoa.build/Debug-watchos/Ably-t.build/DerivedSources/resource_bundle_accessor.h -MMD -MT dependencies -MF /Users/admin/builder/spi-builder-workspace/.derivedData/Build/Intermediates.noindex/ably-cocoa.build/Debug-watchos/Ably-t.build/Objects-normal/arm64_32/ARTNSMutableDictionary+ARTDictionaryUtil.d --serialize-diagnostics /Users/admin/builder/spi-builder-workspace/.derivedData/Build/Intermediates.noindex/ably-cocoa.build/Debug-watchos/Ably-t.build/Objects-normal/arm64_32/ARTNSMutableDictionary+ARTDictionaryUtil.dia -c /Users/admin/builder/spi-builder-workspace/.dependencies/checkouts/ably-cocoa/Source/ARTNSMutableDictionary+ARTDictionaryUtil.m -o /Users/admin/builder/spi-builder-workspace/.derivedData/Build/Intermediates.noindex/ably-cocoa.build/Debug-watchos/Ably-t.build/Objects-normal/arm64_32/ARTNSMutableDictionary+ARTDictionaryUtil.o -index-unit-output-path /ably-cocoa.build/Debug-watchos/Ably-t.build/Objects-normal/arm64_32/ARTNSMutableDictionary+ARTDictionaryUtil.o
ScanDependencies /Users/admin/builder/spi-builder-workspace/.derivedData/Build/Intermediates.noindex/ably-cocoa.build/Debug-watchos/Ably-t.build/Objects-normal/arm64_32/ARTNSHTTPURLResponse+ARTPaginated.o /Users/admin/builder/spi-builder-workspace/.dependencies/checkouts/ably-cocoa/Source/ARTNSHTTPURLResponse+ARTPaginated.m normal arm64_32 objective-c com.apple.compilers.llvm.clang.1_0.compiler (in target 'Ably' from project 'ably-cocoa')
cd /Users/admin/builder/spi-builder-workspace/.swiftpm/xcode
Using response file: /Users/admin/builder/spi-builder-workspace/.derivedData/Build/Intermediates.noindex/ably-cocoa.build/Debug-watchos/Ably-t.build/Objects-normal/arm64_32/e6072d4f65d7061329687fe24e3d63a7-common-args.resp
builtin-ScanDependencies -o /Users/admin/builder/spi-builder-workspace/.derivedData/Build/Intermediates.noindex/ably-cocoa.build/Debug-watchos/Ably-t.build/Objects-normal/arm64_32/ARTNSHTTPURLResponse+ARTPaginated.o.scan -- /Applications/Xcode-27.0.0-Release.Candidate.app/Contents/Developer/Toolchains/XcodeDefault.xctoolchain/usr/bin/clang -x objective-c -ivfsstatcache /Users/admin/builder/spi-builder-workspace/.derivedData/SDKStatCaches.noindex/watchos27.0-24R360-e829b21a6f8c9b70876ba0858053c04477534ef55a1706bf4c1112bbb242f0a2.sdkstatcache -target arm64_32-apple-watchos9.0 -fmessage-length\=0 -fdiagnostics-show-note-include-stack -fmacro-backtrace-limit\=0 -fno-color-diagnostics -fmodules-prune-interval\=86400 -fmodules-prune-after\=345600 -fbuild-session-file\=/Users/admin/builder/spi-builder-workspace/.derivedData/ModuleCache.noindex/Session.modulevalidation -fmodules-validate-once-per-build-session -Wnon-modular-include-in-framework-module -Werror\=non-modular-include-in-framework-module -Wno-trigraphs -Wno-missing-field-initializers -Wno-missing-prototypes -Wno-return-type -Wno-implicit-atomic-properties -Wno-objc-interface-ivars -Wno-arc-repeated-use-of-weak -Wno-missing-braces -Wparentheses -Wswitch -Wno-unused-function -Wno-unused-label -Wno-unused-parameter -Wno-unused-variable -Wunused-value -Wno-empty-body -Wno-uninitialized -Wno-unknown-pragmas -w -Wno-shadow -Wno-four-char-constants -Wno-conversion -Wno-constant-conversion -Wno-int-conversion -Wno-bool-conversion -Wno-enum-conversion -Wno-float-conversion -Wno-non-literal-null-conversion -Wno-objc-literal-conversion -Wno-shorten-64-to-32 -Wpointer-sign -Wno-newline-eof -Wno-selector -Wno-strict-selector-match -Wno-undeclared-selector -Wno-deprecated-implementations -Wno-implicit-fallthrough -isysroot /Applications/Xcode-27.0.0-Release.Candidate.app/Contents/Developer/Platforms/WatchOS.platform/Developer/SDKs/WatchOS27.0.sdk -fstrict-aliasing -Wprotocol -Wdeprecated-declarations -Wno-sign-conversion -Wno-infinite-recursion -Wno-comma -Wno-block-capture-autoreleasing -Wno-strict-prototypes -Wno-semicolon-before-method-body -index-store-path /Users/admin/builder/spi-builder-workspace/.derivedData/Index.noindex/DataStore @/Users/admin/builder/spi-builder-workspace/.derivedData/Build/Intermediates.noindex/ably-cocoa.build/Debug-watchos/Ably-t.build/Objects-normal/arm64_32/e6072d4f65d7061329687fe24e3d63a7-common-args.resp -include /Users/admin/builder/spi-builder-workspace/.derivedData/Build/Intermediates.noindex/ably-cocoa.build/Debug-watchos/Ably-t.build/DerivedSources/resource_bundle_accessor.h -MMD -MT dependencies -MF /Users/admin/builder/spi-builder-workspace/.derivedData/Build/Intermediates.noindex/ably-cocoa.build/Debug-watchos/Ably-t.build/Objects-normal/arm64_32/ARTNSHTTPURLResponse+ARTPaginated.d --serialize-diagnostics /Users/admin/builder/spi-builder-workspace/.derivedData/Build/Intermediates.noindex/ably-cocoa.build/Debug-watchos/Ably-t.build/Objects-normal/arm64_32/ARTNSHTTPURLResponse+ARTPaginated.dia -c /Users/admin/builder/spi-builder-workspace/.dependencies/checkouts/ably-cocoa/Source/ARTNSHTTPURLResponse+ARTPaginated.m -o /Users/admin/builder/spi-builder-workspace/.derivedData/Build/Intermediates.noindex/ably-cocoa.build/Debug-watchos/Ably-t.build/Objects-normal/arm64_32/ARTNSHTTPURLResponse+ARTPaginated.o -index-unit-output-path /ably-cocoa.build/Debug-watchos/Ably-t.build/Objects-normal/arm64_32/ARTNSHTTPURLResponse+ARTPaginated.o
ScanDependencies /Users/admin/builder/spi-builder-workspace/.derivedData/Build/Intermediates.noindex/ably-cocoa.build/Debug-watchos/Ably-t.build/Objects-normal/arm64_32/ARTNSError+ARTUtils.o /Users/admin/builder/spi-builder-workspace/.dependencies/checkouts/ably-cocoa/Source/ARTNSError+ARTUtils.m normal arm64_32 objective-c com.apple.compilers.llvm.clang.1_0.compiler (in target 'Ably' from project 'ably-cocoa')
cd /Users/admin/builder/spi-builder-workspace/.swiftpm/xcode
Using response file: /Users/admin/builder/spi-builder-workspace/.derivedData/Build/Intermediates.noindex/ably-cocoa.build/Debug-watchos/Ably-t.build/Objects-normal/arm64_32/e6072d4f65d7061329687fe24e3d63a7-common-args.resp
builtin-ScanDependencies -o /Users/admin/builder/spi-builder-workspace/.derivedData/Build/Intermediates.noindex/ably-cocoa.build/Debug-watchos/Ably-t.build/Objects-normal/arm64_32/ARTNSError+ARTUtils.o.scan -- /Applications/Xcode-27.0.0-Release.Candidate.app/Contents/Developer/Toolchains/XcodeDefault.xctoolchain/usr/bin/clang -x objective-c -ivfsstatcache /Users/admin/builder/spi-builder-workspace/.derivedData/SDKStatCaches.noindex/watchos27.0-24R360-e829b21a6f8c9b70876ba0858053c04477534ef55a1706bf4c1112bbb242f0a2.sdkstatcache -target arm64_32-apple-watchos9.0 -fmessage-length\=0 -fdiagnostics-show-note-include-stack -fmacro-backtrace-limit\=0 -fno-color-diagnostics -fmodules-prune-interval\=86400 -fmodules-prune-after\=345600 -fbuild-session-file\=/Users/admin/builder/spi-builder-workspace/.derivedData/ModuleCache.noindex/Session.modulevalidation -fmodules-validate-once-per-build-session -Wnon-modular-include-in-framework-module -Werror\=non-modular-include-in-framework-module -Wno-trigraphs -Wno-missing-field-initializers -Wno-missing-prototypes -Wno-return-type -Wno-implicit-atomic-properties -Wno-objc-interface-ivars -Wno-arc-repeated-use-of-weak -Wno-missing-braces -Wparentheses -Wswitch -Wno-unused-function -Wno-unused-label -Wno-unused-parameter -Wno-unused-variable -Wunused-value -Wno-empty-body -Wno-uninitialized -Wno-unknown-pragmas -w -Wno-shadow -Wno-four-char-constants -Wno-conversion -Wno-constant-conversion -Wno-int-conversion -Wno-bool-conversion -Wno-enum-conversion -Wno-float-conversion -Wno-non-literal-null-conversion -Wno-objc-literal-conversion -Wno-shorten-64-to-32 -Wpointer-sign -Wno-newline-eof -Wno-selector -Wno-strict-selector-match -Wno-undeclared-selector -Wno-deprecated-implementations -Wno-implicit-fallthrough -isysroot /Applications/Xcode-27.0.0-Release.Candidate.app/Contents/Developer/Platforms/WatchOS.platform/Developer/SDKs/WatchOS27.0.sdk -fstrict-aliasing -Wprotocol -Wdeprecated-declarations -Wno-sign-conversion -Wno-infinite-recursion -Wno-comma -Wno-block-capture-autoreleasing -Wno-strict-prototypes -Wno-semicolon-before-method-body -index-store-path /Users/admin/builder/spi-builder-workspace/.derivedData/Index.noindex/DataStore @/Users/admin/builder/spi-builder-workspace/.derivedData/Build/Intermediates.noindex/ably-cocoa.build/Debug-watchos/Ably-t.build/Objects-normal/arm64_32/e6072d4f65d7061329687fe24e3d63a7-common-args.resp -include /Users/admin/builder/spi-builder-workspace/.derivedData/Build/Intermediates.noindex/ably-cocoa.build/Debug-watchos/Ably-t.build/DerivedSources/resource_bundle_accessor.h -MMD -MT dependencies -MF /Users/admin/builder/spi-builder-workspace/.derivedData/Build/Intermediates.noindex/ably-cocoa.build/Debug-watchos/Ably-t.build/Objects-normal/arm64_32/ARTNSError+ARTUtils.d --serialize-diagnostics /Users/admin/builder/spi-builder-workspace/.derivedData/Build/Intermediates.noindex/ably-cocoa.build/Debug-watchos/Ably-t.build/Objects-normal/arm64_32/ARTNSError+ARTUtils.dia -c /Users/admin/builder/spi-builder-workspace/.dependencies/checkouts/ably-cocoa/Source/ARTNSError+ARTUtils.m -o /Users/admin/builder/spi-builder-workspace/.derivedData/Build/Intermediates.noindex/ably-cocoa.build/Debug-watchos/Ably-t.build/Objects-normal/arm64_32/ARTNSError+ARTUtils.o -index-unit-output-path /ably-cocoa.build/Debug-watchos/Ably-t.build/Objects-normal/arm64_32/ARTNSError+ARTUtils.o
ScanDependencies /Users/admin/builder/spi-builder-workspace/.derivedData/Build/Intermediates.noindex/ably-cocoa.build/Debug-watchos/Ably-t.build/Objects-normal/arm64_32/ARTNSDictionary+ARTDictionaryUtil.o /Users/admin/builder/spi-builder-workspace/.dependencies/checkouts/ably-cocoa/Source/ARTNSDictionary+ARTDictionaryUtil.m normal arm64_32 objective-c com.apple.compilers.llvm.clang.1_0.compiler (in target 'Ably' from project 'ably-cocoa')
cd /Users/admin/builder/spi-builder-workspace/.swiftpm/xcode
Using response file: /Users/admin/builder/spi-builder-workspace/.derivedData/Build/Intermediates.noindex/ably-cocoa.build/Debug-watchos/Ably-t.build/Objects-normal/arm64_32/e6072d4f65d7061329687fe24e3d63a7-common-args.resp
builtin-ScanDependencies -o /Users/admin/builder/spi-builder-workspace/.derivedData/Build/Intermediates.noindex/ably-cocoa.build/Debug-watchos/Ably-t.build/Objects-normal/arm64_32/ARTNSDictionary+ARTDictionaryUtil.o.scan -- /Applications/Xcode-27.0.0-Release.Candidate.app/Contents/Developer/Toolchains/XcodeDefault.xctoolchain/usr/bin/clang -x objective-c -ivfsstatcache /Users/admin/builder/spi-builder-workspace/.derivedData/SDKStatCaches.noindex/watchos27.0-24R360-e829b21a6f8c9b70876ba0858053c04477534ef55a1706bf4c1112bbb242f0a2.sdkstatcache -target arm64_32-apple-watchos9.0 -fmessage-length\=0 -fdiagnostics-show-note-include-stack -fmacro-backtrace-limit\=0 -fno-color-diagnostics -fmodules-prune-interval\=86400 -fmodules-prune-after\=345600 -fbuild-session-file\=/Users/admin/builder/spi-builder-workspace/.derivedData/ModuleCache.noindex/Session.modulevalidation -fmodules-validate-once-per-build-session -Wnon-modular-include-in-framework-module -Werror\=non-modular-include-in-framework-module -Wno-trigraphs -Wno-missing-field-initializers -Wno-missing-prototypes -Wno-return-type -Wno-implicit-atomic-properties -Wno-objc-interface-ivars -Wno-arc-repeated-use-of-weak -Wno-missing-braces -Wparentheses -Wswitch -Wno-unused-function -Wno-unused-label -Wno-unused-parameter -Wno-unused-variable -Wunused-value -Wno-empty-body -Wno-uninitialized -Wno-unknown-pragmas -w -Wno-shadow -Wno-four-char-constants -Wno-conversion -Wno-constant-conversion -Wno-int-conversion -Wno-bool-conversion -Wno-enum-conversion -Wno-float-conversion -Wno-non-literal-null-conversion -Wno-objc-literal-conversion -Wno-shorten-64-to-32 -Wpointer-sign -Wno-newline-eof -Wno-selector -Wno-strict-selector-match -Wno-undeclared-selector -Wno-deprecated-implementations -Wno-implicit-fallthrough -isysroot /Applications/Xcode-27.0.0-Release.Candidate.app/Contents/Developer/Platforms/WatchOS.platform/Developer/SDKs/WatchOS27.0.sdk -fstrict-aliasing -Wprotocol -Wdeprecated-declarations -Wno-sign-conversion -Wno-infinite-recursion -Wno-comma -Wno-block-capture-autoreleasing -Wno-strict-prototypes -Wno-semicolon-before-method-body -index-store-path /Users/admin/builder/spi-builder-workspace/.derivedData/Index.noindex/DataStore @/Users/admin/builder/spi-builder-workspace/.derivedData/Build/Intermediates.noindex/ably-cocoa.build/Debug-watchos/Ably-t.build/Objects-normal/arm64_32/e6072d4f65d7061329687fe24e3d63a7-common-args.resp -include /Users/admin/builder/spi-builder-workspace/.derivedData/Build/Intermediates.noindex/ably-cocoa.build/Debug-watchos/Ably-t.build/DerivedSources/resource_bundle_accessor.h -MMD -MT dependencies -MF /Users/admin/builder/spi-builder-workspace/.derivedData/Build/Intermediates.noindex/ably-cocoa.build/Debug-watchos/Ably-t.build/Objects-normal/arm64_32/ARTNSDictionary+ARTDictionaryUtil.d --serialize-diagnostics /Users/admin/builder/spi-builder-workspace/.derivedData/Build/Intermediates.noindex/ably-cocoa.build/Debug-watchos/Ably-t.build/Objects-normal/arm64_32/ARTNSDictionary+ARTDictionaryUtil.dia -c /Users/admin/builder/spi-builder-workspace/.dependencies/checkouts/ably-cocoa/Source/ARTNSDictionary+ARTDictionaryUtil.m -o /Users/admin/builder/spi-builder-workspace/.derivedData/Build/Intermediates.noindex/ably-cocoa.build/Debug-watchos/Ably-t.build/Objects-normal/arm64_32/ARTNSDictionary+ARTDictionaryUtil.o -index-unit-output-path /ably-cocoa.build/Debug-watchos/Ably-t.build/Objects-normal/arm64_32/ARTNSDictionary+ARTDictionaryUtil.o
PruneExplicitPrecompiledModules /Users/admin/builder/spi-builder-workspace/.derivedData/Build/Intermediates.noindex/SwiftExplicitPrecompiledModules
PruneExplicitPrecompiledModules /Users/admin/builder/spi-builder-workspace/.derivedData/SDKExplicitPrecompiledModules
PruneExplicitPrecompiledModules /Users/admin/builder/spi-builder-workspace/.derivedData/Build/Intermediates.noindex/ExplicitPrecompiledModules
2026-09-21 03:53:57.618 xcodebuild[1011:5686] [MT] IDERunDestination: Supported platforms for the buildables in the current scheme is empty.
** BUILD FAILED **
The following build commands failed:
ScanDependencies /Users/admin/builder/spi-builder-workspace/.derivedData/Build/Intermediates.noindex/ably-cocoa.build/Debug-watchos/Ably-t.build/Objects-normal/arm64_32/ARTOSReachability.o /Users/admin/builder/spi-builder-workspace/.dependencies/checkouts/ably-cocoa/Source/ARTOSReachability.m normal arm64_32 objective-c com.apple.compilers.llvm.clang.1_0.compiler (in target 'Ably' from project 'ably-cocoa')
Building workspace MagicBell with scheme MagicBell
(2 failures)
Command line invocation:
/Applications/Xcode-27.0.0-Release.Candidate.app/Contents/Developer/usr/bin/xcodebuild -IDEClonedSourcePackagesDirPathOverride=/Users/admin/builder/spi-builder-workspace/.dependencies -resolvePackageDependencies
Resolve Package Graph
Resolved source packages:
msgpack: https://github.com/rvi/msgpack-objective-C @ 0.4.0
MagicBell: /Users/admin/builder/spi-builder-workspace
CwlCatchException: https://github.com/mattgallagher/CwlCatchException.git @ 2.2.1
AblyDeltaCodec: https://github.com/ably/delta-codec-cocoa @ 1.3.5
Nimble: https://github.com/Quick/Nimble.git @ 12.3.0
CwlPreconditionTesting: https://github.com/mattgallagher/CwlPreconditionTesting.git @ 2.2.2
ably-cocoa: https://github.com/ably/ably-cocoa @ 1.4.0
Harmony: https://github.com/mobilejazz/harmony-swift @ 2.0.2
resolved source packages: msgpack, MagicBell, CwlCatchException, AblyDeltaCodec, Nimble, CwlPreconditionTesting, ably-cocoa, Harmony
2026-09-21 03:54:03.518 xcodebuild[1281:6760] [MT] IDERunDestination: Supported platforms for the buildables in the current scheme is empty.
{
"dependencies" : [
{
"identity" : "harmony-swift",
"requirement" : {
"range" : [
{
"lower_bound" : "2.0.0",
"upper_bound" : "3.0.0"
}
]
},
"type" : "sourceControl",
"url" : "https://github.com/mobilejazz/harmony-swift"
},
{
"identity" : "ably-cocoa",
"requirement" : {
"range" : [
{
"lower_bound" : "1.2.27",
"upper_bound" : "2.0.0"
}
]
},
"type" : "sourceControl",
"url" : "https://github.com/ably/ably-cocoa"
},
{
"identity" : "nimble",
"requirement" : {
"range" : [
{
"lower_bound" : "12.0.0",
"upper_bound" : "13.0.0"
}
]
},
"type" : "sourceControl",
"url" : "https://github.com/Quick/Nimble.git"
}
],
"manifest_display_name" : "MagicBell",
"name" : "MagicBell",
"path" : "/Users/admin/builder/spi-builder-workspace",
"platforms" : [
{
"name" : "ios",
"version" : "12.0"
},
{
"name" : "macos",
"version" : "10.15"
}
],
"products" : [
{
"name" : "MagicBell",
"targets" : [
"MagicBell"
],
"type" : {
"library" : [
"automatic"
]
}
}
],
"targets" : [
{
"c99name" : "MagicBellTests",
"module_type" : "SwiftTarget",
"name" : "MagicBellTests",
"path" : "Tests",
"product_dependencies" : [
"Nimble"
],
"sources" : [
"Common/Utils/BoolObjectMother.swift",
"Common/Utils/IntMotherObject.swift",
"Common/Utils/ResultUtils.swift",
"Common/Utils/StringMotherObject.swift",
"Features/Config/DeleteConfigMockInteractor.swift",
"Features/Config/GetConfigMockInteractor.swift",
"Features/Notification/NotificationMotherObject.swift",
"Features/Notification/Utils/ContentObserverMock.swift",
"Features/Notification/Utils/CountObserverMock.swift",
"Features/NotificationPreferences/Data/NotificationPreferencesEntityTests.swift",
"Features/Store/Mock/ActionNotificationMockInteractor.swift",
"Features/Store/Mock/DeleteNotificationMockInteractor.swift",
"Features/Store/Mock/FetchStorePageMockInteractor.swift",
"Features/Store/Mother Object/StorePageMotherObject.swift",
"Features/Store/NotificationStoreCombineTests.swift",
"Features/Store/NotificationStoreRealTimeTests.swift",
"Features/Store/NotificationStoreTests.swift",
"Features/Store/NotificationValidatorTests.swift",
"Features/Store/Utils/InitialNotificationStoreCounts.swift",
"Features/StoreRealTime/Mock/StoreRealTimeMock.swift",
"MagicBellTests.swift"
],
"target_dependencies" : [
"MagicBell"
],
"type" : "test"
},
{
"c99name" : "MagicBell",
"module_type" : "SwiftTarget",
"name" : "MagicBell",
"path" : "Source",
"product_dependencies" : [
"Harmony",
"Ably"
],
"product_memberships" : [
"MagicBell"
],
"sources" : [
"Common/Environment/Environment.swift",
"Common/Error/ErrorEntity.swift",
"Common/Error/MagicBellError.swift",
"Common/Error/MappingError.swift",
"Common/Error/NetworkError.swift",
"Common/Extension/CodingKey+JSON.swift",
"Common/Extension/String+Data.swift",
"Common/Logger/LogLevel.swift",
"Common/Network/DataToDecodableMapper.swift",
"Common/Network/EncodableToDataMapper.swift",
"Common/Network/HttpClient.swift",
"Common/Query/UserQuery.swift",
"Features/APNSToken/APNSEnvironment.swift",
"Features/APNSToken/APNSToken.swift",
"Features/APNSToken/APNSTokenDirector.swift",
"Features/APNSToken/APNSTokenProvider.swift",
"Features/APNSToken/Data/APNSTokenNetworkDataSource.swift",
"Features/APNSToken/Data/DeleteAPNSTokenQuery.swift",
"Features/APNSToken/Data/RegisterAPNSTokenQuery.swift",
"Features/APNSToken/Interactor/DeleteAPNSTokenInteractor.swift",
"Features/APNSToken/Interactor/RegisterAPNSTokensInteractor.swift",
"Features/Config/Config.swift",
"Features/Config/ConfigProvider.swift",
"Features/Config/Data/ConfigNetworkDataSource.swift",
"Features/Config/Interactor/DeleteConfigInteractor.swift",
"Features/Config/Interactor/GetConfigInteractor.swift",
"Features/Notification/Data/ActionNotificationNetworkDataSource.swift",
"Features/Notification/Data/NotificationNetworkDataSource.swift",
"Features/Notification/Data/NotificationQuery.swift",
"Features/Notification/Interactor/ActionNotificationInteractor.swift",
"Features/Notification/Interactor/DeleteNotificationInteractor.swift",
"Features/Notification/Interactor/GetNotificationInteractor.swift",
"Features/Notification/Notification.swift",
"Features/Notification/NotificationProvider.swift",
"Features/NotificationPreferences/Data/NotificationPreferencesEntity.swift",
"Features/NotificationPreferences/Data/NotificationPreferencesNetworkDataSource.swift",
"Features/NotificationPreferences/Interactor/GetNotificationPreferencesInteractor.swift",
"Features/NotificationPreferences/Interactor/UpdateNotificationPreferencesInteractor.swift",
"Features/NotificationPreferences/NotificationPreferences.swift",
"Features/NotificationPreferences/NotificationPreferencesDirector.swift",
"Features/NotificationPreferences/NotificationPreferencesMapper.swift",
"Features/NotificationPreferences/NotificationPreferencesProvider.swift",
"Features/Store/Data/StoreContext+QueryItems.swift",
"Features/Store/Data/StoreDataSource.swift",
"Features/Store/Data/StoreQuery.swift",
"Features/Store/Interactor/FetchStorePageInteractor.swift",
"Features/Store/Interactor/GetStorePagesInteractor.swift",
"Features/Store/NotificationStore.swift",
"Features/Store/NotificationStoreCombine.swift",
"Features/Store/NotificationStoreObserver.swift",
"Features/Store/NotificationStorePublisher.swift",
"Features/Store/NotificationValidator.swift",
"Features/Store/StoreContext.swift",
"Features/Store/StoreDirector.swift",
"Features/Store/StorePage.swift",
"Features/Store/StorePagePredicate.swift",
"Features/Store/StorePredicate.swift",
"Features/Store/StoreProvider.swift",
"Features/StoreRealTime/AblyConnector.swift",
"Features/StoreRealTime/AblyMessageProcessor.swift",
"Features/StoreRealTime/StoreRealTime.swift",
"Features/StoreRealTime/StoreRealTimeProvider.swift",
"MagicBellClient.swift",
"SDKProvider.swift",
"User.swift"
],
"type" : "library"
}
],
"tools_version" : "5.5"
}
{
"workspace" : {
"name" : "MagicBell",
"schemes" : [
"ably-cocoa",
"AblyLiveObjects",
"MagicBell"
]
}
}
2026-09-21 03:54:05.123 xcodebuild[1289:6830] [MT] IDERunDestination: Supported platforms for the buildables in the current scheme is empty.
{
"workspace" : {
"name" : "MagicBell",
"schemes" : [
"ably-cocoa",
"AblyLiveObjects",
"MagicBell"
]
}
}
2026-09-21 03:54:06.493 xcodebuild[1291:6863] [MT] IDERunDestination: Supported platforms for the buildables in the current scheme is empty.
Running build ...
env DEVELOPER_DIR=/Applications/Xcode-27.0.0-Release.Candidate.app xcrun xcodebuild -IDEClonedSourcePackagesDirPathOverride=$PWD/.dependencies -skipMacroValidation -skipPackagePluginValidation -derivedDataPath $PWD/.derivedData build -scheme MagicBell -destination generic/platform=watchOS
Command line invocation:
/Applications/Xcode-27.0.0-Release.Candidate.app/Contents/Developer/usr/bin/xcodebuild -IDEClonedSourcePackagesDirPathOverride=/Users/admin/builder/spi-builder-workspace/.dependencies -skipMacroValidation -skipPackagePluginValidation -derivedDataPath /Users/admin/builder/spi-builder-workspace/.derivedData build -scheme MagicBell -destination generic/platform=watchOS
Resolve Package Graph
Resolved source packages:
MagicBell: /Users/admin/builder/spi-builder-workspace
CwlCatchException: https://github.com/mattgallagher/CwlCatchException.git @ 2.2.1
Nimble: https://github.com/Quick/Nimble.git @ 12.3.0
CwlPreconditionTesting: https://github.com/mattgallagher/CwlPreconditionTesting.git @ 2.2.2
ably-cocoa: https://github.com/ably/ably-cocoa @ 1.4.0
msgpack: https://github.com/rvi/msgpack-objective-C @ 0.4.0
Harmony: https://github.com/mobilejazz/harmony-swift @ 2.0.2
AblyDeltaCodec: https://github.com/ably/delta-codec-cocoa @ 1.3.5
ComputePackagePrebuildTargetDependencyGraph
Prepare packages
CreateBuildRequest
SendProjectDescription
CreateBuildOperation
ComputeTargetDependencyGraph
note: Building targets in dependency order
note: Target dependency graph (12 targets)
Target 'MagicBell-product' in project 'MagicBell'
➜ Explicit dependency on target 'MagicBell' in project 'MagicBell'
➜ Explicit dependency on target 'Harmony-product' in project 'Harmony'
➜ Explicit dependency on target 'Ably-product' in project 'ably-cocoa'
Target 'MagicBell' in project 'MagicBell'
➜ Explicit dependency on target 'Harmony-product' in project 'Harmony'
➜ Explicit dependency on target 'Ably-product' in project 'ably-cocoa'
Target 'Ably-product' in project 'ably-cocoa'
➜ Explicit dependency on target 'Ably' in project 'ably-cocoa'
➜ Explicit dependency on target 'ably-cocoa_Ably' in project 'ably-cocoa'
➜ Explicit dependency on target '_AblyPluginSupportPrivate' in project 'ably-cocoa'
➜ Explicit dependency on target 'msgpack-product' in project 'msgpack'
➜ Explicit dependency on target 'AblyDeltaCodec-product' in project 'AblyDeltaCodec'
Target 'Ably' in project 'ably-cocoa'
➜ Explicit dependency on target 'ably-cocoa_Ably' in project 'ably-cocoa'
➜ Explicit dependency on target '_AblyPluginSupportPrivate' in project 'ably-cocoa'
➜ Explicit dependency on target 'msgpack-product' in project 'msgpack'
➜ Explicit dependency on target 'AblyDeltaCodec-product' in project 'AblyDeltaCodec'
Target 'AblyDeltaCodec-product' in project 'AblyDeltaCodec'
➜ Explicit dependency on target 'AblyDeltaCodec' in project 'AblyDeltaCodec'
Target 'AblyDeltaCodec' in project 'AblyDeltaCodec' (no dependencies)
Target 'msgpack-product' in project 'msgpack'
➜ Explicit dependency on target 'msgpack' in project 'msgpack'
Target 'msgpack' in project 'msgpack' (no dependencies)
Target '_AblyPluginSupportPrivate' in project 'ably-cocoa' (no dependencies)
Target 'ably-cocoa_Ably' in project 'ably-cocoa' (no dependencies)
Target 'Harmony-product' in project 'Harmony'
➜ Explicit dependency on target 'Harmony' in project 'Harmony'
Target 'Harmony' in project 'Harmony' (no dependencies)
GatherProvisioningInputs
CreateBuildDescription
ClangStatCache /Applications/Xcode-27.0.0-Release.Candidate.app/Contents/Developer/Toolchains/XcodeDefault.xctoolchain/usr/bin/clang-stat-cache /Applications/Xcode-27.0.0-Release.Candidate.app/Contents/Developer/Platforms/WatchOS.platform/Developer/SDKs/WatchOS27.0.sdk /Users/admin/builder/spi-builder-workspace/.derivedData/SDKStatCaches.noindex/watchos27.0-24R360-e829b21a6f8c9b70876ba0858053c04477534ef55a1706bf4c1112bbb242f0a2.sdkstatcache
cd /Users/admin/builder/spi-builder-workspace/.swiftpm/xcode
/Applications/Xcode-27.0.0-Release.Candidate.app/Contents/Developer/Toolchains/XcodeDefault.xctoolchain/usr/bin/clang-stat-cache /Applications/Xcode-27.0.0-Release.Candidate.app/Contents/Developer/Platforms/WatchOS.platform/Developer/SDKs/WatchOS27.0.sdk -o /Users/admin/builder/spi-builder-workspace/.derivedData/SDKStatCaches.noindex/watchos27.0-24R360-e829b21a6f8c9b70876ba0858053c04477534ef55a1706bf4c1112bbb242f0a2.sdkstatcache
ScanDependencies /Users/admin/builder/spi-builder-workspace/.derivedData/Build/Intermediates.noindex/ably-cocoa.build/Debug-watchos/Ably-t.build/Objects-normal/arm64_32/ARTNSMutableRequest+ARTPush.o /Users/admin/builder/spi-builder-workspace/.dependencies/checkouts/ably-cocoa/Source/ARTNSMutableRequest+ARTPush.m normal arm64_32 objective-c com.apple.compilers.llvm.clang.1_0.compiler (in target 'Ably' from project 'ably-cocoa')
cd /Users/admin/builder/spi-builder-workspace/.swiftpm/xcode
Using response file: /Users/admin/builder/spi-builder-workspace/.derivedData/Build/Intermediates.noindex/ably-cocoa.build/Debug-watchos/Ably-t.build/Objects-normal/arm64_32/e6072d4f65d7061329687fe24e3d63a7-common-args.resp
builtin-ScanDependencies -o /Users/admin/builder/spi-builder-workspace/.derivedData/Build/Intermediates.noindex/ably-cocoa.build/Debug-watchos/Ably-t.build/Objects-normal/arm64_32/ARTNSMutableRequest+ARTPush.o.scan -- /Applications/Xcode-27.0.0-Release.Candidate.app/Contents/Developer/Toolchains/XcodeDefault.xctoolchain/usr/bin/clang -x objective-c -ivfsstatcache /Users/admin/builder/spi-builder-workspace/.derivedData/SDKStatCaches.noindex/watchos27.0-24R360-e829b21a6f8c9b70876ba0858053c04477534ef55a1706bf4c1112bbb242f0a2.sdkstatcache -target arm64_32-apple-watchos9.0 -fmessage-length\=0 -fdiagnostics-show-note-include-stack -fmacro-backtrace-limit\=0 -fno-color-diagnostics -fmodules-prune-interval\=86400 -fmodules-prune-after\=345600 -fbuild-session-file\=/Users/admin/builder/spi-builder-workspace/.derivedData/ModuleCache.noindex/Session.modulevalidation -fmodules-validate-once-per-build-session -Wnon-modular-include-in-framework-module -Werror\=non-modular-include-in-framework-module -Wno-trigraphs -Wno-missing-field-initializers -Wno-missing-prototypes -Wno-return-type -Wno-implicit-atomic-properties -Wno-objc-interface-ivars -Wno-arc-repeated-use-of-weak -Wno-missing-braces -Wparentheses -Wswitch -Wno-unused-function -Wno-unused-label -Wno-unused-parameter -Wno-unused-variable -Wunused-value -Wno-empty-body -Wno-uninitialized -Wno-unknown-pragmas -w -Wno-shadow -Wno-four-char-constants -Wno-conversion -Wno-constant-conversion -Wno-int-conversion -Wno-bool-conversion -Wno-enum-conversion -Wno-float-conversion -Wno-non-literal-null-conversion -Wno-objc-literal-conversion -Wno-shorten-64-to-32 -Wpointer-sign -Wno-newline-eof -Wno-selector -Wno-strict-selector-match -Wno-undeclared-selector -Wno-deprecated-implementations -Wno-implicit-fallthrough -isysroot /Applications/Xcode-27.0.0-Release.Candidate.app/Contents/Developer/Platforms/WatchOS.platform/Developer/SDKs/WatchOS27.0.sdk -fstrict-aliasing -Wprotocol -Wdeprecated-declarations -Wno-sign-conversion -Wno-infinite-recursion -Wno-comma -Wno-block-capture-autoreleasing -Wno-strict-prototypes -Wno-semicolon-before-method-body -index-store-path /Users/admin/builder/spi-builder-workspace/.derivedData/Index.noindex/DataStore @/Users/admin/builder/spi-builder-workspace/.derivedData/Build/Intermediates.noindex/ably-cocoa.build/Debug-watchos/Ably-t.build/Objects-normal/arm64_32/e6072d4f65d7061329687fe24e3d63a7-common-args.resp -include /Users/admin/builder/spi-builder-workspace/.derivedData/Build/Intermediates.noindex/ably-cocoa.build/Debug-watchos/Ably-t.build/DerivedSources/resource_bundle_accessor.h -MMD -MT dependencies -MF /Users/admin/builder/spi-builder-workspace/.derivedData/Build/Intermediates.noindex/ably-cocoa.build/Debug-watchos/Ably-t.build/Objects-normal/arm64_32/ARTNSMutableRequest+ARTPush.d --serialize-diagnostics /Users/admin/builder/spi-builder-workspace/.derivedData/Build/Intermediates.noindex/ably-cocoa.build/Debug-watchos/Ably-t.build/Objects-normal/arm64_32/ARTNSMutableRequest+ARTPush.dia -c /Users/admin/builder/spi-builder-workspace/.dependencies/checkouts/ably-cocoa/Source/ARTNSMutableRequest+ARTPush.m -o /Users/admin/builder/spi-builder-workspace/.derivedData/Build/Intermediates.noindex/ably-cocoa.build/Debug-watchos/Ably-t.build/Objects-normal/arm64_32/ARTNSMutableRequest+ARTPush.o -index-unit-output-path /ably-cocoa.build/Debug-watchos/Ably-t.build/Objects-normal/arm64_32/ARTNSMutableRequest+ARTPush.o
ScanDependencies /Users/admin/builder/spi-builder-workspace/.derivedData/Build/Intermediates.noindex/ably-cocoa.build/Debug-watchos/Ably-t.build/Objects-normal/arm64_32/ARTOSReachability.o /Users/admin/builder/spi-builder-workspace/.dependencies/checkouts/ably-cocoa/Source/ARTOSReachability.m normal arm64_32 objective-c com.apple.compilers.llvm.clang.1_0.compiler (in target 'Ably' from project 'ably-cocoa')
cd /Users/admin/builder/spi-builder-workspace/.swiftpm/xcode
Using response file: /Users/admin/builder/spi-builder-workspace/.derivedData/Build/Intermediates.noindex/ably-cocoa.build/Debug-watchos/Ably-t.build/Objects-normal/arm64_32/e6072d4f65d7061329687fe24e3d63a7-common-args.resp
builtin-ScanDependencies -o /Users/admin/builder/spi-builder-workspace/.derivedData/Build/Intermediates.noindex/ably-cocoa.build/Debug-watchos/Ably-t.build/Objects-normal/arm64_32/ARTOSReachability.o.scan -- /Applications/Xcode-27.0.0-Release.Candidate.app/Contents/Developer/Toolchains/XcodeDefault.xctoolchain/usr/bin/clang -x objective-c -ivfsstatcache /Users/admin/builder/spi-builder-workspace/.derivedData/SDKStatCaches.noindex/watchos27.0-24R360-e829b21a6f8c9b70876ba0858053c04477534ef55a1706bf4c1112bbb242f0a2.sdkstatcache -target arm64_32-apple-watchos9.0 -fmessage-length\=0 -fdiagnostics-show-note-include-stack -fmacro-backtrace-limit\=0 -fno-color-diagnostics -fmodules-prune-interval\=86400 -fmodules-prune-after\=345600 -fbuild-session-file\=/Users/admin/builder/spi-builder-workspace/.derivedData/ModuleCache.noindex/Session.modulevalidation -fmodules-validate-once-per-build-session -Wnon-modular-include-in-framework-module -Werror\=non-modular-include-in-framework-module -Wno-trigraphs -Wno-missing-field-initializers -Wno-missing-prototypes -Wno-return-type -Wno-implicit-atomic-properties -Wno-objc-interface-ivars -Wno-arc-repeated-use-of-weak -Wno-missing-braces -Wparentheses -Wswitch -Wno-unused-function -Wno-unused-label -Wno-unused-parameter -Wno-unused-variable -Wunused-value -Wno-empty-body -Wno-uninitialized -Wno-unknown-pragmas -w -Wno-shadow -Wno-four-char-constants -Wno-conversion -Wno-constant-conversion -Wno-int-conversion -Wno-bool-conversion -Wno-enum-conversion -Wno-float-conversion -Wno-non-literal-null-conversion -Wno-objc-literal-conversion -Wno-shorten-64-to-32 -Wpointer-sign -Wno-newline-eof -Wno-selector -Wno-strict-selector-match -Wno-undeclared-selector -Wno-deprecated-implementations -Wno-implicit-fallthrough -isysroot /Applications/Xcode-27.0.0-Release.Candidate.app/Contents/Developer/Platforms/WatchOS.platform/Developer/SDKs/WatchOS27.0.sdk -fstrict-aliasing -Wprotocol -Wdeprecated-declarations -Wno-sign-conversion -Wno-infinite-recursion -Wno-comma -Wno-block-capture-autoreleasing -Wno-strict-prototypes -Wno-semicolon-before-method-body -index-store-path /Users/admin/builder/spi-builder-workspace/.derivedData/Index.noindex/DataStore @/Users/admin/builder/spi-builder-workspace/.derivedData/Build/Intermediates.noindex/ably-cocoa.build/Debug-watchos/Ably-t.build/Objects-normal/arm64_32/e6072d4f65d7061329687fe24e3d63a7-common-args.resp -include /Users/admin/builder/spi-builder-workspace/.derivedData/Build/Intermediates.noindex/ably-cocoa.build/Debug-watchos/Ably-t.build/DerivedSources/resource_bundle_accessor.h -MMD -MT dependencies -MF /Users/admin/builder/spi-builder-workspace/.derivedData/Build/Intermediates.noindex/ably-cocoa.build/Debug-watchos/Ably-t.build/Objects-normal/arm64_32/ARTOSReachability.d --serialize-diagnostics /Users/admin/builder/spi-builder-workspace/.derivedData/Build/Intermediates.noindex/ably-cocoa.build/Debug-watchos/Ably-t.build/Objects-normal/arm64_32/ARTOSReachability.dia -c /Users/admin/builder/spi-builder-workspace/.dependencies/checkouts/ably-cocoa/Source/ARTOSReachability.m -o /Users/admin/builder/spi-builder-workspace/.derivedData/Build/Intermediates.noindex/ably-cocoa.build/Debug-watchos/Ably-t.build/Objects-normal/arm64_32/ARTOSReachability.o -index-unit-output-path /ably-cocoa.build/Debug-watchos/Ably-t.build/Objects-normal/arm64_32/ARTOSReachability.o
/Users/admin/builder/spi-builder-workspace/.dependencies/checkouts/ably-cocoa/Source/ARTOSReachability.m:6:9: error: 'SystemConfiguration/SystemConfiguration.h' file not found (in target 'Ably' from project 'ably-cocoa')
Ld /Users/admin/builder/spi-builder-workspace/.derivedData/Build/Intermediates.noindex/msgpack.build/Debug-watchos/msgpack-t.build/Objects-normal/arm64_32/Binary/msgpack.o normal arm64_32 (in target 'msgpack' from project 'msgpack')
cd /Users/admin/builder/spi-builder-workspace/.dependencies/checkouts/msgpack-objective-C
/Applications/Xcode-27.0.0-Release.Candidate.app/Contents/Developer/Toolchains/XcodeDefault.xctoolchain/usr/bin/clang -Xlinker -reproducible -target arm64_32-apple-watchos9.0 -r -isysroot /Applications/Xcode-27.0.0-Release.Candidate.app/Contents/Developer/Platforms/WatchOS.platform/Developer/SDKs/WatchOS27.0.sdk -O0 -w -Xlinker -no_warn_duplicate_libraries -F/Users/admin/builder/spi-builder-workspace/.derivedData/Build/Intermediates.noindex/EagerLinkingTBDs/Debug-watchos -F/Users/admin/builder/spi-builder-workspace/.derivedData/Build/Products/Debug-watchos -iframework /Applications/Xcode-27.0.0-Release.Candidate.app/Contents/Developer/Platforms/WatchOS.platform/Developer/Library/Frameworks -iframework /Applications/Xcode-27.0.0-Release.Candidate.app/Contents/Developer/Platforms/WatchOS.platform/Developer/SDKs/WatchOS27.0.sdk/Developer/Library/Frameworks -filelist /Users/admin/builder/spi-builder-workspace/.derivedData/Build/Intermediates.noindex/msgpack.build/Debug-watchos/msgpack-t.build/Objects-normal/arm64_32/msgpack.LinkFileList -nostdlib -Xlinker -object_path_lto -Xlinker /Users/admin/builder/spi-builder-workspace/.derivedData/Build/Intermediates.noindex/msgpack.build/Debug-watchos/msgpack-t.build/Objects-normal/arm64_32/msgpack_lto.o -Xlinker -no_deduplicate -Xlinker -debug_variant -Xlinker -dependency_info -Xlinker /Users/admin/builder/spi-builder-workspace/.derivedData/Build/Intermediates.noindex/msgpack.build/Debug-watchos/msgpack-t.build/Objects-normal/arm64_32/msgpack_dependency_info.dat -fobjc-arc -fobjc-link-runtime -o /Users/admin/builder/spi-builder-workspace/.derivedData/Build/Intermediates.noindex/msgpack.build/Debug-watchos/msgpack-t.build/Objects-normal/arm64_32/Binary/msgpack.o
ScanDependencies /Users/admin/builder/spi-builder-workspace/.derivedData/Build/Intermediates.noindex/ably-cocoa.build/Debug-watchos/Ably-t.build/Objects-normal/arm64_32/ARTNSMutableDictionary+ARTDictionaryUtil.o /Users/admin/builder/spi-builder-workspace/.dependencies/checkouts/ably-cocoa/Source/ARTNSMutableDictionary+ARTDictionaryUtil.m normal arm64_32 objective-c com.apple.compilers.llvm.clang.1_0.compiler (in target 'Ably' from project 'ably-cocoa')
cd /Users/admin/builder/spi-builder-workspace/.swiftpm/xcode
Using response file: /Users/admin/builder/spi-builder-workspace/.derivedData/Build/Intermediates.noindex/ably-cocoa.build/Debug-watchos/Ably-t.build/Objects-normal/arm64_32/e6072d4f65d7061329687fe24e3d63a7-common-args.resp
builtin-ScanDependencies -o /Users/admin/builder/spi-builder-workspace/.derivedData/Build/Intermediates.noindex/ably-cocoa.build/Debug-watchos/Ably-t.build/Objects-normal/arm64_32/ARTNSMutableDictionary+ARTDictionaryUtil.o.scan -- /Applications/Xcode-27.0.0-Release.Candidate.app/Contents/Developer/Toolchains/XcodeDefault.xctoolchain/usr/bin/clang -x objective-c -ivfsstatcache /Users/admin/builder/spi-builder-workspace/.derivedData/SDKStatCaches.noindex/watchos27.0-24R360-e829b21a6f8c9b70876ba0858053c04477534ef55a1706bf4c1112bbb242f0a2.sdkstatcache -target arm64_32-apple-watchos9.0 -fmessage-length\=0 -fdiagnostics-show-note-include-stack -fmacro-backtrace-limit\=0 -fno-color-diagnostics -fmodules-prune-interval\=86400 -fmodules-prune-after\=345600 -fbuild-session-file\=/Users/admin/builder/spi-builder-workspace/.derivedData/ModuleCache.noindex/Session.modulevalidation -fmodules-validate-once-per-build-session -Wnon-modular-include-in-framework-module -Werror\=non-modular-include-in-framework-module -Wno-trigraphs -Wno-missing-field-initializers -Wno-missing-prototypes -Wno-return-type -Wno-implicit-atomic-properties -Wno-objc-interface-ivars -Wno-arc-repeated-use-of-weak -Wno-missing-braces -Wparentheses -Wswitch -Wno-unused-function -Wno-unused-label -Wno-unused-parameter -Wno-unused-variable -Wunused-value -Wno-empty-body -Wno-uninitialized -Wno-unknown-pragmas -w -Wno-shadow -Wno-four-char-constants -Wno-conversion -Wno-constant-conversion -Wno-int-conversion -Wno-bool-conversion -Wno-enum-conversion -Wno-float-conversion -Wno-non-literal-null-conversion -Wno-objc-literal-conversion -Wno-shorten-64-to-32 -Wpointer-sign -Wno-newline-eof -Wno-selector -Wno-strict-selector-match -Wno-undeclared-selector -Wno-deprecated-implementations -Wno-implicit-fallthrough -isysroot /Applications/Xcode-27.0.0-Release.Candidate.app/Contents/Developer/Platforms/WatchOS.platform/Developer/SDKs/WatchOS27.0.sdk -fstrict-aliasing -Wprotocol -Wdeprecated-declarations -Wno-sign-conversion -Wno-infinite-recursion -Wno-comma -Wno-block-capture-autoreleasing -Wno-strict-prototypes -Wno-semicolon-before-method-body -index-store-path /Users/admin/builder/spi-builder-workspace/.derivedData/Index.noindex/DataStore @/Users/admin/builder/spi-builder-workspace/.derivedData/Build/Intermediates.noindex/ably-cocoa.build/Debug-watchos/Ably-t.build/Objects-normal/arm64_32/e6072d4f65d7061329687fe24e3d63a7-common-args.resp -include /Users/admin/builder/spi-builder-workspace/.derivedData/Build/Intermediates.noindex/ably-cocoa.build/Debug-watchos/Ably-t.build/DerivedSources/resource_bundle_accessor.h -MMD -MT dependencies -MF /Users/admin/builder/spi-builder-workspace/.derivedData/Build/Intermediates.noindex/ably-cocoa.build/Debug-watchos/Ably-t.build/Objects-normal/arm64_32/ARTNSMutableDictionary+ARTDictionaryUtil.d --serialize-diagnostics /Users/admin/builder/spi-builder-workspace/.derivedData/Build/Intermediates.noindex/ably-cocoa.build/Debug-watchos/Ably-t.build/Objects-normal/arm64_32/ARTNSMutableDictionary+ARTDictionaryUtil.dia -c /Users/admin/builder/spi-builder-workspace/.dependencies/checkouts/ably-cocoa/Source/ARTNSMutableDictionary+ARTDictionaryUtil.m -o /Users/admin/builder/spi-builder-workspace/.derivedData/Build/Intermediates.noindex/ably-cocoa.build/Debug-watchos/Ably-t.build/Objects-normal/arm64_32/ARTNSMutableDictionary+ARTDictionaryUtil.o -index-unit-output-path /ably-cocoa.build/Debug-watchos/Ably-t.build/Objects-normal/arm64_32/ARTNSMutableDictionary+ARTDictionaryUtil.o
ScanDependencies /Users/admin/builder/spi-builder-workspace/.derivedData/Build/Intermediates.noindex/ably-cocoa.build/Debug-watchos/Ably-t.build/Objects-normal/arm64_32/ARTNSHTTPURLResponse+ARTPaginated.o /Users/admin/builder/spi-builder-workspace/.dependencies/checkouts/ably-cocoa/Source/ARTNSHTTPURLResponse+ARTPaginated.m normal arm64_32 objective-c com.apple.compilers.llvm.clang.1_0.compiler (in target 'Ably' from project 'ably-cocoa')
cd /Users/admin/builder/spi-builder-workspace/.swiftpm/xcode
Using response file: /Users/admin/builder/spi-builder-workspace/.derivedData/Build/Intermediates.noindex/ably-cocoa.build/Debug-watchos/Ably-t.build/Objects-normal/arm64_32/e6072d4f65d7061329687fe24e3d63a7-common-args.resp
builtin-ScanDependencies -o /Users/admin/builder/spi-builder-workspace/.derivedData/Build/Intermediates.noindex/ably-cocoa.build/Debug-watchos/Ably-t.build/Objects-normal/arm64_32/ARTNSHTTPURLResponse+ARTPaginated.o.scan -- /Applications/Xcode-27.0.0-Release.Candidate.app/Contents/Developer/Toolchains/XcodeDefault.xctoolchain/usr/bin/clang -x objective-c -ivfsstatcache /Users/admin/builder/spi-builder-workspace/.derivedData/SDKStatCaches.noindex/watchos27.0-24R360-e829b21a6f8c9b70876ba0858053c04477534ef55a1706bf4c1112bbb242f0a2.sdkstatcache -target arm64_32-apple-watchos9.0 -fmessage-length\=0 -fdiagnostics-show-note-include-stack -fmacro-backtrace-limit\=0 -fno-color-diagnostics -fmodules-prune-interval\=86400 -fmodules-prune-after\=345600 -fbuild-session-file\=/Users/admin/builder/spi-builder-workspace/.derivedData/ModuleCache.noindex/Session.modulevalidation -fmodules-validate-once-per-build-session -Wnon-modular-include-in-framework-module -Werror\=non-modular-include-in-framework-module -Wno-trigraphs -Wno-missing-field-initializers -Wno-missing-prototypes -Wno-return-type -Wno-implicit-atomic-properties -Wno-objc-interface-ivars -Wno-arc-repeated-use-of-weak -Wno-missing-braces -Wparentheses -Wswitch -Wno-unused-function -Wno-unused-label -Wno-unused-parameter -Wno-unused-variable -Wunused-value -Wno-empty-body -Wno-uninitialized -Wno-unknown-pragmas -w -Wno-shadow -Wno-four-char-constants -Wno-conversion -Wno-constant-conversion -Wno-int-conversion -Wno-bool-conversion -Wno-enum-conversion -Wno-float-conversion -Wno-non-literal-null-conversion -Wno-objc-literal-conversion -Wno-shorten-64-to-32 -Wpointer-sign -Wno-newline-eof -Wno-selector -Wno-strict-selector-match -Wno-undeclared-selector -Wno-deprecated-implementations -Wno-implicit-fallthrough -isysroot /Applications/Xcode-27.0.0-Release.Candidate.app/Contents/Developer/Platforms/WatchOS.platform/Developer/SDKs/WatchOS27.0.sdk -fstrict-aliasing -Wprotocol -Wdeprecated-declarations -Wno-sign-conversion -Wno-infinite-recursion -Wno-comma -Wno-block-capture-autoreleasing -Wno-strict-prototypes -Wno-semicolon-before-method-body -index-store-path /Users/admin/builder/spi-builder-workspace/.derivedData/Index.noindex/DataStore @/Users/admin/builder/spi-builder-workspace/.derivedData/Build/Intermediates.noindex/ably-cocoa.build/Debug-watchos/Ably-t.build/Objects-normal/arm64_32/e6072d4f65d7061329687fe24e3d63a7-common-args.resp -include /Users/admin/builder/spi-builder-workspace/.derivedData/Build/Intermediates.noindex/ably-cocoa.build/Debug-watchos/Ably-t.build/DerivedSources/resource_bundle_accessor.h -MMD -MT dependencies -MF /Users/admin/builder/spi-builder-workspace/.derivedData/Build/Intermediates.noindex/ably-cocoa.build/Debug-watchos/Ably-t.build/Objects-normal/arm64_32/ARTNSHTTPURLResponse+ARTPaginated.d --serialize-diagnostics /Users/admin/builder/spi-builder-workspace/.derivedData/Build/Intermediates.noindex/ably-cocoa.build/Debug-watchos/Ably-t.build/Objects-normal/arm64_32/ARTNSHTTPURLResponse+ARTPaginated.dia -c /Users/admin/builder/spi-builder-workspace/.dependencies/checkouts/ably-cocoa/Source/ARTNSHTTPURLResponse+ARTPaginated.m -o /Users/admin/builder/spi-builder-workspace/.derivedData/Build/Intermediates.noindex/ably-cocoa.build/Debug-watchos/Ably-t.build/Objects-normal/arm64_32/ARTNSHTTPURLResponse+ARTPaginated.o -index-unit-output-path /ably-cocoa.build/Debug-watchos/Ably-t.build/Objects-normal/arm64_32/ARTNSHTTPURLResponse+ARTPaginated.o
ScanDependencies /Users/admin/builder/spi-builder-workspace/.derivedData/Build/Intermediates.noindex/ably-cocoa.build/Debug-watchos/Ably-t.build/Objects-normal/arm64_32/ARTNSError+ARTUtils.o /Users/admin/builder/spi-builder-workspace/.dependencies/checkouts/ably-cocoa/Source/ARTNSError+ARTUtils.m normal arm64_32 objective-c com.apple.compilers.llvm.clang.1_0.compiler (in target 'Ably' from project 'ably-cocoa')
cd /Users/admin/builder/spi-builder-workspace/.swiftpm/xcode
Using response file: /Users/admin/builder/spi-builder-workspace/.derivedData/Build/Intermediates.noindex/ably-cocoa.build/Debug-watchos/Ably-t.build/Objects-normal/arm64_32/e6072d4f65d7061329687fe24e3d63a7-common-args.resp
builtin-ScanDependencies -o /Users/admin/builder/spi-builder-workspace/.derivedData/Build/Intermediates.noindex/ably-cocoa.build/Debug-watchos/Ably-t.build/Objects-normal/arm64_32/ARTNSError+ARTUtils.o.scan -- /Applications/Xcode-27.0.0-Release.Candidate.app/Contents/Developer/Toolchains/XcodeDefault.xctoolchain/usr/bin/clang -x objective-c -ivfsstatcache /Users/admin/builder/spi-builder-workspace/.derivedData/SDKStatCaches.noindex/watchos27.0-24R360-e829b21a6f8c9b70876ba0858053c04477534ef55a1706bf4c1112bbb242f0a2.sdkstatcache -target arm64_32-apple-watchos9.0 -fmessage-length\=0 -fdiagnostics-show-note-include-stack -fmacro-backtrace-limit\=0 -fno-color-diagnostics -fmodules-prune-interval\=86400 -fmodules-prune-after\=345600 -fbuild-session-file\=/Users/admin/builder/spi-builder-workspace/.derivedData/ModuleCache.noindex/Session.modulevalidation -fmodules-validate-once-per-build-session -Wnon-modular-include-in-framework-module -Werror\=non-modular-include-in-framework-module -Wno-trigraphs -Wno-missing-field-initializers -Wno-missing-prototypes -Wno-return-type -Wno-implicit-atomic-properties -Wno-objc-interface-ivars -Wno-arc-repeated-use-of-weak -Wno-missing-braces -Wparentheses -Wswitch -Wno-unused-function -Wno-unused-label -Wno-unused-parameter -Wno-unused-variable -Wunused-value -Wno-empty-body -Wno-uninitialized -Wno-unknown-pragmas -w -Wno-shadow -Wno-four-char-constants -Wno-conversion -Wno-constant-conversion -Wno-int-conversion -Wno-bool-conversion -Wno-enum-conversion -Wno-float-conversion -Wno-non-literal-null-conversion -Wno-objc-literal-conversion -Wno-shorten-64-to-32 -Wpointer-sign -Wno-newline-eof -Wno-selector -Wno-strict-selector-match -Wno-undeclared-selector -Wno-deprecated-implementations -Wno-implicit-fallthrough -isysroot /Applications/Xcode-27.0.0-Release.Candidate.app/Contents/Developer/Platforms/WatchOS.platform/Developer/SDKs/WatchOS27.0.sdk -fstrict-aliasing -Wprotocol -Wdeprecated-declarations -Wno-sign-conversion -Wno-infinite-recursion -Wno-comma -Wno-block-capture-autoreleasing -Wno-strict-prototypes -Wno-semicolon-before-method-body -index-store-path /Users/admin/builder/spi-builder-workspace/.derivedData/Index.noindex/DataStore @/Users/admin/builder/spi-builder-workspace/.derivedData/Build/Intermediates.noindex/ably-cocoa.build/Debug-watchos/Ably-t.build/Objects-normal/arm64_32/e6072d4f65d7061329687fe24e3d63a7-common-args.resp -include /Users/admin/builder/spi-builder-workspace/.derivedData/Build/Intermediates.noindex/ably-cocoa.build/Debug-watchos/Ably-t.build/DerivedSources/resource_bundle_accessor.h -MMD -MT dependencies -MF /Users/admin/builder/spi-builder-workspace/.derivedData/Build/Intermediates.noindex/ably-cocoa.build/Debug-watchos/Ably-t.build/Objects-normal/arm64_32/ARTNSError+ARTUtils.d --serialize-diagnostics /Users/admin/builder/spi-builder-workspace/.derivedData/Build/Intermediates.noindex/ably-cocoa.build/Debug-watchos/Ably-t.build/Objects-normal/arm64_32/ARTNSError+ARTUtils.dia -c /Users/admin/builder/spi-builder-workspace/.dependencies/checkouts/ably-cocoa/Source/ARTNSError+ARTUtils.m -o /Users/admin/builder/spi-builder-workspace/.derivedData/Build/Intermediates.noindex/ably-cocoa.build/Debug-watchos/Ably-t.build/Objects-normal/arm64_32/ARTNSError+ARTUtils.o -index-unit-output-path /ably-cocoa.build/Debug-watchos/Ably-t.build/Objects-normal/arm64_32/ARTNSError+ARTUtils.o
ScanDependencies /Users/admin/builder/spi-builder-workspace/.derivedData/Build/Intermediates.noindex/ably-cocoa.build/Debug-watchos/Ably-t.build/Objects-normal/arm64_32/ARTNSDictionary+ARTDictionaryUtil.o /Users/admin/builder/spi-builder-workspace/.dependencies/checkouts/ably-cocoa/Source/ARTNSDictionary+ARTDictionaryUtil.m normal arm64_32 objective-c com.apple.compilers.llvm.clang.1_0.compiler (in target 'Ably' from project 'ably-cocoa')
cd /Users/admin/builder/spi-builder-workspace/.swiftpm/xcode
Using response file: /Users/admin/builder/spi-builder-workspace/.derivedData/Build/Intermediates.noindex/ably-cocoa.build/Debug-watchos/Ably-t.build/Objects-normal/arm64_32/e6072d4f65d7061329687fe24e3d63a7-common-args.resp
builtin-ScanDependencies -o /Users/admin/builder/spi-builder-workspace/.derivedData/Build/Intermediates.noindex/ably-cocoa.build/Debug-watchos/Ably-t.build/Objects-normal/arm64_32/ARTNSDictionary+ARTDictionaryUtil.o.scan -- /Applications/Xcode-27.0.0-Release.Candidate.app/Contents/Developer/Toolchains/XcodeDefault.xctoolchain/usr/bin/clang -x objective-c -ivfsstatcache /Users/admin/builder/spi-builder-workspace/.derivedData/SDKStatCaches.noindex/watchos27.0-24R360-e829b21a6f8c9b70876ba0858053c04477534ef55a1706bf4c1112bbb242f0a2.sdkstatcache -target arm64_32-apple-watchos9.0 -fmessage-length\=0 -fdiagnostics-show-note-include-stack -fmacro-backtrace-limit\=0 -fno-color-diagnostics -fmodules-prune-interval\=86400 -fmodules-prune-after\=345600 -fbuild-session-file\=/Users/admin/builder/spi-builder-workspace/.derivedData/ModuleCache.noindex/Session.modulevalidation -fmodules-validate-once-per-build-session -Wnon-modular-include-in-framework-module -Werror\=non-modular-include-in-framework-module -Wno-trigraphs -Wno-missing-field-initializers -Wno-missing-prototypes -Wno-return-type -Wno-implicit-atomic-properties -Wno-objc-interface-ivars -Wno-arc-repeated-use-of-weak -Wno-missing-braces -Wparentheses -Wswitch -Wno-unused-function -Wno-unused-label -Wno-unused-parameter -Wno-unused-variable -Wunused-value -Wno-empty-body -Wno-uninitialized -Wno-unknown-pragmas -w -Wno-shadow -Wno-four-char-constants -Wno-conversion -Wno-constant-conversion -Wno-int-conversion -Wno-bool-conversion -Wno-enum-conversion -Wno-float-conversion -Wno-non-literal-null-conversion -Wno-objc-literal-conversion -Wno-shorten-64-to-32 -Wpointer-sign -Wno-newline-eof -Wno-selector -Wno-strict-selector-match -Wno-undeclared-selector -Wno-deprecated-implementations -Wno-implicit-fallthrough -isysroot /Applications/Xcode-27.0.0-Release.Candidate.app/Contents/Developer/Platforms/WatchOS.platform/Developer/SDKs/WatchOS27.0.sdk -fstrict-aliasing -Wprotocol -Wdeprecated-declarations -Wno-sign-conversion -Wno-infinite-recursion -Wno-comma -Wno-block-capture-autoreleasing -Wno-strict-prototypes -Wno-semicolon-before-method-body -index-store-path /Users/admin/builder/spi-builder-workspace/.derivedData/Index.noindex/DataStore @/Users/admin/builder/spi-builder-workspace/.derivedData/Build/Intermediates.noindex/ably-cocoa.build/Debug-watchos/Ably-t.build/Objects-normal/arm64_32/e6072d4f65d7061329687fe24e3d63a7-common-args.resp -include /Users/admin/builder/spi-builder-workspace/.derivedData/Build/Intermediates.noindex/ably-cocoa.build/Debug-watchos/Ably-t.build/DerivedSources/resource_bundle_accessor.h -MMD -MT dependencies -MF /Users/admin/builder/spi-builder-workspace/.derivedData/Build/Intermediates.noindex/ably-cocoa.build/Debug-watchos/Ably-t.build/Objects-normal/arm64_32/ARTNSDictionary+ARTDictionaryUtil.d --serialize-diagnostics /Users/admin/builder/spi-builder-workspace/.derivedData/Build/Intermediates.noindex/ably-cocoa.build/Debug-watchos/Ably-t.build/Objects-normal/arm64_32/ARTNSDictionary+ARTDictionaryUtil.dia -c /Users/admin/builder/spi-builder-workspace/.dependencies/checkouts/ably-cocoa/Source/ARTNSDictionary+ARTDictionaryUtil.m -o /Users/admin/builder/spi-builder-workspace/.derivedData/Build/Intermediates.noindex/ably-cocoa.build/Debug-watchos/Ably-t.build/Objects-normal/arm64_32/ARTNSDictionary+ARTDictionaryUtil.o -index-unit-output-path /ably-cocoa.build/Debug-watchos/Ably-t.build/Objects-normal/arm64_32/ARTNSDictionary+ARTDictionaryUtil.o
ScanDependencies /Users/admin/builder/spi-builder-workspace/.derivedData/Build/Intermediates.noindex/ably-cocoa.build/Debug-watchos/Ably-t.build/Objects-normal/arm64_32/ARTNSArray+ARTFunctional.o /Users/admin/builder/spi-builder-workspace/.dependencies/checkouts/ably-cocoa/Source/ARTNSArray+ARTFunctional.m normal arm64_32 objective-c com.apple.compilers.llvm.clang.1_0.compiler (in target 'Ably' from project 'ably-cocoa')
cd /Users/admin/builder/spi-builder-workspace/.swiftpm/xcode
Using response file: /Users/admin/builder/spi-builder-workspace/.derivedData/Build/Intermediates.noindex/ably-cocoa.build/Debug-watchos/Ably-t.build/Objects-normal/arm64_32/e6072d4f65d7061329687fe24e3d63a7-common-args.resp
builtin-ScanDependencies -o /Users/admin/builder/spi-builder-workspace/.derivedData/Build/Intermediates.noindex/ably-cocoa.build/Debug-watchos/Ably-t.build/Objects-normal/arm64_32/ARTNSArray+ARTFunctional.o.scan -- /Applications/Xcode-27.0.0-Release.Candidate.app/Contents/Developer/Toolchains/XcodeDefault.xctoolchain/usr/bin/clang -x objective-c -ivfsstatcache /Users/admin/builder/spi-builder-workspace/.derivedData/SDKStatCaches.noindex/watchos27.0-24R360-e829b21a6f8c9b70876ba0858053c04477534ef55a1706bf4c1112bbb242f0a2.sdkstatcache -target arm64_32-apple-watchos9.0 -fmessage-length\=0 -fdiagnostics-show-note-include-stack -fmacro-backtrace-limit\=0 -fno-color-diagnostics -fmodules-prune-interval\=86400 -fmodules-prune-after\=345600 -fbuild-session-file\=/Users/admin/builder/spi-builder-workspace/.derivedData/ModuleCache.noindex/Session.modulevalidation -fmodules-validate-once-per-build-session -Wnon-modular-include-in-framework-module -Werror\=non-modular-include-in-framework-module -Wno-trigraphs -Wno-missing-field-initializers -Wno-missing-prototypes -Wno-return-type -Wno-implicit-atomic-properties -Wno-objc-interface-ivars -Wno-arc-repeated-use-of-weak -Wno-missing-braces -Wparentheses -Wswitch -Wno-unused-function -Wno-unused-label -Wno-unused-parameter -Wno-unused-variable -Wunused-value -Wno-empty-body -Wno-uninitialized -Wno-unknown-pragmas -w -Wno-shadow -Wno-four-char-constants -Wno-conversion -Wno-constant-conversion -Wno-int-conversion -Wno-bool-conversion -Wno-enum-conversion -Wno-float-conversion -Wno-non-literal-null-conversion -Wno-objc-literal-conversion -Wno-shorten-64-to-32 -Wpointer-sign -Wno-newline-eof -Wno-selector -Wno-strict-selector-match -Wno-undeclared-selector -Wno-deprecated-implementations -Wno-implicit-fallthrough -isysroot /Applications/Xcode-27.0.0-Release.Candidate.app/Contents/Developer/Platforms/WatchOS.platform/Developer/SDKs/WatchOS27.0.sdk -fstrict-aliasing -Wprotocol -Wdeprecated-declarations -Wno-sign-conversion -Wno-infinite-recursion -Wno-comma -Wno-block-capture-autoreleasing -Wno-strict-prototypes -Wno-semicolon-before-method-body -index-store-path /Users/admin/builder/spi-builder-workspace/.derivedData/Index.noindex/DataStore @/Users/admin/builder/spi-builder-workspace/.derivedData/Build/Intermediates.noindex/ably-cocoa.build/Debug-watchos/Ably-t.build/Objects-normal/arm64_32/e6072d4f65d7061329687fe24e3d63a7-common-args.resp -include /Users/admin/builder/spi-builder-workspace/.derivedData/Build/Intermediates.noindex/ably-cocoa.build/Debug-watchos/Ably-t.build/DerivedSources/resource_bundle_accessor.h -MMD -MT dependencies -MF /Users/admin/builder/spi-builder-workspace/.derivedData/Build/Intermediates.noindex/ably-cocoa.build/Debug-watchos/Ably-t.build/Objects-normal/arm64_32/ARTNSArray+ARTFunctional.d --serialize-diagnostics /Users/admin/builder/spi-builder-workspace/.derivedData/Build/Intermediates.noindex/ably-cocoa.build/Debug-watchos/Ably-t.build/Objects-normal/arm64_32/ARTNSArray+ARTFunctional.dia -c /Users/admin/builder/spi-builder-workspace/.dependencies/checkouts/ably-cocoa/Source/ARTNSArray+ARTFunctional.m -o /Users/admin/builder/spi-builder-workspace/.derivedData/Build/Intermediates.noindex/ably-cocoa.build/Debug-watchos/Ably-t.build/Objects-normal/arm64_32/ARTNSArray+ARTFunctional.o -index-unit-output-path /ably-cocoa.build/Debug-watchos/Ably-t.build/Objects-normal/arm64_32/ARTNSArray+ARTFunctional.o
ScanDependencies /Users/admin/builder/spi-builder-workspace/.derivedData/Build/Intermediates.noindex/ably-cocoa.build/Debug-watchos/Ably-t.build/Objects-normal/arm64_32/ARTNSDate+ARTUtil.o /Users/admin/builder/spi-builder-workspace/.dependencies/checkouts/ably-cocoa/Source/ARTNSDate+ARTUtil.m normal arm64_32 objective-c com.apple.compilers.llvm.clang.1_0.compiler (in target 'Ably' from project 'ably-cocoa')
cd /Users/admin/builder/spi-builder-workspace/.swiftpm/xcode
Using response file: /Users/admin/builder/spi-builder-workspace/.derivedData/Build/Intermediates.noindex/ably-cocoa.build/Debug-watchos/Ably-t.build/Objects-normal/arm64_32/e6072d4f65d7061329687fe24e3d63a7-common-args.resp
builtin-ScanDependencies -o /Users/admin/builder/spi-builder-workspace/.derivedData/Build/Intermediates.noindex/ably-cocoa.build/Debug-watchos/Ably-t.build/Objects-normal/arm64_32/ARTNSDate+ARTUtil.o.scan -- /Applications/Xcode-27.0.0-Release.Candidate.app/Contents/Developer/Toolchains/XcodeDefault.xctoolchain/usr/bin/clang -x objective-c -ivfsstatcache /Users/admin/builder/spi-builder-workspace/.derivedData/SDKStatCaches.noindex/watchos27.0-24R360-e829b21a6f8c9b70876ba0858053c04477534ef55a1706bf4c1112bbb242f0a2.sdkstatcache -target arm64_32-apple-watchos9.0 -fmessage-length\=0 -fdiagnostics-show-note-include-stack -fmacro-backtrace-limit\=0 -fno-color-diagnostics -fmodules-prune-interval\=86400 -fmodules-prune-after\=345600 -fbuild-session-file\=/Users/admin/builder/spi-builder-workspace/.derivedData/ModuleCache.noindex/Session.modulevalidation -fmodules-validate-once-per-build-session -Wnon-modular-include-in-framework-module -Werror\=non-modular-include-in-framework-module -Wno-trigraphs -Wno-missing-field-initializers -Wno-missing-prototypes -Wno-return-type -Wno-implicit-atomic-properties -Wno-objc-interface-ivars -Wno-arc-repeated-use-of-weak -Wno-missing-braces -Wparentheses -Wswitch -Wno-unused-function -Wno-unused-label -Wno-unused-parameter -Wno-unused-variable -Wunused-value -Wno-empty-body -Wno-uninitialized -Wno-unknown-pragmas -w -Wno-shadow -Wno-four-char-constants -Wno-conversion -Wno-constant-conversion -Wno-int-conversion -Wno-bool-conversion -Wno-enum-conversion -Wno-float-conversion -Wno-non-literal-null-conversion -Wno-objc-literal-conversion -Wno-shorten-64-to-32 -Wpointer-sign -Wno-newline-eof -Wno-selector -Wno-strict-selector-match -Wno-undeclared-selector -Wno-deprecated-implementations -Wno-implicit-fallthrough -isysroot /Applications/Xcode-27.0.0-Release.Candidate.app/Contents/Developer/Platforms/WatchOS.platform/Developer/SDKs/WatchOS27.0.sdk -fstrict-aliasing -Wprotocol -Wdeprecated-declarations -Wno-sign-conversion -Wno-infinite-recursion -Wno-comma -Wno-block-capture-autoreleasing -Wno-strict-prototypes -Wno-semicolon-before-method-body -index-store-path /Users/admin/builder/spi-builder-workspace/.derivedData/Index.noindex/DataStore @/Users/admin/builder/spi-builder-workspace/.derivedData/Build/Intermediates.noindex/ably-cocoa.build/Debug-watchos/Ably-t.build/Objects-normal/arm64_32/e6072d4f65d7061329687fe24e3d63a7-common-args.resp -include /Users/admin/builder/spi-builder-workspace/.derivedData/Build/Intermediates.noindex/ably-cocoa.build/Debug-watchos/Ably-t.build/DerivedSources/resource_bundle_accessor.h -MMD -MT dependencies -MF /Users/admin/builder/spi-builder-workspace/.derivedData/Build/Intermediates.noindex/ably-cocoa.build/Debug-watchos/Ably-t.build/Objects-normal/arm64_32/ARTNSDate+ARTUtil.d --serialize-diagnostics /Users/admin/builder/spi-builder-workspace/.derivedData/Build/Intermediates.noindex/ably-cocoa.build/Debug-watchos/Ably-t.build/Objects-normal/arm64_32/ARTNSDate+ARTUtil.dia -c /Users/admin/builder/spi-builder-workspace/.dependencies/checkouts/ably-cocoa/Source/ARTNSDate+ARTUtil.m -o /Users/admin/builder/spi-builder-workspace/.derivedData/Build/Intermediates.noindex/ably-cocoa.build/Debug-watchos/Ably-t.build/Objects-normal/arm64_32/ARTNSDate+ARTUtil.o -index-unit-output-path /ably-cocoa.build/Debug-watchos/Ably-t.build/Objects-normal/arm64_32/ARTNSDate+ARTUtil.o
ScanDependencies /Users/admin/builder/spi-builder-workspace/.derivedData/Build/Intermediates.noindex/ably-cocoa.build/Debug-watchos/Ably-t.build/Objects-normal/arm64_32/ARTMsgPackEncoder.o /Users/admin/builder/spi-builder-workspace/.dependencies/checkouts/ably-cocoa/Source/ARTMsgPackEncoder.m normal arm64_32 objective-c com.apple.compilers.llvm.clang.1_0.compiler (in target 'Ably' from project 'ably-cocoa')
cd /Users/admin/builder/spi-builder-workspace/.swiftpm/xcode
Using response file: /Users/admin/builder/spi-builder-workspace/.derivedData/Build/Intermediates.noindex/ably-cocoa.build/Debug-watchos/Ably-t.build/Objects-normal/arm64_32/e6072d4f65d7061329687fe24e3d63a7-common-args.resp
builtin-ScanDependencies -o /Users/admin/builder/spi-builder-workspace/.derivedData/Build/Intermediates.noindex/ably-cocoa.build/Debug-watchos/Ably-t.build/Objects-normal/arm64_32/ARTMsgPackEncoder.o.scan -- /Applications/Xcode-27.0.0-Release.Candidate.app/Contents/Developer/Toolchains/XcodeDefault.xctoolchain/usr/bin/clang -x objective-c -ivfsstatcache /Users/admin/builder/spi-builder-workspace/.derivedData/SDKStatCaches.noindex/watchos27.0-24R360-e829b21a6f8c9b70876ba0858053c04477534ef55a1706bf4c1112bbb242f0a2.sdkstatcache -target arm64_32-apple-watchos9.0 -fmessage-length\=0 -fdiagnostics-show-note-include-stack -fmacro-backtrace-limit\=0 -fno-color-diagnostics -fmodules-prune-interval\=86400 -fmodules-prune-after\=345600 -fbuild-session-file\=/Users/admin/builder/spi-builder-workspace/.derivedData/ModuleCache.noindex/Session.modulevalidation -fmodules-validate-once-per-build-session -Wnon-modular-include-in-framework-module -Werror\=non-modular-include-in-framework-module -Wno-trigraphs -Wno-missing-field-initializers -Wno-missing-prototypes -Wno-return-type -Wno-implicit-atomic-properties -Wno-objc-interface-ivars -Wno-arc-repeated-use-of-weak -Wno-missing-braces -Wparentheses -Wswitch -Wno-unused-function -Wno-unused-label -Wno-unused-parameter -Wno-unused-variable -Wunused-value -Wno-empty-body -Wno-uninitialized -Wno-unknown-pragmas -w -Wno-shadow -Wno-four-char-constants -Wno-conversion -Wno-constant-conversion -Wno-int-conversion -Wno-bool-conversion -Wno-enum-conversion -Wno-float-conversion -Wno-non-literal-null-conversion -Wno-objc-literal-conversion -Wno-shorten-64-to-32 -Wpointer-sign -Wno-newline-eof -Wno-selector -Wno-strict-selector-match -Wno-undeclared-selector -Wno-deprecated-implementations -Wno-implicit-fallthrough -isysroot /Applications/Xcode-27.0.0-Release.Candidate.app/Contents/Developer/Platforms/WatchOS.platform/Developer/SDKs/WatchOS27.0.sdk -fstrict-aliasing -Wprotocol -Wdeprecated-declarations -Wno-sign-conversion -Wno-infinite-recursion -Wno-comma -Wno-block-capture-autoreleasing -Wno-strict-prototypes -Wno-semicolon-before-method-body -index-store-path /Users/admin/builder/spi-builder-workspace/.derivedData/Index.noindex/DataStore @/Users/admin/builder/spi-builder-workspace/.derivedData/Build/Intermediates.noindex/ably-cocoa.build/Debug-watchos/Ably-t.build/Objects-normal/arm64_32/e6072d4f65d7061329687fe24e3d63a7-common-args.resp -include /Users/admin/builder/spi-builder-workspace/.derivedData/Build/Intermediates.noindex/ably-cocoa.build/Debug-watchos/Ably-t.build/DerivedSources/resource_bundle_accessor.h -MMD -MT dependencies -MF /Users/admin/builder/spi-builder-workspace/.derivedData/Build/Intermediates.noindex/ably-cocoa.build/Debug-watchos/Ably-t.build/Objects-normal/arm64_32/ARTMsgPackEncoder.d --serialize-diagnostics /Users/admin/builder/spi-builder-workspace/.derivedData/Build/Intermediates.noindex/ably-cocoa.build/Debug-watchos/Ably-t.build/Objects-normal/arm64_32/ARTMsgPackEncoder.dia -c /Users/admin/builder/spi-builder-workspace/.dependencies/checkouts/ably-cocoa/Source/ARTMsgPackEncoder.m -o /Users/admin/builder/spi-builder-workspace/.derivedData/Build/Intermediates.noindex/ably-cocoa.build/Debug-watchos/Ably-t.build/Objects-normal/arm64_32/ARTMsgPackEncoder.o -index-unit-output-path /ably-cocoa.build/Debug-watchos/Ably-t.build/Objects-normal/arm64_32/ARTMsgPackEncoder.o
SwiftDriver Harmony normal arm64_32 com.apple.xcode.tools.swift.compiler (in target 'Harmony' from project 'Harmony')
cd /Users/admin/builder/spi-builder-workspace/.swiftpm/xcode
builtin-SwiftDriver -- /Applications/Xcode-27.0.0-Release.Candidate.app/Contents/Developer/Toolchains/XcodeDefault.xctoolchain/usr/bin/swiftc -parse-as-library -module-name Harmony -Onone @/Users/admin/builder/spi-builder-workspace/.derivedData/Build/Intermediates.noindex/Harmony.build/Debug-watchos/Harmony-t.build/Objects-normal/arm64_32/Harmony.SwiftFileList -DSWIFT_PACKAGE -DDEBUG -DSWIFT_MODULE_RESOURCE_BUNDLE_UNAVAILABLE -DXcode -plugin-path /Applications/Xcode-27.0.0-Release.Candidate.app/Contents/Developer/Toolchains/XcodeDefault.xctoolchain/usr/lib/swift/host/plugins/testing -enable-experimental-feature DebugDescriptionMacro -sdk /Applications/Xcode-27.0.0-Release.Candidate.app/Contents/Developer/Platforms/WatchOS.platform/Developer/SDKs/WatchOS27.0.sdk -target arm64_32-apple-watchos9.0 -g -module-cache-path /Users/admin/builder/spi-builder-workspace/.derivedData/ModuleCache.noindex -Xfrontend -serialize-debugging-options -profile-coverage-mapping -profile-generate -enable-testing -suppress-warnings -index-store-path /Users/admin/builder/spi-builder-workspace/.derivedData/Index.noindex/DataStore -Xcc -D_LIBCPP_HARDENING_MODE\=_LIBCPP_HARDENING_MODE_DEBUG -swift-version 5 -I /Users/admin/builder/spi-builder-workspace/.derivedData/Build/Products/Debug-watchos -Isystem /Applications/Xcode-27.0.0-Release.Candidate.app/Contents/Developer/Platforms/WatchOS.platform/Developer/usr/lib -F /Users/admin/builder/spi-builder-workspace/.derivedData/Build/Products/Debug-watchos -F /Applications/Xcode-27.0.0-Release.Candidate.app/Contents/Developer/Platforms/WatchOS.platform/Developer/Library/Frameworks -F /Applications/Xcode-27.0.0-Release.Candidate.app/Contents/Developer/Platforms/WatchOS.platform/Developer/SDKs/WatchOS27.0.sdk/Developer/Library/Frameworks -c -j10 -enable-batch-mode -incremental -Xcc -ivfsstatcache -Xcc /Users/admin/builder/spi-builder-workspace/.derivedData/SDKStatCaches.noindex/watchos27.0-24R360-e829b21a6f8c9b70876ba0858053c04477534ef55a1706bf4c1112bbb242f0a2.sdkstatcache -output-file-map /Users/admin/builder/spi-builder-workspace/.derivedData/Build/Intermediates.noindex/Harmony.build/Debug-watchos/Harmony-t.build/Objects-normal/arm64_32/Harmony-OutputFileMap.json -save-temps -no-color-diagnostics -explicit-module-build -module-cache-path /Users/admin/builder/spi-builder-workspace/.derivedData/Build/Intermediates.noindex/SwiftExplicitPrecompiledModules -clang-scanner-module-cache-path /Users/admin/builder/spi-builder-workspace/.derivedData/ModuleCache.noindex -sdk-module-cache-path /Users/admin/builder/spi-builder-workspace/.derivedData/SDKExplicitPrecompiledModules -emit-dependencies -emit-module -emit-module-path /Users/admin/builder/spi-builder-workspace/.derivedData/Build/Intermediates.noindex/Harmony.build/Debug-watchos/Harmony-t.build/Objects-normal/arm64_32/Harmony.swiftmodule -serialize-diagnostics -dependency-scan-serialize-diagnostics-path /Users/admin/builder/spi-builder-workspace/.derivedData/Build/Intermediates.noindex/Harmony.build/Debug-watchos/Harmony-t.build/Objects-normal/arm64_32/Harmony-dependency-scan.dia -validate-clang-modules-once -clang-build-session-file /Users/admin/builder/spi-builder-workspace/.derivedData/ModuleCache.noindex/Session.modulevalidation -Xcc -fmodules-prune-interval\=86400 -Xcc -fmodules-prune-after\=345600 -emit-const-values -const-gather-protocols-list /Users/admin/builder/spi-builder-workspace/.derivedData/Build/Intermediates.noindex/Harmony.build/Debug-watchos/Harmony-t.build/Objects-normal/arm64_32/Harmony_const_extract_protocols.json -Xcc -I/Users/admin/builder/spi-builder-workspace/.derivedData/Build/Products/Debug-watchos/include -Xcc -I/Users/admin/builder/spi-builder-workspace/.derivedData/Build/Intermediates.noindex/Harmony.build/Debug-watchos/Harmony-t.build/DerivedSources-normal/arm64_32 -Xcc -I/Users/admin/builder/spi-builder-workspace/.derivedData/Build/Intermediates.noindex/Harmony.build/Debug-watchos/Harmony-t.build/DerivedSources/arm64_32 -Xcc -I/Users/admin/builder/spi-builder-workspace/.derivedData/Build/Intermediates.noindex/Harmony.build/Debug-watchos/Harmony-t.build/DerivedSources -Xcc -DSWIFT_PACKAGE -Xcc -DDEBUG\=1 -emit-objc-header -emit-objc-header-path /Users/admin/builder/spi-builder-workspace/.derivedData/Build/Intermediates.noindex/Harmony.build/Debug-watchos/Harmony-t.build/Objects-normal/arm64_32/Harmony-Swift.h -working-directory /Users/admin/builder/spi-builder-workspace/.swiftpm/xcode -experimental-emit-module-separately -disable-cmo
PruneExplicitPrecompiledModules /Users/admin/builder/spi-builder-workspace/.derivedData/Build/Intermediates.noindex/SwiftExplicitPrecompiledModules
PruneExplicitPrecompiledModules /Users/admin/builder/spi-builder-workspace/.derivedData/Build/Intermediates.noindex/ExplicitPrecompiledModules
PruneExplicitPrecompiledModules /Users/admin/builder/spi-builder-workspace/.derivedData/SDKExplicitPrecompiledModules
2026-09-21 03:54:07.822 xcodebuild[1292:6885] [MT] IDERunDestination: Supported platforms for the buildables in the current scheme is empty.
** BUILD FAILED **
The following build commands failed:
ScanDependencies /Users/admin/builder/spi-builder-workspace/.derivedData/Build/Intermediates.noindex/ably-cocoa.build/Debug-watchos/Ably-t.build/Objects-normal/arm64_32/ARTOSReachability.o /Users/admin/builder/spi-builder-workspace/.dependencies/checkouts/ably-cocoa/Source/ARTOSReachability.m normal arm64_32 objective-c com.apple.compilers.llvm.clang.1_0.compiler (in target 'Ably' from project 'ably-cocoa')
Building workspace MagicBell with scheme MagicBell
(2 failures)
BUILD FAILURE 6.4 watchOS