Build Information
Failed to build SwiftSpellbook_macOS, reference main (edd2d7), with Swift 6.2 for tvOS using Xcode 26.3 on 1 Oct 2026 00:28:11 UTC.
Build Command
No build command. This typically means the build failed at an early stage where we determine the build command.Build Log
========================================
RunAll
========================================
Builder version: 5.1.1
Interrupt handler set up.
========================================
Checkout
========================================
Clone URL: https://github.com/Alkenso/SwiftSpellbook_macOS.git
Reference: main
Initialized empty Git repository in /Users/admin/builder/spi-builder-workspace/.git/
From https://github.com/Alkenso/SwiftSpellbook_macOS
* branch main -> FETCH_HEAD
* [new branch] main -> origin/main
HEAD is now at edd2d7a Fix CI tests
Cloned https://github.com/Alkenso/SwiftSpellbook_macOS.git
Revision (git rev-parse @):
edd2d7a0ce53410eb3360974611251e66d09d4f3
SUCCESS checkout https://github.com/Alkenso/SwiftSpellbook_macOS.git at main
========================================
Build
========================================
Selected platform: tvOS
Swift version: 6.2
Building package at path: $PWD
https://github.com/Alkenso/SwiftSpellbook_macOS.git
Command line invocation:
/Applications/Xcode-26.3.0.app/Contents/Developer/usr/bin/xcodebuild -IDEClonedSourcePackagesDirPathOverride=/Users/admin/builder/spi-builder-workspace/.dependencies -resolvePackageDependencies
Resolve Package Graph
package 'spi-builder-workspace' is using Swift tools version 6.3.0 but the installed version is 6.2.4
Resolved source packages:
spi-builder-workspace: (null)
2026-09-30 20:28:10.628 xcodebuild[538:3132] Writing error result bundle to /var/folders/xq/y_g06wb113726d38xsyx71_h0000gn/T/ResultBundle_2026-30-09_20-28-0010.xcresult
xcodebuild: error: Could not resolve package dependencies:
package 'spi-builder-workspace' is using Swift tools version 6.3.0 but the installed version is 6.2.4
Command line invocation:
/Applications/Xcode-26.3.0.app/Contents/Developer/usr/bin/xcodebuild -IDEClonedSourcePackagesDirPathOverride=/Users/admin/builder/spi-builder-workspace/.dependencies -resolvePackageDependencies
Resolve Package Graph
package 'spi-builder-workspace' is using Swift tools version 6.3.0 but the installed version is 6.2.4
Resolved source packages:
spi-builder-workspace: (null)
2026-09-30 20:28:11.520 xcodebuild[600:3662] Writing error result bundle to /var/folders/xq/y_g06wb113726d38xsyx71_h0000gn/T/ResultBundle_2026-30-09_20-28-0011.xcresult
xcodebuild: error: Could not resolve package dependencies:
package 'spi-builder-workspace' is using Swift tools version 6.3.0 but the installed version is 6.2.4
BUILD FAILURE 6.2 tvOS