The Swift Package Index logo.Swift Package Index

Build Information

Failed to build chime-swift, reference main (cc854a), with Swift 6.4 for Wasm on 20 Sep 2026 08:02:14 UTC.

Build Command

bash -c docker run --pull=always --rm -v "checkouts-54344844-0":/host -w "$PWD" -e JAVA_HOME="/root/.sdkman/candidates/java/current" -e SPI_BUILD="1" -e SPI_PROCESSING="1" registry.gitlab.com/saguaro1/spi-images:wasm-6.4-latest swift build --swift-sdk swift-6.4.x-DEVELOPMENT-SNAPSHOT-2026-09-04-a_wasm 2>&1

Build Log

========================================
RunAll
========================================
Builder version: 5.1.0
Interrupt handler set up.
========================================
Checkout
========================================
Clone URL: https://github.com/ChimeHQ/chime-swift.git
Reference: main
Initialized empty Git repository in /host/spi-builder-workspace/.git/
hint: Using 'master' as the name for the initial branch. This default branch name
hint: is subject to change. To configure the initial branch name to use in all
hint: of your new repositories, which will suppress this warning, call:
hint:
hint: 	git config --global init.defaultBranch <name>
hint:
hint: Names commonly chosen instead of 'master' are 'main', 'trunk' and
hint: 'development'. The just-created branch can be renamed via this command:
hint:
hint: 	git branch -m <name>
From https://github.com/ChimeHQ/chime-swift
 * branch            main       -> FETCH_HEAD
 * [new branch]      main       -> origin/main
HEAD is now at cc854a4 Using some for future ChimeKit compatibility
Cloned https://github.com/ChimeHQ/chime-swift.git
Revision (git rev-parse @):
cc854a4ada8ac2d3f23a3fff9562b914ce7dc608
SUCCESS checkout https://github.com/ChimeHQ/chime-swift.git at main
========================================
Build
========================================
Selected platform:         wasm
Swift version:             6.4
Building package at path:  $PWD
https://github.com/ChimeHQ/chime-swift.git
Running build ...
bash -c docker run --pull=always --rm -v "checkouts-54344844-0":/host -w "$PWD" -e JAVA_HOME="/root/.sdkman/candidates/java/current" -e SPI_BUILD="1" -e SPI_PROCESSING="1" registry.gitlab.com/saguaro1/spi-images:wasm-6.4-latest swift build --swift-sdk swift-6.4.x-DEVELOPMENT-SNAPSHOT-2026-09-04-a_wasm 2>&1
wasm-6.4-latest: Pulling from saguaro1/spi-images
Digest: sha256:4328fdb43c680d205c1d6761b1e3267aa38277eefdda9ddfb17b6a0f1a77857a
Status: Image is up to date for registry.gitlab.com/saguaro1/spi-images:wasm-6.4-latest
Fetching https://github.com/ChimeHQ/ChimeKit
[1/2123] Fetching chimekit
Fetched https://github.com/ChimeHQ/ChimeKit (7.59s)
Computing version for https://github.com/ChimeHQ/ChimeKit
Computed https://github.com/ChimeHQ/ChimeKit at 0.4.2 (7.79s)
Fetching https://github.com/mattmassicotte/Queue
Fetching https://github.com/ChimeHQ/AsyncXPCConnection
Fetching https://github.com/ChimeHQ/LanguageClient
Fetching https://github.com/ChimeHQ/LanguageServerProtocol
Fetching https://github.com/ChimeHQ/JSONRPC
Fetching https://github.com/ChimeHQ/Extendable
[1/280] Fetching extendable
[97/456] Fetching extendable, asyncxpcconnection
Fetched https://github.com/ChimeHQ/AsyncXPCConnection (0.45s)
Fetched https://github.com/ChimeHQ/Extendable (0.45s)
[1/1960] Fetching languageserverprotocol
Fetching https://github.com/ChimeHQ/ProcessEnv
[1961/2594] Fetching languageserverprotocol, jsonrpc
[2158/3235] Fetching languageserverprotocol, jsonrpc, languageclient
[2679/3572] Fetching languageserverprotocol, jsonrpc, languageclient, queue
[3364/3786] Fetching languageserverprotocol, jsonrpc, languageclient, queue, processenv
Fetched https://github.com/ChimeHQ/ProcessEnv (0.46s)
Fetched https://github.com/ChimeHQ/LanguageClient (0.92s)
Fetched https://github.com/mattmassicotte/Queue (0.93s)
Fetched https://github.com/ChimeHQ/JSONRPC (0.93s)
Fetched https://github.com/ChimeHQ/LanguageServerProtocol (0.93s)
Computing version for https://github.com/ChimeHQ/ProcessEnv
Computed https://github.com/ChimeHQ/ProcessEnv at 1.0.1 (1.12s)
Computing version for https://github.com/ChimeHQ/Extendable
Computed https://github.com/ChimeHQ/Extendable at 0.4.0 (0.15s)
Computing version for https://github.com/ChimeHQ/JSONRPC
Computed https://github.com/ChimeHQ/JSONRPC at 0.9.2 (0.15s)
Computing version for https://github.com/ChimeHQ/LanguageClient
Computed https://github.com/ChimeHQ/LanguageClient at 0.8.2 (0.19s)
Fetching https://github.com/Frizlab/FSEventsWrapper
Fetching https://github.com/davbeck/swift-glob
Fetching https://github.com/groue/Semaphore
[1/265] Fetching fseventswrapper
[153/558] Fetching fseventswrapper, semaphore
[328/1496] Fetching fseventswrapper, semaphore, swift-glob
Fetched https://github.com/Frizlab/FSEventsWrapper (0.45s)
[734/1231] Fetching semaphore, swift-glob
Fetched https://github.com/groue/Semaphore (0.48s)
Fetched https://github.com/davbeck/swift-glob (0.48s)
Computing version for https://github.com/Frizlab/FSEventsWrapper
Computed https://github.com/Frizlab/FSEventsWrapper at 2.1.0 (0.67s)
Computing version for https://github.com/groue/Semaphore
Computed https://github.com/groue/Semaphore at 0.1.0 (0.18s)
Computing version for https://github.com/mattmassicotte/Queue
Computed https://github.com/mattmassicotte/Queue at 0.2.2 (0.18s)
Computing version for https://github.com/ChimeHQ/LanguageServerProtocol
Computed https://github.com/ChimeHQ/LanguageServerProtocol at 0.14.1 (0.18s)
Computing version for https://github.com/ChimeHQ/AsyncXPCConnection
Computed https://github.com/ChimeHQ/AsyncXPCConnection at 1.3.0 (0.18s)
Computing version for https://github.com/davbeck/swift-glob
Computed https://github.com/davbeck/swift-glob at 0.2.0 (0.16s)
Creating working copy for https://github.com/Frizlab/FSEventsWrapper
Working copy of https://github.com/Frizlab/FSEventsWrapper resolved at 2.1.0
Creating working copy for https://github.com/ChimeHQ/Extendable
Working copy of https://github.com/ChimeHQ/Extendable resolved at 0.4.0
Creating working copy for https://github.com/ChimeHQ/AsyncXPCConnection
Working copy of https://github.com/ChimeHQ/AsyncXPCConnection resolved at 1.3.0
Creating working copy for https://github.com/ChimeHQ/LanguageServerProtocol
Working copy of https://github.com/ChimeHQ/LanguageServerProtocol resolved at 0.14.1
Creating working copy for https://github.com/mattmassicotte/Queue
Working copy of https://github.com/mattmassicotte/Queue resolved at 0.2.2
Creating working copy for https://github.com/ChimeHQ/ChimeKit
Working copy of https://github.com/ChimeHQ/ChimeKit resolved at 0.4.2
Creating working copy for https://github.com/ChimeHQ/JSONRPC
Working copy of https://github.com/ChimeHQ/JSONRPC resolved at 0.9.2
Creating working copy for https://github.com/groue/Semaphore
Working copy of https://github.com/groue/Semaphore resolved at 0.1.0
Creating working copy for https://github.com/ChimeHQ/LanguageClient
Working copy of https://github.com/ChimeHQ/LanguageClient resolved at 0.8.2
Creating working copy for https://github.com/ChimeHQ/ProcessEnv
Working copy of https://github.com/ChimeHQ/ProcessEnv resolved at 1.0.1
Creating working copy for https://github.com/davbeck/swift-glob
Working copy of https://github.com/davbeck/swift-glob resolved at 0.2.0
Building for debugging...
[Computing dependencies]
[Pre-planning 1 / 454]
[Planning deferred tasks]
[82 / 176]
error: SwiftCompile normal wasm32 failed with a nonzero exit code. Command line:     cd /host

/host/spi-builder-workspace/.build/checkouts/ProcessEnv/Sources/ProcessEnv/Process+Output.swift:3:18: error: cannot find type 'Process' in scope
 1 | import Foundation
 2 |
 3 | public extension Process {
   |                  `- error: cannot find type 'Process' in scope
 4 |     static func execute(_ parameters: Process.ExecutionParameters) throws -> Data? {
 5 |         let task = Process(parameters: parameters)
/host/spi-builder-workspace/.build/checkouts/ProcessEnv/Sources/ProcessEnv/ProcessInfo+UserEnvironment.swift:10:18: error: cannot find type 'Process' in scope
  8 | import Foundation
  9 |
 10 | public extension Process {
    |                  `- error: cannot find type 'Process' in scope
 11 | 	@available(*, deprecated, renamed: "Environment")
 12 | 	typealias Envrionment = [String : String]
Failed frontend command:
/usr/bin/swift-frontend -frontend -emit-module -experimental-skip-non-inlinable-function-bodies-without-types /host/spi-builder-workspace/.build/checkouts/ProcessEnv/Sources/ProcessEnv/Process+Output.swift /host/spi-builder-workspace/.build/checkouts/ProcessEnv/Sources/ProcessEnv/Process+Parameters.swift /host/spi-builder-workspace/.build/checkouts/ProcessEnv/Sources/ProcessEnv/ProcessInfo+UserEnvironment.swift -target wasm32-unknown-wasip1 -disable-objc-interop -sdk /root/.swiftpm/swift-sdks/swift-6.4.x-DEVELOPMENT-SNAPSHOT-2026-09-04-a_wasm.artifactbundle/swift-6.4.x-DEVELOPMENT-SNAPSHOT-2026-09-04-a_wasm/wasm32-unknown-wasip1/WASI.sdk -sysroot /root/.swiftpm/swift-sdks/swift-6.4.x-DEVELOPMENT-SNAPSHOT-2026-09-04-a_wasm.artifactbundle/swift-6.4.x-DEVELOPMENT-SNAPSHOT-2026-09-04-a_wasm/wasm32-unknown-wasip1/WASI.sdk -I /host/spi-builder-workspace/.build/out/Products/Debug-webassembly-wasm32 -module-cache-path /host/spi-builder-workspace/.build/out/ModuleCache.noindex -color-diagnostics -Xcc -fcolor-diagnostics -enable-testing -g -debug-info-format\=dwarf -dwarf-version\=4 -suppress-warnings -swift-version 5 -Onone -D SWIFT_PACKAGE -D DEBUG -D SWIFT_MODULE_RESOURCE_BUNDLE_UNAVAILABLE -D Xcode -serialize-debugging-options -enable-experimental-feature StrictConcurrency -enable-experimental-feature DebugDescriptionMacro -empty-abi-descriptor -external-plugin-path /usr/lib/swift/host/plugins/testing\#/usr/bin/swift-plugin-server -validate-clang-modules-once -clang-build-session-file /host/spi-builder-workspace/.build/out/ModuleCache.noindex/Session.modulevalidation -Xcc -working-directory -Xcc /host -resource-dir /root/.swiftpm/swift-sdks/swift-6.4.x-DEVELOPMENT-SNAPSHOT-2026-09-04-a_wasm.artifactbundle/swift-6.4.x-DEVELOPMENT-SNAPSHOT-2026-09-04-a_wasm/wasm32-unknown-wasip1/swift.xctoolchain/usr/lib/swift_static -use-static-resource-dir -enable-anonymous-context-mangled-names -file-compilation-dir /host -Xcc -resource-dir -Xcc /root/.swiftpm/swift-sdks/swift-6.4.x-DEVELOPMENT-SNAPSHOT-2026-09-04-a_wasm.artifactbundle/swift-6.4.x-DEVELOPMENT-SNAPSHOT-2026-09-04-a_wasm/wasm32-unknown-wasip1/swift.xctoolchain/usr/lib/swift_static/clang -Xcc -D_LIBCPP_HARDENING_MODE\=_LIBCPP_HARDENING_MODE_DEBUG -Xcc -fmodules-prune-interval\=86400 -Xcc -fmodules-prune-after\=345600 -Xcc -I/host/spi-builder-workspace/.build/out/Products/Debug-webassembly-wasm32/include -Xcc -I/host/spi-builder-workspace/.build/out/Intermediates.noindex/ProcessEnv.build/Debug-webassembly-wasm32/ProcessEnv-t.build/DerivedSources-normal/wasm32 -Xcc -I/host/spi-builder-workspace/.build/out/Intermediates.noindex/ProcessEnv.build/Debug-webassembly-wasm32/ProcessEnv-t.build/DerivedSources/wasm32 -Xcc -I/host/spi-builder-workspace/.build/out/Intermediates.noindex/ProcessEnv.build/Debug-webassembly-wasm32/ProcessEnv-t.build/DerivedSources -Xcc -DSWIFT_PACKAGE -Xcc -DDEBUG\=1 -no-auto-bridging-header-chaining -module-name ProcessEnv -const-gather-protocols-file /host/spi-builder-workspace/.build/out/Intermediates.noindex/ProcessEnv.build/Debug-webassembly-wasm32/ProcessEnv-t.build/Objects-normal/wasm32/ProcessEnv_const_extract_protocols.json -in-process-plugin-server-path /usr/lib/swift/host/libSwiftInProcPluginServer.so -plugin-path /usr/lib/swift/host/plugins -plugin-path /usr/local/lib/swift/host/plugins -emit-module-doc-path /host/spi-builder-workspace/.build/out/Intermediates.noindex/ProcessEnv.build/Debug-webassembly-wasm32/ProcessEnv-t.build/Objects-normal/wasm32/Modules/ProcessEnv.swiftdoc -emit-module-source-info-path /host/spi-builder-workspace/.build/out/Intermediates.noindex/ProcessEnv.build/Debug-webassembly-wasm32/ProcessEnv-t.build/Objects-normal/wasm32/Modules/ProcessEnv.swiftsourceinfo -emit-objc-header-path /host/spi-builder-workspace/.build/out/Intermediates.noindex/ProcessEnv.build/Debug-webassembly-wasm32/ProcessEnv-t.build/Objects-normal/wasm32/ProcessEnv-Swift.h -serialize-diagnostics-path /host/spi-builder-workspace/.build/out/Intermediates.noindex/ProcessEnv.build/Debug-webassembly-wasm32/ProcessEnv-t.build/Objects-normal/wasm32/ProcessEnv-primary-emit-module.dia -emit-dependencies-path /host/spi-builder-workspace/.build/out/Intermediates.noindex/ProcessEnv.build/Debug-webassembly-wasm32/ProcessEnv-t.build/Objects-normal/wasm32/ProcessEnv-primary-emit-module.d -parse-as-library -o /host/spi-builder-workspace/.build/out/Intermediates.noindex/ProcessEnv.build/Debug-webassembly-wasm32/ProcessEnv-t.build/Objects-normal/wasm32/Modules/ProcessEnv.swiftmodule
error: Build failed
BUILD FAILURE 6.4 wasm