Build Information
Failed to build ai-translate, reference main (edeaf9), with Swift 6.4 for watchOS using Xcode 27.0 on 24 Sep 2026 14:37:18 UTC.
Build Command
env DEVELOPER_DIR=/Applications/Xcode-27.0.0-Release.Candidate.app xcrun xcodebuild -IDEClonedSourcePackagesDirPathOverride=$PWD/.dependencies -skipMacroValidation -skipPackagePluginValidation -derivedDataPath $PWD/.derivedData build -scheme ai-translate-Package -destination generic/platform=watchOSBuild Log
cd /Users/admin/builder/spi-builder-workspace/.swiftpm/xcode
builtin-SwiftPerFileCompile JSONSchemaConvertible.swift
SwiftCompile normal arm64 /Users/admin/builder/spi-builder-workspace/.dependencies/checkouts/OpenAI/Sources/OpenAI/Public/JSONSchemaConvertible/JSONSchemaEnumConvertible.swift (in target 'OpenAI' from project 'OpenAI')
cd /Users/admin/builder/spi-builder-workspace/.swiftpm/xcode
builtin-SwiftPerFileCompile JSONSchemaEnumConvertible.swift
SwiftCompile normal arm64 /Users/admin/builder/spi-builder-workspace/.dependencies/checkouts/OpenAI/Sources/OpenAI/Public/Models/Annotation.swift (in target 'OpenAI' from project 'OpenAI')
cd /Users/admin/builder/spi-builder-workspace/.swiftpm/xcode
builtin-SwiftPerFileCompile Annotation.swift
SwiftCompile normal arm64 /Users/admin/builder/spi-builder-workspace/.dependencies/checkouts/OpenAI/Sources/OpenAI/Public/Models/AssistantResult.swift (in target 'OpenAI' from project 'OpenAI')
cd /Users/admin/builder/spi-builder-workspace/.swiftpm/xcode
builtin-SwiftPerFileCompile AssistantResult.swift
SwiftCompile normal arm64 /Users/admin/builder/spi-builder-workspace/.dependencies/checkouts/OpenAI/Sources/OpenAI/Public/Models/AssistantsQuery.swift (in target 'OpenAI' from project 'OpenAI')
cd /Users/admin/builder/spi-builder-workspace/.swiftpm/xcode
builtin-SwiftPerFileCompile AssistantsQuery.swift
SwiftCompile normal arm64 /Users/admin/builder/spi-builder-workspace/.dependencies/checkouts/OpenAI/Sources/OpenAI/Public/Models/AssistantsResult.swift (in target 'OpenAI' from project 'OpenAI')
cd /Users/admin/builder/spi-builder-workspace/.swiftpm/xcode
builtin-SwiftPerFileCompile AssistantsResult.swift
SwiftCompile normal arm64 /Users/admin/builder/spi-builder-workspace/.dependencies/checkouts/OpenAI/Sources/OpenAI/Public/Models/AssistantsTool.swift (in target 'OpenAI' from project 'OpenAI')
cd /Users/admin/builder/spi-builder-workspace/.swiftpm/xcode
builtin-SwiftPerFileCompile AssistantsTool.swift
SwiftCompile normal arm64 /Users/admin/builder/spi-builder-workspace/.dependencies/checkouts/OpenAI/Sources/OpenAI/Public/Models/AudioSpeechQuery.swift (in target 'OpenAI' from project 'OpenAI')
cd /Users/admin/builder/spi-builder-workspace/.swiftpm/xcode
builtin-SwiftPerFileCompile AudioSpeechQuery.swift
SwiftCompile normal arm64 /Users/admin/builder/spi-builder-workspace/.dependencies/checkouts/OpenAI/Sources/OpenAI/Public/Models/AudioSpeechResult.swift (in target 'OpenAI' from project 'OpenAI')
cd /Users/admin/builder/spi-builder-workspace/.swiftpm/xcode
builtin-SwiftPerFileCompile AudioSpeechResult.swift
SwiftCompile normal arm64 /Users/admin/builder/spi-builder-workspace/.dependencies/checkouts/OpenAI/Sources/OpenAI/Public/Models/AudioTranscriptionQuery.swift (in target 'OpenAI' from project 'OpenAI')
cd /Users/admin/builder/spi-builder-workspace/.swiftpm/xcode
builtin-SwiftPerFileCompile AudioTranscriptionQuery.swift
SwiftDriverJobDiscovery normal arm64_32 Compiling JSONDocument.swift, JSONSchema.swift, JSONSchemaField.swift, JSONSchemaInstanceType.swift, JSONSchemaConvertationError.swift, JSONSchemaConvertible.swift, JSONSchemaEnumConvertible.swift, Annotation.swift, AssistantResult.swift, AssistantsQuery.swift, AssistantsResult.swift, AssistantsTool.swift, AudioSpeechQuery.swift, AudioSpeechResult.swift, AudioTranscriptionQuery.swift (in target 'OpenAI' from project 'OpenAI')
SwiftCompile normal arm64 Compiling\ OpenAI+OpenAIAsync.swift,\ OpenAI+OpenAICombine.swift,\ OpenAI.swift,\ AssistantsRequest.swift,\ CancellablesFactory.swift,\ ChatQuery+CustomStringConvertible.swift,\ AsyncClient.swift,\ Client.swift,\ CombineClient.swift,\ StreamingClient.swift,\ CodingUserInfoKey+ParsingOptions.swift,\ DataTaskFactory.swift,\ DescribedError.swift,\ DispatchQueue+Static.swift,\ ExecutionSerializer.swift /Users/admin/builder/spi-builder-workspace/.dependencies/checkouts/OpenAI/Sources/OpenAI/OpenAI+OpenAIAsync.swift /Users/admin/builder/spi-builder-workspace/.dependencies/checkouts/OpenAI/Sources/OpenAI/OpenAI+OpenAICombine.swift /Users/admin/builder/spi-builder-workspace/.dependencies/checkouts/OpenAI/Sources/OpenAI/OpenAI.swift /Users/admin/builder/spi-builder-workspace/.dependencies/checkouts/OpenAI/Sources/OpenAI/Private/AssistantsRequest.swift /Users/admin/builder/spi-builder-workspace/.dependencies/checkouts/OpenAI/Sources/OpenAI/Private/CancellablesFactory.swift /Users/admin/builder/spi-builder-workspace/.dependencies/checkouts/OpenAI/Sources/OpenAI/Private/ChatQuery+CustomStringConvertible.swift /Users/admin/builder/spi-builder-workspace/.dependencies/checkouts/OpenAI/Sources/OpenAI/Private/Client/AsyncClient.swift /Users/admin/builder/spi-builder-workspace/.dependencies/checkouts/OpenAI/Sources/OpenAI/Private/Client/Client.swift /Users/admin/builder/spi-builder-workspace/.dependencies/checkouts/OpenAI/Sources/OpenAI/Private/Client/CombineClient.swift /Users/admin/builder/spi-builder-workspace/.dependencies/checkouts/OpenAI/Sources/OpenAI/Private/Client/StreamingClient.swift /Users/admin/builder/spi-builder-workspace/.dependencies/checkouts/OpenAI/Sources/OpenAI/Private/CodingUserInfoKey+ParsingOptions.swift /Users/admin/builder/spi-builder-workspace/.dependencies/checkouts/OpenAI/Sources/OpenAI/Private/DataTaskFactory.swift /Users/admin/builder/spi-builder-workspace/.dependencies/checkouts/OpenAI/Sources/OpenAI/Private/DescribedError.swift /Users/admin/builder/spi-builder-workspace/.dependencies/checkouts/OpenAI/Sources/OpenAI/Private/DispatchQueue+Static.swift /Users/admin/builder/spi-builder-workspace/.dependencies/checkouts/OpenAI/Sources/OpenAI/Private/ExecutionSerializer.swift (in target 'OpenAI' from project 'OpenAI')
SwiftCompile normal arm64 /Users/admin/builder/spi-builder-workspace/.dependencies/checkouts/OpenAI/Sources/OpenAI/OpenAI+OpenAIAsync.swift (in target 'OpenAI' from project 'OpenAI')
cd /Users/admin/builder/spi-builder-workspace/.swiftpm/xcode
builtin-SwiftPerFileCompile OpenAI+OpenAIAsync.swift
SwiftCompile normal arm64 /Users/admin/builder/spi-builder-workspace/.dependencies/checkouts/OpenAI/Sources/OpenAI/OpenAI+OpenAICombine.swift (in target 'OpenAI' from project 'OpenAI')
cd /Users/admin/builder/spi-builder-workspace/.swiftpm/xcode
builtin-SwiftPerFileCompile OpenAI+OpenAICombine.swift
SwiftCompile normal arm64 /Users/admin/builder/spi-builder-workspace/.dependencies/checkouts/OpenAI/Sources/OpenAI/OpenAI.swift (in target 'OpenAI' from project 'OpenAI')
cd /Users/admin/builder/spi-builder-workspace/.swiftpm/xcode
builtin-SwiftPerFileCompile OpenAI.swift
SwiftCompile normal arm64 /Users/admin/builder/spi-builder-workspace/.dependencies/checkouts/OpenAI/Sources/OpenAI/Private/AssistantsRequest.swift (in target 'OpenAI' from project 'OpenAI')
cd /Users/admin/builder/spi-builder-workspace/.swiftpm/xcode
builtin-SwiftPerFileCompile AssistantsRequest.swift
SwiftCompile normal arm64 /Users/admin/builder/spi-builder-workspace/.dependencies/checkouts/OpenAI/Sources/OpenAI/Private/CancellablesFactory.swift (in target 'OpenAI' from project 'OpenAI')
cd /Users/admin/builder/spi-builder-workspace/.swiftpm/xcode
builtin-SwiftPerFileCompile CancellablesFactory.swift
SwiftCompile normal arm64 /Users/admin/builder/spi-builder-workspace/.dependencies/checkouts/OpenAI/Sources/OpenAI/Private/ChatQuery+CustomStringConvertible.swift (in target 'OpenAI' from project 'OpenAI')
cd /Users/admin/builder/spi-builder-workspace/.swiftpm/xcode
builtin-SwiftPerFileCompile ChatQuery+CustomStringConvertible.swift
SwiftCompile normal arm64 /Users/admin/builder/spi-builder-workspace/.dependencies/checkouts/OpenAI/Sources/OpenAI/Private/Client/AsyncClient.swift (in target 'OpenAI' from project 'OpenAI')
cd /Users/admin/builder/spi-builder-workspace/.swiftpm/xcode
builtin-SwiftPerFileCompile AsyncClient.swift
SwiftCompile normal arm64 /Users/admin/builder/spi-builder-workspace/.dependencies/checkouts/OpenAI/Sources/OpenAI/Private/Client/Client.swift (in target 'OpenAI' from project 'OpenAI')
cd /Users/admin/builder/spi-builder-workspace/.swiftpm/xcode
builtin-SwiftPerFileCompile Client.swift
SwiftCompile normal arm64 /Users/admin/builder/spi-builder-workspace/.dependencies/checkouts/OpenAI/Sources/OpenAI/Private/Client/CombineClient.swift (in target 'OpenAI' from project 'OpenAI')
cd /Users/admin/builder/spi-builder-workspace/.swiftpm/xcode
builtin-SwiftPerFileCompile CombineClient.swift
SwiftCompile normal arm64 /Users/admin/builder/spi-builder-workspace/.dependencies/checkouts/OpenAI/Sources/OpenAI/Private/Client/StreamingClient.swift (in target 'OpenAI' from project 'OpenAI')
cd /Users/admin/builder/spi-builder-workspace/.swiftpm/xcode
builtin-SwiftPerFileCompile StreamingClient.swift
SwiftCompile normal arm64 /Users/admin/builder/spi-builder-workspace/.dependencies/checkouts/OpenAI/Sources/OpenAI/Private/CodingUserInfoKey+ParsingOptions.swift (in target 'OpenAI' from project 'OpenAI')
cd /Users/admin/builder/spi-builder-workspace/.swiftpm/xcode
builtin-SwiftPerFileCompile CodingUserInfoKey+ParsingOptions.swift
SwiftCompile normal arm64 /Users/admin/builder/spi-builder-workspace/.dependencies/checkouts/OpenAI/Sources/OpenAI/Private/DataTaskFactory.swift (in target 'OpenAI' from project 'OpenAI')
cd /Users/admin/builder/spi-builder-workspace/.swiftpm/xcode
builtin-SwiftPerFileCompile DataTaskFactory.swift
SwiftCompile normal arm64 /Users/admin/builder/spi-builder-workspace/.dependencies/checkouts/OpenAI/Sources/OpenAI/Private/DescribedError.swift (in target 'OpenAI' from project 'OpenAI')
cd /Users/admin/builder/spi-builder-workspace/.swiftpm/xcode
builtin-SwiftPerFileCompile DescribedError.swift
SwiftCompile normal arm64 /Users/admin/builder/spi-builder-workspace/.dependencies/checkouts/OpenAI/Sources/OpenAI/Private/DispatchQueue+Static.swift (in target 'OpenAI' from project 'OpenAI')
cd /Users/admin/builder/spi-builder-workspace/.swiftpm/xcode
builtin-SwiftPerFileCompile DispatchQueue+Static.swift
SwiftCompile normal arm64 /Users/admin/builder/spi-builder-workspace/.dependencies/checkouts/OpenAI/Sources/OpenAI/Private/ExecutionSerializer.swift (in target 'OpenAI' from project 'OpenAI')
cd /Users/admin/builder/spi-builder-workspace/.swiftpm/xcode
builtin-SwiftPerFileCompile ExecutionSerializer.swift
SwiftDriverJobDiscovery normal arm64_32 Compiling CodableResultStreamInterpreter.swift, DataTaskPerformingURLSession.swift, InvalidatableSession.swift, ModelResponseEventsStreamInterpreter.swift, ModelResponseStreamEventType.swift, PerformableSession.swift, ServerSentEventsStreamInterpreter.swift, ServerSentEventsStreamParser.swift, ServerSentEventsStreamingSessionFactory.swift, SessionInvalidator.swift, StreamingError.swift, StreamingSession.swift, URLBuilder.swift, URLComponents+.swift, URLRequestBuildable.swift (in target 'OpenAI' from project 'OpenAI')
SwiftCompile normal arm64 Compiling\ Schemas+Description.swift,\ JSONRequest.swift,\ JSONResponseDecoder.swift,\ JSONResponseErrorDecoder.swift,\ KeyedDecodingContainer+ParsingOptions.swift,\ MultipartFormDataBodyBuilder.swift,\ MultipartFormDataBodyEncodable.swift,\ MultipartFormDataEntry.swift,\ MultipartFormDataRequest.swift,\ OpenAI+MakeRequest.swift,\ PropertyValue.swift,\ SSLDelegateProtocol.swift,\ SendablePassthroughSubject.swift,\ StreamableQuery.swift,\ AudioSpeechStreamInterpreter.swift /Users/admin/builder/spi-builder-workspace/.dependencies/checkouts/OpenAI/Sources/OpenAI/Private/Extensions\ for\ generated\ code/Schemas+Description.swift /Users/admin/builder/spi-builder-workspace/.dependencies/checkouts/OpenAI/Sources/OpenAI/Private/JSONRequest.swift /Users/admin/builder/spi-builder-workspace/.dependencies/checkouts/OpenAI/Sources/OpenAI/Private/JSONResponseDecoder.swift /Users/admin/builder/spi-builder-workspace/.dependencies/checkouts/OpenAI/Sources/OpenAI/Private/JSONResponseErrorDecoder.swift /Users/admin/builder/spi-builder-workspace/.dependencies/checkouts/OpenAI/Sources/OpenAI/Private/KeyedDecodingContainer+ParsingOptions.swift /Users/admin/builder/spi-builder-workspace/.dependencies/checkouts/OpenAI/Sources/OpenAI/Private/MultipartFormDataBodyBuilder.swift /Users/admin/builder/spi-builder-workspace/.dependencies/checkouts/OpenAI/Sources/OpenAI/Private/MultipartFormDataBodyEncodable.swift /Users/admin/builder/spi-builder-workspace/.dependencies/checkouts/OpenAI/Sources/OpenAI/Private/MultipartFormDataEntry.swift /Users/admin/builder/spi-builder-workspace/.dependencies/checkouts/OpenAI/Sources/OpenAI/Private/MultipartFormDataRequest.swift /Users/admin/builder/spi-builder-workspace/.dependencies/checkouts/OpenAI/Sources/OpenAI/Private/OpenAI+MakeRequest.swift /Users/admin/builder/spi-builder-workspace/.dependencies/checkouts/OpenAI/Sources/OpenAI/Private/PropertyValue.swift /Users/admin/builder/spi-builder-workspace/.dependencies/checkouts/OpenAI/Sources/OpenAI/Private/SSLDelegateProtocol.swift /Users/admin/builder/spi-builder-workspace/.dependencies/checkouts/OpenAI/Sources/OpenAI/Private/SendablePassthroughSubject.swift /Users/admin/builder/spi-builder-workspace/.dependencies/checkouts/OpenAI/Sources/OpenAI/Private/StreamableQuery.swift /Users/admin/builder/spi-builder-workspace/.dependencies/checkouts/OpenAI/Sources/OpenAI/Private/Streaming/AudioSpeechStreamInterpreter.swift (in target 'OpenAI' from project 'OpenAI')
SwiftCompile normal arm64 /Users/admin/builder/spi-builder-workspace/.dependencies/checkouts/OpenAI/Sources/OpenAI/Private/Extensions\ for\ generated\ code/Schemas+Description.swift (in target 'OpenAI' from project 'OpenAI')
cd /Users/admin/builder/spi-builder-workspace/.swiftpm/xcode
builtin-SwiftPerFileCompile Schemas+Description.swift
SwiftCompile normal arm64 /Users/admin/builder/spi-builder-workspace/.dependencies/checkouts/OpenAI/Sources/OpenAI/Private/JSONRequest.swift (in target 'OpenAI' from project 'OpenAI')
cd /Users/admin/builder/spi-builder-workspace/.swiftpm/xcode
builtin-SwiftPerFileCompile JSONRequest.swift
SwiftCompile normal arm64 /Users/admin/builder/spi-builder-workspace/.dependencies/checkouts/OpenAI/Sources/OpenAI/Private/JSONResponseDecoder.swift (in target 'OpenAI' from project 'OpenAI')
cd /Users/admin/builder/spi-builder-workspace/.swiftpm/xcode
builtin-SwiftPerFileCompile JSONResponseDecoder.swift
SwiftCompile normal arm64 /Users/admin/builder/spi-builder-workspace/.dependencies/checkouts/OpenAI/Sources/OpenAI/Private/JSONResponseErrorDecoder.swift (in target 'OpenAI' from project 'OpenAI')
cd /Users/admin/builder/spi-builder-workspace/.swiftpm/xcode
builtin-SwiftPerFileCompile JSONResponseErrorDecoder.swift
SwiftCompile normal arm64 /Users/admin/builder/spi-builder-workspace/.dependencies/checkouts/OpenAI/Sources/OpenAI/Private/KeyedDecodingContainer+ParsingOptions.swift (in target 'OpenAI' from project 'OpenAI')
cd /Users/admin/builder/spi-builder-workspace/.swiftpm/xcode
builtin-SwiftPerFileCompile KeyedDecodingContainer+ParsingOptions.swift
SwiftCompile normal arm64 /Users/admin/builder/spi-builder-workspace/.dependencies/checkouts/OpenAI/Sources/OpenAI/Private/MultipartFormDataBodyBuilder.swift (in target 'OpenAI' from project 'OpenAI')
cd /Users/admin/builder/spi-builder-workspace/.swiftpm/xcode
builtin-SwiftPerFileCompile MultipartFormDataBodyBuilder.swift
SwiftCompile normal arm64 /Users/admin/builder/spi-builder-workspace/.dependencies/checkouts/OpenAI/Sources/OpenAI/Private/MultipartFormDataBodyEncodable.swift (in target 'OpenAI' from project 'OpenAI')
cd /Users/admin/builder/spi-builder-workspace/.swiftpm/xcode
builtin-SwiftPerFileCompile MultipartFormDataBodyEncodable.swift
SwiftCompile normal arm64 /Users/admin/builder/spi-builder-workspace/.dependencies/checkouts/OpenAI/Sources/OpenAI/Private/MultipartFormDataEntry.swift (in target 'OpenAI' from project 'OpenAI')
cd /Users/admin/builder/spi-builder-workspace/.swiftpm/xcode
builtin-SwiftPerFileCompile MultipartFormDataEntry.swift
SwiftCompile normal arm64 /Users/admin/builder/spi-builder-workspace/.dependencies/checkouts/OpenAI/Sources/OpenAI/Private/MultipartFormDataRequest.swift (in target 'OpenAI' from project 'OpenAI')
cd /Users/admin/builder/spi-builder-workspace/.swiftpm/xcode
builtin-SwiftPerFileCompile MultipartFormDataRequest.swift
SwiftCompile normal arm64 /Users/admin/builder/spi-builder-workspace/.dependencies/checkouts/OpenAI/Sources/OpenAI/Private/OpenAI+MakeRequest.swift (in target 'OpenAI' from project 'OpenAI')
cd /Users/admin/builder/spi-builder-workspace/.swiftpm/xcode
builtin-SwiftPerFileCompile OpenAI+MakeRequest.swift
SwiftCompile normal arm64 /Users/admin/builder/spi-builder-workspace/.dependencies/checkouts/OpenAI/Sources/OpenAI/Private/PropertyValue.swift (in target 'OpenAI' from project 'OpenAI')
cd /Users/admin/builder/spi-builder-workspace/.swiftpm/xcode
builtin-SwiftPerFileCompile PropertyValue.swift
SwiftCompile normal arm64 /Users/admin/builder/spi-builder-workspace/.dependencies/checkouts/OpenAI/Sources/OpenAI/Private/SSLDelegateProtocol.swift (in target 'OpenAI' from project 'OpenAI')
cd /Users/admin/builder/spi-builder-workspace/.swiftpm/xcode
builtin-SwiftPerFileCompile SSLDelegateProtocol.swift
SwiftCompile normal arm64 /Users/admin/builder/spi-builder-workspace/.dependencies/checkouts/OpenAI/Sources/OpenAI/Private/SendablePassthroughSubject.swift (in target 'OpenAI' from project 'OpenAI')
cd /Users/admin/builder/spi-builder-workspace/.swiftpm/xcode
builtin-SwiftPerFileCompile SendablePassthroughSubject.swift
SwiftCompile normal arm64 /Users/admin/builder/spi-builder-workspace/.dependencies/checkouts/OpenAI/Sources/OpenAI/Private/StreamableQuery.swift (in target 'OpenAI' from project 'OpenAI')
cd /Users/admin/builder/spi-builder-workspace/.swiftpm/xcode
builtin-SwiftPerFileCompile StreamableQuery.swift
SwiftCompile normal arm64 /Users/admin/builder/spi-builder-workspace/.dependencies/checkouts/OpenAI/Sources/OpenAI/Private/Streaming/AudioSpeechStreamInterpreter.swift (in target 'OpenAI' from project 'OpenAI')
cd /Users/admin/builder/spi-builder-workspace/.swiftpm/xcode
builtin-SwiftPerFileCompile AudioSpeechStreamInterpreter.swift
SwiftDriverJobDiscovery normal arm64_32 Compiling OpenAI+OpenAIAsync.swift, OpenAI+OpenAICombine.swift, OpenAI.swift, AssistantsRequest.swift, CancellablesFactory.swift, ChatQuery+CustomStringConvertible.swift, AsyncClient.swift, Client.swift, CombineClient.swift, StreamingClient.swift, CodingUserInfoKey+ParsingOptions.swift, DataTaskFactory.swift, DescribedError.swift, DispatchQueue+Static.swift, ExecutionSerializer.swift (in target 'OpenAI' from project 'OpenAI')
SwiftCompile normal arm64 Compiling\ CancellableRequest.swift,\ OpenAIAsync.swift,\ OpenAICombine.swift,\ OpenAIMiddleware.swift,\ OpenAIProtocol.swift,\ ResponsesEndpointAsync.swift,\ ResponsesEndpointCombine.swift,\ ResponsesEndpointModern.swift,\ ResponsesEndpointProtocol.swift,\ EasyInputMessage.swift,\ FunctionTool.swift,\ InputContent.swift,\ InputImage.swift,\ InputItem.swift,\ ResponseFunctionCallArgumentsDoneEvent.swift /Users/admin/builder/spi-builder-workspace/.dependencies/checkouts/OpenAI/Sources/OpenAI/Public/Protocols/CancellableRequest.swift /Users/admin/builder/spi-builder-workspace/.dependencies/checkouts/OpenAI/Sources/OpenAI/Public/Protocols/OpenAIAsync.swift /Users/admin/builder/spi-builder-workspace/.dependencies/checkouts/OpenAI/Sources/OpenAI/Public/Protocols/OpenAICombine.swift /Users/admin/builder/spi-builder-workspace/.dependencies/checkouts/OpenAI/Sources/OpenAI/Public/Protocols/OpenAIMiddleware.swift /Users/admin/builder/spi-builder-workspace/.dependencies/checkouts/OpenAI/Sources/OpenAI/Public/Protocols/OpenAIProtocol.swift /Users/admin/builder/spi-builder-workspace/.dependencies/checkouts/OpenAI/Sources/OpenAI/Public/Protocols/ResponsesEndpointAsync.swift /Users/admin/builder/spi-builder-workspace/.dependencies/checkouts/OpenAI/Sources/OpenAI/Public/Protocols/ResponsesEndpointCombine.swift /Users/admin/builder/spi-builder-workspace/.dependencies/checkouts/OpenAI/Sources/OpenAI/Public/Protocols/ResponsesEndpointModern.swift /Users/admin/builder/spi-builder-workspace/.dependencies/checkouts/OpenAI/Sources/OpenAI/Public/Protocols/ResponsesEndpointProtocol.swift /Users/admin/builder/spi-builder-workspace/.dependencies/checkouts/OpenAI/Sources/OpenAI/Public/Schemas/Edited/EasyInputMessage.swift /Users/admin/builder/spi-builder-workspace/.dependencies/checkouts/OpenAI/Sources/OpenAI/Public/Schemas/Edited/FunctionTool.swift /Users/admin/builder/spi-builder-workspace/.dependencies/checkouts/OpenAI/Sources/OpenAI/Public/Schemas/Edited/InputContent.swift /Users/admin/builder/spi-builder-workspace/.dependencies/checkouts/OpenAI/Sources/OpenAI/Public/Schemas/Edited/InputImage.swift /Users/admin/builder/spi-builder-workspace/.dependencies/checkouts/OpenAI/Sources/OpenAI/Public/Schemas/Edited/InputItem.swift /Users/admin/builder/spi-builder-workspace/.dependencies/checkouts/OpenAI/Sources/OpenAI/Public/Schemas/Edited/ResponseFunctionCallArgumentsDoneEvent.swift (in target 'OpenAI' from project 'OpenAI')
SwiftCompile normal arm64 /Users/admin/builder/spi-builder-workspace/.dependencies/checkouts/OpenAI/Sources/OpenAI/Public/Protocols/CancellableRequest.swift (in target 'OpenAI' from project 'OpenAI')
cd /Users/admin/builder/spi-builder-workspace/.swiftpm/xcode
builtin-SwiftPerFileCompile CancellableRequest.swift
SwiftCompile normal arm64 /Users/admin/builder/spi-builder-workspace/.dependencies/checkouts/OpenAI/Sources/OpenAI/Public/Protocols/OpenAIAsync.swift (in target 'OpenAI' from project 'OpenAI')
cd /Users/admin/builder/spi-builder-workspace/.swiftpm/xcode
builtin-SwiftPerFileCompile OpenAIAsync.swift
SwiftCompile normal arm64 /Users/admin/builder/spi-builder-workspace/.dependencies/checkouts/OpenAI/Sources/OpenAI/Public/Protocols/OpenAICombine.swift (in target 'OpenAI' from project 'OpenAI')
cd /Users/admin/builder/spi-builder-workspace/.swiftpm/xcode
builtin-SwiftPerFileCompile OpenAICombine.swift
SwiftCompile normal arm64 /Users/admin/builder/spi-builder-workspace/.dependencies/checkouts/OpenAI/Sources/OpenAI/Public/Protocols/OpenAIMiddleware.swift (in target 'OpenAI' from project 'OpenAI')
cd /Users/admin/builder/spi-builder-workspace/.swiftpm/xcode
builtin-SwiftPerFileCompile OpenAIMiddleware.swift
SwiftCompile normal arm64 /Users/admin/builder/spi-builder-workspace/.dependencies/checkouts/OpenAI/Sources/OpenAI/Public/Protocols/OpenAIProtocol.swift (in target 'OpenAI' from project 'OpenAI')
cd /Users/admin/builder/spi-builder-workspace/.swiftpm/xcode
builtin-SwiftPerFileCompile OpenAIProtocol.swift
SwiftCompile normal arm64 /Users/admin/builder/spi-builder-workspace/.dependencies/checkouts/OpenAI/Sources/OpenAI/Public/Protocols/ResponsesEndpointAsync.swift (in target 'OpenAI' from project 'OpenAI')
cd /Users/admin/builder/spi-builder-workspace/.swiftpm/xcode
builtin-SwiftPerFileCompile ResponsesEndpointAsync.swift
SwiftCompile normal arm64 /Users/admin/builder/spi-builder-workspace/.dependencies/checkouts/OpenAI/Sources/OpenAI/Public/Protocols/ResponsesEndpointCombine.swift (in target 'OpenAI' from project 'OpenAI')
cd /Users/admin/builder/spi-builder-workspace/.swiftpm/xcode
builtin-SwiftPerFileCompile ResponsesEndpointCombine.swift
SwiftCompile normal arm64 /Users/admin/builder/spi-builder-workspace/.dependencies/checkouts/OpenAI/Sources/OpenAI/Public/Protocols/ResponsesEndpointModern.swift (in target 'OpenAI' from project 'OpenAI')
cd /Users/admin/builder/spi-builder-workspace/.swiftpm/xcode
builtin-SwiftPerFileCompile ResponsesEndpointModern.swift
SwiftCompile normal arm64 /Users/admin/builder/spi-builder-workspace/.dependencies/checkouts/OpenAI/Sources/OpenAI/Public/Protocols/ResponsesEndpointProtocol.swift (in target 'OpenAI' from project 'OpenAI')
cd /Users/admin/builder/spi-builder-workspace/.swiftpm/xcode
builtin-SwiftPerFileCompile ResponsesEndpointProtocol.swift
SwiftCompile normal arm64 /Users/admin/builder/spi-builder-workspace/.dependencies/checkouts/OpenAI/Sources/OpenAI/Public/Schemas/Edited/EasyInputMessage.swift (in target 'OpenAI' from project 'OpenAI')
cd /Users/admin/builder/spi-builder-workspace/.swiftpm/xcode
builtin-SwiftPerFileCompile EasyInputMessage.swift
SwiftCompile normal arm64 /Users/admin/builder/spi-builder-workspace/.dependencies/checkouts/OpenAI/Sources/OpenAI/Public/Schemas/Edited/FunctionTool.swift (in target 'OpenAI' from project 'OpenAI')
cd /Users/admin/builder/spi-builder-workspace/.swiftpm/xcode
builtin-SwiftPerFileCompile FunctionTool.swift
SwiftCompile normal arm64 /Users/admin/builder/spi-builder-workspace/.dependencies/checkouts/OpenAI/Sources/OpenAI/Public/Schemas/Edited/InputContent.swift (in target 'OpenAI' from project 'OpenAI')
cd /Users/admin/builder/spi-builder-workspace/.swiftpm/xcode
builtin-SwiftPerFileCompile InputContent.swift
SwiftCompile normal arm64 /Users/admin/builder/spi-builder-workspace/.dependencies/checkouts/OpenAI/Sources/OpenAI/Public/Schemas/Edited/InputImage.swift (in target 'OpenAI' from project 'OpenAI')
cd /Users/admin/builder/spi-builder-workspace/.swiftpm/xcode
builtin-SwiftPerFileCompile InputImage.swift
SwiftCompile normal arm64 /Users/admin/builder/spi-builder-workspace/.dependencies/checkouts/OpenAI/Sources/OpenAI/Public/Schemas/Edited/InputItem.swift (in target 'OpenAI' from project 'OpenAI')
cd /Users/admin/builder/spi-builder-workspace/.swiftpm/xcode
builtin-SwiftPerFileCompile InputItem.swift
SwiftCompile normal arm64 /Users/admin/builder/spi-builder-workspace/.dependencies/checkouts/OpenAI/Sources/OpenAI/Public/Schemas/Edited/ResponseFunctionCallArgumentsDoneEvent.swift (in target 'OpenAI' from project 'OpenAI')
cd /Users/admin/builder/spi-builder-workspace/.swiftpm/xcode
builtin-SwiftPerFileCompile ResponseFunctionCallArgumentsDoneEvent.swift
SwiftDriverJobDiscovery normal arm64_32 Compiling ImagesQuery.swift, ImagesResult.swift, MessageQuery.swift, ModelQuery.swift, ModelResult.swift, Models.swift, ModelsResult.swift, ModerationsQuery.swift, ModerationsResult.swift, CreateModelResponseQuery+TextResponseConfigurationOptions.swift, CreateModelResponseQuery.swift, CreateModelResponseQueryInput.swift, DeleteModelResponseQuery.swift, DeleteModelResponseResult.swift, GetModelResponseQuery.swift (in target 'OpenAI' from project 'OpenAI')
SwiftCompile normal arm64 Compiling\ ResponseEvent.swift,\ ResponseObject.swift,\ RunResult.swift,\ RunRetrieveQuery.swift,\ RunRetrieveStepsResult.swift,\ RunToolOutputsQuery.swift,\ RunsQuery.swift,\ ThreadAddMessagesResult.swift,\ ThreadRunQuery.swift,\ ThreadsMessagesResult.swift,\ ThreadsQuery.swift,\ ThreadsResult.swift,\ ChatQueryWebSearchOptions.swift,\ JSONSchemaDefinition.swift,\ ServiceTier.swift /Users/admin/builder/spi-builder-workspace/.dependencies/checkouts/OpenAI/Sources/OpenAI/Public/Models/Responses\ API/ResponseEvent.swift /Users/admin/builder/spi-builder-workspace/.dependencies/checkouts/OpenAI/Sources/OpenAI/Public/Models/Responses\ API/ResponseObject.swift /Users/admin/builder/spi-builder-workspace/.dependencies/checkouts/OpenAI/Sources/OpenAI/Public/Models/RunResult.swift /Users/admin/builder/spi-builder-workspace/.dependencies/checkouts/OpenAI/Sources/OpenAI/Public/Models/RunRetrieveQuery.swift /Users/admin/builder/spi-builder-workspace/.dependencies/checkouts/OpenAI/Sources/OpenAI/Public/Models/RunRetrieveStepsResult.swift /Users/admin/builder/spi-builder-workspace/.dependencies/checkouts/OpenAI/Sources/OpenAI/Public/Models/RunToolOutputsQuery.swift /Users/admin/builder/spi-builder-workspace/.dependencies/checkouts/OpenAI/Sources/OpenAI/Public/Models/RunsQuery.swift /Users/admin/builder/spi-builder-workspace/.dependencies/checkouts/OpenAI/Sources/OpenAI/Public/Models/ThreadAddMessagesResult.swift /Users/admin/builder/spi-builder-workspace/.dependencies/checkouts/OpenAI/Sources/OpenAI/Public/Models/ThreadRunQuery.swift /Users/admin/builder/spi-builder-workspace/.dependencies/checkouts/OpenAI/Sources/OpenAI/Public/Models/ThreadsMessagesResult.swift /Users/admin/builder/spi-builder-workspace/.dependencies/checkouts/OpenAI/Sources/OpenAI/Public/Models/ThreadsQuery.swift /Users/admin/builder/spi-builder-workspace/.dependencies/checkouts/OpenAI/Sources/OpenAI/Public/Models/ThreadsResult.swift /Users/admin/builder/spi-builder-workspace/.dependencies/checkouts/OpenAI/Sources/OpenAI/Public/Models/Types/ChatQueryWebSearchOptions.swift /Users/admin/builder/spi-builder-workspace/.dependencies/checkouts/OpenAI/Sources/OpenAI/Public/Models/Types/JSONSchemaDefinition.swift /Users/admin/builder/spi-builder-workspace/.dependencies/checkouts/OpenAI/Sources/OpenAI/Public/Models/Types/ServiceTier.swift (in target 'OpenAI' from project 'OpenAI')
SwiftCompile normal arm64 /Users/admin/builder/spi-builder-workspace/.dependencies/checkouts/OpenAI/Sources/OpenAI/Public/Models/Responses\ API/ResponseEvent.swift (in target 'OpenAI' from project 'OpenAI')
cd /Users/admin/builder/spi-builder-workspace/.swiftpm/xcode
builtin-SwiftPerFileCompile ResponseEvent.swift
SwiftCompile normal arm64 /Users/admin/builder/spi-builder-workspace/.dependencies/checkouts/OpenAI/Sources/OpenAI/Public/Models/Responses\ API/ResponseObject.swift (in target 'OpenAI' from project 'OpenAI')
cd /Users/admin/builder/spi-builder-workspace/.swiftpm/xcode
builtin-SwiftPerFileCompile ResponseObject.swift
SwiftCompile normal arm64 /Users/admin/builder/spi-builder-workspace/.dependencies/checkouts/OpenAI/Sources/OpenAI/Public/Models/RunResult.swift (in target 'OpenAI' from project 'OpenAI')
cd /Users/admin/builder/spi-builder-workspace/.swiftpm/xcode
builtin-SwiftPerFileCompile RunResult.swift
SwiftCompile normal arm64 /Users/admin/builder/spi-builder-workspace/.dependencies/checkouts/OpenAI/Sources/OpenAI/Public/Models/RunRetrieveQuery.swift (in target 'OpenAI' from project 'OpenAI')
cd /Users/admin/builder/spi-builder-workspace/.swiftpm/xcode
builtin-SwiftPerFileCompile RunRetrieveQuery.swift
SwiftCompile normal arm64 /Users/admin/builder/spi-builder-workspace/.dependencies/checkouts/OpenAI/Sources/OpenAI/Public/Models/RunRetrieveStepsResult.swift (in target 'OpenAI' from project 'OpenAI')
cd /Users/admin/builder/spi-builder-workspace/.swiftpm/xcode
builtin-SwiftPerFileCompile RunRetrieveStepsResult.swift
SwiftCompile normal arm64 /Users/admin/builder/spi-builder-workspace/.dependencies/checkouts/OpenAI/Sources/OpenAI/Public/Models/RunToolOutputsQuery.swift (in target 'OpenAI' from project 'OpenAI')
cd /Users/admin/builder/spi-builder-workspace/.swiftpm/xcode
builtin-SwiftPerFileCompile RunToolOutputsQuery.swift
SwiftCompile normal arm64 /Users/admin/builder/spi-builder-workspace/.dependencies/checkouts/OpenAI/Sources/OpenAI/Public/Models/RunsQuery.swift (in target 'OpenAI' from project 'OpenAI')
cd /Users/admin/builder/spi-builder-workspace/.swiftpm/xcode
builtin-SwiftPerFileCompile RunsQuery.swift
SwiftCompile normal arm64 /Users/admin/builder/spi-builder-workspace/.dependencies/checkouts/OpenAI/Sources/OpenAI/Public/Models/ThreadAddMessagesResult.swift (in target 'OpenAI' from project 'OpenAI')
cd /Users/admin/builder/spi-builder-workspace/.swiftpm/xcode
builtin-SwiftPerFileCompile ThreadAddMessagesResult.swift
SwiftCompile normal arm64 /Users/admin/builder/spi-builder-workspace/.dependencies/checkouts/OpenAI/Sources/OpenAI/Public/Models/ThreadRunQuery.swift (in target 'OpenAI' from project 'OpenAI')
cd /Users/admin/builder/spi-builder-workspace/.swiftpm/xcode
builtin-SwiftPerFileCompile ThreadRunQuery.swift
SwiftCompile normal arm64 /Users/admin/builder/spi-builder-workspace/.dependencies/checkouts/OpenAI/Sources/OpenAI/Public/Models/ThreadsMessagesResult.swift (in target 'OpenAI' from project 'OpenAI')
cd /Users/admin/builder/spi-builder-workspace/.swiftpm/xcode
builtin-SwiftPerFileCompile ThreadsMessagesResult.swift
SwiftCompile normal arm64 /Users/admin/builder/spi-builder-workspace/.dependencies/checkouts/OpenAI/Sources/OpenAI/Public/Models/ThreadsQuery.swift (in target 'OpenAI' from project 'OpenAI')
cd /Users/admin/builder/spi-builder-workspace/.swiftpm/xcode
builtin-SwiftPerFileCompile ThreadsQuery.swift
SwiftCompile normal arm64 /Users/admin/builder/spi-builder-workspace/.dependencies/checkouts/OpenAI/Sources/OpenAI/Public/Models/ThreadsResult.swift (in target 'OpenAI' from project 'OpenAI')
cd /Users/admin/builder/spi-builder-workspace/.swiftpm/xcode
builtin-SwiftPerFileCompile ThreadsResult.swift
SwiftCompile normal arm64 /Users/admin/builder/spi-builder-workspace/.dependencies/checkouts/OpenAI/Sources/OpenAI/Public/Models/Types/ChatQueryWebSearchOptions.swift (in target 'OpenAI' from project 'OpenAI')
cd /Users/admin/builder/spi-builder-workspace/.swiftpm/xcode
builtin-SwiftPerFileCompile ChatQueryWebSearchOptions.swift
SwiftCompile normal arm64 /Users/admin/builder/spi-builder-workspace/.dependencies/checkouts/OpenAI/Sources/OpenAI/Public/Models/Types/JSONSchemaDefinition.swift (in target 'OpenAI' from project 'OpenAI')
cd /Users/admin/builder/spi-builder-workspace/.swiftpm/xcode
builtin-SwiftPerFileCompile JSONSchemaDefinition.swift
SwiftCompile normal arm64 /Users/admin/builder/spi-builder-workspace/.dependencies/checkouts/OpenAI/Sources/OpenAI/Public/Models/Types/ServiceTier.swift (in target 'OpenAI' from project 'OpenAI')
cd /Users/admin/builder/spi-builder-workspace/.swiftpm/xcode
builtin-SwiftPerFileCompile ServiceTier.swift
SwiftDriverJobDiscovery normal arm64_32 Compiling ResponseEvent.swift, ResponseObject.swift, RunResult.swift, RunRetrieveQuery.swift, RunRetrieveStepsResult.swift, RunToolOutputsQuery.swift, RunsQuery.swift, ThreadAddMessagesResult.swift, ThreadRunQuery.swift, ThreadsMessagesResult.swift, ThreadsQuery.swift, ThreadsResult.swift, ChatQueryWebSearchOptions.swift, JSONSchemaDefinition.swift, ServiceTier.swift (in target 'OpenAI' from project 'OpenAI')
SwiftCompile normal arm64 Compiling\ ResponseMCPCallArgumentsDeltaEvent.swift,\ ResponseMCPCallArgumentsDoneEvent.swift,\ ResponseOutputItemAddedEvent.swift,\ ResponseOutputItemDoneEvent.swift,\ Tool.swift,\ WebSearchToolCall.swift,\ OutputItem.swift,\ ResponseStreamEvent.swift,\ Components.swift,\ ParsingOptions.swift,\ Utilities.swift,\ ResponsesEndpoint+Async.swift,\ ResponsesEndpoint+Combine.swift,\ ResponsesEndpoint.swift /Users/admin/builder/spi-builder-workspace/.dependencies/checkouts/OpenAI/Sources/OpenAI/Public/Schemas/Edited/ResponseMCPCallArgumentsDeltaEvent.swift /Users/admin/builder/spi-builder-workspace/.dependencies/checkouts/OpenAI/Sources/OpenAI/Public/Schemas/Edited/ResponseMCPCallArgumentsDoneEvent.swift /Users/admin/builder/spi-builder-workspace/.dependencies/checkouts/OpenAI/Sources/OpenAI/Public/Schemas/Edited/ResponseOutputItemAddedEvent.swift /Users/admin/builder/spi-builder-workspace/.dependencies/checkouts/OpenAI/Sources/OpenAI/Public/Schemas/Edited/ResponseOutputItemDoneEvent.swift /Users/admin/builder/spi-builder-workspace/.dependencies/checkouts/OpenAI/Sources/OpenAI/Public/Schemas/Edited/Tool.swift /Users/admin/builder/spi-builder-workspace/.dependencies/checkouts/OpenAI/Sources/OpenAI/Public/Schemas/Edited/WebSearchToolCall.swift /Users/admin/builder/spi-builder-workspace/.dependencies/checkouts/OpenAI/Sources/OpenAI/Public/Schemas/Facade/OutputItem.swift /Users/admin/builder/spi-builder-workspace/.dependencies/checkouts/OpenAI/Sources/OpenAI/Public/Schemas/Facade/ResponseStreamEvent.swift /Users/admin/builder/spi-builder-workspace/.dependencies/checkouts/OpenAI/Sources/OpenAI/Public/Schemas/Generated/Components.swift /Users/admin/builder/spi-builder-workspace/.dependencies/checkouts/OpenAI/Sources/OpenAI/Public/Utilities/ParsingOptions.swift /Users/admin/builder/spi-builder-workspace/.dependencies/checkouts/OpenAI/Sources/OpenAI/Public/Utilities/Utilities.swift /Users/admin/builder/spi-builder-workspace/.dependencies/checkouts/OpenAI/Sources/OpenAI/ResponsesEndpoint+Async.swift /Users/admin/builder/spi-builder-workspace/.dependencies/checkouts/OpenAI/Sources/OpenAI/ResponsesEndpoint+Combine.swift /Users/admin/builder/spi-builder-workspace/.dependencies/checkouts/OpenAI/Sources/OpenAI/ResponsesEndpoint.swift (in target 'OpenAI' from project 'OpenAI')
SwiftCompile normal arm64 /Users/admin/builder/spi-builder-workspace/.dependencies/checkouts/OpenAI/Sources/OpenAI/Public/Schemas/Edited/ResponseMCPCallArgumentsDeltaEvent.swift (in target 'OpenAI' from project 'OpenAI')
cd /Users/admin/builder/spi-builder-workspace/.swiftpm/xcode
builtin-SwiftPerFileCompile ResponseMCPCallArgumentsDeltaEvent.swift
SwiftCompile normal arm64 /Users/admin/builder/spi-builder-workspace/.dependencies/checkouts/OpenAI/Sources/OpenAI/Public/Schemas/Edited/ResponseMCPCallArgumentsDoneEvent.swift (in target 'OpenAI' from project 'OpenAI')
cd /Users/admin/builder/spi-builder-workspace/.swiftpm/xcode
builtin-SwiftPerFileCompile ResponseMCPCallArgumentsDoneEvent.swift
SwiftCompile normal arm64 /Users/admin/builder/spi-builder-workspace/.dependencies/checkouts/OpenAI/Sources/OpenAI/Public/Schemas/Edited/ResponseOutputItemAddedEvent.swift (in target 'OpenAI' from project 'OpenAI')
cd /Users/admin/builder/spi-builder-workspace/.swiftpm/xcode
builtin-SwiftPerFileCompile ResponseOutputItemAddedEvent.swift
SwiftCompile normal arm64 /Users/admin/builder/spi-builder-workspace/.dependencies/checkouts/OpenAI/Sources/OpenAI/Public/Schemas/Edited/ResponseOutputItemDoneEvent.swift (in target 'OpenAI' from project 'OpenAI')
cd /Users/admin/builder/spi-builder-workspace/.swiftpm/xcode
builtin-SwiftPerFileCompile ResponseOutputItemDoneEvent.swift
SwiftCompile normal arm64 /Users/admin/builder/spi-builder-workspace/.dependencies/checkouts/OpenAI/Sources/OpenAI/Public/Schemas/Edited/Tool.swift (in target 'OpenAI' from project 'OpenAI')
cd /Users/admin/builder/spi-builder-workspace/.swiftpm/xcode
builtin-SwiftPerFileCompile Tool.swift
SwiftCompile normal arm64 /Users/admin/builder/spi-builder-workspace/.dependencies/checkouts/OpenAI/Sources/OpenAI/Public/Schemas/Edited/WebSearchToolCall.swift (in target 'OpenAI' from project 'OpenAI')
cd /Users/admin/builder/spi-builder-workspace/.swiftpm/xcode
builtin-SwiftPerFileCompile WebSearchToolCall.swift
SwiftCompile normal arm64 /Users/admin/builder/spi-builder-workspace/.dependencies/checkouts/OpenAI/Sources/OpenAI/Public/Schemas/Facade/OutputItem.swift (in target 'OpenAI' from project 'OpenAI')
cd /Users/admin/builder/spi-builder-workspace/.swiftpm/xcode
builtin-SwiftPerFileCompile OutputItem.swift
SwiftCompile normal arm64 /Users/admin/builder/spi-builder-workspace/.dependencies/checkouts/OpenAI/Sources/OpenAI/Public/Schemas/Facade/ResponseStreamEvent.swift (in target 'OpenAI' from project 'OpenAI')
cd /Users/admin/builder/spi-builder-workspace/.swiftpm/xcode
builtin-SwiftPerFileCompile ResponseStreamEvent.swift
SwiftCompile normal arm64 /Users/admin/builder/spi-builder-workspace/.dependencies/checkouts/OpenAI/Sources/OpenAI/Public/Schemas/Generated/Components.swift (in target 'OpenAI' from project 'OpenAI')
cd /Users/admin/builder/spi-builder-workspace/.swiftpm/xcode
builtin-SwiftPerFileCompile Components.swift
SwiftCompile normal arm64 /Users/admin/builder/spi-builder-workspace/.dependencies/checkouts/OpenAI/Sources/OpenAI/Public/Utilities/ParsingOptions.swift (in target 'OpenAI' from project 'OpenAI')
cd /Users/admin/builder/spi-builder-workspace/.swiftpm/xcode
builtin-SwiftPerFileCompile ParsingOptions.swift
SwiftCompile normal arm64 /Users/admin/builder/spi-builder-workspace/.dependencies/checkouts/OpenAI/Sources/OpenAI/Public/Utilities/Utilities.swift (in target 'OpenAI' from project 'OpenAI')
cd /Users/admin/builder/spi-builder-workspace/.swiftpm/xcode
builtin-SwiftPerFileCompile Utilities.swift
SwiftCompile normal arm64 /Users/admin/builder/spi-builder-workspace/.dependencies/checkouts/OpenAI/Sources/OpenAI/ResponsesEndpoint+Async.swift (in target 'OpenAI' from project 'OpenAI')
cd /Users/admin/builder/spi-builder-workspace/.swiftpm/xcode
builtin-SwiftPerFileCompile ResponsesEndpoint+Async.swift
SwiftCompile normal arm64 /Users/admin/builder/spi-builder-workspace/.dependencies/checkouts/OpenAI/Sources/OpenAI/ResponsesEndpoint+Combine.swift (in target 'OpenAI' from project 'OpenAI')
cd /Users/admin/builder/spi-builder-workspace/.swiftpm/xcode
builtin-SwiftPerFileCompile ResponsesEndpoint+Combine.swift
SwiftCompile normal arm64 /Users/admin/builder/spi-builder-workspace/.dependencies/checkouts/OpenAI/Sources/OpenAI/ResponsesEndpoint.swift (in target 'OpenAI' from project 'OpenAI')
cd /Users/admin/builder/spi-builder-workspace/.swiftpm/xcode
builtin-SwiftPerFileCompile ResponsesEndpoint.swift
SwiftDriverJobDiscovery normal arm64 Compiling JSONDocument.swift, JSONSchema.swift, JSONSchemaField.swift, JSONSchemaInstanceType.swift, JSONSchemaConvertationError.swift, JSONSchemaConvertible.swift, JSONSchemaEnumConvertible.swift, Annotation.swift, AssistantResult.swift, AssistantsQuery.swift, AssistantsResult.swift, AssistantsTool.swift, AudioSpeechQuery.swift, AudioSpeechResult.swift, AudioTranscriptionQuery.swift (in target 'OpenAI' from project 'OpenAI')
SwiftCompile normal arm64 Compiling\ CodableResultStreamInterpreter.swift,\ DataTaskPerformingURLSession.swift,\ InvalidatableSession.swift,\ ModelResponseEventsStreamInterpreter.swift,\ ModelResponseStreamEventType.swift,\ PerformableSession.swift,\ ServerSentEventsStreamInterpreter.swift,\ ServerSentEventsStreamParser.swift,\ ServerSentEventsStreamingSessionFactory.swift,\ SessionInvalidator.swift,\ StreamingError.swift,\ StreamingSession.swift,\ URLBuilder.swift,\ URLComponents+.swift,\ URLRequestBuildable.swift /Users/admin/builder/spi-builder-workspace/.dependencies/checkouts/OpenAI/Sources/OpenAI/Private/Streaming/CodableResultStreamInterpreter.swift /Users/admin/builder/spi-builder-workspace/.dependencies/checkouts/OpenAI/Sources/OpenAI/Private/Streaming/DataTaskPerformingURLSession.swift /Users/admin/builder/spi-builder-workspace/.dependencies/checkouts/OpenAI/Sources/OpenAI/Private/Streaming/InvalidatableSession.swift /Users/admin/builder/spi-builder-workspace/.dependencies/checkouts/OpenAI/Sources/OpenAI/Private/Streaming/ModelResponseEventsStreamInterpreter.swift /Users/admin/builder/spi-builder-workspace/.dependencies/checkouts/OpenAI/Sources/OpenAI/Private/Streaming/ModelResponseStreamEventType.swift /Users/admin/builder/spi-builder-workspace/.dependencies/checkouts/OpenAI/Sources/OpenAI/Private/Streaming/PerformableSession.swift /Users/admin/builder/spi-builder-workspace/.dependencies/checkouts/OpenAI/Sources/OpenAI/Private/Streaming/ServerSentEventsStreamInterpreter.swift /Users/admin/builder/spi-builder-workspace/.dependencies/checkouts/OpenAI/Sources/OpenAI/Private/Streaming/ServerSentEventsStreamParser.swift /Users/admin/builder/spi-builder-workspace/.dependencies/checkouts/OpenAI/Sources/OpenAI/Private/Streaming/ServerSentEventsStreamingSessionFactory.swift /Users/admin/builder/spi-builder-workspace/.dependencies/checkouts/OpenAI/Sources/OpenAI/Private/Streaming/SessionInvalidator.swift /Users/admin/builder/spi-builder-workspace/.dependencies/checkouts/OpenAI/Sources/OpenAI/Private/Streaming/StreamingError.swift /Users/admin/builder/spi-builder-workspace/.dependencies/checkouts/OpenAI/Sources/OpenAI/Private/Streaming/StreamingSession.swift /Users/admin/builder/spi-builder-workspace/.dependencies/checkouts/OpenAI/Sources/OpenAI/Private/URLBuilder.swift /Users/admin/builder/spi-builder-workspace/.dependencies/checkouts/OpenAI/Sources/OpenAI/Private/URLComponents+.swift /Users/admin/builder/spi-builder-workspace/.dependencies/checkouts/OpenAI/Sources/OpenAI/Private/URLRequestBuildable.swift (in target 'OpenAI' from project 'OpenAI')
SwiftCompile normal arm64 /Users/admin/builder/spi-builder-workspace/.dependencies/checkouts/OpenAI/Sources/OpenAI/Private/Streaming/CodableResultStreamInterpreter.swift (in target 'OpenAI' from project 'OpenAI')
cd /Users/admin/builder/spi-builder-workspace/.swiftpm/xcode
builtin-SwiftPerFileCompile CodableResultStreamInterpreter.swift
SwiftCompile normal arm64 /Users/admin/builder/spi-builder-workspace/.dependencies/checkouts/OpenAI/Sources/OpenAI/Private/Streaming/DataTaskPerformingURLSession.swift (in target 'OpenAI' from project 'OpenAI')
cd /Users/admin/builder/spi-builder-workspace/.swiftpm/xcode
builtin-SwiftPerFileCompile DataTaskPerformingURLSession.swift
SwiftCompile normal arm64 /Users/admin/builder/spi-builder-workspace/.dependencies/checkouts/OpenAI/Sources/OpenAI/Private/Streaming/InvalidatableSession.swift (in target 'OpenAI' from project 'OpenAI')
cd /Users/admin/builder/spi-builder-workspace/.swiftpm/xcode
builtin-SwiftPerFileCompile InvalidatableSession.swift
SwiftCompile normal arm64 /Users/admin/builder/spi-builder-workspace/.dependencies/checkouts/OpenAI/Sources/OpenAI/Private/Streaming/ModelResponseEventsStreamInterpreter.swift (in target 'OpenAI' from project 'OpenAI')
cd /Users/admin/builder/spi-builder-workspace/.swiftpm/xcode
builtin-SwiftPerFileCompile ModelResponseEventsStreamInterpreter.swift
SwiftCompile normal arm64 /Users/admin/builder/spi-builder-workspace/.dependencies/checkouts/OpenAI/Sources/OpenAI/Private/Streaming/ModelResponseStreamEventType.swift (in target 'OpenAI' from project 'OpenAI')
cd /Users/admin/builder/spi-builder-workspace/.swiftpm/xcode
builtin-SwiftPerFileCompile ModelResponseStreamEventType.swift
SwiftCompile normal arm64 /Users/admin/builder/spi-builder-workspace/.dependencies/checkouts/OpenAI/Sources/OpenAI/Private/Streaming/PerformableSession.swift (in target 'OpenAI' from project 'OpenAI')
cd /Users/admin/builder/spi-builder-workspace/.swiftpm/xcode
builtin-SwiftPerFileCompile PerformableSession.swift
SwiftCompile normal arm64 /Users/admin/builder/spi-builder-workspace/.dependencies/checkouts/OpenAI/Sources/OpenAI/Private/Streaming/ServerSentEventsStreamInterpreter.swift (in target 'OpenAI' from project 'OpenAI')
cd /Users/admin/builder/spi-builder-workspace/.swiftpm/xcode
builtin-SwiftPerFileCompile ServerSentEventsStreamInterpreter.swift
SwiftCompile normal arm64 /Users/admin/builder/spi-builder-workspace/.dependencies/checkouts/OpenAI/Sources/OpenAI/Private/Streaming/ServerSentEventsStreamParser.swift (in target 'OpenAI' from project 'OpenAI')
cd /Users/admin/builder/spi-builder-workspace/.swiftpm/xcode
builtin-SwiftPerFileCompile ServerSentEventsStreamParser.swift
SwiftCompile normal arm64 /Users/admin/builder/spi-builder-workspace/.dependencies/checkouts/OpenAI/Sources/OpenAI/Private/Streaming/ServerSentEventsStreamingSessionFactory.swift (in target 'OpenAI' from project 'OpenAI')
cd /Users/admin/builder/spi-builder-workspace/.swiftpm/xcode
builtin-SwiftPerFileCompile ServerSentEventsStreamingSessionFactory.swift
SwiftCompile normal arm64 /Users/admin/builder/spi-builder-workspace/.dependencies/checkouts/OpenAI/Sources/OpenAI/Private/Streaming/SessionInvalidator.swift (in target 'OpenAI' from project 'OpenAI')
cd /Users/admin/builder/spi-builder-workspace/.swiftpm/xcode
builtin-SwiftPerFileCompile SessionInvalidator.swift
SwiftCompile normal arm64 /Users/admin/builder/spi-builder-workspace/.dependencies/checkouts/OpenAI/Sources/OpenAI/Private/Streaming/StreamingError.swift (in target 'OpenAI' from project 'OpenAI')
cd /Users/admin/builder/spi-builder-workspace/.swiftpm/xcode
builtin-SwiftPerFileCompile StreamingError.swift
SwiftCompile normal arm64 /Users/admin/builder/spi-builder-workspace/.dependencies/checkouts/OpenAI/Sources/OpenAI/Private/Streaming/StreamingSession.swift (in target 'OpenAI' from project 'OpenAI')
cd /Users/admin/builder/spi-builder-workspace/.swiftpm/xcode
builtin-SwiftPerFileCompile StreamingSession.swift
SwiftCompile normal arm64 /Users/admin/builder/spi-builder-workspace/.dependencies/checkouts/OpenAI/Sources/OpenAI/Private/URLBuilder.swift (in target 'OpenAI' from project 'OpenAI')
cd /Users/admin/builder/spi-builder-workspace/.swiftpm/xcode
builtin-SwiftPerFileCompile URLBuilder.swift
SwiftCompile normal arm64 /Users/admin/builder/spi-builder-workspace/.dependencies/checkouts/OpenAI/Sources/OpenAI/Private/URLComponents+.swift (in target 'OpenAI' from project 'OpenAI')
cd /Users/admin/builder/spi-builder-workspace/.swiftpm/xcode
builtin-SwiftPerFileCompile URLComponents+.swift
SwiftCompile normal arm64 /Users/admin/builder/spi-builder-workspace/.dependencies/checkouts/OpenAI/Sources/OpenAI/Private/URLRequestBuildable.swift (in target 'OpenAI' from project 'OpenAI')
cd /Users/admin/builder/spi-builder-workspace/.swiftpm/xcode
builtin-SwiftPerFileCompile URLRequestBuildable.swift
SwiftDriverJobDiscovery normal arm64 Compiling Schemas+Description.swift, JSONRequest.swift, JSONResponseDecoder.swift, JSONResponseErrorDecoder.swift, KeyedDecodingContainer+ParsingOptions.swift, MultipartFormDataBodyBuilder.swift, MultipartFormDataBodyEncodable.swift, MultipartFormDataEntry.swift, MultipartFormDataRequest.swift, OpenAI+MakeRequest.swift, PropertyValue.swift, SSLDelegateProtocol.swift, SendablePassthroughSubject.swift, StreamableQuery.swift, AudioSpeechStreamInterpreter.swift (in target 'OpenAI' from project 'OpenAI')
SwiftCompile normal arm64 Compiling\ URLResponseHandler.swift,\ URLSession+AsyncCompatibility.swift,\ URLSessionCombine.swift,\ URLSessionDataDelegateForwarder.swift,\ URLSessionDataTaskProtocol.swift,\ URLSessionDataTaskPublisherProtocol.swift,\ URLSessionDataTaskStore.swift,\ URLSessionDelegateProtocol.swift,\ URLSessionFactory.swift,\ URLSessionProtocol+MakeDataTask.swift,\ URLSessionProtocol.swift,\ URLSessionTaskCanceller.swift,\ APIError.swift,\ GeminiAPIError.swift,\ AnyJSONDocument.swift /Users/admin/builder/spi-builder-workspace/.dependencies/checkouts/OpenAI/Sources/OpenAI/Private/URLResponseHandler.swift /Users/admin/builder/spi-builder-workspace/.dependencies/checkouts/OpenAI/Sources/OpenAI/Private/URLSession+AsyncCompatibility.swift /Users/admin/builder/spi-builder-workspace/.dependencies/checkouts/OpenAI/Sources/OpenAI/Private/URLSessionCombine.swift /Users/admin/builder/spi-builder-workspace/.dependencies/checkouts/OpenAI/Sources/OpenAI/Private/URLSessionDataDelegateForwarder.swift /Users/admin/builder/spi-builder-workspace/.dependencies/checkouts/OpenAI/Sources/OpenAI/Private/URLSessionDataTaskProtocol.swift /Users/admin/builder/spi-builder-workspace/.dependencies/checkouts/OpenAI/Sources/OpenAI/Private/URLSessionDataTaskPublisherProtocol.swift /Users/admin/builder/spi-builder-workspace/.dependencies/checkouts/OpenAI/Sources/OpenAI/Private/URLSessionDataTaskStore.swift /Users/admin/builder/spi-builder-workspace/.dependencies/checkouts/OpenAI/Sources/OpenAI/Private/URLSessionDelegateProtocol.swift /Users/admin/builder/spi-builder-workspace/.dependencies/checkouts/OpenAI/Sources/OpenAI/Private/URLSessionFactory.swift /Users/admin/builder/spi-builder-workspace/.dependencies/checkouts/OpenAI/Sources/OpenAI/Private/URLSessionProtocol+MakeDataTask.swift /Users/admin/builder/spi-builder-workspace/.dependencies/checkouts/OpenAI/Sources/OpenAI/Private/URLSessionProtocol.swift /Users/admin/builder/spi-builder-workspace/.dependencies/checkouts/OpenAI/Sources/OpenAI/Private/URLSessionTaskCanceller.swift /Users/admin/builder/spi-builder-workspace/.dependencies/checkouts/OpenAI/Sources/OpenAI/Public/Errors/APIError.swift /Users/admin/builder/spi-builder-workspace/.dependencies/checkouts/OpenAI/Sources/OpenAI/Public/Errors/GeminiAPIError.swift /Users/admin/builder/spi-builder-workspace/.dependencies/checkouts/OpenAI/Sources/OpenAI/Public/JSONSchema/AnyJSONDocument.swift (in target 'OpenAI' from project 'OpenAI')
SwiftCompile normal arm64 /Users/admin/builder/spi-builder-workspace/.dependencies/checkouts/OpenAI/Sources/OpenAI/Private/URLResponseHandler.swift (in target 'OpenAI' from project 'OpenAI')
cd /Users/admin/builder/spi-builder-workspace/.swiftpm/xcode
builtin-SwiftPerFileCompile URLResponseHandler.swift
SwiftCompile normal arm64 /Users/admin/builder/spi-builder-workspace/.dependencies/checkouts/OpenAI/Sources/OpenAI/Private/URLSession+AsyncCompatibility.swift (in target 'OpenAI' from project 'OpenAI')
cd /Users/admin/builder/spi-builder-workspace/.swiftpm/xcode
builtin-SwiftPerFileCompile URLSession+AsyncCompatibility.swift
SwiftCompile normal arm64 /Users/admin/builder/spi-builder-workspace/.dependencies/checkouts/OpenAI/Sources/OpenAI/Private/URLSessionCombine.swift (in target 'OpenAI' from project 'OpenAI')
cd /Users/admin/builder/spi-builder-workspace/.swiftpm/xcode
builtin-SwiftPerFileCompile URLSessionCombine.swift
SwiftCompile normal arm64 /Users/admin/builder/spi-builder-workspace/.dependencies/checkouts/OpenAI/Sources/OpenAI/Private/URLSessionDataDelegateForwarder.swift (in target 'OpenAI' from project 'OpenAI')
cd /Users/admin/builder/spi-builder-workspace/.swiftpm/xcode
builtin-SwiftPerFileCompile URLSessionDataDelegateForwarder.swift
SwiftCompile normal arm64 /Users/admin/builder/spi-builder-workspace/.dependencies/checkouts/OpenAI/Sources/OpenAI/Private/URLSessionDataTaskProtocol.swift (in target 'OpenAI' from project 'OpenAI')
cd /Users/admin/builder/spi-builder-workspace/.swiftpm/xcode
builtin-SwiftPerFileCompile URLSessionDataTaskProtocol.swift
SwiftCompile normal arm64 /Users/admin/builder/spi-builder-workspace/.dependencies/checkouts/OpenAI/Sources/OpenAI/Private/URLSessionDataTaskPublisherProtocol.swift (in target 'OpenAI' from project 'OpenAI')
cd /Users/admin/builder/spi-builder-workspace/.swiftpm/xcode
builtin-SwiftPerFileCompile URLSessionDataTaskPublisherProtocol.swift
SwiftCompile normal arm64 /Users/admin/builder/spi-builder-workspace/.dependencies/checkouts/OpenAI/Sources/OpenAI/Private/URLSessionDataTaskStore.swift (in target 'OpenAI' from project 'OpenAI')
cd /Users/admin/builder/spi-builder-workspace/.swiftpm/xcode
builtin-SwiftPerFileCompile URLSessionDataTaskStore.swift
SwiftCompile normal arm64 /Users/admin/builder/spi-builder-workspace/.dependencies/checkouts/OpenAI/Sources/OpenAI/Private/URLSessionDelegateProtocol.swift (in target 'OpenAI' from project 'OpenAI')
cd /Users/admin/builder/spi-builder-workspace/.swiftpm/xcode
builtin-SwiftPerFileCompile URLSessionDelegateProtocol.swift
SwiftCompile normal arm64 /Users/admin/builder/spi-builder-workspace/.dependencies/checkouts/OpenAI/Sources/OpenAI/Private/URLSessionFactory.swift (in target 'OpenAI' from project 'OpenAI')
cd /Users/admin/builder/spi-builder-workspace/.swiftpm/xcode
builtin-SwiftPerFileCompile URLSessionFactory.swift
SwiftCompile normal arm64 /Users/admin/builder/spi-builder-workspace/.dependencies/checkouts/OpenAI/Sources/OpenAI/Private/URLSessionProtocol+MakeDataTask.swift (in target 'OpenAI' from project 'OpenAI')
cd /Users/admin/builder/spi-builder-workspace/.swiftpm/xcode
builtin-SwiftPerFileCompile URLSessionProtocol+MakeDataTask.swift
SwiftCompile normal arm64 /Users/admin/builder/spi-builder-workspace/.dependencies/checkouts/OpenAI/Sources/OpenAI/Private/URLSessionProtocol.swift (in target 'OpenAI' from project 'OpenAI')
cd /Users/admin/builder/spi-builder-workspace/.swiftpm/xcode
builtin-SwiftPerFileCompile URLSessionProtocol.swift
SwiftCompile normal arm64 /Users/admin/builder/spi-builder-workspace/.dependencies/checkouts/OpenAI/Sources/OpenAI/Private/URLSessionTaskCanceller.swift (in target 'OpenAI' from project 'OpenAI')
cd /Users/admin/builder/spi-builder-workspace/.swiftpm/xcode
builtin-SwiftPerFileCompile URLSessionTaskCanceller.swift
SwiftCompile normal arm64 /Users/admin/builder/spi-builder-workspace/.dependencies/checkouts/OpenAI/Sources/OpenAI/Public/Errors/APIError.swift (in target 'OpenAI' from project 'OpenAI')
cd /Users/admin/builder/spi-builder-workspace/.swiftpm/xcode
builtin-SwiftPerFileCompile APIError.swift
SwiftCompile normal arm64 /Users/admin/builder/spi-builder-workspace/.dependencies/checkouts/OpenAI/Sources/OpenAI/Public/Errors/GeminiAPIError.swift (in target 'OpenAI' from project 'OpenAI')
cd /Users/admin/builder/spi-builder-workspace/.swiftpm/xcode
builtin-SwiftPerFileCompile GeminiAPIError.swift
SwiftCompile normal arm64 /Users/admin/builder/spi-builder-workspace/.dependencies/checkouts/OpenAI/Sources/OpenAI/Public/JSONSchema/AnyJSONDocument.swift (in target 'OpenAI' from project 'OpenAI')
cd /Users/admin/builder/spi-builder-workspace/.swiftpm/xcode
builtin-SwiftPerFileCompile AnyJSONDocument.swift
SwiftDriverJobDiscovery normal arm64 Compiling CancellableRequest.swift, OpenAIAsync.swift, OpenAICombine.swift, OpenAIMiddleware.swift, OpenAIProtocol.swift, ResponsesEndpointAsync.swift, ResponsesEndpointCombine.swift, ResponsesEndpointModern.swift, ResponsesEndpointProtocol.swift, EasyInputMessage.swift, FunctionTool.swift, InputContent.swift, InputImage.swift, InputItem.swift, ResponseFunctionCallArgumentsDoneEvent.swift (in target 'OpenAI' from project 'OpenAI')
SwiftCompile normal arm64_32 Compiling\ URLResponseHandler.swift,\ URLSession+AsyncCompatibility.swift,\ URLSessionCombine.swift,\ URLSessionDataDelegateForwarder.swift,\ URLSessionDataTaskProtocol.swift,\ URLSessionDataTaskPublisherProtocol.swift,\ URLSessionDataTaskStore.swift,\ URLSessionDelegateProtocol.swift,\ URLSessionFactory.swift,\ URLSessionProtocol+MakeDataTask.swift,\ URLSessionProtocol.swift,\ URLSessionTaskCanceller.swift,\ APIError.swift,\ GeminiAPIError.swift,\ AnyJSONDocument.swift /Users/admin/builder/spi-builder-workspace/.dependencies/checkouts/OpenAI/Sources/OpenAI/Private/URLResponseHandler.swift /Users/admin/builder/spi-builder-workspace/.dependencies/checkouts/OpenAI/Sources/OpenAI/Private/URLSession+AsyncCompatibility.swift /Users/admin/builder/spi-builder-workspace/.dependencies/checkouts/OpenAI/Sources/OpenAI/Private/URLSessionCombine.swift /Users/admin/builder/spi-builder-workspace/.dependencies/checkouts/OpenAI/Sources/OpenAI/Private/URLSessionDataDelegateForwarder.swift /Users/admin/builder/spi-builder-workspace/.dependencies/checkouts/OpenAI/Sources/OpenAI/Private/URLSessionDataTaskProtocol.swift /Users/admin/builder/spi-builder-workspace/.dependencies/checkouts/OpenAI/Sources/OpenAI/Private/URLSessionDataTaskPublisherProtocol.swift /Users/admin/builder/spi-builder-workspace/.dependencies/checkouts/OpenAI/Sources/OpenAI/Private/URLSessionDataTaskStore.swift /Users/admin/builder/spi-builder-workspace/.dependencies/checkouts/OpenAI/Sources/OpenAI/Private/URLSessionDelegateProtocol.swift /Users/admin/builder/spi-builder-workspace/.dependencies/checkouts/OpenAI/Sources/OpenAI/Private/URLSessionFactory.swift /Users/admin/builder/spi-builder-workspace/.dependencies/checkouts/OpenAI/Sources/OpenAI/Private/URLSessionProtocol+MakeDataTask.swift /Users/admin/builder/spi-builder-workspace/.dependencies/checkouts/OpenAI/Sources/OpenAI/Private/URLSessionProtocol.swift /Users/admin/builder/spi-builder-workspace/.dependencies/checkouts/OpenAI/Sources/OpenAI/Private/URLSessionTaskCanceller.swift /Users/admin/builder/spi-builder-workspace/.dependencies/checkouts/OpenAI/Sources/OpenAI/Public/Errors/APIError.swift /Users/admin/builder/spi-builder-workspace/.dependencies/checkouts/OpenAI/Sources/OpenAI/Public/Errors/GeminiAPIError.swift /Users/admin/builder/spi-builder-workspace/.dependencies/checkouts/OpenAI/Sources/OpenAI/Public/JSONSchema/AnyJSONDocument.swift (in target 'OpenAI' from project 'OpenAI')
SwiftCompile normal arm64_32 /Users/admin/builder/spi-builder-workspace/.dependencies/checkouts/OpenAI/Sources/OpenAI/Private/URLResponseHandler.swift (in target 'OpenAI' from project 'OpenAI')
cd /Users/admin/builder/spi-builder-workspace/.swiftpm/xcode
builtin-SwiftPerFileCompile URLResponseHandler.swift
SwiftCompile normal arm64_32 /Users/admin/builder/spi-builder-workspace/.dependencies/checkouts/OpenAI/Sources/OpenAI/Private/URLSession+AsyncCompatibility.swift (in target 'OpenAI' from project 'OpenAI')
cd /Users/admin/builder/spi-builder-workspace/.swiftpm/xcode
builtin-SwiftPerFileCompile URLSession+AsyncCompatibility.swift
SwiftCompile normal arm64_32 /Users/admin/builder/spi-builder-workspace/.dependencies/checkouts/OpenAI/Sources/OpenAI/Private/URLSessionCombine.swift (in target 'OpenAI' from project 'OpenAI')
cd /Users/admin/builder/spi-builder-workspace/.swiftpm/xcode
builtin-SwiftPerFileCompile URLSessionCombine.swift
SwiftCompile normal arm64_32 /Users/admin/builder/spi-builder-workspace/.dependencies/checkouts/OpenAI/Sources/OpenAI/Private/URLSessionDataDelegateForwarder.swift (in target 'OpenAI' from project 'OpenAI')
cd /Users/admin/builder/spi-builder-workspace/.swiftpm/xcode
builtin-SwiftPerFileCompile URLSessionDataDelegateForwarder.swift
SwiftCompile normal arm64_32 /Users/admin/builder/spi-builder-workspace/.dependencies/checkouts/OpenAI/Sources/OpenAI/Private/URLSessionDataTaskProtocol.swift (in target 'OpenAI' from project 'OpenAI')
cd /Users/admin/builder/spi-builder-workspace/.swiftpm/xcode
builtin-SwiftPerFileCompile URLSessionDataTaskProtocol.swift
SwiftCompile normal arm64_32 /Users/admin/builder/spi-builder-workspace/.dependencies/checkouts/OpenAI/Sources/OpenAI/Private/URLSessionDataTaskPublisherProtocol.swift (in target 'OpenAI' from project 'OpenAI')
cd /Users/admin/builder/spi-builder-workspace/.swiftpm/xcode
builtin-SwiftPerFileCompile URLSessionDataTaskPublisherProtocol.swift
SwiftCompile normal arm64_32 /Users/admin/builder/spi-builder-workspace/.dependencies/checkouts/OpenAI/Sources/OpenAI/Private/URLSessionDataTaskStore.swift (in target 'OpenAI' from project 'OpenAI')
cd /Users/admin/builder/spi-builder-workspace/.swiftpm/xcode
builtin-SwiftPerFileCompile URLSessionDataTaskStore.swift
SwiftCompile normal arm64_32 /Users/admin/builder/spi-builder-workspace/.dependencies/checkouts/OpenAI/Sources/OpenAI/Private/URLSessionDelegateProtocol.swift (in target 'OpenAI' from project 'OpenAI')
cd /Users/admin/builder/spi-builder-workspace/.swiftpm/xcode
builtin-SwiftPerFileCompile URLSessionDelegateProtocol.swift
SwiftCompile normal arm64_32 /Users/admin/builder/spi-builder-workspace/.dependencies/checkouts/OpenAI/Sources/OpenAI/Private/URLSessionFactory.swift (in target 'OpenAI' from project 'OpenAI')
cd /Users/admin/builder/spi-builder-workspace/.swiftpm/xcode
builtin-SwiftPerFileCompile URLSessionFactory.swift
SwiftCompile normal arm64_32 /Users/admin/builder/spi-builder-workspace/.dependencies/checkouts/OpenAI/Sources/OpenAI/Private/URLSessionProtocol+MakeDataTask.swift (in target 'OpenAI' from project 'OpenAI')
cd /Users/admin/builder/spi-builder-workspace/.swiftpm/xcode
builtin-SwiftPerFileCompile URLSessionProtocol+MakeDataTask.swift
SwiftCompile normal arm64_32 /Users/admin/builder/spi-builder-workspace/.dependencies/checkouts/OpenAI/Sources/OpenAI/Private/URLSessionProtocol.swift (in target 'OpenAI' from project 'OpenAI')
cd /Users/admin/builder/spi-builder-workspace/.swiftpm/xcode
builtin-SwiftPerFileCompile URLSessionProtocol.swift
SwiftCompile normal arm64_32 /Users/admin/builder/spi-builder-workspace/.dependencies/checkouts/OpenAI/Sources/OpenAI/Private/URLSessionTaskCanceller.swift (in target 'OpenAI' from project 'OpenAI')
cd /Users/admin/builder/spi-builder-workspace/.swiftpm/xcode
builtin-SwiftPerFileCompile URLSessionTaskCanceller.swift
SwiftCompile normal arm64_32 /Users/admin/builder/spi-builder-workspace/.dependencies/checkouts/OpenAI/Sources/OpenAI/Public/Errors/APIError.swift (in target 'OpenAI' from project 'OpenAI')
cd /Users/admin/builder/spi-builder-workspace/.swiftpm/xcode
builtin-SwiftPerFileCompile APIError.swift
SwiftCompile normal arm64_32 /Users/admin/builder/spi-builder-workspace/.dependencies/checkouts/OpenAI/Sources/OpenAI/Public/Errors/GeminiAPIError.swift (in target 'OpenAI' from project 'OpenAI')
cd /Users/admin/builder/spi-builder-workspace/.swiftpm/xcode
builtin-SwiftPerFileCompile GeminiAPIError.swift
SwiftCompile normal arm64_32 /Users/admin/builder/spi-builder-workspace/.dependencies/checkouts/OpenAI/Sources/OpenAI/Public/JSONSchema/AnyJSONDocument.swift (in target 'OpenAI' from project 'OpenAI')
cd /Users/admin/builder/spi-builder-workspace/.swiftpm/xcode
builtin-SwiftPerFileCompile AnyJSONDocument.swift
SwiftDriverJobDiscovery normal arm64 Compiling OpenAI+OpenAIAsync.swift, OpenAI+OpenAICombine.swift, OpenAI.swift, AssistantsRequest.swift, CancellablesFactory.swift, ChatQuery+CustomStringConvertible.swift, AsyncClient.swift, Client.swift, CombineClient.swift, StreamingClient.swift, CodingUserInfoKey+ParsingOptions.swift, DataTaskFactory.swift, DescribedError.swift, DispatchQueue+Static.swift, ExecutionSerializer.swift (in target 'OpenAI' from project 'OpenAI')
SwiftCompile normal arm64 Compiling\ AudioTranscriptionResult.swift,\ AudioTranscriptionStreamResult.swift,\ AudioTranscriptionVerboseResult.swift,\ AudioTranslationQuery.swift,\ AudioTranslationResult.swift,\ ChatQuery.swift,\ ChatResult.swift,\ ChatStreamResult.swift,\ EmbeddingsQuery.swift,\ EmbeddingsResult.swift,\ FilesQuery.swift,\ FilesResult.swift,\ FunctionDeclaration.swift,\ ImageEditsQuery.swift,\ ImageVariationsQuery.swift /Users/admin/builder/spi-builder-workspace/.dependencies/checkouts/OpenAI/Sources/OpenAI/Public/Models/AudioTranscriptionResult.swift /Users/admin/builder/spi-builder-workspace/.dependencies/checkouts/OpenAI/Sources/OpenAI/Public/Models/AudioTranscriptionStreamResult.swift /Users/admin/builder/spi-builder-workspace/.dependencies/checkouts/OpenAI/Sources/OpenAI/Public/Models/AudioTranscriptionVerboseResult.swift /Users/admin/builder/spi-builder-workspace/.dependencies/checkouts/OpenAI/Sources/OpenAI/Public/Models/AudioTranslationQuery.swift /Users/admin/builder/spi-builder-workspace/.dependencies/checkouts/OpenAI/Sources/OpenAI/Public/Models/AudioTranslationResult.swift /Users/admin/builder/spi-builder-workspace/.dependencies/checkouts/OpenAI/Sources/OpenAI/Public/Models/ChatQuery.swift /Users/admin/builder/spi-builder-workspace/.dependencies/checkouts/OpenAI/Sources/OpenAI/Public/Models/ChatResult.swift /Users/admin/builder/spi-builder-workspace/.dependencies/checkouts/OpenAI/Sources/OpenAI/Public/Models/ChatStreamResult.swift /Users/admin/builder/spi-builder-workspace/.dependencies/checkouts/OpenAI/Sources/OpenAI/Public/Models/EmbeddingsQuery.swift /Users/admin/builder/spi-builder-workspace/.dependencies/checkouts/OpenAI/Sources/OpenAI/Public/Models/EmbeddingsResult.swift /Users/admin/builder/spi-builder-workspace/.dependencies/checkouts/OpenAI/Sources/OpenAI/Public/Models/FilesQuery.swift /Users/admin/builder/spi-builder-workspace/.dependencies/checkouts/OpenAI/Sources/OpenAI/Public/Models/FilesResult.swift /Users/admin/builder/spi-builder-workspace/.dependencies/checkouts/OpenAI/Sources/OpenAI/Public/Models/FunctionDeclaration.swift /Users/admin/builder/spi-builder-workspace/.dependencies/checkouts/OpenAI/Sources/OpenAI/Public/Models/ImageEditsQuery.swift /Users/admin/builder/spi-builder-workspace/.dependencies/checkouts/OpenAI/Sources/OpenAI/Public/Models/ImageVariationsQuery.swift (in target 'OpenAI' from project 'OpenAI')
SwiftCompile normal arm64 /Users/admin/builder/spi-builder-workspace/.dependencies/checkouts/OpenAI/Sources/OpenAI/Public/Models/AudioTranscriptionResult.swift (in target 'OpenAI' from project 'OpenAI')
cd /Users/admin/builder/spi-builder-workspace/.swiftpm/xcode
builtin-SwiftPerFileCompile AudioTranscriptionResult.swift
SwiftCompile normal arm64 /Users/admin/builder/spi-builder-workspace/.dependencies/checkouts/OpenAI/Sources/OpenAI/Public/Models/AudioTranscriptionStreamResult.swift (in target 'OpenAI' from project 'OpenAI')
cd /Users/admin/builder/spi-builder-workspace/.swiftpm/xcode
builtin-SwiftPerFileCompile AudioTranscriptionStreamResult.swift
SwiftCompile normal arm64 /Users/admin/builder/spi-builder-workspace/.dependencies/checkouts/OpenAI/Sources/OpenAI/Public/Models/AudioTranscriptionVerboseResult.swift (in target 'OpenAI' from project 'OpenAI')
cd /Users/admin/builder/spi-builder-workspace/.swiftpm/xcode
builtin-SwiftPerFileCompile AudioTranscriptionVerboseResult.swift
SwiftCompile normal arm64 /Users/admin/builder/spi-builder-workspace/.dependencies/checkouts/OpenAI/Sources/OpenAI/Public/Models/AudioTranslationQuery.swift (in target 'OpenAI' from project 'OpenAI')
cd /Users/admin/builder/spi-builder-workspace/.swiftpm/xcode
builtin-SwiftPerFileCompile AudioTranslationQuery.swift
SwiftCompile normal arm64 /Users/admin/builder/spi-builder-workspace/.dependencies/checkouts/OpenAI/Sources/OpenAI/Public/Models/AudioTranslationResult.swift (in target 'OpenAI' from project 'OpenAI')
cd /Users/admin/builder/spi-builder-workspace/.swiftpm/xcode
builtin-SwiftPerFileCompile AudioTranslationResult.swift
SwiftCompile normal arm64 /Users/admin/builder/spi-builder-workspace/.dependencies/checkouts/OpenAI/Sources/OpenAI/Public/Models/ChatQuery.swift (in target 'OpenAI' from project 'OpenAI')
cd /Users/admin/builder/spi-builder-workspace/.swiftpm/xcode
builtin-SwiftPerFileCompile ChatQuery.swift
SwiftCompile normal arm64 /Users/admin/builder/spi-builder-workspace/.dependencies/checkouts/OpenAI/Sources/OpenAI/Public/Models/ChatResult.swift (in target 'OpenAI' from project 'OpenAI')
cd /Users/admin/builder/spi-builder-workspace/.swiftpm/xcode
builtin-SwiftPerFileCompile ChatResult.swift
SwiftCompile normal arm64 /Users/admin/builder/spi-builder-workspace/.dependencies/checkouts/OpenAI/Sources/OpenAI/Public/Models/ChatStreamResult.swift (in target 'OpenAI' from project 'OpenAI')
cd /Users/admin/builder/spi-builder-workspace/.swiftpm/xcode
builtin-SwiftPerFileCompile ChatStreamResult.swift
SwiftCompile normal arm64 /Users/admin/builder/spi-builder-workspace/.dependencies/checkouts/OpenAI/Sources/OpenAI/Public/Models/EmbeddingsQuery.swift (in target 'OpenAI' from project 'OpenAI')
cd /Users/admin/builder/spi-builder-workspace/.swiftpm/xcode
builtin-SwiftPerFileCompile EmbeddingsQuery.swift
SwiftCompile normal arm64 /Users/admin/builder/spi-builder-workspace/.dependencies/checkouts/OpenAI/Sources/OpenAI/Public/Models/EmbeddingsResult.swift (in target 'OpenAI' from project 'OpenAI')
cd /Users/admin/builder/spi-builder-workspace/.swiftpm/xcode
builtin-SwiftPerFileCompile EmbeddingsResult.swift
SwiftCompile normal arm64 /Users/admin/builder/spi-builder-workspace/.dependencies/checkouts/OpenAI/Sources/OpenAI/Public/Models/FilesQuery.swift (in target 'OpenAI' from project 'OpenAI')
cd /Users/admin/builder/spi-builder-workspace/.swiftpm/xcode
builtin-SwiftPerFileCompile FilesQuery.swift
SwiftCompile normal arm64 /Users/admin/builder/spi-builder-workspace/.dependencies/checkouts/OpenAI/Sources/OpenAI/Public/Models/FilesResult.swift (in target 'OpenAI' from project 'OpenAI')
cd /Users/admin/builder/spi-builder-workspace/.swiftpm/xcode
builtin-SwiftPerFileCompile FilesResult.swift
SwiftCompile normal arm64 /Users/admin/builder/spi-builder-workspace/.dependencies/checkouts/OpenAI/Sources/OpenAI/Public/Models/FunctionDeclaration.swift (in target 'OpenAI' from project 'OpenAI')
cd /Users/admin/builder/spi-builder-workspace/.swiftpm/xcode
builtin-SwiftPerFileCompile FunctionDeclaration.swift
SwiftCompile normal arm64 /Users/admin/builder/spi-builder-workspace/.dependencies/checkouts/OpenAI/Sources/OpenAI/Public/Models/ImageEditsQuery.swift (in target 'OpenAI' from project 'OpenAI')
cd /Users/admin/builder/spi-builder-workspace/.swiftpm/xcode
builtin-SwiftPerFileCompile ImageEditsQuery.swift
SwiftCompile normal arm64 /Users/admin/builder/spi-builder-workspace/.dependencies/checkouts/OpenAI/Sources/OpenAI/Public/Models/ImageVariationsQuery.swift (in target 'OpenAI' from project 'OpenAI')
cd /Users/admin/builder/spi-builder-workspace/.swiftpm/xcode
builtin-SwiftPerFileCompile ImageVariationsQuery.swift
SwiftDriverJobDiscovery normal arm64 Compiling ImagesQuery.swift, ImagesResult.swift, MessageQuery.swift, ModelQuery.swift, ModelResult.swift, Models.swift, ModelsResult.swift, ModerationsQuery.swift, ModerationsResult.swift, CreateModelResponseQuery+TextResponseConfigurationOptions.swift, CreateModelResponseQuery.swift, CreateModelResponseQueryInput.swift, DeleteModelResponseQuery.swift, DeleteModelResponseResult.swift, GetModelResponseQuery.swift (in target 'OpenAI' from project 'OpenAI')
SwiftDriverJobDiscovery normal arm64 Compiling URLResponseHandler.swift, URLSession+AsyncCompatibility.swift, URLSessionCombine.swift, URLSessionDataDelegateForwarder.swift, URLSessionDataTaskProtocol.swift, URLSessionDataTaskPublisherProtocol.swift, URLSessionDataTaskStore.swift, URLSessionDelegateProtocol.swift, URLSessionFactory.swift, URLSessionProtocol+MakeDataTask.swift, URLSessionProtocol.swift, URLSessionTaskCanceller.swift, APIError.swift, GeminiAPIError.swift, AnyJSONDocument.swift (in target 'OpenAI' from project 'OpenAI')
SwiftDriverJobDiscovery normal arm64_32 Compiling URLResponseHandler.swift, URLSession+AsyncCompatibility.swift, URLSessionCombine.swift, URLSessionDataDelegateForwarder.swift, URLSessionDataTaskProtocol.swift, URLSessionDataTaskPublisherProtocol.swift, URLSessionDataTaskStore.swift, URLSessionDelegateProtocol.swift, URLSessionFactory.swift, URLSessionProtocol+MakeDataTask.swift, URLSessionProtocol.swift, URLSessionTaskCanceller.swift, APIError.swift, GeminiAPIError.swift, AnyJSONDocument.swift (in target 'OpenAI' from project 'OpenAI')
SwiftDriverJobDiscovery normal arm64 Compiling ResponseEvent.swift, ResponseObject.swift, RunResult.swift, RunRetrieveQuery.swift, RunRetrieveStepsResult.swift, RunToolOutputsQuery.swift, RunsQuery.swift, ThreadAddMessagesResult.swift, ThreadRunQuery.swift, ThreadsMessagesResult.swift, ThreadsQuery.swift, ThreadsResult.swift, ChatQueryWebSearchOptions.swift, JSONSchemaDefinition.swift, ServiceTier.swift (in target 'OpenAI' from project 'OpenAI')
SwiftDriverJobDiscovery normal arm64 Compiling CodableResultStreamInterpreter.swift, DataTaskPerformingURLSession.swift, InvalidatableSession.swift, ModelResponseEventsStreamInterpreter.swift, ModelResponseStreamEventType.swift, PerformableSession.swift, ServerSentEventsStreamInterpreter.swift, ServerSentEventsStreamParser.swift, ServerSentEventsStreamingSessionFactory.swift, SessionInvalidator.swift, StreamingError.swift, StreamingSession.swift, URLBuilder.swift, URLComponents+.swift, URLRequestBuildable.swift (in target 'OpenAI' from project 'OpenAI')
SwiftDriverJobDiscovery normal arm64_32 Compiling AudioTranscriptionResult.swift, AudioTranscriptionStreamResult.swift, AudioTranscriptionVerboseResult.swift, AudioTranslationQuery.swift, AudioTranslationResult.swift, ChatQuery.swift, ChatResult.swift, ChatStreamResult.swift, EmbeddingsQuery.swift, EmbeddingsResult.swift, FilesQuery.swift, FilesResult.swift, FunctionDeclaration.swift, ImageEditsQuery.swift, ImageVariationsQuery.swift (in target 'OpenAI' from project 'OpenAI')
SwiftDriverJobDiscovery normal arm64_32 Emitting module for OpenAI (in target 'OpenAI' from project 'OpenAI')
SwiftDriver\ Compilation\ Requirements OpenAI normal arm64_32 com.apple.xcode.tools.swift.compiler (in target 'OpenAI' from project 'OpenAI')
cd /Users/admin/builder/spi-builder-workspace/.swiftpm/xcode
builtin-Swift-Compilation-Requirements -- /Applications/Xcode-27.0.0-Release.Candidate.app/Contents/Developer/Toolchains/XcodeDefault.xctoolchain/usr/bin/swiftc -parse-as-library -module-name OpenAI -Onone @/Users/admin/builder/spi-builder-workspace/.derivedData/Build/Intermediates.noindex/OpenAI.build/Debug-watchos/OpenAI-t.build/Objects-normal/arm64_32/OpenAI.SwiftFileList -DSWIFT_PACKAGE -DDEBUG -DSWIFT_MODULE_RESOURCE_BUNDLE_UNAVAILABLE -DXcode -plugin-path /Applications/Xcode-27.0.0-Release.Candidate.app/Contents/Developer/Toolchains/XcodeDefault.xctoolchain/usr/lib/swift/host/plugins/testing -enable-experimental-feature DebugDescriptionMacro -sdk /Applications/Xcode-27.0.0-Release.Candidate.app/Contents/Developer/Platforms/WatchOS.platform/Developer/SDKs/WatchOS27.0.sdk -target arm64_32-apple-watchos9.0 -g -module-cache-path /Users/admin/builder/spi-builder-workspace/.derivedData/ModuleCache.noindex -Xfrontend -serialize-debugging-options -profile-coverage-mapping -profile-generate -enable-testing -suppress-warnings -index-store-path /Users/admin/builder/spi-builder-workspace/.derivedData/Index.noindex/DataStore -Xcc -D_LIBCPP_HARDENING_MODE\=_LIBCPP_HARDENING_MODE_DEBUG -swift-version 5 -I /Users/admin/builder/spi-builder-workspace/.derivedData/Build/Products/Debug-watchos -Isystem /Applications/Xcode-27.0.0-Release.Candidate.app/Contents/Developer/Platforms/WatchOS.platform/Developer/usr/lib -F /Users/admin/builder/spi-builder-workspace/.derivedData/Build/Products/Debug-watchos/PackageFrameworks -F /Users/admin/builder/spi-builder-workspace/.derivedData/Build/Products/Debug-watchos -F /Applications/Xcode-27.0.0-Release.Candidate.app/Contents/Developer/Platforms/WatchOS.platform/Developer/Library/Frameworks -F /Applications/Xcode-27.0.0-Release.Candidate.app/Contents/Developer/Platforms/WatchOS.platform/Developer/SDKs/WatchOS27.0.sdk/Developer/Library/Frameworks -c -j10 -enable-batch-mode -incremental -Xcc -ivfsstatcache -Xcc /Users/admin/builder/spi-builder-workspace/.derivedData/SDKStatCaches.noindex/watchos27.0-24R360-e829b21a6f8c9b70876ba0858053c04477534ef55a1706bf4c1112bbb242f0a2.sdkstatcache -output-file-map /Users/admin/builder/spi-builder-workspace/.derivedData/Build/Intermediates.noindex/OpenAI.build/Debug-watchos/OpenAI-t.build/Objects-normal/arm64_32/OpenAI-OutputFileMap.json -save-temps -no-color-diagnostics -explicit-module-build -module-cache-path /Users/admin/builder/spi-builder-workspace/.derivedData/Build/Intermediates.noindex/SwiftExplicitPrecompiledModules -clang-scanner-module-cache-path /Users/admin/builder/spi-builder-workspace/.derivedData/ModuleCache.noindex -sdk-module-cache-path /Users/admin/builder/spi-builder-workspace/.derivedData/SDKExplicitPrecompiledModules -emit-dependencies -emit-module -emit-module-path /Users/admin/builder/spi-builder-workspace/.derivedData/Build/Intermediates.noindex/OpenAI.build/Debug-watchos/OpenAI-t.build/Objects-normal/arm64_32/OpenAI.swiftmodule -serialize-diagnostics -dependency-scan-serialize-diagnostics-path /Users/admin/builder/spi-builder-workspace/.derivedData/Build/Intermediates.noindex/OpenAI.build/Debug-watchos/OpenAI-t.build/Objects-normal/arm64_32/OpenAI-dependency-scan.dia -validate-clang-modules-once -clang-build-session-file /Users/admin/builder/spi-builder-workspace/.derivedData/ModuleCache.noindex/Session.modulevalidation -Xcc -fmodules-prune-interval\=86400 -Xcc -fmodules-prune-after\=345600 -package-name openai -emit-const-values -const-gather-protocols-list /Users/admin/builder/spi-builder-workspace/.derivedData/Build/Intermediates.noindex/OpenAI.build/Debug-watchos/OpenAI-t.build/Objects-normal/arm64_32/OpenAI_const_extract_protocols.json -Xcc -I/Users/admin/builder/spi-builder-workspace/.derivedData/Build/Products/Debug-watchos/include -Xcc -I/Users/admin/builder/spi-builder-workspace/.derivedData/Build/Intermediates.noindex/OpenAI.build/Debug-watchos/OpenAI-t.build/DerivedSources-normal/arm64_32 -Xcc -I/Users/admin/builder/spi-builder-workspace/.derivedData/Build/Intermediates.noindex/OpenAI.build/Debug-watchos/OpenAI-t.build/DerivedSources/arm64_32 -Xcc -I/Users/admin/builder/spi-builder-workspace/.derivedData/Build/Intermediates.noindex/OpenAI.build/Debug-watchos/OpenAI-t.build/DerivedSources -Xcc -DSWIFT_PACKAGE -Xcc -DDEBUG\=1 -emit-objc-header -emit-objc-header-path /Users/admin/builder/spi-builder-workspace/.derivedData/Build/Intermediates.noindex/OpenAI.build/Debug-watchos/OpenAI-t.build/Objects-normal/arm64_32/OpenAI-Swift.h -working-directory /Users/admin/builder/spi-builder-workspace/.swiftpm/xcode -experimental-emit-module-separately -disable-cmo
Copy /Users/admin/builder/spi-builder-workspace/.derivedData/Build/Products/Debug-watchos/OpenAI.swiftmodule/arm64_32-apple-watchos.swiftmodule /Users/admin/builder/spi-builder-workspace/.derivedData/Build/Intermediates.noindex/OpenAI.build/Debug-watchos/OpenAI-t.build/Objects-normal/arm64_32/OpenAI.swiftmodule (in target 'OpenAI' from project 'OpenAI')
cd /Users/admin/builder/spi-builder-workspace/.dependencies/checkouts/OpenAI
builtin-copy -exclude .DS_Store -exclude CVS -exclude .svn -exclude .git -exclude .hg -resolve-src-symlinks -rename /Users/admin/builder/spi-builder-workspace/.derivedData/Build/Intermediates.noindex/OpenAI.build/Debug-watchos/OpenAI-t.build/Objects-normal/arm64_32/OpenAI.swiftmodule /Users/admin/builder/spi-builder-workspace/.derivedData/Build/Products/Debug-watchos/OpenAI.swiftmodule/arm64_32-apple-watchos.swiftmodule
Copy /Users/admin/builder/spi-builder-workspace/.derivedData/Build/Products/Debug-watchos/OpenAI.swiftmodule/arm64_32-apple-watchos.swiftdoc /Users/admin/builder/spi-builder-workspace/.derivedData/Build/Intermediates.noindex/OpenAI.build/Debug-watchos/OpenAI-t.build/Objects-normal/arm64_32/OpenAI.swiftdoc (in target 'OpenAI' from project 'OpenAI')
cd /Users/admin/builder/spi-builder-workspace/.dependencies/checkouts/OpenAI
builtin-copy -exclude .DS_Store -exclude CVS -exclude .svn -exclude .git -exclude .hg -resolve-src-symlinks -rename /Users/admin/builder/spi-builder-workspace/.derivedData/Build/Intermediates.noindex/OpenAI.build/Debug-watchos/OpenAI-t.build/Objects-normal/arm64_32/OpenAI.swiftdoc /Users/admin/builder/spi-builder-workspace/.derivedData/Build/Products/Debug-watchos/OpenAI.swiftmodule/arm64_32-apple-watchos.swiftdoc
Copy /Users/admin/builder/spi-builder-workspace/.derivedData/Build/Products/Debug-watchos/OpenAI.swiftmodule/arm64_32-apple-watchos.abi.json /Users/admin/builder/spi-builder-workspace/.derivedData/Build/Intermediates.noindex/OpenAI.build/Debug-watchos/OpenAI-t.build/Objects-normal/arm64_32/OpenAI.abi.json (in target 'OpenAI' from project 'OpenAI')
cd /Users/admin/builder/spi-builder-workspace/.dependencies/checkouts/OpenAI
builtin-copy -exclude .DS_Store -exclude CVS -exclude .svn -exclude .git -exclude .hg -resolve-src-symlinks -rename /Users/admin/builder/spi-builder-workspace/.derivedData/Build/Intermediates.noindex/OpenAI.build/Debug-watchos/OpenAI-t.build/Objects-normal/arm64_32/OpenAI.abi.json /Users/admin/builder/spi-builder-workspace/.derivedData/Build/Products/Debug-watchos/OpenAI.swiftmodule/arm64_32-apple-watchos.abi.json
Copy /Users/admin/builder/spi-builder-workspace/.derivedData/Build/Products/Debug-watchos/OpenAI.swiftmodule/Project/arm64_32-apple-watchos.swiftsourceinfo /Users/admin/builder/spi-builder-workspace/.derivedData/Build/Intermediates.noindex/OpenAI.build/Debug-watchos/OpenAI-t.build/Objects-normal/arm64_32/OpenAI.swiftsourceinfo (in target 'OpenAI' from project 'OpenAI')
cd /Users/admin/builder/spi-builder-workspace/.dependencies/checkouts/OpenAI
builtin-copy -exclude .DS_Store -exclude CVS -exclude .svn -exclude .git -exclude .hg -resolve-src-symlinks -rename /Users/admin/builder/spi-builder-workspace/.derivedData/Build/Intermediates.noindex/OpenAI.build/Debug-watchos/OpenAI-t.build/Objects-normal/arm64_32/OpenAI.swiftsourceinfo /Users/admin/builder/spi-builder-workspace/.derivedData/Build/Products/Debug-watchos/OpenAI.swiftmodule/Project/arm64_32-apple-watchos.swiftsourceinfo
SwiftDriverJobDiscovery normal arm64 Emitting module for OpenAI (in target 'OpenAI' from project 'OpenAI')
SwiftDriver\ Compilation\ Requirements OpenAI normal arm64 com.apple.xcode.tools.swift.compiler (in target 'OpenAI' from project 'OpenAI')
cd /Users/admin/builder/spi-builder-workspace/.swiftpm/xcode
builtin-Swift-Compilation-Requirements -- /Applications/Xcode-27.0.0-Release.Candidate.app/Contents/Developer/Toolchains/XcodeDefault.xctoolchain/usr/bin/swiftc -parse-as-library -module-name OpenAI -Onone @/Users/admin/builder/spi-builder-workspace/.derivedData/Build/Intermediates.noindex/OpenAI.build/Debug-watchos/OpenAI-t.build/Objects-normal/arm64/OpenAI.SwiftFileList -DSWIFT_PACKAGE -DDEBUG -DSWIFT_MODULE_RESOURCE_BUNDLE_UNAVAILABLE -DXcode -plugin-path /Applications/Xcode-27.0.0-Release.Candidate.app/Contents/Developer/Toolchains/XcodeDefault.xctoolchain/usr/lib/swift/host/plugins/testing -enable-experimental-feature DebugDescriptionMacro -sdk /Applications/Xcode-27.0.0-Release.Candidate.app/Contents/Developer/Platforms/WatchOS.platform/Developer/SDKs/WatchOS27.0.sdk -target arm64-apple-watchos9.0 -g -module-cache-path /Users/admin/builder/spi-builder-workspace/.derivedData/ModuleCache.noindex -Xfrontend -serialize-debugging-options -profile-coverage-mapping -profile-generate -enable-testing -suppress-warnings -index-store-path /Users/admin/builder/spi-builder-workspace/.derivedData/Index.noindex/DataStore -Xcc -D_LIBCPP_HARDENING_MODE\=_LIBCPP_HARDENING_MODE_DEBUG -swift-version 5 -I /Users/admin/builder/spi-builder-workspace/.derivedData/Build/Products/Debug-watchos -Isystem /Applications/Xcode-27.0.0-Release.Candidate.app/Contents/Developer/Platforms/WatchOS.platform/Developer/usr/lib -F /Users/admin/builder/spi-builder-workspace/.derivedData/Build/Products/Debug-watchos/PackageFrameworks -F /Users/admin/builder/spi-builder-workspace/.derivedData/Build/Products/Debug-watchos -F /Applications/Xcode-27.0.0-Release.Candidate.app/Contents/Developer/Platforms/WatchOS.platform/Developer/Library/Frameworks -F /Applications/Xcode-27.0.0-Release.Candidate.app/Contents/Developer/Platforms/WatchOS.platform/Developer/SDKs/WatchOS27.0.sdk/Developer/Library/Frameworks -c -j10 -enable-batch-mode -incremental -Xcc -ivfsstatcache -Xcc /Users/admin/builder/spi-builder-workspace/.derivedData/SDKStatCaches.noindex/watchos27.0-24R360-e829b21a6f8c9b70876ba0858053c04477534ef55a1706bf4c1112bbb242f0a2.sdkstatcache -output-file-map /Users/admin/builder/spi-builder-workspace/.derivedData/Build/Intermediates.noindex/OpenAI.build/Debug-watchos/OpenAI-t.build/Objects-normal/arm64/OpenAI-OutputFileMap.json -save-temps -no-color-diagnostics -explicit-module-build -module-cache-path /Users/admin/builder/spi-builder-workspace/.derivedData/Build/Intermediates.noindex/SwiftExplicitPrecompiledModules -clang-scanner-module-cache-path /Users/admin/builder/spi-builder-workspace/.derivedData/ModuleCache.noindex -sdk-module-cache-path /Users/admin/builder/spi-builder-workspace/.derivedData/SDKExplicitPrecompiledModules -emit-dependencies -emit-module -emit-module-path /Users/admin/builder/spi-builder-workspace/.derivedData/Build/Intermediates.noindex/OpenAI.build/Debug-watchos/OpenAI-t.build/Objects-normal/arm64/OpenAI.swiftmodule -serialize-diagnostics -dependency-scan-serialize-diagnostics-path /Users/admin/builder/spi-builder-workspace/.derivedData/Build/Intermediates.noindex/OpenAI.build/Debug-watchos/OpenAI-t.build/Objects-normal/arm64/OpenAI-dependency-scan.dia -validate-clang-modules-once -clang-build-session-file /Users/admin/builder/spi-builder-workspace/.derivedData/ModuleCache.noindex/Session.modulevalidation -Xcc -fmodules-prune-interval\=86400 -Xcc -fmodules-prune-after\=345600 -package-name openai -emit-const-values -const-gather-protocols-list /Users/admin/builder/spi-builder-workspace/.derivedData/Build/Intermediates.noindex/OpenAI.build/Debug-watchos/OpenAI-t.build/Objects-normal/arm64/OpenAI_const_extract_protocols.json -Xcc -I/Users/admin/builder/spi-builder-workspace/.derivedData/Build/Products/Debug-watchos/include -Xcc -I/Users/admin/builder/spi-builder-workspace/.derivedData/Build/Intermediates.noindex/OpenAI.build/Debug-watchos/OpenAI-t.build/DerivedSources-normal/arm64 -Xcc -I/Users/admin/builder/spi-builder-workspace/.derivedData/Build/Intermediates.noindex/OpenAI.build/Debug-watchos/OpenAI-t.build/DerivedSources/arm64 -Xcc -I/Users/admin/builder/spi-builder-workspace/.derivedData/Build/Intermediates.noindex/OpenAI.build/Debug-watchos/OpenAI-t.build/DerivedSources -Xcc -DSWIFT_PACKAGE -Xcc -DDEBUG\=1 -emit-objc-header -emit-objc-header-path /Users/admin/builder/spi-builder-workspace/.derivedData/Build/Intermediates.noindex/OpenAI.build/Debug-watchos/OpenAI-t.build/Objects-normal/arm64/OpenAI-Swift.h -working-directory /Users/admin/builder/spi-builder-workspace/.swiftpm/xcode -experimental-emit-module-separately -disable-cmo
SwiftMergeGeneratedHeaders /Users/admin/builder/spi-builder-workspace/.derivedData/Build/Intermediates.noindex/GeneratedModuleMaps-watchos/OpenAI-Swift.h /Users/admin/builder/spi-builder-workspace/.derivedData/Build/Intermediates.noindex/OpenAI.build/Debug-watchos/OpenAI-t.build/Objects-normal/arm64/OpenAI-Swift.h /Users/admin/builder/spi-builder-workspace/.derivedData/Build/Intermediates.noindex/OpenAI.build/Debug-watchos/OpenAI-t.build/Objects-normal/arm64_32/OpenAI-Swift.h (in target 'OpenAI' from project 'OpenAI')
cd /Users/admin/builder/spi-builder-workspace/.dependencies/checkouts/OpenAI
builtin-swiftHeaderTool -arch arm64 /Users/admin/builder/spi-builder-workspace/.derivedData/Build/Intermediates.noindex/OpenAI.build/Debug-watchos/OpenAI-t.build/Objects-normal/arm64/OpenAI-Swift.h -arch arm64_32 /Users/admin/builder/spi-builder-workspace/.derivedData/Build/Intermediates.noindex/OpenAI.build/Debug-watchos/OpenAI-t.build/Objects-normal/arm64_32/OpenAI-Swift.h -o /Users/admin/builder/spi-builder-workspace/.derivedData/Build/Intermediates.noindex/GeneratedModuleMaps-watchos/OpenAI-Swift.h
Copy /Users/admin/builder/spi-builder-workspace/.derivedData/Build/Products/Debug-watchos/OpenAI.swiftmodule/arm64-apple-watchos.swiftdoc /Users/admin/builder/spi-builder-workspace/.derivedData/Build/Intermediates.noindex/OpenAI.build/Debug-watchos/OpenAI-t.build/Objects-normal/arm64/OpenAI.swiftdoc (in target 'OpenAI' from project 'OpenAI')
cd /Users/admin/builder/spi-builder-workspace/.dependencies/checkouts/OpenAI
builtin-copy -exclude .DS_Store -exclude CVS -exclude .svn -exclude .git -exclude .hg -resolve-src-symlinks -rename /Users/admin/builder/spi-builder-workspace/.derivedData/Build/Intermediates.noindex/OpenAI.build/Debug-watchos/OpenAI-t.build/Objects-normal/arm64/OpenAI.swiftdoc /Users/admin/builder/spi-builder-workspace/.derivedData/Build/Products/Debug-watchos/OpenAI.swiftmodule/arm64-apple-watchos.swiftdoc
Copy /Users/admin/builder/spi-builder-workspace/.derivedData/Build/Products/Debug-watchos/OpenAI.swiftmodule/arm64-apple-watchos.swiftmodule /Users/admin/builder/spi-builder-workspace/.derivedData/Build/Intermediates.noindex/OpenAI.build/Debug-watchos/OpenAI-t.build/Objects-normal/arm64/OpenAI.swiftmodule (in target 'OpenAI' from project 'OpenAI')
cd /Users/admin/builder/spi-builder-workspace/.dependencies/checkouts/OpenAI
builtin-copy -exclude .DS_Store -exclude CVS -exclude .svn -exclude .git -exclude .hg -resolve-src-symlinks -rename /Users/admin/builder/spi-builder-workspace/.derivedData/Build/Intermediates.noindex/OpenAI.build/Debug-watchos/OpenAI-t.build/Objects-normal/arm64/OpenAI.swiftmodule /Users/admin/builder/spi-builder-workspace/.derivedData/Build/Products/Debug-watchos/OpenAI.swiftmodule/arm64-apple-watchos.swiftmodule
Copy /Users/admin/builder/spi-builder-workspace/.derivedData/Build/Products/Debug-watchos/OpenAI.swiftmodule/arm64-apple-watchos.abi.json /Users/admin/builder/spi-builder-workspace/.derivedData/Build/Intermediates.noindex/OpenAI.build/Debug-watchos/OpenAI-t.build/Objects-normal/arm64/OpenAI.abi.json (in target 'OpenAI' from project 'OpenAI')
cd /Users/admin/builder/spi-builder-workspace/.dependencies/checkouts/OpenAI
builtin-copy -exclude .DS_Store -exclude CVS -exclude .svn -exclude .git -exclude .hg -resolve-src-symlinks -rename /Users/admin/builder/spi-builder-workspace/.derivedData/Build/Intermediates.noindex/OpenAI.build/Debug-watchos/OpenAI-t.build/Objects-normal/arm64/OpenAI.abi.json /Users/admin/builder/spi-builder-workspace/.derivedData/Build/Products/Debug-watchos/OpenAI.swiftmodule/arm64-apple-watchos.abi.json
Copy /Users/admin/builder/spi-builder-workspace/.derivedData/Build/Products/Debug-watchos/OpenAI.swiftmodule/Project/arm64-apple-watchos.swiftsourceinfo /Users/admin/builder/spi-builder-workspace/.derivedData/Build/Intermediates.noindex/OpenAI.build/Debug-watchos/OpenAI-t.build/Objects-normal/arm64/OpenAI.swiftsourceinfo (in target 'OpenAI' from project 'OpenAI')
cd /Users/admin/builder/spi-builder-workspace/.dependencies/checkouts/OpenAI
builtin-copy -exclude .DS_Store -exclude CVS -exclude .svn -exclude .git -exclude .hg -resolve-src-symlinks -rename /Users/admin/builder/spi-builder-workspace/.derivedData/Build/Intermediates.noindex/OpenAI.build/Debug-watchos/OpenAI-t.build/Objects-normal/arm64/OpenAI.swiftsourceinfo /Users/admin/builder/spi-builder-workspace/.derivedData/Build/Products/Debug-watchos/OpenAI.swiftmodule/Project/arm64-apple-watchos.swiftsourceinfo
SwiftDriver AITranslateLib normal arm64_32 com.apple.xcode.tools.swift.compiler (in target 'AITranslateLib' from project 'ai-translate')
cd /Users/admin/builder/spi-builder-workspace/.swiftpm/xcode
builtin-SwiftDriver -- /Applications/Xcode-27.0.0-Release.Candidate.app/Contents/Developer/Toolchains/XcodeDefault.xctoolchain/usr/bin/swiftc -parse-as-library -module-name AITranslateLib -Onone @/Users/admin/builder/spi-builder-workspace/.derivedData/Build/Intermediates.noindex/ai-translate.build/Debug-watchos/AITranslateLib-t.build/Objects-normal/arm64_32/AITranslateLib.SwiftFileList -DSWIFT_PACKAGE -DDEBUG -DSWIFT_MODULE_RESOURCE_BUNDLE_UNAVAILABLE -DXcode -plugin-path /Applications/Xcode-27.0.0-Release.Candidate.app/Contents/Developer/Toolchains/XcodeDefault.xctoolchain/usr/lib/swift/host/plugins/testing -enable-experimental-feature DebugDescriptionMacro -sdk /Applications/Xcode-27.0.0-Release.Candidate.app/Contents/Developer/Platforms/WatchOS.platform/Developer/SDKs/WatchOS27.0.sdk -target arm64_32-apple-watchos9.0 -g -module-cache-path /Users/admin/builder/spi-builder-workspace/.derivedData/ModuleCache.noindex -Xfrontend -serialize-debugging-options -profile-coverage-mapping -profile-generate -enable-testing -index-store-path /Users/admin/builder/spi-builder-workspace/.derivedData/Index.noindex/DataStore -Xcc -D_LIBCPP_HARDENING_MODE\=_LIBCPP_HARDENING_MODE_DEBUG -swift-version 5 -I /Users/admin/builder/spi-builder-workspace/.derivedData/Build/Products/Debug-watchos -Isystem /Applications/Xcode-27.0.0-Release.Candidate.app/Contents/Developer/Platforms/WatchOS.platform/Developer/usr/lib -F /Users/admin/builder/spi-builder-workspace/.derivedData/Build/Products/Debug-watchos/PackageFrameworks -F /Users/admin/builder/spi-builder-workspace/.derivedData/Build/Products/Debug-watchos -F /Applications/Xcode-27.0.0-Release.Candidate.app/Contents/Developer/Platforms/WatchOS.platform/Developer/Library/Frameworks -F /Applications/Xcode-27.0.0-Release.Candidate.app/Contents/Developer/Platforms/WatchOS.platform/Developer/SDKs/WatchOS27.0.sdk/Developer/Library/Frameworks -c -j10 -enable-batch-mode -incremental -Xcc -ivfsstatcache -Xcc /Users/admin/builder/spi-builder-workspace/.derivedData/SDKStatCaches.noindex/watchos27.0-24R360-e829b21a6f8c9b70876ba0858053c04477534ef55a1706bf4c1112bbb242f0a2.sdkstatcache -output-file-map /Users/admin/builder/spi-builder-workspace/.derivedData/Build/Intermediates.noindex/ai-translate.build/Debug-watchos/AITranslateLib-t.build/Objects-normal/arm64_32/AITranslateLib-OutputFileMap.json -save-temps -no-color-diagnostics -explicit-module-build -module-cache-path /Users/admin/builder/spi-builder-workspace/.derivedData/Build/Intermediates.noindex/SwiftExplicitPrecompiledModules -clang-scanner-module-cache-path /Users/admin/builder/spi-builder-workspace/.derivedData/ModuleCache.noindex -sdk-module-cache-path /Users/admin/builder/spi-builder-workspace/.derivedData/SDKExplicitPrecompiledModules -emit-dependencies -emit-module -emit-module-path /Users/admin/builder/spi-builder-workspace/.derivedData/Build/Intermediates.noindex/ai-translate.build/Debug-watchos/AITranslateLib-t.build/Objects-normal/arm64_32/AITranslateLib.swiftmodule -serialize-diagnostics -dependency-scan-serialize-diagnostics-path /Users/admin/builder/spi-builder-workspace/.derivedData/Build/Intermediates.noindex/ai-translate.build/Debug-watchos/AITranslateLib-t.build/Objects-normal/arm64_32/AITranslateLib-dependency-scan.dia -validate-clang-modules-once -clang-build-session-file /Users/admin/builder/spi-builder-workspace/.derivedData/ModuleCache.noindex/Session.modulevalidation -Xcc -fmodules-prune-interval\=86400 -Xcc -fmodules-prune-after\=345600 -package-name spi_builder_workspace -emit-const-values -const-gather-protocols-list /Users/admin/builder/spi-builder-workspace/.derivedData/Build/Intermediates.noindex/ai-translate.build/Debug-watchos/AITranslateLib-t.build/Objects-normal/arm64_32/AITranslateLib_const_extract_protocols.json -Xcc -I/Users/admin/builder/spi-builder-workspace/.derivedData/Build/Products/Debug-watchos/include -Xcc -I/Users/admin/builder/spi-builder-workspace/.derivedData/Build/Intermediates.noindex/ai-translate.build/Debug-watchos/AITranslateLib-t.build/DerivedSources-normal/arm64_32 -Xcc -I/Users/admin/builder/spi-builder-workspace/.derivedData/Build/Intermediates.noindex/ai-translate.build/Debug-watchos/AITranslateLib-t.build/DerivedSources/arm64_32 -Xcc -I/Users/admin/builder/spi-builder-workspace/.derivedData/Build/Intermediates.noindex/ai-translate.build/Debug-watchos/AITranslateLib-t.build/DerivedSources -Xcc -DSWIFT_PACKAGE -Xcc -DDEBUG\=1 -emit-objc-header -emit-objc-header-path /Users/admin/builder/spi-builder-workspace/.derivedData/Build/Intermediates.noindex/ai-translate.build/Debug-watchos/AITranslateLib-t.build/Objects-normal/arm64_32/AITranslateLib-Swift.h -working-directory /Users/admin/builder/spi-builder-workspace/.swiftpm/xcode -experimental-emit-module-separately -disable-cmo
SwiftDriver AITranslateLib normal arm64 com.apple.xcode.tools.swift.compiler (in target 'AITranslateLib' from project 'ai-translate')
cd /Users/admin/builder/spi-builder-workspace/.swiftpm/xcode
builtin-SwiftDriver -- /Applications/Xcode-27.0.0-Release.Candidate.app/Contents/Developer/Toolchains/XcodeDefault.xctoolchain/usr/bin/swiftc -parse-as-library -module-name AITranslateLib -Onone @/Users/admin/builder/spi-builder-workspace/.derivedData/Build/Intermediates.noindex/ai-translate.build/Debug-watchos/AITranslateLib-t.build/Objects-normal/arm64/AITranslateLib.SwiftFileList -DSWIFT_PACKAGE -DDEBUG -DSWIFT_MODULE_RESOURCE_BUNDLE_UNAVAILABLE -DXcode -plugin-path /Applications/Xcode-27.0.0-Release.Candidate.app/Contents/Developer/Toolchains/XcodeDefault.xctoolchain/usr/lib/swift/host/plugins/testing -enable-experimental-feature DebugDescriptionMacro -sdk /Applications/Xcode-27.0.0-Release.Candidate.app/Contents/Developer/Platforms/WatchOS.platform/Developer/SDKs/WatchOS27.0.sdk -target arm64-apple-watchos9.0 -g -module-cache-path /Users/admin/builder/spi-builder-workspace/.derivedData/ModuleCache.noindex -Xfrontend -serialize-debugging-options -profile-coverage-mapping -profile-generate -enable-testing -index-store-path /Users/admin/builder/spi-builder-workspace/.derivedData/Index.noindex/DataStore -Xcc -D_LIBCPP_HARDENING_MODE\=_LIBCPP_HARDENING_MODE_DEBUG -swift-version 5 -I /Users/admin/builder/spi-builder-workspace/.derivedData/Build/Products/Debug-watchos -Isystem /Applications/Xcode-27.0.0-Release.Candidate.app/Contents/Developer/Platforms/WatchOS.platform/Developer/usr/lib -F /Users/admin/builder/spi-builder-workspace/.derivedData/Build/Products/Debug-watchos/PackageFrameworks -F /Users/admin/builder/spi-builder-workspace/.derivedData/Build/Products/Debug-watchos -F /Applications/Xcode-27.0.0-Release.Candidate.app/Contents/Developer/Platforms/WatchOS.platform/Developer/Library/Frameworks -F /Applications/Xcode-27.0.0-Release.Candidate.app/Contents/Developer/Platforms/WatchOS.platform/Developer/SDKs/WatchOS27.0.sdk/Developer/Library/Frameworks -c -j10 -enable-batch-mode -incremental -Xcc -ivfsstatcache -Xcc /Users/admin/builder/spi-builder-workspace/.derivedData/SDKStatCaches.noindex/watchos27.0-24R360-e829b21a6f8c9b70876ba0858053c04477534ef55a1706bf4c1112bbb242f0a2.sdkstatcache -output-file-map /Users/admin/builder/spi-builder-workspace/.derivedData/Build/Intermediates.noindex/ai-translate.build/Debug-watchos/AITranslateLib-t.build/Objects-normal/arm64/AITranslateLib-OutputFileMap.json -save-temps -no-color-diagnostics -explicit-module-build -module-cache-path /Users/admin/builder/spi-builder-workspace/.derivedData/Build/Intermediates.noindex/SwiftExplicitPrecompiledModules -clang-scanner-module-cache-path /Users/admin/builder/spi-builder-workspace/.derivedData/ModuleCache.noindex -sdk-module-cache-path /Users/admin/builder/spi-builder-workspace/.derivedData/SDKExplicitPrecompiledModules -emit-dependencies -emit-module -emit-module-path /Users/admin/builder/spi-builder-workspace/.derivedData/Build/Intermediates.noindex/ai-translate.build/Debug-watchos/AITranslateLib-t.build/Objects-normal/arm64/AITranslateLib.swiftmodule -serialize-diagnostics -dependency-scan-serialize-diagnostics-path /Users/admin/builder/spi-builder-workspace/.derivedData/Build/Intermediates.noindex/ai-translate.build/Debug-watchos/AITranslateLib-t.build/Objects-normal/arm64/AITranslateLib-dependency-scan.dia -validate-clang-modules-once -clang-build-session-file /Users/admin/builder/spi-builder-workspace/.derivedData/ModuleCache.noindex/Session.modulevalidation -Xcc -fmodules-prune-interval\=86400 -Xcc -fmodules-prune-after\=345600 -package-name spi_builder_workspace -emit-const-values -const-gather-protocols-list /Users/admin/builder/spi-builder-workspace/.derivedData/Build/Intermediates.noindex/ai-translate.build/Debug-watchos/AITranslateLib-t.build/Objects-normal/arm64/AITranslateLib_const_extract_protocols.json -Xcc -I/Users/admin/builder/spi-builder-workspace/.derivedData/Build/Products/Debug-watchos/include -Xcc -I/Users/admin/builder/spi-builder-workspace/.derivedData/Build/Intermediates.noindex/ai-translate.build/Debug-watchos/AITranslateLib-t.build/DerivedSources-normal/arm64 -Xcc -I/Users/admin/builder/spi-builder-workspace/.derivedData/Build/Intermediates.noindex/ai-translate.build/Debug-watchos/AITranslateLib-t.build/DerivedSources/arm64 -Xcc -I/Users/admin/builder/spi-builder-workspace/.derivedData/Build/Intermediates.noindex/ai-translate.build/Debug-watchos/AITranslateLib-t.build/DerivedSources -Xcc -DSWIFT_PACKAGE -Xcc -DDEBUG\=1 -emit-objc-header -emit-objc-header-path /Users/admin/builder/spi-builder-workspace/.derivedData/Build/Intermediates.noindex/ai-translate.build/Debug-watchos/AITranslateLib-t.build/Objects-normal/arm64/AITranslateLib-Swift.h -working-directory /Users/admin/builder/spi-builder-workspace/.swiftpm/xcode -experimental-emit-module-separately -disable-cmo
SwiftDriverJobDiscovery normal arm64 Compiling AudioTranscriptionResult.swift, AudioTranscriptionStreamResult.swift, AudioTranscriptionVerboseResult.swift, AudioTranslationQuery.swift, AudioTranslationResult.swift, ChatQuery.swift, ChatResult.swift, ChatStreamResult.swift, EmbeddingsQuery.swift, EmbeddingsResult.swift, FilesQuery.swift, FilesResult.swift, FunctionDeclaration.swift, ImageEditsQuery.swift, ImageVariationsQuery.swift (in target 'OpenAI' from project 'OpenAI')
SwiftExplicitDependencyGeneratePcm arm64_32 /Users/admin/builder/spi-builder-workspace/.derivedData/SDKExplicitPrecompiledModules/MachO-56838ZJ0NC1EBAJ0O6O8QMPDX.pcm
SwiftExplicitDependencyGeneratePcm arm64_32 /Users/admin/builder/spi-builder-workspace/.derivedData/SDKExplicitPrecompiledModules/_Builtin_stdatomic-1TY035TURL76BF2U98PZPPZRX.pcm
SwiftExplicitDependencyGeneratePcm arm64 /Users/admin/builder/spi-builder-workspace/.derivedData/SDKExplicitPrecompiledModules/MachO-2U90NNSAQILBNBPS1SA4F8TYP.pcm
SwiftExplicitDependencyGeneratePcm arm64 /Users/admin/builder/spi-builder-workspace/.derivedData/SDKExplicitPrecompiledModules/_Builtin_stdatomic-7JEFA3KBJJJN6TKJWY3OG1VG5.pcm
SwiftExplicitDependencyGeneratePcm arm64_32 /Users/admin/builder/spi-builder-workspace/.derivedData/SDKExplicitPrecompiledModules/os-E5IGB442IA6SBB25TTCOLK2OC.pcm
SwiftExplicitDependencyGeneratePcm arm64 /Users/admin/builder/spi-builder-workspace/.derivedData/SDKExplicitPrecompiledModules/os-5DIL6Z9LFIGLMZAHM7X2T5435.pcm
SwiftCompile normal arm64_32 Compiling\ API.swift /Users/admin/builder/spi-builder-workspace/Sources/AITranslateLib/API.swift (in target 'AITranslateLib' from project 'ai-translate')
SwiftCompile normal arm64_32 /Users/admin/builder/spi-builder-workspace/Sources/AITranslateLib/API.swift (in target 'AITranslateLib' from project 'ai-translate')
cd /Users/admin/builder/spi-builder-workspace/.swiftpm/xcode
builtin-SwiftPerFileCompile API.swift
SwiftCompile normal arm64_32 Compiling\ ProgressDisplay.swift /Users/admin/builder/spi-builder-workspace/Sources/AITranslateLib/ProgressDisplay.swift (in target 'AITranslateLib' from project 'ai-translate')
SwiftCompile normal arm64_32 /Users/admin/builder/spi-builder-workspace/Sources/AITranslateLib/ProgressDisplay.swift (in target 'AITranslateLib' from project 'ai-translate')
cd /Users/admin/builder/spi-builder-workspace/.swiftpm/xcode
builtin-SwiftPerFileCompile ProgressDisplay.swift
SwiftCompile normal arm64_32 Compiling\ StringCatalog.swift /Users/admin/builder/spi-builder-workspace/Sources/AITranslateLib/StringCatalog.swift (in target 'AITranslateLib' from project 'ai-translate')
SwiftCompile normal arm64_32 /Users/admin/builder/spi-builder-workspace/Sources/AITranslateLib/StringCatalog.swift (in target 'AITranslateLib' from project 'ai-translate')
cd /Users/admin/builder/spi-builder-workspace/.swiftpm/xcode
builtin-SwiftPerFileCompile StringCatalog.swift
SwiftCompile normal arm64_32 Compiling\ ProgressReporter.swift /Users/admin/builder/spi-builder-workspace/Sources/AITranslateLib/ProgressReporter.swift (in target 'AITranslateLib' from project 'ai-translate')
SwiftCompile normal arm64_32 /Users/admin/builder/spi-builder-workspace/Sources/AITranslateLib/ProgressReporter.swift (in target 'AITranslateLib' from project 'ai-translate')
cd /Users/admin/builder/spi-builder-workspace/.swiftpm/xcode
builtin-SwiftPerFileCompile ProgressReporter.swift
SwiftCompile normal arm64_32 Compiling\ TranslationProgress.swift /Users/admin/builder/spi-builder-workspace/Sources/AITranslateLib/TranslationProgress.swift (in target 'AITranslateLib' from project 'ai-translate')
SwiftCompile normal arm64_32 /Users/admin/builder/spi-builder-workspace/Sources/AITranslateLib/TranslationProgress.swift (in target 'AITranslateLib' from project 'ai-translate')
cd /Users/admin/builder/spi-builder-workspace/.swiftpm/xcode
builtin-SwiftPerFileCompile TranslationProgress.swift
SwiftEmitModule normal arm64_32 Emitting\ module\ for\ AITranslateLib (in target 'AITranslateLib' from project 'ai-translate')
SwiftCompile normal arm64_32 (in target 'AITranslateLib' from project 'ai-translate')
cd /Users/admin/builder/spi-builder-workspace/.swiftpm/xcode
SwiftEmitModule normal arm64 Emitting\ module\ for\ AITranslateLib (in target 'AITranslateLib' from project 'ai-translate')
SwiftCompile normal arm64 (in target 'AITranslateLib' from project 'ai-translate')
cd /Users/admin/builder/spi-builder-workspace/.swiftpm/xcode
SwiftCompile normal arm64_32 Compiling\ AITranslate.swift /Users/admin/builder/spi-builder-workspace/Sources/AITranslateLib/AITranslate.swift (in target 'AITranslateLib' from project 'ai-translate')
/Users/admin/builder/spi-builder-workspace/Sources/AITranslateLib/AITranslate.swift:381:32: error: 'trashItem(at:resultingItemURL:)' is unavailable in watchOS
379 | let backupFileURL = inputFile.appendingPathExtension("original")
380 |
381 | try? FileManager.default.trashItem(
| `- error: 'trashItem(at:resultingItemURL:)' is unavailable in watchOS
382 | at: backupFileURL,
383 | resultingItemURL: nil
/Applications/Xcode-27.0.0-Release.Candidate.app/Contents/Developer/Platforms/WatchOS.platform/Developer/SDKs/WatchOS27.0.sdk/System/Library/Frameworks/Foundation.framework/Headers/NSFileManager.h:469:1: note: 'trashItem(at:resultingItemURL:)' has been explicitly marked unavailable here
467 | /// - error: On input, a pointer to an error object. If an error occurs, this pointer is set to an actual error object containing the error information. You may specify `nil` for this parameter if you do not want the error information.
468 | /// - Returns: `YES` if the item at `url` was successfully moved to the trash, or `NO` if the item was not moved to the trash.
469 | - (BOOL)trashItemAtURL:(NSURL *)url resultingItemURL:(NSURL * _Nullable * _Nullable)outResultingURL error:(NSError **)error API_AVAILABLE(macos(10.8), ios(11.0)) API_UNAVAILABLE(watchos, tvos);
| `- note: 'trashItem(at:resultingItemURL:)' has been explicitly marked unavailable here
470 |
471 | /// Returns a dictionary that describes the POSIX attributes of the file specified at a given path.
Failed frontend command:
/Applications/Xcode-27.0.0-Release.Candidate.app/Contents/Developer/Toolchains/XcodeDefault.xctoolchain/usr/bin/swift-frontend -frontend -c -primary-file /Users/admin/builder/spi-builder-workspace/Sources/AITranslateLib/AITranslate.swift /Users/admin/builder/spi-builder-workspace/Sources/AITranslateLib/API.swift /Users/admin/builder/spi-builder-workspace/Sources/AITranslateLib/ProgressDisplay.swift /Users/admin/builder/spi-builder-workspace/Sources/AITranslateLib/ProgressReporter.swift /Users/admin/builder/spi-builder-workspace/Sources/AITranslateLib/StringCatalog.swift /Users/admin/builder/spi-builder-workspace/Sources/AITranslateLib/TranslationProgress.swift -emit-dependencies-path /Users/admin/builder/spi-builder-workspace/.derivedData/Build/Intermediates.noindex/ai-translate.build/Debug-watchos/AITranslateLib-t.build/Objects-normal/arm64_32/AITranslate.d -emit-const-values-path /Users/admin/builder/spi-builder-workspace/.derivedData/Build/Intermediates.noindex/ai-translate.build/Debug-watchos/AITranslateLib-t.build/Objects-normal/arm64_32/AITranslate.swiftconstvalues -emit-reference-dependencies-path /Users/admin/builder/spi-builder-workspace/.derivedData/Build/Intermediates.noindex/ai-translate.build/Debug-watchos/AITranslateLib-t.build/Objects-normal/arm64_32/AITranslate.swiftdeps -serialize-diagnostics-path /Users/admin/builder/spi-builder-workspace/.derivedData/Build/Intermediates.noindex/ai-translate.build/Debug-watchos/AITranslateLib-t.build/Objects-normal/arm64_32/AITranslate.dia -target arm64_32-apple-watchos9.0 -module-can-import-version Darwin 428.0.10 0 -disable-cross-import-overlay-search -swift-module-cross-import Darwin /Applications/Xcode-27.0.0-Release.Candidate.app/Contents/Developer/Platforms/WatchOS.platform/Developer/SDKs/WatchOS.sdk/usr/include/Darwin.swiftcrossimport/xlocale.swiftoverlay -load-resolved-plugin /Applications/Xcode-27.0.0-Release.Candidate.app/Contents/Developer/Platforms/WatchOS.platform/Developer/usr/lib/swift/host/plugins/libFoundationMacros.dylib\#/Applications/Xcode-27.0.0-Release.Candidate.app/Contents/Developer/Platforms/WatchOS.platform/Developer/usr/bin/swift-plugin-server\#FoundationMacros -load-resolved-plugin /Applications/Xcode-27.0.0-Release.Candidate.app/Contents/Developer/Platforms/WatchOS.platform/Developer/usr/lib/swift/host/plugins/libObservationMacros.dylib\#/Applications/Xcode-27.0.0-Release.Candidate.app/Contents/Developer/Platforms/WatchOS.platform/Developer/usr/bin/swift-plugin-server\#ObservationMacros -load-resolved-plugin /Applications/Xcode-27.0.0-Release.Candidate.app/Contents/Developer/Platforms/WatchOS.platform/Developer/usr/lib/swift/host/plugins/libSwiftMacros.dylib\#/Applications/Xcode-27.0.0-Release.Candidate.app/Contents/Developer/Platforms/WatchOS.platform/Developer/usr/bin/swift-plugin-server\#SwiftMacros -disable-implicit-swift-modules -Xcc -fno-implicit-modules -Xcc -fno-implicit-module-maps -explicit-swift-module-map-file /Users/admin/builder/spi-builder-workspace/.derivedData/Build/Intermediates.noindex/ai-translate.build/Debug-watchos/AITranslateLib-t.build/Objects-normal/arm64_32/AITranslateLib-dependencies-1.json -enable-objc-interop -sdk /Applications/Xcode-27.0.0-Release.Candidate.app/Contents/Developer/Platforms/WatchOS.platform/Developer/SDKs/WatchOS27.0.sdk -I /Users/admin/builder/spi-builder-workspace/.derivedData/Build/Products/Debug-watchos -Isystem /Applications/Xcode-27.0.0-Release.Candidate.app/Contents/Developer/Platforms/WatchOS.platform/Developer/usr/lib -F /Users/admin/builder/spi-builder-workspace/.derivedData/Build/Products/Debug-watchos/PackageFrameworks -F /Users/admin/builder/spi-builder-workspace/.derivedData/Build/Products/Debug-watchos -F /Applications/Xcode-27.0.0-Release.Candidate.app/Contents/Developer/Platforms/WatchOS.platform/Developer/Library/Frameworks -F /Applications/Xcode-27.0.0-Release.Candidate.app/Contents/Developer/Platforms/WatchOS.platform/Developer/SDKs/WatchOS27.0.sdk/Developer/Library/Frameworks -module-cache-path /Users/admin/builder/spi-builder-workspace/.derivedData/Build/Intermediates.noindex/SwiftExplicitPrecompiledModules -no-color-diagnostics -Xcc -fno-color-diagnostics -enable-testing -g -debug-info-format\=dwarf -dwarf-version\=4 -profile-generate -profile-coverage-mapping -swift-version 5 -Onone -D SWIFT_PACKAGE -D DEBUG -D SWIFT_MODULE_RESOURCE_BUNDLE_UNAVAILABLE -D Xcode -serialize-debugging-options -enable-experimental-feature DebugDescriptionMacro -empty-abi-descriptor -validate-clang-modules-once -clang-build-session-file /Users/admin/builder/spi-builder-workspace/.derivedData/ModuleCache.noindex/Session.modulevalidation -Xcc -working-directory -Xcc /Users/admin/builder/spi-builder-workspace/.swiftpm/xcode -enable-anonymous-context-mangled-names -file-compilation-dir /Users/admin/builder/spi-builder-workspace/.swiftpm/xcode -Xcc -D_LIBCPP_HARDENING_MODE\=_LIBCPP_HARDENING_MODE_DEBUG -Xcc -ivfsstatcache -Xcc /Users/admin/builder/spi-builder-workspace/.derivedData/SDKStatCaches.noindex/watchos27.0-24R360-e829b21a6f8c9b70876ba0858053c04477534ef55a1706bf4c1112bbb242f0a2.sdkstatcache -Xcc -fmodules-prune-interval\=86400 -Xcc -fmodules-prune-after\=345600 -Xcc -I/Users/admin/builder/spi-builder-workspace/.derivedData/Build/Products/Debug-watchos/include -Xcc -I/Users/admin/builder/spi-builder-workspace/.derivedData/Build/Intermediates.noindex/ai-translate.build/Debug-watchos/AITranslateLib-t.build/DerivedSources-normal/arm64_32 -Xcc -I/Users/admin/builder/spi-builder-workspace/.derivedData/Build/Intermediates.noindex/ai-translate.build/Debug-watchos/AITranslateLib-t.build/DerivedSources/arm64_32 -Xcc -I/Users/admin/builder/spi-builder-workspace/.derivedData/Build/Intermediates.noindex/ai-translate.build/Debug-watchos/AITranslateLib-t.build/DerivedSources -Xcc -DSWIFT_PACKAGE -Xcc -DDEBUG\=1 -no-auto-bridging-header-chaining -module-name AITranslateLib -package-name spi_builder_workspace -const-gather-protocols-file /Users/admin/builder/spi-builder-workspace/.derivedData/Build/Intermediates.noindex/ai-translate.build/Debug-watchos/AITranslateLib-t.build/Objects-normal/arm64_32/AITranslateLib_const_extract_protocols.json -disable-clang-spi -clang-target arm64_32-apple-watchos27.0 -target-sdk-version 27.0 -target-sdk-name watchos27.0 -in-process-plugin-server-path /Applications/Xcode-27.0.0-Release.Candidate.app/Contents/Developer/Toolchains/XcodeDefault.xctoolchain/usr/lib/swift/host/libSwiftInProcPluginServer.dylib -parse-as-library -o /Users/admin/builder/spi-builder-workspace/.derivedData/Build/Intermediates.noindex/ai-translate.build/Debug-watchos/AITranslateLib-t.build/Objects-normal/arm64_32/AITranslate.o -debug-module-path /Users/admin/builder/spi-builder-workspace/.derivedData/Build/Intermediates.noindex/ai-translate.build/Debug-watchos/AITranslateLib-t.build/Objects-normal/arm64_32/AITranslateLib.swiftmodule -index-unit-output-path /ai-translate.build/Debug-watchos/AITranslateLib-t.build/Objects-normal/arm64_32/AITranslate.o -index-store-path /Users/admin/builder/spi-builder-workspace/.derivedData/Index.noindex/DataStore -index-system-modules
SwiftCompile normal arm64_32 /Users/admin/builder/spi-builder-workspace/Sources/AITranslateLib/AITranslate.swift (in target 'AITranslateLib' from project 'ai-translate')
cd /Users/admin/builder/spi-builder-workspace/.swiftpm/xcode
builtin-SwiftPerFileCompile AITranslate.swift
SwiftCompile normal arm64 Compiling\ AITranslate.swift /Users/admin/builder/spi-builder-workspace/Sources/AITranslateLib/AITranslate.swift (in target 'AITranslateLib' from project 'ai-translate')
SwiftCompile normal arm64 /Users/admin/builder/spi-builder-workspace/Sources/AITranslateLib/AITranslate.swift (in target 'AITranslateLib' from project 'ai-translate')
cd /Users/admin/builder/spi-builder-workspace/.swiftpm/xcode
builtin-SwiftPerFileCompile AITranslate.swift
SwiftDriverJobDiscovery normal arm64 Emitting module for AITranslateLib (in target 'AITranslateLib' from project 'ai-translate')
SwiftDriver\ Compilation\ Requirements AITranslateLib normal arm64 com.apple.xcode.tools.swift.compiler (in target 'AITranslateLib' from project 'ai-translate')
cd /Users/admin/builder/spi-builder-workspace/.swiftpm/xcode
builtin-Swift-Compilation-Requirements -- /Applications/Xcode-27.0.0-Release.Candidate.app/Contents/Developer/Toolchains/XcodeDefault.xctoolchain/usr/bin/swiftc -parse-as-library -module-name AITranslateLib -Onone @/Users/admin/builder/spi-builder-workspace/.derivedData/Build/Intermediates.noindex/ai-translate.build/Debug-watchos/AITranslateLib-t.build/Objects-normal/arm64/AITranslateLib.SwiftFileList -DSWIFT_PACKAGE -DDEBUG -DSWIFT_MODULE_RESOURCE_BUNDLE_UNAVAILABLE -DXcode -plugin-path /Applications/Xcode-27.0.0-Release.Candidate.app/Contents/Developer/Toolchains/XcodeDefault.xctoolchain/usr/lib/swift/host/plugins/testing -enable-experimental-feature DebugDescriptionMacro -sdk /Applications/Xcode-27.0.0-Release.Candidate.app/Contents/Developer/Platforms/WatchOS.platform/Developer/SDKs/WatchOS27.0.sdk -target arm64-apple-watchos9.0 -g -module-cache-path /Users/admin/builder/spi-builder-workspace/.derivedData/ModuleCache.noindex -Xfrontend -serialize-debugging-options -profile-coverage-mapping -profile-generate -enable-testing -index-store-path /Users/admin/builder/spi-builder-workspace/.derivedData/Index.noindex/DataStore -Xcc -D_LIBCPP_HARDENING_MODE\=_LIBCPP_HARDENING_MODE_DEBUG -swift-version 5 -I /Users/admin/builder/spi-builder-workspace/.derivedData/Build/Products/Debug-watchos -Isystem /Applications/Xcode-27.0.0-Release.Candidate.app/Contents/Developer/Platforms/WatchOS.platform/Developer/usr/lib -F /Users/admin/builder/spi-builder-workspace/.derivedData/Build/Products/Debug-watchos/PackageFrameworks -F /Users/admin/builder/spi-builder-workspace/.derivedData/Build/Products/Debug-watchos -F /Applications/Xcode-27.0.0-Release.Candidate.app/Contents/Developer/Platforms/WatchOS.platform/Developer/Library/Frameworks -F /Applications/Xcode-27.0.0-Release.Candidate.app/Contents/Developer/Platforms/WatchOS.platform/Developer/SDKs/WatchOS27.0.sdk/Developer/Library/Frameworks -c -j10 -enable-batch-mode -incremental -Xcc -ivfsstatcache -Xcc /Users/admin/builder/spi-builder-workspace/.derivedData/SDKStatCaches.noindex/watchos27.0-24R360-e829b21a6f8c9b70876ba0858053c04477534ef55a1706bf4c1112bbb242f0a2.sdkstatcache -output-file-map /Users/admin/builder/spi-builder-workspace/.derivedData/Build/Intermediates.noindex/ai-translate.build/Debug-watchos/AITranslateLib-t.build/Objects-normal/arm64/AITranslateLib-OutputFileMap.json -save-temps -no-color-diagnostics -explicit-module-build -module-cache-path /Users/admin/builder/spi-builder-workspace/.derivedData/Build/Intermediates.noindex/SwiftExplicitPrecompiledModules -clang-scanner-module-cache-path /Users/admin/builder/spi-builder-workspace/.derivedData/ModuleCache.noindex -sdk-module-cache-path /Users/admin/builder/spi-builder-workspace/.derivedData/SDKExplicitPrecompiledModules -emit-dependencies -emit-module -emit-module-path /Users/admin/builder/spi-builder-workspace/.derivedData/Build/Intermediates.noindex/ai-translate.build/Debug-watchos/AITranslateLib-t.build/Objects-normal/arm64/AITranslateLib.swiftmodule -serialize-diagnostics -dependency-scan-serialize-diagnostics-path /Users/admin/builder/spi-builder-workspace/.derivedData/Build/Intermediates.noindex/ai-translate.build/Debug-watchos/AITranslateLib-t.build/Objects-normal/arm64/AITranslateLib-dependency-scan.dia -validate-clang-modules-once -clang-build-session-file /Users/admin/builder/spi-builder-workspace/.derivedData/ModuleCache.noindex/Session.modulevalidation -Xcc -fmodules-prune-interval\=86400 -Xcc -fmodules-prune-after\=345600 -package-name spi_builder_workspace -emit-const-values -const-gather-protocols-list /Users/admin/builder/spi-builder-workspace/.derivedData/Build/Intermediates.noindex/ai-translate.build/Debug-watchos/AITranslateLib-t.build/Objects-normal/arm64/AITranslateLib_const_extract_protocols.json -Xcc -I/Users/admin/builder/spi-builder-workspace/.derivedData/Build/Products/Debug-watchos/include -Xcc -I/Users/admin/builder/spi-builder-workspace/.derivedData/Build/Intermediates.noindex/ai-translate.build/Debug-watchos/AITranslateLib-t.build/DerivedSources-normal/arm64 -Xcc -I/Users/admin/builder/spi-builder-workspace/.derivedData/Build/Intermediates.noindex/ai-translate.build/Debug-watchos/AITranslateLib-t.build/DerivedSources/arm64 -Xcc -I/Users/admin/builder/spi-builder-workspace/.derivedData/Build/Intermediates.noindex/ai-translate.build/Debug-watchos/AITranslateLib-t.build/DerivedSources -Xcc -DSWIFT_PACKAGE -Xcc -DDEBUG\=1 -emit-objc-header -emit-objc-header-path /Users/admin/builder/spi-builder-workspace/.derivedData/Build/Intermediates.noindex/ai-translate.build/Debug-watchos/AITranslateLib-t.build/Objects-normal/arm64/AITranslateLib-Swift.h -working-directory /Users/admin/builder/spi-builder-workspace/.swiftpm/xcode -experimental-emit-module-separately -disable-cmo
SwiftDriverJobDiscovery normal arm64_32 Emitting module for AITranslateLib (in target 'AITranslateLib' from project 'ai-translate')
SwiftDriver\ Compilation\ Requirements AITranslateLib normal arm64_32 com.apple.xcode.tools.swift.compiler (in target 'AITranslateLib' from project 'ai-translate')
cd /Users/admin/builder/spi-builder-workspace/.swiftpm/xcode
builtin-Swift-Compilation-Requirements -- /Applications/Xcode-27.0.0-Release.Candidate.app/Contents/Developer/Toolchains/XcodeDefault.xctoolchain/usr/bin/swiftc -parse-as-library -module-name AITranslateLib -Onone @/Users/admin/builder/spi-builder-workspace/.derivedData/Build/Intermediates.noindex/ai-translate.build/Debug-watchos/AITranslateLib-t.build/Objects-normal/arm64_32/AITranslateLib.SwiftFileList -DSWIFT_PACKAGE -DDEBUG -DSWIFT_MODULE_RESOURCE_BUNDLE_UNAVAILABLE -DXcode -plugin-path /Applications/Xcode-27.0.0-Release.Candidate.app/Contents/Developer/Toolchains/XcodeDefault.xctoolchain/usr/lib/swift/host/plugins/testing -enable-experimental-feature DebugDescriptionMacro -sdk /Applications/Xcode-27.0.0-Release.Candidate.app/Contents/Developer/Platforms/WatchOS.platform/Developer/SDKs/WatchOS27.0.sdk -target arm64_32-apple-watchos9.0 -g -module-cache-path /Users/admin/builder/spi-builder-workspace/.derivedData/ModuleCache.noindex -Xfrontend -serialize-debugging-options -profile-coverage-mapping -profile-generate -enable-testing -index-store-path /Users/admin/builder/spi-builder-workspace/.derivedData/Index.noindex/DataStore -Xcc -D_LIBCPP_HARDENING_MODE\=_LIBCPP_HARDENING_MODE_DEBUG -swift-version 5 -I /Users/admin/builder/spi-builder-workspace/.derivedData/Build/Products/Debug-watchos -Isystem /Applications/Xcode-27.0.0-Release.Candidate.app/Contents/Developer/Platforms/WatchOS.platform/Developer/usr/lib -F /Users/admin/builder/spi-builder-workspace/.derivedData/Build/Products/Debug-watchos/PackageFrameworks -F /Users/admin/builder/spi-builder-workspace/.derivedData/Build/Products/Debug-watchos -F /Applications/Xcode-27.0.0-Release.Candidate.app/Contents/Developer/Platforms/WatchOS.platform/Developer/Library/Frameworks -F /Applications/Xcode-27.0.0-Release.Candidate.app/Contents/Developer/Platforms/WatchOS.platform/Developer/SDKs/WatchOS27.0.sdk/Developer/Library/Frameworks -c -j10 -enable-batch-mode -incremental -Xcc -ivfsstatcache -Xcc /Users/admin/builder/spi-builder-workspace/.derivedData/SDKStatCaches.noindex/watchos27.0-24R360-e829b21a6f8c9b70876ba0858053c04477534ef55a1706bf4c1112bbb242f0a2.sdkstatcache -output-file-map /Users/admin/builder/spi-builder-workspace/.derivedData/Build/Intermediates.noindex/ai-translate.build/Debug-watchos/AITranslateLib-t.build/Objects-normal/arm64_32/AITranslateLib-OutputFileMap.json -save-temps -no-color-diagnostics -explicit-module-build -module-cache-path /Users/admin/builder/spi-builder-workspace/.derivedData/Build/Intermediates.noindex/SwiftExplicitPrecompiledModules -clang-scanner-module-cache-path /Users/admin/builder/spi-builder-workspace/.derivedData/ModuleCache.noindex -sdk-module-cache-path /Users/admin/builder/spi-builder-workspace/.derivedData/SDKExplicitPrecompiledModules -emit-dependencies -emit-module -emit-module-path /Users/admin/builder/spi-builder-workspace/.derivedData/Build/Intermediates.noindex/ai-translate.build/Debug-watchos/AITranslateLib-t.build/Objects-normal/arm64_32/AITranslateLib.swiftmodule -serialize-diagnostics -dependency-scan-serialize-diagnostics-path /Users/admin/builder/spi-builder-workspace/.derivedData/Build/Intermediates.noindex/ai-translate.build/Debug-watchos/AITranslateLib-t.build/Objects-normal/arm64_32/AITranslateLib-dependency-scan.dia -validate-clang-modules-once -clang-build-session-file /Users/admin/builder/spi-builder-workspace/.derivedData/ModuleCache.noindex/Session.modulevalidation -Xcc -fmodules-prune-interval\=86400 -Xcc -fmodules-prune-after\=345600 -package-name spi_builder_workspace -emit-const-values -const-gather-protocols-list /Users/admin/builder/spi-builder-workspace/.derivedData/Build/Intermediates.noindex/ai-translate.build/Debug-watchos/AITranslateLib-t.build/Objects-normal/arm64_32/AITranslateLib_const_extract_protocols.json -Xcc -I/Users/admin/builder/spi-builder-workspace/.derivedData/Build/Products/Debug-watchos/include -Xcc -I/Users/admin/builder/spi-builder-workspace/.derivedData/Build/Intermediates.noindex/ai-translate.build/Debug-watchos/AITranslateLib-t.build/DerivedSources-normal/arm64_32 -Xcc -I/Users/admin/builder/spi-builder-workspace/.derivedData/Build/Intermediates.noindex/ai-translate.build/Debug-watchos/AITranslateLib-t.build/DerivedSources/arm64_32 -Xcc -I/Users/admin/builder/spi-builder-workspace/.derivedData/Build/Intermediates.noindex/ai-translate.build/Debug-watchos/AITranslateLib-t.build/DerivedSources -Xcc -DSWIFT_PACKAGE -Xcc -DDEBUG\=1 -emit-objc-header -emit-objc-header-path /Users/admin/builder/spi-builder-workspace/.derivedData/Build/Intermediates.noindex/ai-translate.build/Debug-watchos/AITranslateLib-t.build/Objects-normal/arm64_32/AITranslateLib-Swift.h -working-directory /Users/admin/builder/spi-builder-workspace/.swiftpm/xcode -experimental-emit-module-separately -disable-cmo
Copy /Users/admin/builder/spi-builder-workspace/.derivedData/Build/Products/Debug-watchos/AITranslateLib.swiftmodule/arm64-apple-watchos.swiftmodule /Users/admin/builder/spi-builder-workspace/.derivedData/Build/Intermediates.noindex/ai-translate.build/Debug-watchos/AITranslateLib-t.build/Objects-normal/arm64/AITranslateLib.swiftmodule (in target 'AITranslateLib' from project 'ai-translate')
cd /Users/admin/builder/spi-builder-workspace
builtin-copy -exclude .DS_Store -exclude CVS -exclude .svn -exclude .git -exclude .hg -resolve-src-symlinks -rename /Users/admin/builder/spi-builder-workspace/.derivedData/Build/Intermediates.noindex/ai-translate.build/Debug-watchos/AITranslateLib-t.build/Objects-normal/arm64/AITranslateLib.swiftmodule /Users/admin/builder/spi-builder-workspace/.derivedData/Build/Products/Debug-watchos/AITranslateLib.swiftmodule/arm64-apple-watchos.swiftmodule
SwiftMergeGeneratedHeaders /Users/admin/builder/spi-builder-workspace/.derivedData/Build/Intermediates.noindex/GeneratedModuleMaps-watchos/AITranslateLib-Swift.h /Users/admin/builder/spi-builder-workspace/.derivedData/Build/Intermediates.noindex/ai-translate.build/Debug-watchos/AITranslateLib-t.build/Objects-normal/arm64/AITranslateLib-Swift.h /Users/admin/builder/spi-builder-workspace/.derivedData/Build/Intermediates.noindex/ai-translate.build/Debug-watchos/AITranslateLib-t.build/Objects-normal/arm64_32/AITranslateLib-Swift.h (in target 'AITranslateLib' from project 'ai-translate')
cd /Users/admin/builder/spi-builder-workspace
builtin-swiftHeaderTool -arch arm64 /Users/admin/builder/spi-builder-workspace/.derivedData/Build/Intermediates.noindex/ai-translate.build/Debug-watchos/AITranslateLib-t.build/Objects-normal/arm64/AITranslateLib-Swift.h -arch arm64_32 /Users/admin/builder/spi-builder-workspace/.derivedData/Build/Intermediates.noindex/ai-translate.build/Debug-watchos/AITranslateLib-t.build/Objects-normal/arm64_32/AITranslateLib-Swift.h -o /Users/admin/builder/spi-builder-workspace/.derivedData/Build/Intermediates.noindex/GeneratedModuleMaps-watchos/AITranslateLib-Swift.h
Copy /Users/admin/builder/spi-builder-workspace/.derivedData/Build/Products/Debug-watchos/AITranslateLib.swiftmodule/arm64_32-apple-watchos.swiftmodule /Users/admin/builder/spi-builder-workspace/.derivedData/Build/Intermediates.noindex/ai-translate.build/Debug-watchos/AITranslateLib-t.build/Objects-normal/arm64_32/AITranslateLib.swiftmodule (in target 'AITranslateLib' from project 'ai-translate')
cd /Users/admin/builder/spi-builder-workspace
builtin-copy -exclude .DS_Store -exclude CVS -exclude .svn -exclude .git -exclude .hg -resolve-src-symlinks -rename /Users/admin/builder/spi-builder-workspace/.derivedData/Build/Intermediates.noindex/ai-translate.build/Debug-watchos/AITranslateLib-t.build/Objects-normal/arm64_32/AITranslateLib.swiftmodule /Users/admin/builder/spi-builder-workspace/.derivedData/Build/Products/Debug-watchos/AITranslateLib.swiftmodule/arm64_32-apple-watchos.swiftmodule
Copy /Users/admin/builder/spi-builder-workspace/.derivedData/Build/Products/Debug-watchos/AITranslateLib.swiftmodule/arm64_32-apple-watchos.swiftdoc /Users/admin/builder/spi-builder-workspace/.derivedData/Build/Intermediates.noindex/ai-translate.build/Debug-watchos/AITranslateLib-t.build/Objects-normal/arm64_32/AITranslateLib.swiftdoc (in target 'AITranslateLib' from project 'ai-translate')
cd /Users/admin/builder/spi-builder-workspace
builtin-copy -exclude .DS_Store -exclude CVS -exclude .svn -exclude .git -exclude .hg -resolve-src-symlinks -rename /Users/admin/builder/spi-builder-workspace/.derivedData/Build/Intermediates.noindex/ai-translate.build/Debug-watchos/AITranslateLib-t.build/Objects-normal/arm64_32/AITranslateLib.swiftdoc /Users/admin/builder/spi-builder-workspace/.derivedData/Build/Products/Debug-watchos/AITranslateLib.swiftmodule/arm64_32-apple-watchos.swiftdoc
Copy /Users/admin/builder/spi-builder-workspace/.derivedData/Build/Products/Debug-watchos/AITranslateLib.swiftmodule/arm64_32-apple-watchos.abi.json /Users/admin/builder/spi-builder-workspace/.derivedData/Build/Intermediates.noindex/ai-translate.build/Debug-watchos/AITranslateLib-t.build/Objects-normal/arm64_32/AITranslateLib.abi.json (in target 'AITranslateLib' from project 'ai-translate')
cd /Users/admin/builder/spi-builder-workspace
builtin-copy -exclude .DS_Store -exclude CVS -exclude .svn -exclude .git -exclude .hg -resolve-src-symlinks -rename /Users/admin/builder/spi-builder-workspace/.derivedData/Build/Intermediates.noindex/ai-translate.build/Debug-watchos/AITranslateLib-t.build/Objects-normal/arm64_32/AITranslateLib.abi.json /Users/admin/builder/spi-builder-workspace/.derivedData/Build/Products/Debug-watchos/AITranslateLib.swiftmodule/arm64_32-apple-watchos.abi.json
Copy /Users/admin/builder/spi-builder-workspace/.derivedData/Build/Products/Debug-watchos/AITranslateLib.swiftmodule/arm64-apple-watchos.swiftdoc /Users/admin/builder/spi-builder-workspace/.derivedData/Build/Intermediates.noindex/ai-translate.build/Debug-watchos/AITranslateLib-t.build/Objects-normal/arm64/AITranslateLib.swiftdoc (in target 'AITranslateLib' from project 'ai-translate')
cd /Users/admin/builder/spi-builder-workspace
builtin-copy -exclude .DS_Store -exclude CVS -exclude .svn -exclude .git -exclude .hg -resolve-src-symlinks -rename /Users/admin/builder/spi-builder-workspace/.derivedData/Build/Intermediates.noindex/ai-translate.build/Debug-watchos/AITranslateLib-t.build/Objects-normal/arm64/AITranslateLib.swiftdoc /Users/admin/builder/spi-builder-workspace/.derivedData/Build/Products/Debug-watchos/AITranslateLib.swiftmodule/arm64-apple-watchos.swiftdoc
Copy /Users/admin/builder/spi-builder-workspace/.derivedData/Build/Products/Debug-watchos/AITranslateLib.swiftmodule/arm64-apple-watchos.abi.json /Users/admin/builder/spi-builder-workspace/.derivedData/Build/Intermediates.noindex/ai-translate.build/Debug-watchos/AITranslateLib-t.build/Objects-normal/arm64/AITranslateLib.abi.json (in target 'AITranslateLib' from project 'ai-translate')
cd /Users/admin/builder/spi-builder-workspace
builtin-copy -exclude .DS_Store -exclude CVS -exclude .svn -exclude .git -exclude .hg -resolve-src-symlinks -rename /Users/admin/builder/spi-builder-workspace/.derivedData/Build/Intermediates.noindex/ai-translate.build/Debug-watchos/AITranslateLib-t.build/Objects-normal/arm64/AITranslateLib.abi.json /Users/admin/builder/spi-builder-workspace/.derivedData/Build/Products/Debug-watchos/AITranslateLib.swiftmodule/arm64-apple-watchos.abi.json
Copy /Users/admin/builder/spi-builder-workspace/.derivedData/Build/Products/Debug-watchos/AITranslateLib.swiftmodule/Project/arm64_32-apple-watchos.swiftsourceinfo /Users/admin/builder/spi-builder-workspace/.derivedData/Build/Intermediates.noindex/ai-translate.build/Debug-watchos/AITranslateLib-t.build/Objects-normal/arm64_32/AITranslateLib.swiftsourceinfo (in target 'AITranslateLib' from project 'ai-translate')
cd /Users/admin/builder/spi-builder-workspace
builtin-copy -exclude .DS_Store -exclude CVS -exclude .svn -exclude .git -exclude .hg -resolve-src-symlinks -rename /Users/admin/builder/spi-builder-workspace/.derivedData/Build/Intermediates.noindex/ai-translate.build/Debug-watchos/AITranslateLib-t.build/Objects-normal/arm64_32/AITranslateLib.swiftsourceinfo /Users/admin/builder/spi-builder-workspace/.derivedData/Build/Products/Debug-watchos/AITranslateLib.swiftmodule/Project/arm64_32-apple-watchos.swiftsourceinfo
Copy /Users/admin/builder/spi-builder-workspace/.derivedData/Build/Products/Debug-watchos/AITranslateLib.swiftmodule/Project/arm64-apple-watchos.swiftsourceinfo /Users/admin/builder/spi-builder-workspace/.derivedData/Build/Intermediates.noindex/ai-translate.build/Debug-watchos/AITranslateLib-t.build/Objects-normal/arm64/AITranslateLib.swiftsourceinfo (in target 'AITranslateLib' from project 'ai-translate')
cd /Users/admin/builder/spi-builder-workspace
builtin-copy -exclude .DS_Store -exclude CVS -exclude .svn -exclude .git -exclude .hg -resolve-src-symlinks -rename /Users/admin/builder/spi-builder-workspace/.derivedData/Build/Intermediates.noindex/ai-translate.build/Debug-watchos/AITranslateLib-t.build/Objects-normal/arm64/AITranslateLib.swiftsourceinfo /Users/admin/builder/spi-builder-workspace/.derivedData/Build/Products/Debug-watchos/AITranslateLib.swiftmodule/Project/arm64-apple-watchos.swiftsourceinfo
SwiftDriverJobDiscovery normal arm64_32 Compiling ProgressReporter.swift (in target 'AITranslateLib' from project 'ai-translate')
SwiftCompile normal arm64 Compiling\ TranslationProgress.swift /Users/admin/builder/spi-builder-workspace/Sources/AITranslateLib/TranslationProgress.swift (in target 'AITranslateLib' from project 'ai-translate')
SwiftCompile normal arm64 /Users/admin/builder/spi-builder-workspace/Sources/AITranslateLib/TranslationProgress.swift (in target 'AITranslateLib' from project 'ai-translate')
cd /Users/admin/builder/spi-builder-workspace/.swiftpm/xcode
builtin-SwiftPerFileCompile TranslationProgress.swift
SwiftCompile normal arm64 Compiling\ ProgressReporter.swift /Users/admin/builder/spi-builder-workspace/Sources/AITranslateLib/ProgressReporter.swift (in target 'AITranslateLib' from project 'ai-translate')
SwiftCompile normal arm64 /Users/admin/builder/spi-builder-workspace/Sources/AITranslateLib/ProgressReporter.swift (in target 'AITranslateLib' from project 'ai-translate')
cd /Users/admin/builder/spi-builder-workspace/.swiftpm/xcode
builtin-SwiftPerFileCompile ProgressReporter.swift
SwiftCompile normal arm64 Compiling\ StringCatalog.swift /Users/admin/builder/spi-builder-workspace/Sources/AITranslateLib/StringCatalog.swift (in target 'AITranslateLib' from project 'ai-translate')
SwiftCompile normal arm64 /Users/admin/builder/spi-builder-workspace/Sources/AITranslateLib/StringCatalog.swift (in target 'AITranslateLib' from project 'ai-translate')
cd /Users/admin/builder/spi-builder-workspace/.swiftpm/xcode
builtin-SwiftPerFileCompile StringCatalog.swift
SwiftCompile normal arm64 Compiling\ API.swift /Users/admin/builder/spi-builder-workspace/Sources/AITranslateLib/API.swift (in target 'AITranslateLib' from project 'ai-translate')
SwiftCompile normal arm64 /Users/admin/builder/spi-builder-workspace/Sources/AITranslateLib/API.swift (in target 'AITranslateLib' from project 'ai-translate')
cd /Users/admin/builder/spi-builder-workspace/.swiftpm/xcode
builtin-SwiftPerFileCompile API.swift
SwiftDriverJobDiscovery normal arm64_32 Compiling API.swift (in target 'AITranslateLib' from project 'ai-translate')
SwiftDriverJobDiscovery normal arm64_32 Compiling TranslationProgress.swift (in target 'AITranslateLib' from project 'ai-translate')
PruneExplicitPrecompiledModules /Users/admin/builder/spi-builder-workspace/.derivedData/SDKExplicitPrecompiledModules
PruneExplicitPrecompiledModules /Users/admin/builder/spi-builder-workspace/.derivedData/Build/Intermediates.noindex/SwiftExplicitPrecompiledModules
PruneExplicitPrecompiledModules /Users/admin/builder/spi-builder-workspace/.derivedData/Build/Intermediates.noindex/ExplicitPrecompiledModules
2026-09-24 10:36:52.781 xcodebuild[818:4942] [MT] IDERunDestination: Supported platforms for the buildables in the current scheme is empty.
** BUILD FAILED **
The following build commands failed:
SwiftCompile normal arm64_32 Compiling\ AITranslate.swift /Users/admin/builder/spi-builder-workspace/Sources/AITranslateLib/AITranslate.swift (in target 'AITranslateLib' from project 'ai-translate')
SwiftCompile normal arm64_32 /Users/admin/builder/spi-builder-workspace/Sources/AITranslateLib/AITranslate.swift (in target 'AITranslateLib' from project 'ai-translate')
Building workspace ai-translate with scheme ai-translate-Package
(3 failures)
Command line invocation:
/Applications/Xcode-27.0.0-Release.Candidate.app/Contents/Developer/usr/bin/xcodebuild -IDEClonedSourcePackagesDirPathOverride=/Users/admin/builder/spi-builder-workspace/.dependencies -resolvePackageDependencies
Resolve Package Graph
Resolved source packages:
ai-translate: /Users/admin/builder/spi-builder-workspace
OpenAI: https://github.com/MacPaw/OpenAI.git @ main (84ad38c)
swift-http-types: https://github.com/apple/swift-http-types @ 1.8.0
swift-openapi-runtime: https://github.com/apple/swift-openapi-runtime @ 1.12.1
swift-argument-parser: https://github.com/apple/swift-argument-parser.git @ 1.8.2
resolved source packages: ai-translate, OpenAI, swift-http-types, swift-openapi-runtime, swift-argument-parser
2026-09-24 10:37:11.862 xcodebuild[1126:6881] [MT] IDERunDestination: Supported platforms for the buildables in the current scheme is empty.
{
"dependencies" : [
{
"identity" : "swift-argument-parser",
"requirement" : {
"range" : [
{
"lower_bound" : "1.2.0",
"upper_bound" : "2.0.0"
}
]
},
"type" : "sourceControl",
"url" : "https://github.com/apple/swift-argument-parser.git"
},
{
"identity" : "openai",
"requirement" : {
"branch" : [
"main"
]
},
"type" : "sourceControl",
"url" : "https://github.com/MacPaw/OpenAI.git"
}
],
"manifest_display_name" : "ai-translate",
"name" : "ai-translate",
"path" : "/Users/admin/builder/spi-builder-workspace",
"platforms" : [
{
"name" : "macos",
"version" : "14.0"
}
],
"products" : [
{
"name" : "ai-translate",
"targets" : [
"AITranslate"
],
"type" : {
"executable" : null
}
},
{
"name" : "AITranslateLib",
"targets" : [
"AITranslateLib"
],
"type" : {
"library" : [
"automatic"
]
}
}
],
"targets" : [
{
"c99name" : "AITranslateTests",
"module_type" : "SwiftTarget",
"name" : "AITranslateTests",
"path" : "Tests/AITranslateTests",
"resources" : [
{
"path" : "/Users/admin/builder/spi-builder-workspace/Tests/AITranslateTests/Fixtures",
"rule" : {
"copy" : {
}
}
}
],
"sources" : [
"AITranslateTests.swift",
"ProgressDisplayTests.swift",
"StringCatalogTests.swift",
"TranslationProgressTests.swift",
"TranslationTests.swift"
],
"target_dependencies" : [
"AITranslate",
"AITranslateLib"
],
"type" : "test"
},
{
"c99name" : "AITranslateLib",
"module_type" : "SwiftTarget",
"name" : "AITranslateLib",
"path" : "Sources/AITranslateLib",
"product_dependencies" : [
"ArgumentParser",
"OpenAI"
],
"product_memberships" : [
"ai-translate",
"AITranslateLib"
],
"sources" : [
"AITranslate.swift",
"API.swift",
"ProgressDisplay.swift",
"ProgressReporter.swift",
"StringCatalog.swift",
"TranslationProgress.swift"
],
"type" : "library"
},
{
"c99name" : "AITranslate",
"module_type" : "SwiftTarget",
"name" : "AITranslate",
"path" : "Sources/AITranslate",
"product_memberships" : [
"ai-translate"
],
"sources" : [
"AITranslateCommand.swift"
],
"target_dependencies" : [
"AITranslateLib"
],
"type" : "executable"
}
],
"tools_version" : "5.9"
}
{
"workspace" : {
"name" : "ai-translate",
"schemes" : [
"ai-translate",
"ai-translate-Package",
"AITranslateLib"
]
}
}
2026-09-24 10:37:14.172 xcodebuild[1142:7003] [MT] IDERunDestination: Supported platforms for the buildables in the current scheme is empty.
Running build ...
env DEVELOPER_DIR=/Applications/Xcode-27.0.0-Release.Candidate.app xcrun xcodebuild -IDEClonedSourcePackagesDirPathOverride=$PWD/.dependencies -skipMacroValidation -skipPackagePluginValidation -derivedDataPath $PWD/.derivedData build -scheme ai-translate-Package -destination generic/platform=watchOS
Command line invocation:
/Applications/Xcode-27.0.0-Release.Candidate.app/Contents/Developer/usr/bin/xcodebuild -IDEClonedSourcePackagesDirPathOverride=/Users/admin/builder/spi-builder-workspace/.dependencies -skipMacroValidation -skipPackagePluginValidation -derivedDataPath /Users/admin/builder/spi-builder-workspace/.derivedData build -scheme ai-translate-Package -destination generic/platform=watchOS
Resolve Package Graph
Resolved source packages:
ai-translate: /Users/admin/builder/spi-builder-workspace
OpenAI: https://github.com/MacPaw/OpenAI.git @ main (84ad38c)
swift-http-types: https://github.com/apple/swift-http-types @ 1.8.0
swift-argument-parser: https://github.com/apple/swift-argument-parser.git @ 1.8.2
swift-openapi-runtime: https://github.com/apple/swift-openapi-runtime @ 1.12.1
ComputePackagePrebuildTargetDependencyGraph
Prepare packages
CreateBuildRequest
SendProjectDescription
CreateBuildOperation
ComputeTargetDependencyGraph
note: Building targets in dependency order
note: Target dependency graph (12 targets)
Target 'ai-translate-product' in project 'ai-translate'
➜ Explicit dependency on target 'AITranslateLib' in project 'ai-translate'
➜ Explicit dependency on target 'ArgumentParser-product' in project 'swift-argument-parser'
➜ Explicit dependency on target 'OpenAI-product' in project 'OpenAI'
Target 'AITranslateLib-product' in project 'ai-translate'
➜ Explicit dependency on target 'AITranslateLib' in project 'ai-translate'
➜ Explicit dependency on target 'ArgumentParser-product' in project 'swift-argument-parser'
➜ Explicit dependency on target 'OpenAI-product' in project 'OpenAI'
Target 'AITranslateLib' in project 'ai-translate'
➜ Explicit dependency on target 'ArgumentParser-product' in project 'swift-argument-parser'
➜ Explicit dependency on target 'OpenAI-product' in project 'OpenAI'
Target 'OpenAI-product' in project 'OpenAI'
➜ Explicit dependency on target 'OpenAI' in project 'OpenAI'
➜ Explicit dependency on target 'OpenAPIRuntime-product' in project 'swift-openapi-runtime'
Target 'OpenAI' in project 'OpenAI'
➜ Explicit dependency on target 'OpenAPIRuntime-product' in project 'swift-openapi-runtime'
Target 'OpenAPIRuntime-product' in project 'swift-openapi-runtime'
➜ Explicit dependency on target 'OpenAPIRuntime' in project 'swift-openapi-runtime'
➜ Explicit dependency on target 'HTTPTypes-product' in project 'swift-http-types'
Target 'OpenAPIRuntime' in project 'swift-openapi-runtime'
➜ Explicit dependency on target 'HTTPTypes-product' in project 'swift-http-types'
Target 'HTTPTypes-product' in project 'swift-http-types'
➜ Explicit dependency on target 'HTTPTypes' in project 'swift-http-types'
Target 'HTTPTypes' in project 'swift-http-types' (no dependencies)
Target 'ArgumentParser-product' in project 'swift-argument-parser'
➜ Explicit dependency on target 'ArgumentParser' in project 'swift-argument-parser'
➜ Explicit dependency on target 'ArgumentParserToolInfo' in project 'swift-argument-parser'
Target 'ArgumentParser' in project 'swift-argument-parser'
➜ Explicit dependency on target 'ArgumentParserToolInfo' in project 'swift-argument-parser'
Target 'ArgumentParserToolInfo' in project 'swift-argument-parser' (no dependencies)
GatherProvisioningInputs
CreateBuildDescription
ClangStatCache /Applications/Xcode-27.0.0-Release.Candidate.app/Contents/Developer/Toolchains/XcodeDefault.xctoolchain/usr/bin/clang-stat-cache /Applications/Xcode-27.0.0-Release.Candidate.app/Contents/Developer/Platforms/WatchOS.platform/Developer/SDKs/WatchOS27.0.sdk /Users/admin/builder/spi-builder-workspace/.derivedData/SDKStatCaches.noindex/watchos27.0-24R360-e829b21a6f8c9b70876ba0858053c04477534ef55a1706bf4c1112bbb242f0a2.sdkstatcache
cd /Users/admin/builder/spi-builder-workspace/.swiftpm/xcode
/Applications/Xcode-27.0.0-Release.Candidate.app/Contents/Developer/Toolchains/XcodeDefault.xctoolchain/usr/bin/clang-stat-cache /Applications/Xcode-27.0.0-Release.Candidate.app/Contents/Developer/Platforms/WatchOS.platform/Developer/SDKs/WatchOS27.0.sdk -o /Users/admin/builder/spi-builder-workspace/.derivedData/SDKStatCaches.noindex/watchos27.0-24R360-e829b21a6f8c9b70876ba0858053c04477534ef55a1706bf4c1112bbb242f0a2.sdkstatcache
SwiftDriver OpenAI normal arm64_32 com.apple.xcode.tools.swift.compiler (in target 'OpenAI' from project 'OpenAI')
cd /Users/admin/builder/spi-builder-workspace/.swiftpm/xcode
builtin-SwiftDriver -- /Applications/Xcode-27.0.0-Release.Candidate.app/Contents/Developer/Toolchains/XcodeDefault.xctoolchain/usr/bin/swiftc -parse-as-library -module-name OpenAI -Onone @/Users/admin/builder/spi-builder-workspace/.derivedData/Build/Intermediates.noindex/OpenAI.build/Debug-watchos/OpenAI-t.build/Objects-normal/arm64_32/OpenAI.SwiftFileList -DSWIFT_PACKAGE -DDEBUG -DSWIFT_MODULE_RESOURCE_BUNDLE_UNAVAILABLE -DXcode -plugin-path /Applications/Xcode-27.0.0-Release.Candidate.app/Contents/Developer/Toolchains/XcodeDefault.xctoolchain/usr/lib/swift/host/plugins/testing -enable-experimental-feature DebugDescriptionMacro -sdk /Applications/Xcode-27.0.0-Release.Candidate.app/Contents/Developer/Platforms/WatchOS.platform/Developer/SDKs/WatchOS27.0.sdk -target arm64_32-apple-watchos9.0 -g -module-cache-path /Users/admin/builder/spi-builder-workspace/.derivedData/ModuleCache.noindex -Xfrontend -serialize-debugging-options -profile-coverage-mapping -profile-generate -enable-testing -suppress-warnings -index-store-path /Users/admin/builder/spi-builder-workspace/.derivedData/Index.noindex/DataStore -Xcc -D_LIBCPP_HARDENING_MODE\=_LIBCPP_HARDENING_MODE_DEBUG -swift-version 5 -I /Users/admin/builder/spi-builder-workspace/.derivedData/Build/Products/Debug-watchos -Isystem /Applications/Xcode-27.0.0-Release.Candidate.app/Contents/Developer/Platforms/WatchOS.platform/Developer/usr/lib -F /Users/admin/builder/spi-builder-workspace/.derivedData/Build/Products/Debug-watchos/PackageFrameworks -F /Users/admin/builder/spi-builder-workspace/.derivedData/Build/Products/Debug-watchos -F /Applications/Xcode-27.0.0-Release.Candidate.app/Contents/Developer/Platforms/WatchOS.platform/Developer/Library/Frameworks -F /Applications/Xcode-27.0.0-Release.Candidate.app/Contents/Developer/Platforms/WatchOS.platform/Developer/SDKs/WatchOS27.0.sdk/Developer/Library/Frameworks -c -j10 -enable-batch-mode -incremental -Xcc -ivfsstatcache -Xcc /Users/admin/builder/spi-builder-workspace/.derivedData/SDKStatCaches.noindex/watchos27.0-24R360-e829b21a6f8c9b70876ba0858053c04477534ef55a1706bf4c1112bbb242f0a2.sdkstatcache -output-file-map /Users/admin/builder/spi-builder-workspace/.derivedData/Build/Intermediates.noindex/OpenAI.build/Debug-watchos/OpenAI-t.build/Objects-normal/arm64_32/OpenAI-OutputFileMap.json -save-temps -no-color-diagnostics -explicit-module-build -module-cache-path /Users/admin/builder/spi-builder-workspace/.derivedData/Build/Intermediates.noindex/SwiftExplicitPrecompiledModules -clang-scanner-module-cache-path /Users/admin/builder/spi-builder-workspace/.derivedData/ModuleCache.noindex -sdk-module-cache-path /Users/admin/builder/spi-builder-workspace/.derivedData/SDKExplicitPrecompiledModules -emit-dependencies -emit-module -emit-module-path /Users/admin/builder/spi-builder-workspace/.derivedData/Build/Intermediates.noindex/OpenAI.build/Debug-watchos/OpenAI-t.build/Objects-normal/arm64_32/OpenAI.swiftmodule -serialize-diagnostics -dependency-scan-serialize-diagnostics-path /Users/admin/builder/spi-builder-workspace/.derivedData/Build/Intermediates.noindex/OpenAI.build/Debug-watchos/OpenAI-t.build/Objects-normal/arm64_32/OpenAI-dependency-scan.dia -validate-clang-modules-once -clang-build-session-file /Users/admin/builder/spi-builder-workspace/.derivedData/ModuleCache.noindex/Session.modulevalidation -Xcc -fmodules-prune-interval\=86400 -Xcc -fmodules-prune-after\=345600 -package-name openai -emit-const-values -const-gather-protocols-list /Users/admin/builder/spi-builder-workspace/.derivedData/Build/Intermediates.noindex/OpenAI.build/Debug-watchos/OpenAI-t.build/Objects-normal/arm64_32/OpenAI_const_extract_protocols.json -Xcc -I/Users/admin/builder/spi-builder-workspace/.derivedData/Build/Products/Debug-watchos/include -Xcc -I/Users/admin/builder/spi-builder-workspace/.derivedData/Build/Intermediates.noindex/OpenAI.build/Debug-watchos/OpenAI-t.build/DerivedSources-normal/arm64_32 -Xcc -I/Users/admin/builder/spi-builder-workspace/.derivedData/Build/Intermediates.noindex/OpenAI.build/Debug-watchos/OpenAI-t.build/DerivedSources/arm64_32 -Xcc -I/Users/admin/builder/spi-builder-workspace/.derivedData/Build/Intermediates.noindex/OpenAI.build/Debug-watchos/OpenAI-t.build/DerivedSources -Xcc -DSWIFT_PACKAGE -Xcc -DDEBUG\=1 -emit-objc-header -emit-objc-header-path /Users/admin/builder/spi-builder-workspace/.derivedData/Build/Intermediates.noindex/OpenAI.build/Debug-watchos/OpenAI-t.build/Objects-normal/arm64_32/OpenAI-Swift.h -working-directory /Users/admin/builder/spi-builder-workspace/.swiftpm/xcode -experimental-emit-module-separately -disable-cmo
SwiftDriver OpenAI normal arm64 com.apple.xcode.tools.swift.compiler (in target 'OpenAI' from project 'OpenAI')
cd /Users/admin/builder/spi-builder-workspace/.swiftpm/xcode
builtin-SwiftDriver -- /Applications/Xcode-27.0.0-Release.Candidate.app/Contents/Developer/Toolchains/XcodeDefault.xctoolchain/usr/bin/swiftc -parse-as-library -module-name OpenAI -Onone @/Users/admin/builder/spi-builder-workspace/.derivedData/Build/Intermediates.noindex/OpenAI.build/Debug-watchos/OpenAI-t.build/Objects-normal/arm64/OpenAI.SwiftFileList -DSWIFT_PACKAGE -DDEBUG -DSWIFT_MODULE_RESOURCE_BUNDLE_UNAVAILABLE -DXcode -plugin-path /Applications/Xcode-27.0.0-Release.Candidate.app/Contents/Developer/Toolchains/XcodeDefault.xctoolchain/usr/lib/swift/host/plugins/testing -enable-experimental-feature DebugDescriptionMacro -sdk /Applications/Xcode-27.0.0-Release.Candidate.app/Contents/Developer/Platforms/WatchOS.platform/Developer/SDKs/WatchOS27.0.sdk -target arm64-apple-watchos9.0 -g -module-cache-path /Users/admin/builder/spi-builder-workspace/.derivedData/ModuleCache.noindex -Xfrontend -serialize-debugging-options -profile-coverage-mapping -profile-generate -enable-testing -suppress-warnings -index-store-path /Users/admin/builder/spi-builder-workspace/.derivedData/Index.noindex/DataStore -Xcc -D_LIBCPP_HARDENING_MODE\=_LIBCPP_HARDENING_MODE_DEBUG -swift-version 5 -I /Users/admin/builder/spi-builder-workspace/.derivedData/Build/Products/Debug-watchos -Isystem /Applications/Xcode-27.0.0-Release.Candidate.app/Contents/Developer/Platforms/WatchOS.platform/Developer/usr/lib -F /Users/admin/builder/spi-builder-workspace/.derivedData/Build/Products/Debug-watchos/PackageFrameworks -F /Users/admin/builder/spi-builder-workspace/.derivedData/Build/Products/Debug-watchos -F /Applications/Xcode-27.0.0-Release.Candidate.app/Contents/Developer/Platforms/WatchOS.platform/Developer/Library/Frameworks -F /Applications/Xcode-27.0.0-Release.Candidate.app/Contents/Developer/Platforms/WatchOS.platform/Developer/SDKs/WatchOS27.0.sdk/Developer/Library/Frameworks -c -j10 -enable-batch-mode -incremental -Xcc -ivfsstatcache -Xcc /Users/admin/builder/spi-builder-workspace/.derivedData/SDKStatCaches.noindex/watchos27.0-24R360-e829b21a6f8c9b70876ba0858053c04477534ef55a1706bf4c1112bbb242f0a2.sdkstatcache -output-file-map /Users/admin/builder/spi-builder-workspace/.derivedData/Build/Intermediates.noindex/OpenAI.build/Debug-watchos/OpenAI-t.build/Objects-normal/arm64/OpenAI-OutputFileMap.json -save-temps -no-color-diagnostics -explicit-module-build -module-cache-path /Users/admin/builder/spi-builder-workspace/.derivedData/Build/Intermediates.noindex/SwiftExplicitPrecompiledModules -clang-scanner-module-cache-path /Users/admin/builder/spi-builder-workspace/.derivedData/ModuleCache.noindex -sdk-module-cache-path /Users/admin/builder/spi-builder-workspace/.derivedData/SDKExplicitPrecompiledModules -emit-dependencies -emit-module -emit-module-path /Users/admin/builder/spi-builder-workspace/.derivedData/Build/Intermediates.noindex/OpenAI.build/Debug-watchos/OpenAI-t.build/Objects-normal/arm64/OpenAI.swiftmodule -serialize-diagnostics -dependency-scan-serialize-diagnostics-path /Users/admin/builder/spi-builder-workspace/.derivedData/Build/Intermediates.noindex/OpenAI.build/Debug-watchos/OpenAI-t.build/Objects-normal/arm64/OpenAI-dependency-scan.dia -validate-clang-modules-once -clang-build-session-file /Users/admin/builder/spi-builder-workspace/.derivedData/ModuleCache.noindex/Session.modulevalidation -Xcc -fmodules-prune-interval\=86400 -Xcc -fmodules-prune-after\=345600 -package-name openai -emit-const-values -const-gather-protocols-list /Users/admin/builder/spi-builder-workspace/.derivedData/Build/Intermediates.noindex/OpenAI.build/Debug-watchos/OpenAI-t.build/Objects-normal/arm64/OpenAI_const_extract_protocols.json -Xcc -I/Users/admin/builder/spi-builder-workspace/.derivedData/Build/Products/Debug-watchos/include -Xcc -I/Users/admin/builder/spi-builder-workspace/.derivedData/Build/Intermediates.noindex/OpenAI.build/Debug-watchos/OpenAI-t.build/DerivedSources-normal/arm64 -Xcc -I/Users/admin/builder/spi-builder-workspace/.derivedData/Build/Intermediates.noindex/OpenAI.build/Debug-watchos/OpenAI-t.build/DerivedSources/arm64 -Xcc -I/Users/admin/builder/spi-builder-workspace/.derivedData/Build/Intermediates.noindex/OpenAI.build/Debug-watchos/OpenAI-t.build/DerivedSources -Xcc -DSWIFT_PACKAGE -Xcc -DDEBUG\=1 -emit-objc-header -emit-objc-header-path /Users/admin/builder/spi-builder-workspace/.derivedData/Build/Intermediates.noindex/OpenAI.build/Debug-watchos/OpenAI-t.build/Objects-normal/arm64/OpenAI-Swift.h -working-directory /Users/admin/builder/spi-builder-workspace/.swiftpm/xcode -experimental-emit-module-separately -disable-cmo
SwiftDriver AITranslateLib normal arm64_32 com.apple.xcode.tools.swift.compiler (in target 'AITranslateLib' from project 'ai-translate')
cd /Users/admin/builder/spi-builder-workspace/.swiftpm/xcode
builtin-SwiftDriver -- /Applications/Xcode-27.0.0-Release.Candidate.app/Contents/Developer/Toolchains/XcodeDefault.xctoolchain/usr/bin/swiftc -parse-as-library -module-name AITranslateLib -Onone @/Users/admin/builder/spi-builder-workspace/.derivedData/Build/Intermediates.noindex/ai-translate.build/Debug-watchos/AITranslateLib-t.build/Objects-normal/arm64_32/AITranslateLib.SwiftFileList -DSWIFT_PACKAGE -DDEBUG -DSWIFT_MODULE_RESOURCE_BUNDLE_UNAVAILABLE -DXcode -plugin-path /Applications/Xcode-27.0.0-Release.Candidate.app/Contents/Developer/Toolchains/XcodeDefault.xctoolchain/usr/lib/swift/host/plugins/testing -enable-experimental-feature DebugDescriptionMacro -sdk /Applications/Xcode-27.0.0-Release.Candidate.app/Contents/Developer/Platforms/WatchOS.platform/Developer/SDKs/WatchOS27.0.sdk -target arm64_32-apple-watchos9.0 -g -module-cache-path /Users/admin/builder/spi-builder-workspace/.derivedData/ModuleCache.noindex -Xfrontend -serialize-debugging-options -profile-coverage-mapping -profile-generate -enable-testing -index-store-path /Users/admin/builder/spi-builder-workspace/.derivedData/Index.noindex/DataStore -Xcc -D_LIBCPP_HARDENING_MODE\=_LIBCPP_HARDENING_MODE_DEBUG -swift-version 5 -I /Users/admin/builder/spi-builder-workspace/.derivedData/Build/Products/Debug-watchos -Isystem /Applications/Xcode-27.0.0-Release.Candidate.app/Contents/Developer/Platforms/WatchOS.platform/Developer/usr/lib -F /Users/admin/builder/spi-builder-workspace/.derivedData/Build/Products/Debug-watchos/PackageFrameworks -F /Users/admin/builder/spi-builder-workspace/.derivedData/Build/Products/Debug-watchos -F /Applications/Xcode-27.0.0-Release.Candidate.app/Contents/Developer/Platforms/WatchOS.platform/Developer/Library/Frameworks -F /Applications/Xcode-27.0.0-Release.Candidate.app/Contents/Developer/Platforms/WatchOS.platform/Developer/SDKs/WatchOS27.0.sdk/Developer/Library/Frameworks -c -j10 -enable-batch-mode -incremental -Xcc -ivfsstatcache -Xcc /Users/admin/builder/spi-builder-workspace/.derivedData/SDKStatCaches.noindex/watchos27.0-24R360-e829b21a6f8c9b70876ba0858053c04477534ef55a1706bf4c1112bbb242f0a2.sdkstatcache -output-file-map /Users/admin/builder/spi-builder-workspace/.derivedData/Build/Intermediates.noindex/ai-translate.build/Debug-watchos/AITranslateLib-t.build/Objects-normal/arm64_32/AITranslateLib-OutputFileMap.json -save-temps -no-color-diagnostics -explicit-module-build -module-cache-path /Users/admin/builder/spi-builder-workspace/.derivedData/Build/Intermediates.noindex/SwiftExplicitPrecompiledModules -clang-scanner-module-cache-path /Users/admin/builder/spi-builder-workspace/.derivedData/ModuleCache.noindex -sdk-module-cache-path /Users/admin/builder/spi-builder-workspace/.derivedData/SDKExplicitPrecompiledModules -emit-dependencies -emit-module -emit-module-path /Users/admin/builder/spi-builder-workspace/.derivedData/Build/Intermediates.noindex/ai-translate.build/Debug-watchos/AITranslateLib-t.build/Objects-normal/arm64_32/AITranslateLib.swiftmodule -serialize-diagnostics -dependency-scan-serialize-diagnostics-path /Users/admin/builder/spi-builder-workspace/.derivedData/Build/Intermediates.noindex/ai-translate.build/Debug-watchos/AITranslateLib-t.build/Objects-normal/arm64_32/AITranslateLib-dependency-scan.dia -validate-clang-modules-once -clang-build-session-file /Users/admin/builder/spi-builder-workspace/.derivedData/ModuleCache.noindex/Session.modulevalidation -Xcc -fmodules-prune-interval\=86400 -Xcc -fmodules-prune-after\=345600 -package-name spi_builder_workspace -emit-const-values -const-gather-protocols-list /Users/admin/builder/spi-builder-workspace/.derivedData/Build/Intermediates.noindex/ai-translate.build/Debug-watchos/AITranslateLib-t.build/Objects-normal/arm64_32/AITranslateLib_const_extract_protocols.json -Xcc -I/Users/admin/builder/spi-builder-workspace/.derivedData/Build/Products/Debug-watchos/include -Xcc -I/Users/admin/builder/spi-builder-workspace/.derivedData/Build/Intermediates.noindex/ai-translate.build/Debug-watchos/AITranslateLib-t.build/DerivedSources-normal/arm64_32 -Xcc -I/Users/admin/builder/spi-builder-workspace/.derivedData/Build/Intermediates.noindex/ai-translate.build/Debug-watchos/AITranslateLib-t.build/DerivedSources/arm64_32 -Xcc -I/Users/admin/builder/spi-builder-workspace/.derivedData/Build/Intermediates.noindex/ai-translate.build/Debug-watchos/AITranslateLib-t.build/DerivedSources -Xcc -DSWIFT_PACKAGE -Xcc -DDEBUG\=1 -emit-objc-header -emit-objc-header-path /Users/admin/builder/spi-builder-workspace/.derivedData/Build/Intermediates.noindex/ai-translate.build/Debug-watchos/AITranslateLib-t.build/Objects-normal/arm64_32/AITranslateLib-Swift.h -working-directory /Users/admin/builder/spi-builder-workspace/.swiftpm/xcode -experimental-emit-module-separately -disable-cmo
SwiftDriver AITranslateLib normal arm64 com.apple.xcode.tools.swift.compiler (in target 'AITranslateLib' from project 'ai-translate')
cd /Users/admin/builder/spi-builder-workspace/.swiftpm/xcode
builtin-SwiftDriver -- /Applications/Xcode-27.0.0-Release.Candidate.app/Contents/Developer/Toolchains/XcodeDefault.xctoolchain/usr/bin/swiftc -parse-as-library -module-name AITranslateLib -Onone @/Users/admin/builder/spi-builder-workspace/.derivedData/Build/Intermediates.noindex/ai-translate.build/Debug-watchos/AITranslateLib-t.build/Objects-normal/arm64/AITranslateLib.SwiftFileList -DSWIFT_PACKAGE -DDEBUG -DSWIFT_MODULE_RESOURCE_BUNDLE_UNAVAILABLE -DXcode -plugin-path /Applications/Xcode-27.0.0-Release.Candidate.app/Contents/Developer/Toolchains/XcodeDefault.xctoolchain/usr/lib/swift/host/plugins/testing -enable-experimental-feature DebugDescriptionMacro -sdk /Applications/Xcode-27.0.0-Release.Candidate.app/Contents/Developer/Platforms/WatchOS.platform/Developer/SDKs/WatchOS27.0.sdk -target arm64-apple-watchos9.0 -g -module-cache-path /Users/admin/builder/spi-builder-workspace/.derivedData/ModuleCache.noindex -Xfrontend -serialize-debugging-options -profile-coverage-mapping -profile-generate -enable-testing -index-store-path /Users/admin/builder/spi-builder-workspace/.derivedData/Index.noindex/DataStore -Xcc -D_LIBCPP_HARDENING_MODE\=_LIBCPP_HARDENING_MODE_DEBUG -swift-version 5 -I /Users/admin/builder/spi-builder-workspace/.derivedData/Build/Products/Debug-watchos -Isystem /Applications/Xcode-27.0.0-Release.Candidate.app/Contents/Developer/Platforms/WatchOS.platform/Developer/usr/lib -F /Users/admin/builder/spi-builder-workspace/.derivedData/Build/Products/Debug-watchos/PackageFrameworks -F /Users/admin/builder/spi-builder-workspace/.derivedData/Build/Products/Debug-watchos -F /Applications/Xcode-27.0.0-Release.Candidate.app/Contents/Developer/Platforms/WatchOS.platform/Developer/Library/Frameworks -F /Applications/Xcode-27.0.0-Release.Candidate.app/Contents/Developer/Platforms/WatchOS.platform/Developer/SDKs/WatchOS27.0.sdk/Developer/Library/Frameworks -c -j10 -enable-batch-mode -incremental -Xcc -ivfsstatcache -Xcc /Users/admin/builder/spi-builder-workspace/.derivedData/SDKStatCaches.noindex/watchos27.0-24R360-e829b21a6f8c9b70876ba0858053c04477534ef55a1706bf4c1112bbb242f0a2.sdkstatcache -output-file-map /Users/admin/builder/spi-builder-workspace/.derivedData/Build/Intermediates.noindex/ai-translate.build/Debug-watchos/AITranslateLib-t.build/Objects-normal/arm64/AITranslateLib-OutputFileMap.json -save-temps -no-color-diagnostics -explicit-module-build -module-cache-path /Users/admin/builder/spi-builder-workspace/.derivedData/Build/Intermediates.noindex/SwiftExplicitPrecompiledModules -clang-scanner-module-cache-path /Users/admin/builder/spi-builder-workspace/.derivedData/ModuleCache.noindex -sdk-module-cache-path /Users/admin/builder/spi-builder-workspace/.derivedData/SDKExplicitPrecompiledModules -emit-dependencies -emit-module -emit-module-path /Users/admin/builder/spi-builder-workspace/.derivedData/Build/Intermediates.noindex/ai-translate.build/Debug-watchos/AITranslateLib-t.build/Objects-normal/arm64/AITranslateLib.swiftmodule -serialize-diagnostics -dependency-scan-serialize-diagnostics-path /Users/admin/builder/spi-builder-workspace/.derivedData/Build/Intermediates.noindex/ai-translate.build/Debug-watchos/AITranslateLib-t.build/Objects-normal/arm64/AITranslateLib-dependency-scan.dia -validate-clang-modules-once -clang-build-session-file /Users/admin/builder/spi-builder-workspace/.derivedData/ModuleCache.noindex/Session.modulevalidation -Xcc -fmodules-prune-interval\=86400 -Xcc -fmodules-prune-after\=345600 -package-name spi_builder_workspace -emit-const-values -const-gather-protocols-list /Users/admin/builder/spi-builder-workspace/.derivedData/Build/Intermediates.noindex/ai-translate.build/Debug-watchos/AITranslateLib-t.build/Objects-normal/arm64/AITranslateLib_const_extract_protocols.json -Xcc -I/Users/admin/builder/spi-builder-workspace/.derivedData/Build/Products/Debug-watchos/include -Xcc -I/Users/admin/builder/spi-builder-workspace/.derivedData/Build/Intermediates.noindex/ai-translate.build/Debug-watchos/AITranslateLib-t.build/DerivedSources-normal/arm64 -Xcc -I/Users/admin/builder/spi-builder-workspace/.derivedData/Build/Intermediates.noindex/ai-translate.build/Debug-watchos/AITranslateLib-t.build/DerivedSources/arm64 -Xcc -I/Users/admin/builder/spi-builder-workspace/.derivedData/Build/Intermediates.noindex/ai-translate.build/Debug-watchos/AITranslateLib-t.build/DerivedSources -Xcc -DSWIFT_PACKAGE -Xcc -DDEBUG\=1 -emit-objc-header -emit-objc-header-path /Users/admin/builder/spi-builder-workspace/.derivedData/Build/Intermediates.noindex/ai-translate.build/Debug-watchos/AITranslateLib-t.build/Objects-normal/arm64/AITranslateLib-Swift.h -working-directory /Users/admin/builder/spi-builder-workspace/.swiftpm/xcode -experimental-emit-module-separately -disable-cmo
SwiftDriver ai-translate normal arm64 com.apple.xcode.tools.swift.compiler (in target 'ai-translate-product' from project 'ai-translate')
cd /Users/admin/builder/spi-builder-workspace/.swiftpm/xcode
builtin-SwiftDriver -- /Applications/Xcode-27.0.0-Release.Candidate.app/Contents/Developer/Toolchains/XcodeDefault.xctoolchain/usr/bin/swiftc -parse-as-library -module-name AITranslate -Onone @/Users/admin/builder/spi-builder-workspace/.derivedData/Build/Intermediates.noindex/ai-translate.build/Debug-watchos/ai-translate-p.build/Objects-normal/arm64/ai-translate.SwiftFileList -DSWIFT_PACKAGE -DDEBUG -DXcode -plugin-path /Applications/Xcode-27.0.0-Release.Candidate.app/Contents/Developer/Toolchains/XcodeDefault.xctoolchain/usr/lib/swift/host/plugins/testing -enable-experimental-feature DebugDescriptionMacro -sdk /Applications/Xcode-27.0.0-Release.Candidate.app/Contents/Developer/Platforms/WatchOS.platform/Developer/SDKs/WatchOS27.0.sdk -target arm64-apple-watchos9.0 -g -module-cache-path /Users/admin/builder/spi-builder-workspace/.derivedData/ModuleCache.noindex -Xfrontend -serialize-debugging-options -profile-coverage-mapping -profile-generate -enable-testing -index-store-path /Users/admin/builder/spi-builder-workspace/.derivedData/Index.noindex/DataStore -Xcc -D_LIBCPP_HARDENING_MODE\=_LIBCPP_HARDENING_MODE_DEBUG -swift-version 5 -I /Users/admin/builder/spi-builder-workspace/.derivedData/Build/Products/Debug-watchos -Isystem /Applications/Xcode-27.0.0-Release.Candidate.app/Contents/Developer/Platforms/WatchOS.platform/Developer/usr/lib -F /Users/admin/builder/spi-builder-workspace/.derivedData/Build/Products/Debug-watchos/PackageFrameworks -F /Users/admin/builder/spi-builder-workspace/.derivedData/Build/Products/Debug-watchos -F /Applications/Xcode-27.0.0-Release.Candidate.app/Contents/Developer/Platforms/WatchOS.platform/Developer/Library/Frameworks -F /Applications/Xcode-27.0.0-Release.Candidate.app/Contents/Developer/Platforms/WatchOS.platform/Developer/SDKs/WatchOS27.0.sdk/Developer/Library/Frameworks -c -j10 -enable-batch-mode -incremental -Xcc -ivfsstatcache -Xcc /Users/admin/builder/spi-builder-workspace/.derivedData/SDKStatCaches.noindex/watchos27.0-24R360-e829b21a6f8c9b70876ba0858053c04477534ef55a1706bf4c1112bbb242f0a2.sdkstatcache -output-file-map /Users/admin/builder/spi-builder-workspace/.derivedData/Build/Intermediates.noindex/ai-translate.build/Debug-watchos/ai-translate-p.build/Objects-normal/arm64/ai-translate-OutputFileMap.json -save-temps -no-color-diagnostics -explicit-module-build -module-cache-path /Users/admin/builder/spi-builder-workspace/.derivedData/Build/Intermediates.noindex/SwiftExplicitPrecompiledModules -clang-scanner-module-cache-path /Users/admin/builder/spi-builder-workspace/.derivedData/ModuleCache.noindex -sdk-module-cache-path /Users/admin/builder/spi-builder-workspace/.derivedData/SDKExplicitPrecompiledModules -emit-dependencies -emit-module -emit-module-path /Users/admin/builder/spi-builder-workspace/.derivedData/Build/Intermediates.noindex/ai-translate.build/Debug-watchos/ai-translate-p.build/Objects-normal/arm64/AITranslate.swiftmodule -serialize-diagnostics -dependency-scan-serialize-diagnostics-path /Users/admin/builder/spi-builder-workspace/.derivedData/Build/Intermediates.noindex/ai-translate.build/Debug-watchos/ai-translate-p.build/Objects-normal/arm64/AITranslate-dependency-scan.dia -validate-clang-modules-once -clang-build-session-file /Users/admin/builder/spi-builder-workspace/.derivedData/ModuleCache.noindex/Session.modulevalidation -Xcc -fmodules-prune-interval\=86400 -Xcc -fmodules-prune-after\=345600 -package-name spi_builder_workspace -emit-const-values -const-gather-protocols-list /Users/admin/builder/spi-builder-workspace/.derivedData/Build/Intermediates.noindex/ai-translate.build/Debug-watchos/ai-translate-p.build/Objects-normal/arm64/ai-translate_const_extract_protocols.json -Xcc -I/Users/admin/builder/spi-builder-workspace/.derivedData/Build/Products/Debug-watchos/include -Xcc -I/Users/admin/builder/spi-builder-workspace/.derivedData/Build/Intermediates.noindex/ai-translate.build/Debug-watchos/ai-translate-p.build/DerivedSources-normal/arm64 -Xcc -I/Users/admin/builder/spi-builder-workspace/.derivedData/Build/Intermediates.noindex/ai-translate.build/Debug-watchos/ai-translate-p.build/DerivedSources/arm64 -Xcc -I/Users/admin/builder/spi-builder-workspace/.derivedData/Build/Intermediates.noindex/ai-translate.build/Debug-watchos/ai-translate-p.build/DerivedSources -Xcc -DSWIFT_PACKAGE -Xcc -DDEBUG\=1 -working-directory /Users/admin/builder/spi-builder-workspace/.swiftpm/xcode -experimental-emit-module-separately -disable-cmo
SwiftDriver ai-translate normal arm64_32 com.apple.xcode.tools.swift.compiler (in target 'ai-translate-product' from project 'ai-translate')
cd /Users/admin/builder/spi-builder-workspace/.swiftpm/xcode
builtin-SwiftDriver -- /Applications/Xcode-27.0.0-Release.Candidate.app/Contents/Developer/Toolchains/XcodeDefault.xctoolchain/usr/bin/swiftc -parse-as-library -module-name AITranslate -Onone @/Users/admin/builder/spi-builder-workspace/.derivedData/Build/Intermediates.noindex/ai-translate.build/Debug-watchos/ai-translate-p.build/Objects-normal/arm64_32/ai-translate.SwiftFileList -DSWIFT_PACKAGE -DDEBUG -DXcode -plugin-path /Applications/Xcode-27.0.0-Release.Candidate.app/Contents/Developer/Toolchains/XcodeDefault.xctoolchain/usr/lib/swift/host/plugins/testing -enable-experimental-feature DebugDescriptionMacro -sdk /Applications/Xcode-27.0.0-Release.Candidate.app/Contents/Developer/Platforms/WatchOS.platform/Developer/SDKs/WatchOS27.0.sdk -target arm64_32-apple-watchos9.0 -g -module-cache-path /Users/admin/builder/spi-builder-workspace/.derivedData/ModuleCache.noindex -Xfrontend -serialize-debugging-options -profile-coverage-mapping -profile-generate -enable-testing -index-store-path /Users/admin/builder/spi-builder-workspace/.derivedData/Index.noindex/DataStore -Xcc -D_LIBCPP_HARDENING_MODE\=_LIBCPP_HARDENING_MODE_DEBUG -swift-version 5 -I /Users/admin/builder/spi-builder-workspace/.derivedData/Build/Products/Debug-watchos -Isystem /Applications/Xcode-27.0.0-Release.Candidate.app/Contents/Developer/Platforms/WatchOS.platform/Developer/usr/lib -F /Users/admin/builder/spi-builder-workspace/.derivedData/Build/Products/Debug-watchos/PackageFrameworks -F /Users/admin/builder/spi-builder-workspace/.derivedData/Build/Products/Debug-watchos -F /Applications/Xcode-27.0.0-Release.Candidate.app/Contents/Developer/Platforms/WatchOS.platform/Developer/Library/Frameworks -F /Applications/Xcode-27.0.0-Release.Candidate.app/Contents/Developer/Platforms/WatchOS.platform/Developer/SDKs/WatchOS27.0.sdk/Developer/Library/Frameworks -c -j10 -enable-batch-mode -incremental -Xcc -ivfsstatcache -Xcc /Users/admin/builder/spi-builder-workspace/.derivedData/SDKStatCaches.noindex/watchos27.0-24R360-e829b21a6f8c9b70876ba0858053c04477534ef55a1706bf4c1112bbb242f0a2.sdkstatcache -output-file-map /Users/admin/builder/spi-builder-workspace/.derivedData/Build/Intermediates.noindex/ai-translate.build/Debug-watchos/ai-translate-p.build/Objects-normal/arm64_32/ai-translate-OutputFileMap.json -save-temps -no-color-diagnostics -explicit-module-build -module-cache-path /Users/admin/builder/spi-builder-workspace/.derivedData/Build/Intermediates.noindex/SwiftExplicitPrecompiledModules -clang-scanner-module-cache-path /Users/admin/builder/spi-builder-workspace/.derivedData/ModuleCache.noindex -sdk-module-cache-path /Users/admin/builder/spi-builder-workspace/.derivedData/SDKExplicitPrecompiledModules -emit-dependencies -emit-module -emit-module-path /Users/admin/builder/spi-builder-workspace/.derivedData/Build/Intermediates.noindex/ai-translate.build/Debug-watchos/ai-translate-p.build/Objects-normal/arm64_32/AITranslate.swiftmodule -serialize-diagnostics -dependency-scan-serialize-diagnostics-path /Users/admin/builder/spi-builder-workspace/.derivedData/Build/Intermediates.noindex/ai-translate.build/Debug-watchos/ai-translate-p.build/Objects-normal/arm64_32/AITranslate-dependency-scan.dia -validate-clang-modules-once -clang-build-session-file /Users/admin/builder/spi-builder-workspace/.derivedData/ModuleCache.noindex/Session.modulevalidation -Xcc -fmodules-prune-interval\=86400 -Xcc -fmodules-prune-after\=345600 -package-name spi_builder_workspace -emit-const-values -const-gather-protocols-list /Users/admin/builder/spi-builder-workspace/.derivedData/Build/Intermediates.noindex/ai-translate.build/Debug-watchos/ai-translate-p.build/Objects-normal/arm64_32/ai-translate_const_extract_protocols.json -Xcc -I/Users/admin/builder/spi-builder-workspace/.derivedData/Build/Products/Debug-watchos/include -Xcc -I/Users/admin/builder/spi-builder-workspace/.derivedData/Build/Intermediates.noindex/ai-translate.build/Debug-watchos/ai-translate-p.build/DerivedSources-normal/arm64_32 -Xcc -I/Users/admin/builder/spi-builder-workspace/.derivedData/Build/Intermediates.noindex/ai-translate.build/Debug-watchos/ai-translate-p.build/DerivedSources/arm64_32 -Xcc -I/Users/admin/builder/spi-builder-workspace/.derivedData/Build/Intermediates.noindex/ai-translate.build/Debug-watchos/ai-translate-p.build/DerivedSources -Xcc -DSWIFT_PACKAGE -Xcc -DDEBUG\=1 -working-directory /Users/admin/builder/spi-builder-workspace/.swiftpm/xcode -experimental-emit-module-separately -disable-cmo
SwiftCompile normal arm64 Compiling\ ProgressDisplay.swift /Users/admin/builder/spi-builder-workspace/Sources/AITranslateLib/ProgressDisplay.swift (in target 'AITranslateLib' from project 'ai-translate')
SwiftCompile normal arm64 /Users/admin/builder/spi-builder-workspace/Sources/AITranslateLib/ProgressDisplay.swift (in target 'AITranslateLib' from project 'ai-translate')
cd /Users/admin/builder/spi-builder-workspace/.swiftpm/xcode
builtin-SwiftPerFileCompile ProgressDisplay.swift
SwiftCompile normal arm64 Compiling\ ProgressReporter.swift /Users/admin/builder/spi-builder-workspace/Sources/AITranslateLib/ProgressReporter.swift (in target 'AITranslateLib' from project 'ai-translate')
SwiftCompile normal arm64 /Users/admin/builder/spi-builder-workspace/Sources/AITranslateLib/ProgressReporter.swift (in target 'AITranslateLib' from project 'ai-translate')
cd /Users/admin/builder/spi-builder-workspace/.swiftpm/xcode
builtin-SwiftPerFileCompile ProgressReporter.swift
SwiftCompile normal arm64 Compiling\ AITranslate.swift /Users/admin/builder/spi-builder-workspace/Sources/AITranslateLib/AITranslate.swift (in target 'AITranslateLib' from project 'ai-translate')
/Users/admin/builder/spi-builder-workspace/Sources/AITranslateLib/AITranslate.swift:381:32: error: 'trashItem(at:resultingItemURL:)' is unavailable in watchOS
379 | let backupFileURL = inputFile.appendingPathExtension("original")
380 |
381 | try? FileManager.default.trashItem(
| `- error: 'trashItem(at:resultingItemURL:)' is unavailable in watchOS
382 | at: backupFileURL,
383 | resultingItemURL: nil
/Applications/Xcode-27.0.0-Release.Candidate.app/Contents/Developer/Platforms/WatchOS.platform/Developer/SDKs/WatchOS27.0.sdk/System/Library/Frameworks/Foundation.framework/Headers/NSFileManager.h:469:1: note: 'trashItem(at:resultingItemURL:)' has been explicitly marked unavailable here
467 | /// - error: On input, a pointer to an error object. If an error occurs, this pointer is set to an actual error object containing the error information. You may specify `nil` for this parameter if you do not want the error information.
468 | /// - Returns: `YES` if the item at `url` was successfully moved to the trash, or `NO` if the item was not moved to the trash.
469 | - (BOOL)trashItemAtURL:(NSURL *)url resultingItemURL:(NSURL * _Nullable * _Nullable)outResultingURL error:(NSError **)error API_AVAILABLE(macos(10.8), ios(11.0)) API_UNAVAILABLE(watchos, tvos);
| `- note: 'trashItem(at:resultingItemURL:)' has been explicitly marked unavailable here
470 |
471 | /// Returns a dictionary that describes the POSIX attributes of the file specified at a given path.
Failed frontend command:
/Applications/Xcode-27.0.0-Release.Candidate.app/Contents/Developer/Toolchains/XcodeDefault.xctoolchain/usr/bin/swift-frontend -frontend -c -primary-file /Users/admin/builder/spi-builder-workspace/Sources/AITranslateLib/AITranslate.swift /Users/admin/builder/spi-builder-workspace/Sources/AITranslateLib/API.swift /Users/admin/builder/spi-builder-workspace/Sources/AITranslateLib/ProgressDisplay.swift /Users/admin/builder/spi-builder-workspace/Sources/AITranslateLib/ProgressReporter.swift /Users/admin/builder/spi-builder-workspace/Sources/AITranslateLib/StringCatalog.swift /Users/admin/builder/spi-builder-workspace/Sources/AITranslateLib/TranslationProgress.swift -emit-dependencies-path /Users/admin/builder/spi-builder-workspace/.derivedData/Build/Intermediates.noindex/ai-translate.build/Debug-watchos/AITranslateLib-t.build/Objects-normal/arm64/AITranslate.d -emit-const-values-path /Users/admin/builder/spi-builder-workspace/.derivedData/Build/Intermediates.noindex/ai-translate.build/Debug-watchos/AITranslateLib-t.build/Objects-normal/arm64/AITranslate.swiftconstvalues -emit-reference-dependencies-path /Users/admin/builder/spi-builder-workspace/.derivedData/Build/Intermediates.noindex/ai-translate.build/Debug-watchos/AITranslateLib-t.build/Objects-normal/arm64/AITranslate.swiftdeps -serialize-diagnostics-path /Users/admin/builder/spi-builder-workspace/.derivedData/Build/Intermediates.noindex/ai-translate.build/Debug-watchos/AITranslateLib-t.build/Objects-normal/arm64/AITranslate.dia -target arm64-apple-watchos9.0 -module-can-import-version Darwin 428.0.10 0 -disable-cross-import-overlay-search -swift-module-cross-import Darwin /Applications/Xcode-27.0.0-Release.Candidate.app/Contents/Developer/Platforms/WatchOS.platform/Developer/SDKs/WatchOS.sdk/usr/include/Darwin.swiftcrossimport/xlocale.swiftoverlay -load-resolved-plugin /Applications/Xcode-27.0.0-Release.Candidate.app/Contents/Developer/Platforms/WatchOS.platform/Developer/usr/lib/swift/host/plugins/libFoundationMacros.dylib\#/Applications/Xcode-27.0.0-Release.Candidate.app/Contents/Developer/Platforms/WatchOS.platform/Developer/usr/bin/swift-plugin-server\#FoundationMacros -load-resolved-plugin /Applications/Xcode-27.0.0-Release.Candidate.app/Contents/Developer/Platforms/WatchOS.platform/Developer/usr/lib/swift/host/plugins/libObservationMacros.dylib\#/Applications/Xcode-27.0.0-Release.Candidate.app/Contents/Developer/Platforms/WatchOS.platform/Developer/usr/bin/swift-plugin-server\#ObservationMacros -load-resolved-plugin /Applications/Xcode-27.0.0-Release.Candidate.app/Contents/Developer/Platforms/WatchOS.platform/Developer/usr/lib/swift/host/plugins/libSwiftMacros.dylib\#/Applications/Xcode-27.0.0-Release.Candidate.app/Contents/Developer/Platforms/WatchOS.platform/Developer/usr/bin/swift-plugin-server\#SwiftMacros -disable-implicit-swift-modules -Xcc -fno-implicit-modules -Xcc -fno-implicit-module-maps -explicit-swift-module-map-file /Users/admin/builder/spi-builder-workspace/.derivedData/Build/Intermediates.noindex/ai-translate.build/Debug-watchos/AITranslateLib-t.build/Objects-normal/arm64/AITranslateLib-dependencies-2.json -Xllvm -aarch64-use-tbi -enable-objc-interop -stack-check -sdk /Applications/Xcode-27.0.0-Release.Candidate.app/Contents/Developer/Platforms/WatchOS.platform/Developer/SDKs/WatchOS27.0.sdk -I /Users/admin/builder/spi-builder-workspace/.derivedData/Build/Products/Debug-watchos -Isystem /Applications/Xcode-27.0.0-Release.Candidate.app/Contents/Developer/Platforms/WatchOS.platform/Developer/usr/lib -F /Users/admin/builder/spi-builder-workspace/.derivedData/Build/Products/Debug-watchos/PackageFrameworks -F /Users/admin/builder/spi-builder-workspace/.derivedData/Build/Products/Debug-watchos -F /Applications/Xcode-27.0.0-Release.Candidate.app/Contents/Developer/Platforms/WatchOS.platform/Developer/Library/Frameworks -F /Applications/Xcode-27.0.0-Release.Candidate.app/Contents/Developer/Platforms/WatchOS.platform/Developer/SDKs/WatchOS27.0.sdk/Developer/Library/Frameworks -module-cache-path /Users/admin/builder/spi-builder-workspace/.derivedData/Build/Intermediates.noindex/SwiftExplicitPrecompiledModules -no-color-diagnostics -Xcc -fno-color-diagnostics -enable-testing -g -debug-info-format\=dwarf -dwarf-version\=4 -profile-generate -profile-coverage-mapping -swift-version 5 -Onone -D SWIFT_PACKAGE -D DEBUG -D SWIFT_MODULE_RESOURCE_BUNDLE_UNAVAILABLE -D Xcode -serialize-debugging-options -enable-experimental-feature DebugDescriptionMacro -empty-abi-descriptor -validate-clang-modules-once -clang-build-session-file /Users/admin/builder/spi-builder-workspace/.derivedData/ModuleCache.noindex/Session.modulevalidation -Xcc -working-directory -Xcc /Users/admin/builder/spi-builder-workspace/.swiftpm/xcode -enable-anonymous-context-mangled-names -file-compilation-dir /Users/admin/builder/spi-builder-workspace/.swiftpm/xcode -Xcc -D_LIBCPP_HARDENING_MODE\=_LIBCPP_HARDENING_MODE_DEBUG -Xcc -ivfsstatcache -Xcc /Users/admin/builder/spi-builder-workspace/.derivedData/SDKStatCaches.noindex/watchos27.0-24R360-e829b21a6f8c9b70876ba0858053c04477534ef55a1706bf4c1112bbb242f0a2.sdkstatcache -Xcc -fmodules-prune-interval\=86400 -Xcc -fmodules-prune-after\=345600 -Xcc -I/Users/admin/builder/spi-builder-workspace/.derivedData/Build/Products/Debug-watchos/include -Xcc -I/Users/admin/builder/spi-builder-workspace/.derivedData/Build/Intermediates.noindex/ai-translate.build/Debug-watchos/AITranslateLib-t.build/DerivedSources-normal/arm64 -Xcc -I/Users/admin/builder/spi-builder-workspace/.derivedData/Build/Intermediates.noindex/ai-translate.build/Debug-watchos/AITranslateLib-t.build/DerivedSources/arm64 -Xcc -I/Users/admin/builder/spi-builder-workspace/.derivedData/Build/Intermediates.noindex/ai-translate.build/Debug-watchos/AITranslateLib-t.build/DerivedSources -Xcc -DSWIFT_PACKAGE -Xcc -DDEBUG\=1 -no-auto-bridging-header-chaining -module-name AITranslateLib -package-name spi_builder_workspace -const-gather-protocols-file /Users/admin/builder/spi-builder-workspace/.derivedData/Build/Intermediates.noindex/ai-translate.build/Debug-watchos/AITranslateLib-t.build/Objects-normal/arm64/AITranslateLib_const_extract_protocols.json -disable-clang-spi -clang-target arm64-apple-watchos27.0 -target-sdk-version 27.0 -target-sdk-name watchos27.0 -in-process-plugin-server-path /Applications/Xcode-27.0.0-Release.Candidate.app/Contents/Developer/Toolchains/XcodeDefault.xctoolchain/usr/lib/swift/host/libSwiftInProcPluginServer.dylib -parse-as-library -o /Users/admin/builder/spi-builder-workspace/.derivedData/Build/Intermediates.noindex/ai-translate.build/Debug-watchos/AITranslateLib-t.build/Objects-normal/arm64/AITranslate.o -debug-module-path /Users/admin/builder/spi-builder-workspace/.derivedData/Build/Intermediates.noindex/ai-translate.build/Debug-watchos/AITranslateLib-t.build/Objects-normal/arm64/AITranslateLib.swiftmodule -index-unit-output-path /ai-translate.build/Debug-watchos/AITranslateLib-t.build/Objects-normal/arm64/AITranslate.o -index-store-path /Users/admin/builder/spi-builder-workspace/.derivedData/Index.noindex/DataStore -index-system-modules
SwiftCompile normal arm64 /Users/admin/builder/spi-builder-workspace/Sources/AITranslateLib/AITranslate.swift (in target 'AITranslateLib' from project 'ai-translate')
cd /Users/admin/builder/spi-builder-workspace/.swiftpm/xcode
builtin-SwiftPerFileCompile AITranslate.swift
SwiftCompile normal arm64 Compiling\ API.swift /Users/admin/builder/spi-builder-workspace/Sources/AITranslateLib/API.swift (in target 'AITranslateLib' from project 'ai-translate')
SwiftCompile normal arm64 /Users/admin/builder/spi-builder-workspace/Sources/AITranslateLib/API.swift (in target 'AITranslateLib' from project 'ai-translate')
cd /Users/admin/builder/spi-builder-workspace/.swiftpm/xcode
builtin-SwiftPerFileCompile API.swift
SwiftEmitModule normal arm64 Emitting\ module\ for\ AITranslateLib (in target 'AITranslateLib' from project 'ai-translate')
SwiftCompile normal arm64 (in target 'AITranslateLib' from project 'ai-translate')
cd /Users/admin/builder/spi-builder-workspace/.swiftpm/xcode
SwiftCompile normal arm64 Compiling\ TranslationProgress.swift /Users/admin/builder/spi-builder-workspace/Sources/AITranslateLib/TranslationProgress.swift (in target 'AITranslateLib' from project 'ai-translate')
SwiftCompile normal arm64 /Users/admin/builder/spi-builder-workspace/Sources/AITranslateLib/TranslationProgress.swift (in target 'AITranslateLib' from project 'ai-translate')
cd /Users/admin/builder/spi-builder-workspace/.swiftpm/xcode
builtin-SwiftPerFileCompile TranslationProgress.swift
SwiftEmitModule normal arm64_32 Emitting\ module\ for\ AITranslateLib (in target 'AITranslateLib' from project 'ai-translate')
SwiftCompile normal arm64_32 (in target 'AITranslateLib' from project 'ai-translate')
cd /Users/admin/builder/spi-builder-workspace/.swiftpm/xcode
SwiftCompile normal arm64_32 Compiling\ TranslationProgress.swift /Users/admin/builder/spi-builder-workspace/Sources/AITranslateLib/TranslationProgress.swift (in target 'AITranslateLib' from project 'ai-translate')
SwiftCompile normal arm64_32 /Users/admin/builder/spi-builder-workspace/Sources/AITranslateLib/TranslationProgress.swift (in target 'AITranslateLib' from project 'ai-translate')
cd /Users/admin/builder/spi-builder-workspace/.swiftpm/xcode
builtin-SwiftPerFileCompile TranslationProgress.swift
SwiftEmitModule normal arm64_32 Emitting\ module\ for\ AITranslate (in target 'ai-translate-product' from project 'ai-translate')
SwiftCompile normal arm64_32 (in target 'ai-translate-product' from project 'ai-translate')
cd /Users/admin/builder/spi-builder-workspace/.swiftpm/xcode
SwiftEmitModule normal arm64 Emitting\ module\ for\ AITranslate (in target 'ai-translate-product' from project 'ai-translate')
SwiftCompile normal arm64 (in target 'ai-translate-product' from project 'ai-translate')
cd /Users/admin/builder/spi-builder-workspace/.swiftpm/xcode
SwiftEmitModule normal arm64_32 Emitting\ module\ for\ OpenAI (in target 'OpenAI' from project 'OpenAI')
SwiftCompile normal arm64_32 (in target 'OpenAI' from project 'OpenAI')
cd /Users/admin/builder/spi-builder-workspace/.swiftpm/xcode
SwiftDriverJobDiscovery normal arm64 Compiling ProgressReporter.swift (in target 'AITranslateLib' from project 'ai-translate')
SwiftCompile normal arm64_32 Compiling\ AITranslateCommand.swift /Users/admin/builder/spi-builder-workspace/Sources/AITranslate/AITranslateCommand.swift (in target 'ai-translate-product' from project 'ai-translate')
SwiftCompile normal arm64_32 /Users/admin/builder/spi-builder-workspace/Sources/AITranslate/AITranslateCommand.swift (in target 'ai-translate-product' from project 'ai-translate')
cd /Users/admin/builder/spi-builder-workspace/.swiftpm/xcode
builtin-SwiftPerFileCompile AITranslateCommand.swift
SwiftCompile normal arm64 Compiling\ AITranslateCommand.swift /Users/admin/builder/spi-builder-workspace/Sources/AITranslate/AITranslateCommand.swift (in target 'ai-translate-product' from project 'ai-translate')
SwiftCompile normal arm64 /Users/admin/builder/spi-builder-workspace/Sources/AITranslate/AITranslateCommand.swift (in target 'ai-translate-product' from project 'ai-translate')
cd /Users/admin/builder/spi-builder-workspace/.swiftpm/xcode
builtin-SwiftPerFileCompile AITranslateCommand.swift
SwiftDriverJobDiscovery normal arm64 Compiling API.swift (in target 'AITranslateLib' from project 'ai-translate')
SwiftDriverJobDiscovery normal arm64 Compiling TranslationProgress.swift (in target 'AITranslateLib' from project 'ai-translate')
SwiftCompile normal arm64_32 Compiling\ OpenAI+OpenAIAsync.swift,\ OpenAI+OpenAICombine.swift,\ OpenAI.swift,\ AssistantsRequest.swift,\ CancellablesFactory.swift,\ ChatQuery+CustomStringConvertible.swift,\ AsyncClient.swift,\ Client.swift,\ CombineClient.swift,\ StreamingClient.swift,\ CodingUserInfoKey+ParsingOptions.swift,\ DataTaskFactory.swift,\ DescribedError.swift,\ DispatchQueue+Static.swift,\ ExecutionSerializer.swift /Users/admin/builder/spi-builder-workspace/.dependencies/checkouts/OpenAI/Sources/OpenAI/OpenAI+OpenAIAsync.swift /Users/admin/builder/spi-builder-workspace/.dependencies/checkouts/OpenAI/Sources/OpenAI/OpenAI+OpenAICombine.swift /Users/admin/builder/spi-builder-workspace/.dependencies/checkouts/OpenAI/Sources/OpenAI/OpenAI.swift /Users/admin/builder/spi-builder-workspace/.dependencies/checkouts/OpenAI/Sources/OpenAI/Private/AssistantsRequest.swift /Users/admin/builder/spi-builder-workspace/.dependencies/checkouts/OpenAI/Sources/OpenAI/Private/CancellablesFactory.swift /Users/admin/builder/spi-builder-workspace/.dependencies/checkouts/OpenAI/Sources/OpenAI/Private/ChatQuery+CustomStringConvertible.swift /Users/admin/builder/spi-builder-workspace/.dependencies/checkouts/OpenAI/Sources/OpenAI/Private/Client/AsyncClient.swift /Users/admin/builder/spi-builder-workspace/.dependencies/checkouts/OpenAI/Sources/OpenAI/Private/Client/Client.swift /Users/admin/builder/spi-builder-workspace/.dependencies/checkouts/OpenAI/Sources/OpenAI/Private/Client/CombineClient.swift /Users/admin/builder/spi-builder-workspace/.dependencies/checkouts/OpenAI/Sources/OpenAI/Private/Client/StreamingClient.swift /Users/admin/builder/spi-builder-workspace/.dependencies/checkouts/OpenAI/Sources/OpenAI/Private/CodingUserInfoKey+ParsingOptions.swift /Users/admin/builder/spi-builder-workspace/.dependencies/checkouts/OpenAI/Sources/OpenAI/Private/DataTaskFactory.swift /Users/admin/builder/spi-builder-workspace/.dependencies/checkouts/OpenAI/Sources/OpenAI/Private/DescribedError.swift /Users/admin/builder/spi-builder-workspace/.dependencies/checkouts/OpenAI/Sources/OpenAI/Private/DispatchQueue+Static.swift /Users/admin/builder/spi-builder-workspace/.dependencies/checkouts/OpenAI/Sources/OpenAI/Private/ExecutionSerializer.swift (in target 'OpenAI' from project 'OpenAI')
SwiftCompile normal arm64_32 /Users/admin/builder/spi-builder-workspace/.dependencies/checkouts/OpenAI/Sources/OpenAI/OpenAI+OpenAIAsync.swift (in target 'OpenAI' from project 'OpenAI')
cd /Users/admin/builder/spi-builder-workspace/.swiftpm/xcode
builtin-SwiftPerFileCompile OpenAI+OpenAIAsync.swift
SwiftCompile normal arm64_32 /Users/admin/builder/spi-builder-workspace/.dependencies/checkouts/OpenAI/Sources/OpenAI/OpenAI+OpenAICombine.swift (in target 'OpenAI' from project 'OpenAI')
cd /Users/admin/builder/spi-builder-workspace/.swiftpm/xcode
builtin-SwiftPerFileCompile OpenAI+OpenAICombine.swift
SwiftCompile normal arm64_32 /Users/admin/builder/spi-builder-workspace/.dependencies/checkouts/OpenAI/Sources/OpenAI/OpenAI.swift (in target 'OpenAI' from project 'OpenAI')
cd /Users/admin/builder/spi-builder-workspace/.swiftpm/xcode
builtin-SwiftPerFileCompile OpenAI.swift
SwiftCompile normal arm64_32 /Users/admin/builder/spi-builder-workspace/.dependencies/checkouts/OpenAI/Sources/OpenAI/Private/AssistantsRequest.swift (in target 'OpenAI' from project 'OpenAI')
cd /Users/admin/builder/spi-builder-workspace/.swiftpm/xcode
builtin-SwiftPerFileCompile AssistantsRequest.swift
SwiftCompile normal arm64_32 /Users/admin/builder/spi-builder-workspace/.dependencies/checkouts/OpenAI/Sources/OpenAI/Private/CancellablesFactory.swift (in target 'OpenAI' from project 'OpenAI')
cd /Users/admin/builder/spi-builder-workspace/.swiftpm/xcode
builtin-SwiftPerFileCompile CancellablesFactory.swift
SwiftCompile normal arm64_32 /Users/admin/builder/spi-builder-workspace/.dependencies/checkouts/OpenAI/Sources/OpenAI/Private/ChatQuery+CustomStringConvertible.swift (in target 'OpenAI' from project 'OpenAI')
cd /Users/admin/builder/spi-builder-workspace/.swiftpm/xcode
builtin-SwiftPerFileCompile ChatQuery+CustomStringConvertible.swift
SwiftCompile normal arm64_32 /Users/admin/builder/spi-builder-workspace/.dependencies/checkouts/OpenAI/Sources/OpenAI/Private/Client/AsyncClient.swift (in target 'OpenAI' from project 'OpenAI')
cd /Users/admin/builder/spi-builder-workspace/.swiftpm/xcode
builtin-SwiftPerFileCompile AsyncClient.swift
SwiftCompile normal arm64_32 /Users/admin/builder/spi-builder-workspace/.dependencies/checkouts/OpenAI/Sources/OpenAI/Private/Client/Client.swift (in target 'OpenAI' from project 'OpenAI')
cd /Users/admin/builder/spi-builder-workspace/.swiftpm/xcode
builtin-SwiftPerFileCompile Client.swift
SwiftCompile normal arm64_32 /Users/admin/builder/spi-builder-workspace/.dependencies/checkouts/OpenAI/Sources/OpenAI/Private/Client/CombineClient.swift (in target 'OpenAI' from project 'OpenAI')
cd /Users/admin/builder/spi-builder-workspace/.swiftpm/xcode
builtin-SwiftPerFileCompile CombineClient.swift
SwiftCompile normal arm64_32 /Users/admin/builder/spi-builder-workspace/.dependencies/checkouts/OpenAI/Sources/OpenAI/Private/Client/StreamingClient.swift (in target 'OpenAI' from project 'OpenAI')
cd /Users/admin/builder/spi-builder-workspace/.swiftpm/xcode
builtin-SwiftPerFileCompile StreamingClient.swift
SwiftCompile normal arm64_32 /Users/admin/builder/spi-builder-workspace/.dependencies/checkouts/OpenAI/Sources/OpenAI/Private/CodingUserInfoKey+ParsingOptions.swift (in target 'OpenAI' from project 'OpenAI')
cd /Users/admin/builder/spi-builder-workspace/.swiftpm/xcode
builtin-SwiftPerFileCompile CodingUserInfoKey+ParsingOptions.swift
SwiftCompile normal arm64_32 /Users/admin/builder/spi-builder-workspace/.dependencies/checkouts/OpenAI/Sources/OpenAI/Private/DataTaskFactory.swift (in target 'OpenAI' from project 'OpenAI')
cd /Users/admin/builder/spi-builder-workspace/.swiftpm/xcode
builtin-SwiftPerFileCompile DataTaskFactory.swift
SwiftCompile normal arm64_32 /Users/admin/builder/spi-builder-workspace/.dependencies/checkouts/OpenAI/Sources/OpenAI/Private/DescribedError.swift (in target 'OpenAI' from project 'OpenAI')
cd /Users/admin/builder/spi-builder-workspace/.swiftpm/xcode
builtin-SwiftPerFileCompile DescribedError.swift
SwiftCompile normal arm64_32 /Users/admin/builder/spi-builder-workspace/.dependencies/checkouts/OpenAI/Sources/OpenAI/Private/DispatchQueue+Static.swift (in target 'OpenAI' from project 'OpenAI')
cd /Users/admin/builder/spi-builder-workspace/.swiftpm/xcode
builtin-SwiftPerFileCompile DispatchQueue+Static.swift
SwiftCompile normal arm64_32 /Users/admin/builder/spi-builder-workspace/.dependencies/checkouts/OpenAI/Sources/OpenAI/Private/ExecutionSerializer.swift (in target 'OpenAI' from project 'OpenAI')
cd /Users/admin/builder/spi-builder-workspace/.swiftpm/xcode
builtin-SwiftPerFileCompile ExecutionSerializer.swift
SwiftDriverJobDiscovery normal arm64_32 Emitting module for AITranslate (in target 'ai-translate-product' from project 'ai-translate')
PruneExplicitPrecompiledModules /Users/admin/builder/spi-builder-workspace/.derivedData/Build/Intermediates.noindex/ExplicitPrecompiledModules
PruneExplicitPrecompiledModules /Users/admin/builder/spi-builder-workspace/.derivedData/SDKExplicitPrecompiledModules
PruneExplicitPrecompiledModules /Users/admin/builder/spi-builder-workspace/.derivedData/Build/Intermediates.noindex/SwiftExplicitPrecompiledModules
2026-09-24 10:37:16.220 xcodebuild[1151:7074] [MT] IDERunDestination: Supported platforms for the buildables in the current scheme is empty.
** BUILD FAILED **
The following build commands failed:
SwiftCompile normal arm64 Compiling\ AITranslate.swift /Users/admin/builder/spi-builder-workspace/Sources/AITranslateLib/AITranslate.swift (in target 'AITranslateLib' from project 'ai-translate')
SwiftCompile normal arm64 /Users/admin/builder/spi-builder-workspace/Sources/AITranslateLib/AITranslate.swift (in target 'AITranslateLib' from project 'ai-translate')
Building workspace ai-translate with scheme ai-translate-Package
(3 failures)
BUILD FAILURE 6.4 watchOS