Build Information
Failed to build QRScanner, reference master (4f36bd), with Swift 6.4 for visionOS using Xcode 27.0 on 23 Sep 2026 15:21:32 UTC.
Build Command
env DEVELOPER_DIR=/Applications/Xcode-27.0.0-Release.Candidate.app xcrun xcodebuild -IDEClonedSourcePackagesDirPathOverride=$PWD/.dependencies -skipMacroValidation -skipPackagePluginValidation -derivedDataPath $PWD/.derivedData build -scheme QRScanner -destination generic/platform=xrOSBuild Log
========================================
RunAll
========================================
Builder version: 5.1.0
Interrupt handler set up.
========================================
Checkout
========================================
Clone URL: https://github.com/mercari/QRScanner.git
Reference: master
Initialized empty Git repository in /Users/admin/builder/spi-builder-workspace/.git/
From https://github.com/mercari/QRScanner
* branch master -> FETCH_HEAD
* [new branch] master -> origin/master
HEAD is now at 4f36bd5 Update version to 2.0.1 in README.md
Cloned https://github.com/mercari/QRScanner.git
Revision (git rev-parse @):
4f36bd5bc8f40ebf2954c312c92b3db3835c763e
SUCCESS checkout https://github.com/mercari/QRScanner.git at master
========================================
Build
========================================
Selected platform: visionOS
Swift version: 6.4
Building package at path: $PWD
https://github.com/mercari/QRScanner.git
Command line invocation:
/Applications/Xcode-27.0.0-Release.Candidate.app/Contents/Developer/usr/bin/xcodebuild -IDEClonedSourcePackagesDirPathOverride=/Users/admin/builder/spi-builder-workspace/.dependencies -resolvePackageDependencies
resolved source packages:
{
"dependencies" : [
],
"manifest_display_name" : "QRScanner",
"name" : "QRScanner",
"path" : "/Users/admin/builder/spi-builder-workspace",
"platforms" : [
{
"name" : "ios",
"version" : "14.0"
}
],
"products" : [
{
"name" : "QRScanner",
"targets" : [
"QRScanner"
],
"type" : {
"library" : [
"automatic"
]
}
}
],
"targets" : [
{
"c99name" : "QRScanner",
"module_type" : "SwiftTarget",
"name" : "QRScanner",
"path" : "QRScanner",
"product_memberships" : [
"QRScanner"
],
"resources" : [
{
"path" : "/Users/admin/builder/spi-builder-workspace/QRScanner/Images.xcassets",
"rule" : {
"process" : {
}
}
},
{
"path" : "/Users/admin/builder/spi-builder-workspace/QRScanner/PrivacyInfo.xcprivacy",
"rule" : {
"copy" : {
}
}
}
],
"sources" : [
"Bundle+Module.swift",
"QRScannerError.swift",
"QRScannerSwiftUIView.swift",
"QRScannerView.swift"
],
"type" : "library"
}
],
"tools_version" : "5.9"
}
{
"project" : {
"configurations" : [
"Debug",
"Release"
],
"name" : "QRScanner",
"schemes" : [
"QRScanner",
"UnitTests"
],
"targets" : [
"QRScanner",
"QRScannerTests"
]
}
}
{
"workspace" : {
"name" : "QRScanner",
"schemes" : [
"QRScanner"
]
}
}
2026-09-23 11:21:18.597 xcodebuild[620:3812] [MT] IDERunDestination: Supported platforms for the buildables in the current scheme is empty.
Running build ...
env DEVELOPER_DIR=/Applications/Xcode-27.0.0-Release.Candidate.app xcrun xcodebuild -IDEClonedSourcePackagesDirPathOverride=$PWD/.dependencies -skipMacroValidation -skipPackagePluginValidation -derivedDataPath $PWD/.derivedData build -scheme QRScanner -destination generic/platform=xrOS
Command line invocation:
/Applications/Xcode-27.0.0-Release.Candidate.app/Contents/Developer/usr/bin/xcodebuild -IDEClonedSourcePackagesDirPathOverride=/Users/admin/builder/spi-builder-workspace/.dependencies -skipMacroValidation -skipPackagePluginValidation -derivedDataPath /Users/admin/builder/spi-builder-workspace/.derivedData build -scheme QRScanner -destination generic/platform=xrOS
Resolve Package Graph
Resolved source packages:
QRScanner: /Users/admin/builder/spi-builder-workspace
ComputePackagePrebuildTargetDependencyGraph
Prepare packages
CreateBuildRequest
SendProjectDescription
CreateBuildOperation
ComputeTargetDependencyGraph
note: Building targets in dependency order
note: Target dependency graph (3 targets)
Target 'QRScanner-product' in project 'QRScanner'
➜ Explicit dependency on target 'QRScanner' in project 'QRScanner'
➜ Explicit dependency on target 'QRScanner_QRScanner' in project 'QRScanner'
Target 'QRScanner' in project 'QRScanner'
➜ Explicit dependency on target 'QRScanner_QRScanner' in project 'QRScanner'
Target 'QRScanner_QRScanner' in project 'QRScanner' (no dependencies)
GatherProvisioningInputs
CreateBuildDescription
ExecuteExternalTool /Applications/Xcode-27.0.0-Release.Candidate.app/Contents/Developer/Toolchains/XcodeDefault.xctoolchain/usr/bin/clang -v -E -dM -isysroot /Applications/Xcode-27.0.0-Release.Candidate.app/Contents/Developer/Platforms/XROS.platform/Developer/SDKs/XROS27.0.sdk -x c -c /dev/null
ExecuteExternalTool /Applications/Xcode-27.0.0-Release.Candidate.app/Contents/Developer/usr/bin/actool --version --output-format xml1
ExecuteExternalTool /Applications/Xcode-27.0.0-Release.Candidate.app/Contents/Developer/Toolchains/XcodeDefault.xctoolchain/usr/bin/swiftc --version
ExecuteExternalTool /Applications/Xcode-27.0.0-Release.Candidate.app/Contents/Developer/Toolchains/XcodeDefault.xctoolchain/usr/bin/ld -version_details
Build description signature: c0bc4712e7028f69e788b88054a74185
Build description path: /Users/admin/builder/spi-builder-workspace/.derivedData/Build/Intermediates.noindex/XCBuildData/c0bc4712e7028f69e788b88054a74185.xcbuilddata
CreateBuildDirectory /Users/admin/builder/spi-builder-workspace/.derivedData/SDKExplicitPrecompiledModules
cd /Users/admin/builder/spi-builder-workspace/.swiftpm/xcode
builtin-create-build-directory /Users/admin/builder/spi-builder-workspace/.derivedData/SDKExplicitPrecompiledModules
CreateBuildDirectory /Users/admin/builder/spi-builder-workspace/.derivedData/ModuleCache.noindex
cd /Users/admin/builder/spi-builder-workspace/.swiftpm/xcode
builtin-create-build-directory /Users/admin/builder/spi-builder-workspace/.derivedData/ModuleCache.noindex
CreateBuildDirectory /Users/admin/builder/spi-builder-workspace/.derivedData/CompilationCache.noindex
cd /Users/admin/builder/spi-builder-workspace/.swiftpm/xcode
builtin-create-build-directory /Users/admin/builder/spi-builder-workspace/.derivedData/CompilationCache.noindex
CreateBuildDirectory /Users/admin/builder/spi-builder-workspace/.derivedData/Build/Products
cd /Users/admin/builder/spi-builder-workspace/.swiftpm/xcode
builtin-create-build-directory /Users/admin/builder/spi-builder-workspace/.derivedData/Build/Products
CreateBuildDirectory /Users/admin/builder/spi-builder-workspace/.derivedData/Build/Intermediates.noindex
cd /Users/admin/builder/spi-builder-workspace/.swiftpm/xcode
builtin-create-build-directory /Users/admin/builder/spi-builder-workspace/.derivedData/Build/Intermediates.noindex
ClangStatCache /Applications/Xcode-27.0.0-Release.Candidate.app/Contents/Developer/Toolchains/XcodeDefault.xctoolchain/usr/bin/clang-stat-cache /Applications/Xcode-27.0.0-Release.Candidate.app/Contents/Developer/Platforms/XROS.platform/Developer/SDKs/XROS27.0.sdk /Users/admin/builder/spi-builder-workspace/.derivedData/SDKStatCaches.noindex/xros27.0-24M361-e829b21a6f8c9b70876ba0858053c044735bd543db762f57723cac368afd1ce4.sdkstatcache
cd /Users/admin/builder/spi-builder-workspace/.swiftpm/xcode
/Applications/Xcode-27.0.0-Release.Candidate.app/Contents/Developer/Toolchains/XcodeDefault.xctoolchain/usr/bin/clang-stat-cache /Applications/Xcode-27.0.0-Release.Candidate.app/Contents/Developer/Platforms/XROS.platform/Developer/SDKs/XROS27.0.sdk -o /Users/admin/builder/spi-builder-workspace/.derivedData/SDKStatCaches.noindex/xros27.0-24M361-e829b21a6f8c9b70876ba0858053c044735bd543db762f57723cac368afd1ce4.sdkstatcache
CreateBuildDirectory /Users/admin/builder/spi-builder-workspace/.derivedData/Build/Intermediates.noindex/SwiftExplicitPrecompiledModules
cd /Users/admin/builder/spi-builder-workspace/.swiftpm/xcode
builtin-create-build-directory /Users/admin/builder/spi-builder-workspace/.derivedData/Build/Intermediates.noindex/SwiftExplicitPrecompiledModules
CreateBuildDirectory /Users/admin/builder/spi-builder-workspace/.derivedData/Build/Intermediates.noindex/ExplicitPrecompiledModules
cd /Users/admin/builder/spi-builder-workspace/.swiftpm/xcode
builtin-create-build-directory /Users/admin/builder/spi-builder-workspace/.derivedData/Build/Intermediates.noindex/ExplicitPrecompiledModules
CreateBuildDirectory /Users/admin/builder/spi-builder-workspace/.derivedData/Build/Intermediates.noindex/PrecompiledHeaders
cd /Users/admin/builder/spi-builder-workspace/.swiftpm/xcode
builtin-create-build-directory /Users/admin/builder/spi-builder-workspace/.derivedData/Build/Intermediates.noindex/PrecompiledHeaders
CreateBuildDirectory /Users/admin/builder/spi-builder-workspace/.derivedData/Build/Products/Debug-xros
cd /Users/admin/builder/spi-builder-workspace/.swiftpm/xcode
builtin-create-build-directory /Users/admin/builder/spi-builder-workspace/.derivedData/Build/Products/Debug-xros
CreateBuildDirectory /Users/admin/builder/spi-builder-workspace/.derivedData/Build/Intermediates.noindex/EagerLinkingTBDs/Debug-xros
cd /Users/admin/builder/spi-builder-workspace/.swiftpm/xcode
builtin-create-build-directory /Users/admin/builder/spi-builder-workspace/.derivedData/Build/Intermediates.noindex/EagerLinkingTBDs/Debug-xros
CreateBuildDirectory /Users/admin/builder/spi-builder-workspace/.derivedData/Build/Products/Debug-xros/PackageFrameworks
cd /Users/admin/builder/spi-builder-workspace/.swiftpm/xcode
builtin-create-build-directory /Users/admin/builder/spi-builder-workspace/.derivedData/Build/Products/Debug-xros/PackageFrameworks
MkDir /Users/admin/builder/spi-builder-workspace/.derivedData/Build/Products/Debug-xros/QRScanner_QRScanner.bundle (in target 'QRScanner_QRScanner' from project 'QRScanner')
cd /Users/admin/builder/spi-builder-workspace
/bin/mkdir -p /Users/admin/builder/spi-builder-workspace/.derivedData/Build/Products/Debug-xros/QRScanner_QRScanner.bundle
WriteAuxiliaryFile /Users/admin/builder/spi-builder-workspace/.derivedData/Build/Intermediates.noindex/QRScanner.build/Debug-xros/QRScanner_QRScanner-b.build/empty-QRScanner_QRScanner.plist (in target 'QRScanner_QRScanner' from project 'QRScanner')
cd /Users/admin/builder/spi-builder-workspace
write-file /Users/admin/builder/spi-builder-workspace/.derivedData/Build/Intermediates.noindex/QRScanner.build/Debug-xros/QRScanner_QRScanner-b.build/empty-QRScanner_QRScanner.plist
WriteAuxiliaryFile /Users/admin/builder/spi-builder-workspace/.derivedData/Build/Intermediates.noindex/QRScanner.build/Debug-xros/QRScanner-t.build/QRScanner.DependencyStaticMetadataFileList (in target 'QRScanner' from project 'QRScanner')
cd /Users/admin/builder/spi-builder-workspace
write-file /Users/admin/builder/spi-builder-workspace/.derivedData/Build/Intermediates.noindex/QRScanner.build/Debug-xros/QRScanner-t.build/QRScanner.DependencyStaticMetadataFileList
WriteAuxiliaryFile /Users/admin/builder/spi-builder-workspace/.derivedData/Build/Intermediates.noindex/QRScanner.build/Debug-xros/QRScanner_QRScanner-b.build/QRScanner_QRScanner.DependencyMetadataFileList (in target 'QRScanner_QRScanner' from project 'QRScanner')
cd /Users/admin/builder/spi-builder-workspace
write-file /Users/admin/builder/spi-builder-workspace/.derivedData/Build/Intermediates.noindex/QRScanner.build/Debug-xros/QRScanner_QRScanner-b.build/QRScanner_QRScanner.DependencyMetadataFileList
WriteAuxiliaryFile /Users/admin/builder/spi-builder-workspace/.derivedData/Build/Intermediates.noindex/QRScanner.build/Debug-xros/QRScanner-t.build/QRScanner.modulemap (in target 'QRScanner' from project 'QRScanner')
cd /Users/admin/builder/spi-builder-workspace
write-file /Users/admin/builder/spi-builder-workspace/.derivedData/Build/Intermediates.noindex/QRScanner.build/Debug-xros/QRScanner-t.build/QRScanner.modulemap
WriteAuxiliaryFile /Users/admin/builder/spi-builder-workspace/.derivedData/Build/Intermediates.noindex/QRScanner.build/Debug-xros/QRScanner-t.build/QRScanner.DependencyMetadataFileList (in target 'QRScanner' from project 'QRScanner')
cd /Users/admin/builder/spi-builder-workspace
write-file /Users/admin/builder/spi-builder-workspace/.derivedData/Build/Intermediates.noindex/QRScanner.build/Debug-xros/QRScanner-t.build/QRScanner.DependencyMetadataFileList
WriteAuxiliaryFile /Users/admin/builder/spi-builder-workspace/.derivedData/Build/Intermediates.noindex/QRScanner.build/Debug-xros/QRScanner_QRScanner-b.build/QRScanner_QRScanner.DependencyStaticMetadataFileList (in target 'QRScanner_QRScanner' from project 'QRScanner')
cd /Users/admin/builder/spi-builder-workspace
write-file /Users/admin/builder/spi-builder-workspace/.derivedData/Build/Intermediates.noindex/QRScanner.build/Debug-xros/QRScanner_QRScanner-b.build/QRScanner_QRScanner.DependencyStaticMetadataFileList
WriteAuxiliaryFile /Users/admin/builder/spi-builder-workspace/.derivedData/Build/Intermediates.noindex/QRScanner.build/Debug-xros/QRScanner-t.build/Objects-normal/arm64/QRScanner.SwiftConstValuesFileList (in target 'QRScanner' from project 'QRScanner')
cd /Users/admin/builder/spi-builder-workspace
write-file /Users/admin/builder/spi-builder-workspace/.derivedData/Build/Intermediates.noindex/QRScanner.build/Debug-xros/QRScanner-t.build/Objects-normal/arm64/QRScanner.SwiftConstValuesFileList
WriteAuxiliaryFile /Users/admin/builder/spi-builder-workspace/.derivedData/Build/Intermediates.noindex/QRScanner.build/Debug-xros/QRScanner-t.build/Objects-normal/arm64/QRScanner.SwiftFileList (in target 'QRScanner' from project 'QRScanner')
cd /Users/admin/builder/spi-builder-workspace
write-file /Users/admin/builder/spi-builder-workspace/.derivedData/Build/Intermediates.noindex/QRScanner.build/Debug-xros/QRScanner-t.build/Objects-normal/arm64/QRScanner.SwiftFileList
WriteAuxiliaryFile /Users/admin/builder/spi-builder-workspace/.derivedData/Build/Intermediates.noindex/QRScanner.build/Debug-xros/QRScanner-t.build/Objects-normal/arm64/QRScanner_const_extract_protocols.json (in target 'QRScanner' from project 'QRScanner')
cd /Users/admin/builder/spi-builder-workspace
write-file /Users/admin/builder/spi-builder-workspace/.derivedData/Build/Intermediates.noindex/QRScanner.build/Debug-xros/QRScanner-t.build/Objects-normal/arm64/QRScanner_const_extract_protocols.json
WriteAuxiliaryFile /Users/admin/builder/spi-builder-workspace/.derivedData/Build/Intermediates.noindex/QRScanner.build/Debug-xros/QRScanner-t.build/Objects-normal/arm64/QRScanner.LinkFileList (in target 'QRScanner' from project 'QRScanner')
cd /Users/admin/builder/spi-builder-workspace
write-file /Users/admin/builder/spi-builder-workspace/.derivedData/Build/Intermediates.noindex/QRScanner.build/Debug-xros/QRScanner-t.build/Objects-normal/arm64/QRScanner.LinkFileList
WriteAuxiliaryFile /Users/admin/builder/spi-builder-workspace/.derivedData/Build/Intermediates.noindex/QRScanner.build/Debug-xros/QRScanner-t.build/Objects-normal/arm64/QRScanner-OutputFileMap.json (in target 'QRScanner' from project 'QRScanner')
cd /Users/admin/builder/spi-builder-workspace
write-file /Users/admin/builder/spi-builder-workspace/.derivedData/Build/Intermediates.noindex/QRScanner.build/Debug-xros/QRScanner-t.build/Objects-normal/arm64/QRScanner-OutputFileMap.json
WriteAuxiliaryFile /Users/admin/builder/spi-builder-workspace/.derivedData/Build/Intermediates.noindex/QRScanner.build/Debug-xros/QRScanner-t.build/DerivedSources/resource_bundle_accessor.swift (in target 'QRScanner' from project 'QRScanner')
cd /Users/admin/builder/spi-builder-workspace
write-file /Users/admin/builder/spi-builder-workspace/.derivedData/Build/Intermediates.noindex/QRScanner.build/Debug-xros/QRScanner-t.build/DerivedSources/resource_bundle_accessor.swift
Copy /Users/admin/builder/spi-builder-workspace/.derivedData/Build/Intermediates.noindex/GeneratedModuleMaps-xros/QRScanner.modulemap /Users/admin/builder/spi-builder-workspace/.derivedData/Build/Intermediates.noindex/QRScanner.build/Debug-xros/QRScanner-t.build/QRScanner.modulemap (in target 'QRScanner' from project 'QRScanner')
cd /Users/admin/builder/spi-builder-workspace
builtin-copy -exclude .DS_Store -exclude CVS -exclude .svn -exclude .git -exclude .hg -resolve-src-symlinks /Users/admin/builder/spi-builder-workspace/.derivedData/Build/Intermediates.noindex/QRScanner.build/Debug-xros/QRScanner-t.build/QRScanner.modulemap /Users/admin/builder/spi-builder-workspace/.derivedData/Build/Intermediates.noindex/GeneratedModuleMaps-xros
CpResource /Users/admin/builder/spi-builder-workspace/.derivedData/Build/Products/Debug-xros/QRScanner_QRScanner.bundle/PrivacyInfo.xcprivacy /Users/admin/builder/spi-builder-workspace/QRScanner/PrivacyInfo.xcprivacy (in target 'QRScanner_QRScanner' from project 'QRScanner')
cd /Users/admin/builder/spi-builder-workspace
builtin-copy -exclude .DS_Store -exclude CVS -exclude .svn -exclude .git -exclude .hg -resolve-src-symlinks /Users/admin/builder/spi-builder-workspace/QRScanner/PrivacyInfo.xcprivacy /Users/admin/builder/spi-builder-workspace/.derivedData/Build/Products/Debug-xros/QRScanner_QRScanner.bundle
MkDir /Users/admin/builder/spi-builder-workspace/.derivedData/Build/Intermediates.noindex/QRScanner.build/Debug-xros/QRScanner_QRScanner-b.build/assetcatalog_output/unthinned (in target 'QRScanner_QRScanner' from project 'QRScanner')
cd /Users/admin/builder/spi-builder-workspace
/bin/mkdir -p /Users/admin/builder/spi-builder-workspace/.derivedData/Build/Intermediates.noindex/QRScanner.build/Debug-xros/QRScanner_QRScanner-b.build/assetcatalog_output/unthinned
MkDir /Users/admin/builder/spi-builder-workspace/.derivedData/Build/Intermediates.noindex/QRScanner.build/Debug-xros/QRScanner_QRScanner-b.build/assetcatalog_output/thinned (in target 'QRScanner_QRScanner' from project 'QRScanner')
cd /Users/admin/builder/spi-builder-workspace
/bin/mkdir -p /Users/admin/builder/spi-builder-workspace/.derivedData/Build/Intermediates.noindex/QRScanner.build/Debug-xros/QRScanner_QRScanner-b.build/assetcatalog_output/thinned
CompileAssetCatalogVariant thinned /Users/admin/builder/spi-builder-workspace/.derivedData/Build/Products/Debug-xros/QRScanner_QRScanner.bundle /Users/admin/builder/spi-builder-workspace/QRScanner/Images.xcassets (in target 'QRScanner_QRScanner' from project 'QRScanner')
cd /Users/admin/builder/spi-builder-workspace
/Applications/Xcode-27.0.0-Release.Candidate.app/Contents/Developer/usr/bin/actool /Users/admin/builder/spi-builder-workspace/QRScanner/Images.xcassets --compile /Users/admin/builder/spi-builder-workspace/.derivedData/Build/Intermediates.noindex/QRScanner.build/Debug-xros/QRScanner_QRScanner-b.build/assetcatalog_output/thinned --output-format human-readable-text --notices --warnings --export-dependency-info /Users/admin/builder/spi-builder-workspace/.derivedData/Build/Intermediates.noindex/QRScanner.build/Debug-xros/QRScanner_QRScanner-b.build/assetcatalog_dependencies_thinned --output-partial-info-plist /Users/admin/builder/spi-builder-workspace/.derivedData/Build/Intermediates.noindex/QRScanner.build/Debug-xros/QRScanner_QRScanner-b.build/assetcatalog_generated_info.plist_thinned --compress-pngs --enable-on-demand-resources NO --development-region en --target-device vision --minimum-deployment-target 1.0 --platform xros
/* com.apple.actool.compilation-results */
/Users/admin/builder/spi-builder-workspace/.derivedData/Build/Intermediates.noindex/QRScanner.build/Debug-xros/QRScanner_QRScanner-b.build/assetcatalog_generated_info.plist_thinned
/Users/admin/builder/spi-builder-workspace/.derivedData/Build/Intermediates.noindex/QRScanner.build/Debug-xros/QRScanner_QRScanner-b.build/assetcatalog_output/thinned/Assets.car
GenerateAssetSymbols /Users/admin/builder/spi-builder-workspace/QRScanner/Images.xcassets (in target 'QRScanner' from project 'QRScanner')
cd /Users/admin/builder/spi-builder-workspace
/Applications/Xcode-27.0.0-Release.Candidate.app/Contents/Developer/usr/bin/actool /Users/admin/builder/spi-builder-workspace/QRScanner/Images.xcassets --compile /Users/admin/builder/spi-builder-workspace/.derivedData/Build/Products/Debug-xros --output-format human-readable-text --notices --warnings --export-dependency-info /Users/admin/builder/spi-builder-workspace/.derivedData/Build/Intermediates.noindex/QRScanner.build/Debug-xros/QRScanner-t.build/assetcatalog_dependencies --output-partial-info-plist /Users/admin/builder/spi-builder-workspace/.derivedData/Build/Intermediates.noindex/QRScanner.build/Debug-xros/QRScanner-t.build/assetcatalog_generated_info.plist --compress-pngs --enable-on-demand-resources NO --development-region en --target-device vision --minimum-deployment-target 1.0 --platform xros --bundle-identifier spi-builder-workspace.QRScanner --generate-swift-asset-symbol-extensions NO --generate-swift-asset-symbols /Users/admin/builder/spi-builder-workspace/.derivedData/Build/Intermediates.noindex/QRScanner.build/Debug-xros/QRScanner-t.build/DerivedSources/GeneratedAssetSymbols.swift --generate-objc-asset-symbols /Users/admin/builder/spi-builder-workspace/.derivedData/Build/Intermediates.noindex/QRScanner.build/Debug-xros/QRScanner-t.build/DerivedSources/GeneratedAssetSymbols.h --generate-asset-symbol-index /Users/admin/builder/spi-builder-workspace/.derivedData/Build/Intermediates.noindex/QRScanner.build/Debug-xros/QRScanner-t.build/DerivedSources/GeneratedAssetSymbols-Index.plist
/* com.apple.actool.compilation-results */
/Users/admin/builder/spi-builder-workspace/.derivedData/Build/Intermediates.noindex/QRScanner.build/Debug-xros/QRScanner-t.build/DerivedSources/GeneratedAssetSymbols-Index.plist
/Users/admin/builder/spi-builder-workspace/.derivedData/Build/Intermediates.noindex/QRScanner.build/Debug-xros/QRScanner-t.build/DerivedSources/GeneratedAssetSymbols.h
/Users/admin/builder/spi-builder-workspace/.derivedData/Build/Intermediates.noindex/QRScanner.build/Debug-xros/QRScanner-t.build/DerivedSources/GeneratedAssetSymbols.swift
LinkAssetCatalog /Users/admin/builder/spi-builder-workspace/QRScanner/Images.xcassets (in target 'QRScanner_QRScanner' from project 'QRScanner')
cd /Users/admin/builder/spi-builder-workspace
builtin-linkAssetCatalog --thinned /Users/admin/builder/spi-builder-workspace/.derivedData/Build/Intermediates.noindex/QRScanner.build/Debug-xros/QRScanner_QRScanner-b.build/assetcatalog_output/thinned --thinned-dependencies /Users/admin/builder/spi-builder-workspace/.derivedData/Build/Intermediates.noindex/QRScanner.build/Debug-xros/QRScanner_QRScanner-b.build/assetcatalog_dependencies_thinned --thinned-info-plist-content /Users/admin/builder/spi-builder-workspace/.derivedData/Build/Intermediates.noindex/QRScanner.build/Debug-xros/QRScanner_QRScanner-b.build/assetcatalog_generated_info.plist_thinned --unthinned /Users/admin/builder/spi-builder-workspace/.derivedData/Build/Intermediates.noindex/QRScanner.build/Debug-xros/QRScanner_QRScanner-b.build/assetcatalog_output/unthinned --unthinned-dependencies /Users/admin/builder/spi-builder-workspace/.derivedData/Build/Intermediates.noindex/QRScanner.build/Debug-xros/QRScanner_QRScanner-b.build/assetcatalog_dependencies_unthinned --unthinned-info-plist-content /Users/admin/builder/spi-builder-workspace/.derivedData/Build/Intermediates.noindex/QRScanner.build/Debug-xros/QRScanner_QRScanner-b.build/assetcatalog_generated_info.plist_unthinned --output /Users/admin/builder/spi-builder-workspace/.derivedData/Build/Products/Debug-xros/QRScanner_QRScanner.bundle --plist-output /Users/admin/builder/spi-builder-workspace/.derivedData/Build/Intermediates.noindex/QRScanner.build/Debug-xros/QRScanner_QRScanner-b.build/assetcatalog_generated_info.plist
note: Emplaced /Users/admin/builder/spi-builder-workspace/.derivedData/Build/Products/Debug-xros/QRScanner_QRScanner.bundle/Assets.car (in target 'QRScanner_QRScanner' from project 'QRScanner')
ProcessInfoPlistFile /Users/admin/builder/spi-builder-workspace/.derivedData/Build/Products/Debug-xros/QRScanner_QRScanner.bundle/Info.plist /Users/admin/builder/spi-builder-workspace/.derivedData/Build/Intermediates.noindex/QRScanner.build/Debug-xros/QRScanner_QRScanner-b.build/empty-QRScanner_QRScanner.plist (in target 'QRScanner_QRScanner' from project 'QRScanner')
cd /Users/admin/builder/spi-builder-workspace
builtin-infoPlistUtility /Users/admin/builder/spi-builder-workspace/.derivedData/Build/Intermediates.noindex/QRScanner.build/Debug-xros/QRScanner_QRScanner-b.build/empty-QRScanner_QRScanner.plist -producttype com.apple.product-type.bundle -expandbuildsettings -format binary -platform xros -additionalcontentfile /Users/admin/builder/spi-builder-workspace/.derivedData/Build/Intermediates.noindex/QRScanner.build/Debug-xros/QRScanner_QRScanner-b.build/assetcatalog_generated_info.plist -o /Users/admin/builder/spi-builder-workspace/.derivedData/Build/Products/Debug-xros/QRScanner_QRScanner.bundle/Info.plist
RegisterExecutionPolicyException /Users/admin/builder/spi-builder-workspace/.derivedData/Build/Products/Debug-xros/QRScanner_QRScanner.bundle (in target 'QRScanner_QRScanner' from project 'QRScanner')
cd /Users/admin/builder/spi-builder-workspace
builtin-RegisterExecutionPolicyException /Users/admin/builder/spi-builder-workspace/.derivedData/Build/Products/Debug-xros/QRScanner_QRScanner.bundle
Touch /Users/admin/builder/spi-builder-workspace/.derivedData/Build/Products/Debug-xros/QRScanner_QRScanner.bundle (in target 'QRScanner_QRScanner' from project 'QRScanner')
cd /Users/admin/builder/spi-builder-workspace
/usr/bin/touch -c /Users/admin/builder/spi-builder-workspace/.derivedData/Build/Products/Debug-xros/QRScanner_QRScanner.bundle
SwiftDriver QRScanner normal arm64 com.apple.xcode.tools.swift.compiler (in target 'QRScanner' from project 'QRScanner')
cd /Users/admin/builder/spi-builder-workspace/.swiftpm/xcode
builtin-SwiftDriver -- /Applications/Xcode-27.0.0-Release.Candidate.app/Contents/Developer/Toolchains/XcodeDefault.xctoolchain/usr/bin/swiftc -parse-as-library -module-name QRScanner -Onone @/Users/admin/builder/spi-builder-workspace/.derivedData/Build/Intermediates.noindex/QRScanner.build/Debug-xros/QRScanner-t.build/Objects-normal/arm64/QRScanner.SwiftFileList -DSWIFT_PACKAGE -DDEBUG -DSWIFT_MODULE_RESOURCE_BUNDLE_AVAILABLE -DXcode -plugin-path /Applications/Xcode-27.0.0-Release.Candidate.app/Contents/Developer/Toolchains/XcodeDefault.xctoolchain/usr/lib/swift/host/plugins/testing -enable-experimental-feature DebugDescriptionMacro -sdk /Applications/Xcode-27.0.0-Release.Candidate.app/Contents/Developer/Platforms/XROS.platform/Developer/SDKs/XROS27.0.sdk -target arm64-apple-xros1.0 -g -module-cache-path /Users/admin/builder/spi-builder-workspace/.derivedData/ModuleCache.noindex -Xfrontend -serialize-debugging-options -enable-testing -index-store-path /Users/admin/builder/spi-builder-workspace/.derivedData/Index.noindex/DataStore -Xcc -D_LIBCPP_HARDENING_MODE\=_LIBCPP_HARDENING_MODE_DEBUG -swift-version 5 -I /Users/admin/builder/spi-builder-workspace/.derivedData/Build/Products/Debug-xros -Isystem /Applications/Xcode-27.0.0-Release.Candidate.app/Contents/Developer/Platforms/XROS.platform/Developer/usr/lib -F /Users/admin/builder/spi-builder-workspace/.derivedData/Build/Products/Debug-xros -F /Applications/Xcode-27.0.0-Release.Candidate.app/Contents/Developer/Platforms/XROS.platform/Developer/Library/Frameworks -F /Applications/Xcode-27.0.0-Release.Candidate.app/Contents/Developer/Platforms/XROS.platform/Developer/SDKs/XROS27.0.sdk/Developer/Library/Frameworks -c -j10 -enable-batch-mode -incremental -Xcc -ivfsstatcache -Xcc /Users/admin/builder/spi-builder-workspace/.derivedData/SDKStatCaches.noindex/xros27.0-24M361-e829b21a6f8c9b70876ba0858053c044735bd543db762f57723cac368afd1ce4.sdkstatcache -output-file-map /Users/admin/builder/spi-builder-workspace/.derivedData/Build/Intermediates.noindex/QRScanner.build/Debug-xros/QRScanner-t.build/Objects-normal/arm64/QRScanner-OutputFileMap.json -save-temps -no-color-diagnostics -explicit-module-build -module-cache-path /Users/admin/builder/spi-builder-workspace/.derivedData/Build/Intermediates.noindex/SwiftExplicitPrecompiledModules -clang-scanner-module-cache-path /Users/admin/builder/spi-builder-workspace/.derivedData/ModuleCache.noindex -sdk-module-cache-path /Users/admin/builder/spi-builder-workspace/.derivedData/SDKExplicitPrecompiledModules -emit-dependencies -emit-module -emit-module-path /Users/admin/builder/spi-builder-workspace/.derivedData/Build/Intermediates.noindex/QRScanner.build/Debug-xros/QRScanner-t.build/Objects-normal/arm64/QRScanner.swiftmodule -serialize-diagnostics -dependency-scan-serialize-diagnostics-path /Users/admin/builder/spi-builder-workspace/.derivedData/Build/Intermediates.noindex/QRScanner.build/Debug-xros/QRScanner-t.build/Objects-normal/arm64/QRScanner-dependency-scan.dia -validate-clang-modules-once -clang-build-session-file /Users/admin/builder/spi-builder-workspace/.derivedData/ModuleCache.noindex/Session.modulevalidation -Xcc -fmodules-prune-interval\=86400 -Xcc -fmodules-prune-after\=345600 -package-name spi_builder_workspace -emit-const-values -const-gather-protocols-list /Users/admin/builder/spi-builder-workspace/.derivedData/Build/Intermediates.noindex/QRScanner.build/Debug-xros/QRScanner-t.build/Objects-normal/arm64/QRScanner_const_extract_protocols.json -Xcc -I/Users/admin/builder/spi-builder-workspace/.derivedData/Build/Products/Debug-xros/include -Xcc -I/Users/admin/builder/spi-builder-workspace/.derivedData/Build/Intermediates.noindex/QRScanner.build/Debug-xros/QRScanner-t.build/DerivedSources-normal/arm64 -Xcc -I/Users/admin/builder/spi-builder-workspace/.derivedData/Build/Intermediates.noindex/QRScanner.build/Debug-xros/QRScanner-t.build/DerivedSources/arm64 -Xcc -I/Users/admin/builder/spi-builder-workspace/.derivedData/Build/Intermediates.noindex/QRScanner.build/Debug-xros/QRScanner-t.build/DerivedSources -Xcc -DSWIFT_PACKAGE -Xcc -DDEBUG\=1 -emit-objc-header -emit-objc-header-path /Users/admin/builder/spi-builder-workspace/.derivedData/Build/Intermediates.noindex/QRScanner.build/Debug-xros/QRScanner-t.build/Objects-normal/arm64/QRScanner-Swift.h -working-directory /Users/admin/builder/spi-builder-workspace/.swiftpm/xcode -experimental-emit-module-separately -disable-cmo
SwiftExplicitDependencyGeneratePcm arm64 /Users/admin/builder/spi-builder-workspace/.derivedData/SDKExplicitPrecompiledModules/_Builtin_stdarg-CDA349K2K4US766844K8E0PVA.pcm
SwiftExplicitDependencyGeneratePcm arm64 /Users/admin/builder/spi-builder-workspace/.derivedData/SDKExplicitPrecompiledModules/_Builtin_float-6WKHNW5S40U2QGHXXGETUDIRA.pcm
SwiftExplicitDependencyGeneratePcm arm64 /Users/admin/builder/spi-builder-workspace/.derivedData/SDKExplicitPrecompiledModules/ShaderGraph-AW1O397P711WTY8KSK8LZX9YA.pcm
SwiftExplicitDependencyGeneratePcm arm64 /Users/admin/builder/spi-builder-workspace/.derivedData/SDKExplicitPrecompiledModules/SwiftShims-CI4H5RO9IYFFWQ2COB512Q2S9.pcm
SwiftExplicitDependencyGeneratePcm arm64 /Users/admin/builder/spi-builder-workspace/.derivedData/SDKExplicitPrecompiledModules/ptrauth-1WBA714DZSVUL5JQDJ08CLKZ.pcm
SwiftExplicitDependencyGeneratePcm arm64 /Users/admin/builder/spi-builder-workspace/.derivedData/SDKExplicitPrecompiledModules/_Builtin_stdbool-5BU2ADS7JXQMYENKQHW9X8XOU.pcm
SwiftExplicitDependencyGeneratePcm arm64 /Users/admin/builder/spi-builder-workspace/.derivedData/SDKExplicitPrecompiledModules/DeveloperToolsSupport-46GOQP8J1QTHLYQSJW81T8UZ3.pcm
SwiftExplicitDependencyGeneratePcm arm64 /Users/admin/builder/spi-builder-workspace/.derivedData/SDKExplicitPrecompiledModules/_Builtin_stddef-5NQ9Z1GV07GBSRQGAQCGXGVRI.pcm
SwiftExplicitDependencyGeneratePcm arm64 /Users/admin/builder/spi-builder-workspace/.derivedData/SDKExplicitPrecompiledModules/_SwiftConcurrencyShims-C8XHKSHX96D5YYALNM4W70Z0O.pcm
SwiftExplicitDependencyGeneratePcm arm64 /Users/admin/builder/spi-builder-workspace/.derivedData/SDKExplicitPrecompiledModules/ptrcheck-BXA97MNLI4BB0HF5I8MJE403D.pcm
SwiftExplicitDependencyGeneratePcm arm64 /Users/admin/builder/spi-builder-workspace/.derivedData/SDKExplicitPrecompiledModules/_AvailabilityInternal-1Q8IQP6M38UWSGZ95UCEY2M44.pcm
SwiftExplicitDependencyGeneratePcm arm64 /Users/admin/builder/spi-builder-workspace/.derivedData/SDKExplicitPrecompiledModules/_DarwinFoundation1-5RGRVV2TZ6WC4WZW5IXF8NQ04.pcm
SwiftExplicitDependencyGeneratePcm arm64 /Users/admin/builder/spi-builder-workspace/.derivedData/SDKExplicitPrecompiledModules/_DarwinFoundation2-ENTECK156YEWITZRRBTOCE4KR.pcm
SwiftExplicitDependencyGeneratePcm arm64 /Users/admin/builder/spi-builder-workspace/.derivedData/SDKExplicitPrecompiledModules/_Builtin_limits-425JDMN5HPM3D0UEI8LEHP6NM.pcm
SwiftExplicitDependencyGeneratePcm arm64 /Users/admin/builder/spi-builder-workspace/.derivedData/SDKExplicitPrecompiledModules/_Builtin_stdint-8OR6T47OOYJA90ZBO3N1USDE.pcm
SwiftExplicitDependencyGeneratePcm arm64 /Users/admin/builder/spi-builder-workspace/.derivedData/SDKExplicitPrecompiledModules/_Builtin_tgmath-BPYSMHWI520EQRL2HW519ZY7Z.pcm
SwiftExplicitDependencyGeneratePcm arm64 /Users/admin/builder/spi-builder-workspace/.derivedData/SDKExplicitPrecompiledModules/string_h-2GT67HHHHK5CF1V1S31LH0PU2.pcm
SwiftExplicitDependencyGeneratePcm arm64 /Users/admin/builder/spi-builder-workspace/.derivedData/SDKExplicitPrecompiledModules/sys_types-AYM0BHR77VKMWZCO2T0XGV2HF.pcm
SwiftExplicitDependencyGeneratePcm arm64 /Users/admin/builder/spi-builder-workspace/.derivedData/SDKExplicitPrecompiledModules/_Builtin_stdatomic-1VUZPM79PNCAHXVBERD53WRSF.pcm
SwiftExplicitDependencyGeneratePcm arm64 /Users/admin/builder/spi-builder-workspace/.derivedData/SDKExplicitPrecompiledModules/_DarwinFoundation3-9ZHN6JKBS40BBA81RQMV8H0IC.pcm
SwiftExplicitDependencyGeneratePcm arm64 /Users/admin/builder/spi-builder-workspace/.derivedData/SDKExplicitPrecompiledModules/_Builtin_intrinsics-BC5IJI3YI34RQ61ZNVDRDZ6RN.pcm
SwiftExplicitDependencyGeneratePcm arm64 /Users/admin/builder/spi-builder-workspace/.derivedData/SDKExplicitPrecompiledModules/_Builtin_inttypes-11B64KJD36B3YOHBR1BBXBJY8.pcm
SwiftExplicitDependencyGeneratePcm arm64 /Users/admin/builder/spi-builder-workspace/.derivedData/SDKExplicitPrecompiledModules/Darwin-60P5LVNQO3ESRRM5DCJ05PFNK.pcm
SwiftExplicitDependencyGeneratePcm arm64 /Users/admin/builder/spi-builder-workspace/.derivedData/SDKExplicitPrecompiledModules/simd-9XXAB17Y6E4BBPQADD61NZ23.pcm
SwiftExplicitDependencyGeneratePcm arm64 /Users/admin/builder/spi-builder-workspace/.derivedData/SDKExplicitPrecompiledModules/MachO-3XTHY7HWV6RF3KXKYQVHUBUXK.pcm
SwiftExplicitDependencyGeneratePcm arm64 /Users/admin/builder/spi-builder-workspace/.derivedData/SDKExplicitPrecompiledModules/ObjectiveC-26TIBFYCEJZVP216ZZAU1X8KN.pcm
SwiftExplicitDependencyGeneratePcm arm64 /Users/admin/builder/spi-builder-workspace/.derivedData/SDKExplicitPrecompiledModules/os_object-692CJ8BG6RE5H04487EJJOVXW.pcm
SwiftExplicitDependencyGeneratePcm arm64 /Users/admin/builder/spi-builder-workspace/.derivedData/SDKExplicitPrecompiledModules/os_workgroup-4U1VXMWIZD80E7PRUQF2G7P9X.pcm
SwiftExplicitDependencyGeneratePcm arm64 /Users/admin/builder/spi-builder-workspace/.derivedData/SDKExplicitPrecompiledModules/Spatial-5E0I2846LO3ZE24CSVR2O57TI.pcm
SwiftExplicitDependencyGeneratePcm arm64 /Users/admin/builder/spi-builder-workspace/.derivedData/SDKExplicitPrecompiledModules/Dispatch-CLT3466HKC22GCKAWSCNG0H7T.pcm
SwiftExplicitDependencyGeneratePcm arm64 /Users/admin/builder/spi-builder-workspace/.derivedData/SDKExplicitPrecompiledModules/dnssd-CCUV1M8EULNEQJUXO7L0PJAL4.pcm
SwiftExplicitDependencyGeneratePcm arm64 /Users/admin/builder/spi-builder-workspace/.derivedData/SDKExplicitPrecompiledModules/XPC-EP5EU7FNGP4VOA3EDM18P1KHO.pcm
SwiftExplicitDependencyGeneratePcm arm64 /Users/admin/builder/spi-builder-workspace/.derivedData/SDKExplicitPrecompiledModules/CoreFoundation-AVLTZVCXBU2TO75JCN4AGU8XJ.pcm
SwiftExplicitDependencyGeneratePcm arm64 /Users/admin/builder/spi-builder-workspace/.derivedData/SDKExplicitPrecompiledModules/os-1004XEJ3IXOOAU0KL58SM3D0K.pcm
SwiftExplicitDependencyGeneratePcm arm64 /Users/admin/builder/spi-builder-workspace/.derivedData/SDKExplicitPrecompiledModules/CFNetwork-5MI70N1VLDQSWTX4COWLMSIRO.pcm
SwiftExplicitDependencyGeneratePcm arm64 /Users/admin/builder/spi-builder-workspace/.derivedData/SDKExplicitPrecompiledModules/CoreGraphics-BFUJ177R223UT2ZI327ZTZY91.pcm
SwiftExplicitDependencyGeneratePcm arm64 /Users/admin/builder/spi-builder-workspace/.derivedData/SDKExplicitPrecompiledModules/Security-8TH2M8WJIQMET4SADWX0N8372.pcm
SwiftExplicitDependencyGeneratePcm arm64 /Users/admin/builder/spi-builder-workspace/.derivedData/SDKExplicitPrecompiledModules/CoreAudioTypes-45UXYEQRN95KG6BF2CW0QIYK9.pcm
SwiftExplicitDependencyGeneratePcm arm64 /Users/admin/builder/spi-builder-workspace/.derivedData/SDKExplicitPrecompiledModules/CoreAudio-CXS3C78T5TQDGLEGXIBJ04WJ4.pcm
SwiftExplicitDependencyGeneratePcm arm64 /Users/admin/builder/spi-builder-workspace/.derivedData/SDKExplicitPrecompiledModules/Foundation-8GON1KVEKRN3NOQI8RETBRWJP.pcm
SwiftExplicitDependencyGeneratePcm arm64 /Users/admin/builder/spi-builder-workspace/.derivedData/SDKExplicitPrecompiledModules/CoreText-6F9TY5TEPCCZ1K2KYM4GMEGHD.pcm
SwiftExplicitDependencyGeneratePcm arm64 /Users/admin/builder/spi-builder-workspace/.derivedData/SDKExplicitPrecompiledModules/ImageIO-5CC6COR9KJYI1UBL7CSHLU2OG.pcm
SwiftExplicitDependencyGeneratePcm arm64 /Users/admin/builder/spi-builder-workspace/.derivedData/SDKExplicitPrecompiledModules/UniformTypeIdentifiers-E5KMWDZEKS4QW9RO1KBRDEXV6.pcm
SwiftExplicitDependencyGeneratePcm arm64 /Users/admin/builder/spi-builder-workspace/.derivedData/SDKExplicitPrecompiledModules/Network-EQPZZF3W6BWG89K0PY9NZO3T0.pcm
SwiftExplicitDependencyGeneratePcm arm64 /Users/admin/builder/spi-builder-workspace/.derivedData/SDKExplicitPrecompiledModules/UserNotifications-8IIV1V1FPNAPA4LY1Y23LOM2N.pcm
SwiftExplicitDependencyGeneratePcm arm64 /Users/admin/builder/spi-builder-workspace/.derivedData/SDKExplicitPrecompiledModules/FileProvider-C9I28SI56F2SEVH1BCWTKGODO.pcm
SwiftExplicitDependencyGeneratePcm arm64 /Users/admin/builder/spi-builder-workspace/.derivedData/SDKExplicitPrecompiledModules/_LocationEssentials-8GQGFVARUE99D8VJX3TINY0VP.pcm
SwiftExplicitDependencyGeneratePcm arm64 /Users/admin/builder/spi-builder-workspace/.derivedData/SDKExplicitPrecompiledModules/CoreMIDI-7L19IC4ZH9BPYLVTD8IIFWN9R.pcm
SwiftExplicitDependencyGeneratePcm arm64 /Users/admin/builder/spi-builder-workspace/.derivedData/SDKExplicitPrecompiledModules/DataDetection-BANTQ3WXXGKZJYC0LLB3MD9K0.pcm
SwiftExplicitDependencyGeneratePcm arm64 /Users/admin/builder/spi-builder-workspace/.derivedData/SDKExplicitPrecompiledModules/UIUtilities-AOVGLUWEAN6CG2UZFNESGSP6C.pcm
SwiftExplicitDependencyGeneratePcm arm64 /Users/admin/builder/spi-builder-workspace/.derivedData/SDKExplicitPrecompiledModules/CoreData-73N6Z547OZUEZ8ADGEC6XRHWN.pcm
SwiftExplicitDependencyGeneratePcm arm64 /Users/admin/builder/spi-builder-workspace/.derivedData/SDKExplicitPrecompiledModules/IOSurface-5FE9U89GVFF9A7X7AGO2R8ENI.pcm
SwiftExplicitDependencyGeneratePcm arm64 /Users/admin/builder/spi-builder-workspace/.derivedData/SDKExplicitPrecompiledModules/Accessibility-1DR4J4YDVDGAYQTZ0FKZ1PU09.pcm
SwiftExplicitDependencyGeneratePcm arm64 /Users/admin/builder/spi-builder-workspace/.derivedData/SDKExplicitPrecompiledModules/OSLog-BNGT87TS0GMBFF7TY70HHB69.pcm
SwiftExplicitDependencyGeneratePcm arm64 /Users/admin/builder/spi-builder-workspace/.derivedData/SDKExplicitPrecompiledModules/Symbols-8G2XC01RPQ5HYIZE6JNUT864I.pcm
SwiftExplicitDependencyGeneratePcm arm64 /Users/admin/builder/spi-builder-workspace/.derivedData/SDKExplicitPrecompiledModules/CoreLocation-1SN37095DAPVJ068LLP9TBDQX.pcm
SwiftExplicitDependencyGeneratePcm arm64 /Users/admin/builder/spi-builder-workspace/.derivedData/SDKExplicitPrecompiledModules/CoreTransferable-8TBYAKHCX6UC8QQSS7BD8GQK5.pcm
SwiftExplicitDependencyGeneratePcm arm64 /Users/admin/builder/spi-builder-workspace/.derivedData/SDKExplicitPrecompiledModules/LocalAuthentication-9MSPUJ85OBXBTOD7NJCT1GZ0O.pcm
SwiftExplicitDependencyGeneratePcm arm64 /Users/admin/builder/spi-builder-workspace/.derivedData/SDKExplicitPrecompiledModules/OpenGLES-56BKSYXNVAP91BYZRWAKQZKGI.pcm
SwiftExplicitDependencyGeneratePcm arm64 /Users/admin/builder/spi-builder-workspace/.derivedData/SDKExplicitPrecompiledModules/Metal-EKNUM9P3PRIBHZK1ZBD6BA2T7.pcm
SwiftExplicitDependencyGeneratePcm arm64 /Users/admin/builder/spi-builder-workspace/.derivedData/SDKExplicitPrecompiledModules/AudioToolbox-2K3S8EA590EB3GMH6D6784BWZ.pcm
SwiftExplicitDependencyGeneratePcm arm64 /Users/admin/builder/spi-builder-workspace/.derivedData/SDKExplicitPrecompiledModules/AVRouting-55P8FRNK50AFZOMMB2LBBOX33.pcm
SwiftExplicitDependencyGeneratePcm arm64 /Users/admin/builder/spi-builder-workspace/.derivedData/SDKExplicitPrecompiledModules/CoreMotion-10LV922UPGE28QX2SOIO7ALIZ.pcm
SwiftExplicitDependencyGeneratePcm arm64 /Users/admin/builder/spi-builder-workspace/.derivedData/SDKExplicitPrecompiledModules/CoreVideo-E12HJSJSLO0YKWYBES11UKJ02.pcm
SwiftExplicitDependencyCompileModuleFromInterface arm64 /Users/admin/builder/spi-builder-workspace/.derivedData/SDKExplicitPrecompiledModules/ShaderGraph-URHKVVOFZL5Z.swiftmodule
SwiftExplicitDependencyGeneratePcm arm64 /Users/admin/builder/spi-builder-workspace/.derivedData/SDKExplicitPrecompiledModules/CoreMedia-D1IBHC28BRHWLNUG1Q75G5YN0.pcm
SwiftExplicitDependencyGeneratePcm arm64 /Users/admin/builder/spi-builder-workspace/.derivedData/SDKExplicitPrecompiledModules/QuartzCore-12T8WVKUNCL1N7VXH87MM4YOB.pcm
SwiftExplicitDependencyGeneratePcm arm64 /Users/admin/builder/spi-builder-workspace/.derivedData/SDKExplicitPrecompiledModules/ARKitFoundation-3N77COW7DLP77CM0PWZXSR9BD.pcm
SwiftExplicitDependencyGeneratePcm arm64 /Users/admin/builder/spi-builder-workspace/.derivedData/SDKExplicitPrecompiledModules/CoreML-37QYERWC0RQN4IY4377UD0TY1.pcm
SwiftExplicitDependencyGeneratePcm arm64 /Users/admin/builder/spi-builder-workspace/.derivedData/SDKExplicitPrecompiledModules/CoreImage-8WF1P230U10QM666EQMNV7OF1.pcm
SwiftExplicitDependencyGeneratePcm arm64 /Users/admin/builder/spi-builder-workspace/.derivedData/SDKExplicitPrecompiledModules/SwiftUICore-6OBBMA39VFD4CB6SG2PE41FAP.pcm
SwiftExplicitDependencyGeneratePcm arm64 /Users/admin/builder/spi-builder-workspace/.derivedData/SDKExplicitPrecompiledModules/AVFAudio-E8GATWFYYBEBB41O9N0LRRGYC.pcm
SwiftExplicitDependencyGeneratePcm arm64 /Users/admin/builder/spi-builder-workspace/.derivedData/SDKExplicitPrecompiledModules/Vision-DVVG9MQGC3IMTVPTC1691MQ6Z.pcm
SwiftExplicitDependencyGeneratePcm arm64 /Users/admin/builder/spi-builder-workspace/.derivedData/SDKExplicitPrecompiledModules/VideoToolbox-7I4MDYIPJ4IWU1ZSL4JE3I7M6.pcm
SwiftExplicitDependencyGeneratePcm arm64 /Users/admin/builder/spi-builder-workspace/.derivedData/SDKExplicitPrecompiledModules/MediaToolbox-1J5U29ERBPNPI1HKEJHXOP8EV.pcm
SwiftExplicitDependencyGeneratePcm arm64 /Users/admin/builder/spi-builder-workspace/.derivedData/SDKExplicitPrecompiledModules/UIKit-2D2PMAAE45TMO6S28UCGCO5BR.pcm
SwiftExplicitDependencyGeneratePcm arm64 /Users/admin/builder/spi-builder-workspace/.derivedData/SDKExplicitPrecompiledModules/AVFoundation-DFCX8GQJWVA3CZBITWEHAZEFX.pcm
SwiftExplicitDependencyGeneratePcm arm64 /Users/admin/builder/spi-builder-workspace/.derivedData/SDKExplicitPrecompiledModules/ARKitCore-307YVPJLQNB66BTBIONHZNP86.pcm
SwiftExplicitDependencyGeneratePcm arm64 /Users/admin/builder/spi-builder-workspace/.derivedData/SDKExplicitPrecompiledModules/GameController-7QL0VMQHE24OWQFUR0UFT89DW.pcm
SwiftExplicitDependencyGeneratePcm arm64 /Users/admin/builder/spi-builder-workspace/.derivedData/SDKExplicitPrecompiledModules/SwiftUI-77PUPXISY3V3TUF5FJEHUQC86.pcm
SwiftExplicitDependencyGeneratePcm arm64 /Users/admin/builder/spi-builder-workspace/.derivedData/SDKExplicitPrecompiledModules/ARKit-27VDPOZ50FG2MJG7OFV6IFQYQ.pcm
SwiftCompile normal arm64 Compiling\ QRScannerView.swift /Users/admin/builder/spi-builder-workspace/QRScanner/QRScannerView.swift (in target 'QRScanner' from project 'QRScanner')
SwiftCompile normal arm64 /Users/admin/builder/spi-builder-workspace/QRScanner/QRScannerView.swift (in target 'QRScanner' from project 'QRScanner')
cd /Users/admin/builder/spi-builder-workspace/.swiftpm/xcode
builtin-SwiftPerFileCompile QRScannerView.swift
/Users/admin/builder/spi-builder-workspace/QRScanner/QRScannerView.swift:158:31: error: 'AVCaptureVideoPreviewLayer' is unavailable in visionOS
156 | private let videoDataQueue = DispatchQueue(label: "videoData.session.qrreader.queue")
157 | private let session = AVCaptureSession()
158 | private var previewLayer: AVCaptureVideoPreviewLayer?
| `- error: 'AVCaptureVideoPreviewLayer' is unavailable in visionOS
159 | private var focusImageView = UIImageView()
160 | private var qrCodeImageView = UIImageView()
/Applications/Xcode-27.0.0-Release.Candidate.app/Contents/Developer/Platforms/XROS.platform/Developer/SDKs/XROS27.0.sdk/System/Library/Frameworks/AVFoundation.framework/Headers/AVCaptureVideoPreviewLayer.h:33:12: note: 'AVCaptureVideoPreviewLayer' has been explicitly marked unavailable here
31 | */
32 | API_AVAILABLE(macos(10.7), ios(4.0), macCatalyst(14.0), tvos(17.0)) API_UNAVAILABLE(visionos) API_UNAVAILABLE(watchos)
33 | @interface AVCaptureVideoPreviewLayer : CALayer
| `- note: 'AVCaptureVideoPreviewLayer' has been explicitly marked unavailable here
34 | {
35 | @private
/Users/admin/builder/spi-builder-workspace/QRScanner/QRScannerView.swift:161:34: error: 'AVCaptureMetadataOutput' is unavailable in visionOS
159 | private var focusImageView = UIImageView()
160 | private var qrCodeImageView = UIImageView()
161 | private var metadataOutput = AVCaptureMetadataOutput()
| `- error: 'AVCaptureMetadataOutput' is unavailable in visionOS
162 | private var videoDataOutput = AVCaptureVideoDataOutput()
163 | private var metadataOutputEnable = false
/Applications/Xcode-27.0.0-Release.Candidate.app/Contents/Developer/Platforms/XROS.platform/Developer/SDKs/XROS27.0.sdk/System/Library/Frameworks/AVFoundation.framework/Headers/AVCaptureMetadataOutput.h:29:12: note: 'AVCaptureMetadataOutput' has been explicitly marked unavailable here
27 | */
28 | API_AVAILABLE(macos(13.0), ios(6.0), macCatalyst(14.0), tvos(17.0)) API_UNAVAILABLE(visionos) API_UNAVAILABLE(watchos)
29 | @interface AVCaptureMetadataOutput : AVCaptureOutput
| `- note: 'AVCaptureMetadataOutput' has been explicitly marked unavailable here
30 | {
31 | @private
/Users/admin/builder/spi-builder-workspace/QRScanner/QRScannerView.swift:352:42: error: 'AVCaptureMetadataOutput' is unavailable in visionOS
350 |
351 | extension QRScannerView: AVCaptureMetadataOutputObjectsDelegate {
352 | public func metadataOutput(_ output: AVCaptureMetadataOutput, didOutput metadataObjects: [AVMetadataObject], from connection: AVCaptureConnection) {
| `- error: 'AVCaptureMetadataOutput' is unavailable in visionOS
353 | guard metadataOutputEnable else { return }
354 | if let metadataObject = metadataObjects.first {
/Applications/Xcode-27.0.0-Release.Candidate.app/Contents/Developer/Platforms/XROS.platform/Developer/SDKs/XROS27.0.sdk/System/Library/Frameworks/AVFoundation.framework/Headers/AVCaptureMetadataOutput.h:29:12: note: 'AVCaptureMetadataOutput' has been explicitly marked unavailable here
27 | */
28 | API_AVAILABLE(macos(13.0), ios(6.0), macCatalyst(14.0), tvos(17.0)) API_UNAVAILABLE(visionos) API_UNAVAILABLE(watchos)
29 | @interface AVCaptureMetadataOutput : AVCaptureOutput
| `- note: 'AVCaptureMetadataOutput' has been explicitly marked unavailable here
30 | {
31 | @private
/Users/admin/builder/spi-builder-workspace/QRScanner/QRScannerView.swift:352:95: error: 'AVMetadataObject' is unavailable in visionOS
350 |
351 | extension QRScannerView: AVCaptureMetadataOutputObjectsDelegate {
352 | public func metadataOutput(_ output: AVCaptureMetadataOutput, didOutput metadataObjects: [AVMetadataObject], from connection: AVCaptureConnection) {
| `- error: 'AVMetadataObject' is unavailable in visionOS
353 | guard metadataOutputEnable else { return }
354 | if let metadataObject = metadataObjects.first {
/Applications/Xcode-27.0.0-Release.Candidate.app/Contents/Developer/Platforms/XROS.platform/Developer/SDKs/XROS27.0.sdk/System/Library/Frameworks/AVFoundation.framework/Headers/AVMetadataObject.h:44:12: note: 'AVMetadataObject' has been explicitly marked unavailable here
42 | */
43 | API_AVAILABLE(macos(10.10), ios(6.0), macCatalyst(14.0), tvos(9.0)) API_UNAVAILABLE(watchos, visionos)
44 | @interface AVMetadataObject : NSObject
| `- note: 'AVMetadataObject' has been explicitly marked unavailable here
45 | {
46 | @private
/Users/admin/builder/spi-builder-workspace/QRScanner/QRScannerView.swift:351:26: error: 'AVCaptureMetadataOutputObjectsDelegate' is unavailable in visionOS
349 | // MARK: - AVCaptureMetadataOutputObjectsDelegate
350 |
351 | extension QRScannerView: AVCaptureMetadataOutputObjectsDelegate {
| `- error: 'AVCaptureMetadataOutputObjectsDelegate' is unavailable in visionOS
352 | public func metadataOutput(_ output: AVCaptureMetadataOutput, didOutput metadataObjects: [AVMetadataObject], from connection: AVCaptureConnection) {
353 | guard metadataOutputEnable else { return }
/Applications/Xcode-27.0.0-Release.Candidate.app/Contents/Developer/Platforms/XROS.platform/Developer/SDKs/XROS27.0.sdk/System/Library/Frameworks/AVFoundation.framework/Headers/AVCaptureMetadataOutput.h:126:11: note: 'AVCaptureMetadataOutputObjectsDelegate' has been explicitly marked unavailable here
124 | */
125 | API_AVAILABLE(macos(13.0), ios(6.0), macCatalyst(14.0), tvos(17.0)) API_UNAVAILABLE(visionos) API_UNAVAILABLE(watchos)
126 | @protocol AVCaptureMetadataOutputObjectsDelegate <NSObject>
| `- note: 'AVCaptureMetadataOutputObjectsDelegate' has been explicitly marked unavailable here
127 |
128 | @optional
/Users/admin/builder/spi-builder-workspace/QRScanner/QRScannerView.swift:119:49: error: 'default(for:)' is only available in visionOS 2.1 or newer
25 | // MARK: - QRScannerView
26 | @IBDesignable
27 | public class QRScannerView: UIView {
| `- note: add '@available' attribute to enclosing class
28 |
29 | // MARK: - Input
:
114 | }
115 |
116 | public func setTorchActive(isOn: Bool) {
| `- note: add '@available' attribute to enclosing instance method
117 | assert(Thread.isMainThread)
118 |
119 | guard let videoDevice = AVCaptureDevice.default(for: .video),
| |- error: 'default(for:)' is only available in visionOS 2.1 or newer
| `- note: add 'if #available' version check
120 | videoDevice.hasTorch, videoDevice.isTorchAvailable,
121 | (metadataOutputEnable || videoDataOutputEnable) else {
SwiftEmitModule normal arm64 Emitting\ module\ for\ QRScanner (in target 'QRScanner' from project 'QRScanner')
/Users/admin/builder/spi-builder-workspace/QRScanner/QRScannerView.swift:158:31: error: 'AVCaptureVideoPreviewLayer' is unavailable in visionOS
156 | private let videoDataQueue = DispatchQueue(label: "videoData.session.qrreader.queue")
157 | private let session = AVCaptureSession()
158 | private var previewLayer: AVCaptureVideoPreviewLayer?
| `- error: 'AVCaptureVideoPreviewLayer' is unavailable in visionOS
159 | private var focusImageView = UIImageView()
160 | private var qrCodeImageView = UIImageView()
/Applications/Xcode-27.0.0-Release.Candidate.app/Contents/Developer/Platforms/XROS.platform/Developer/SDKs/XROS27.0.sdk/System/Library/Frameworks/AVFoundation.framework/Headers/AVCaptureVideoPreviewLayer.h:33:12: note: 'AVCaptureVideoPreviewLayer' has been explicitly marked unavailable here
31 | */
32 | API_AVAILABLE(macos(10.7), ios(4.0), macCatalyst(14.0), tvos(17.0)) API_UNAVAILABLE(visionos) API_UNAVAILABLE(watchos)
33 | @interface AVCaptureVideoPreviewLayer : CALayer
| `- note: 'AVCaptureVideoPreviewLayer' has been explicitly marked unavailable here
34 | {
35 | @private
/Users/admin/builder/spi-builder-workspace/QRScanner/QRScannerView.swift:161:34: error: 'AVCaptureMetadataOutput' is unavailable in visionOS
159 | private var focusImageView = UIImageView()
160 | private var qrCodeImageView = UIImageView()
161 | private var metadataOutput = AVCaptureMetadataOutput()
| `- error: 'AVCaptureMetadataOutput' is unavailable in visionOS
162 | private var videoDataOutput = AVCaptureVideoDataOutput()
163 | private var metadataOutputEnable = false
/Applications/Xcode-27.0.0-Release.Candidate.app/Contents/Developer/Platforms/XROS.platform/Developer/SDKs/XROS27.0.sdk/System/Library/Frameworks/AVFoundation.framework/Headers/AVCaptureMetadataOutput.h:29:12: note: 'AVCaptureMetadataOutput' has been explicitly marked unavailable here
27 | */
28 | API_AVAILABLE(macos(13.0), ios(6.0), macCatalyst(14.0), tvos(17.0)) API_UNAVAILABLE(visionos) API_UNAVAILABLE(watchos)
29 | @interface AVCaptureMetadataOutput : AVCaptureOutput
| `- note: 'AVCaptureMetadataOutput' has been explicitly marked unavailable here
30 | {
31 | @private
/Users/admin/builder/spi-builder-workspace/QRScanner/QRScannerView.swift:352:42: error: 'AVCaptureMetadataOutput' is unavailable in visionOS
350 |
351 | extension QRScannerView: AVCaptureMetadataOutputObjectsDelegate {
352 | public func metadataOutput(_ output: AVCaptureMetadataOutput, didOutput metadataObjects: [AVMetadataObject], from connection: AVCaptureConnection) {
| `- error: 'AVCaptureMetadataOutput' is unavailable in visionOS
353 | guard metadataOutputEnable else { return }
354 | if let metadataObject = metadataObjects.first {
/Applications/Xcode-27.0.0-Release.Candidate.app/Contents/Developer/Platforms/XROS.platform/Developer/SDKs/XROS27.0.sdk/System/Library/Frameworks/AVFoundation.framework/Headers/AVCaptureMetadataOutput.h:29:12: note: 'AVCaptureMetadataOutput' has been explicitly marked unavailable here
27 | */
28 | API_AVAILABLE(macos(13.0), ios(6.0), macCatalyst(14.0), tvos(17.0)) API_UNAVAILABLE(visionos) API_UNAVAILABLE(watchos)
29 | @interface AVCaptureMetadataOutput : AVCaptureOutput
| `- note: 'AVCaptureMetadataOutput' has been explicitly marked unavailable here
30 | {
31 | @private
/Users/admin/builder/spi-builder-workspace/QRScanner/QRScannerView.swift:352:95: error: 'AVMetadataObject' is unavailable in visionOS
350 |
351 | extension QRScannerView: AVCaptureMetadataOutputObjectsDelegate {
352 | public func metadataOutput(_ output: AVCaptureMetadataOutput, didOutput metadataObjects: [AVMetadataObject], from connection: AVCaptureConnection) {
| `- error: 'AVMetadataObject' is unavailable in visionOS
353 | guard metadataOutputEnable else { return }
354 | if let metadataObject = metadataObjects.first {
/Applications/Xcode-27.0.0-Release.Candidate.app/Contents/Developer/Platforms/XROS.platform/Developer/SDKs/XROS27.0.sdk/System/Library/Frameworks/AVFoundation.framework/Headers/AVMetadataObject.h:44:12: note: 'AVMetadataObject' has been explicitly marked unavailable here
42 | */
43 | API_AVAILABLE(macos(10.10), ios(6.0), macCatalyst(14.0), tvos(9.0)) API_UNAVAILABLE(watchos, visionos)
44 | @interface AVMetadataObject : NSObject
| `- note: 'AVMetadataObject' has been explicitly marked unavailable here
45 | {
46 | @private
/Users/admin/builder/spi-builder-workspace/QRScanner/QRScannerView.swift:351:26: error: 'AVCaptureMetadataOutputObjectsDelegate' is unavailable in visionOS
349 | // MARK: - AVCaptureMetadataOutputObjectsDelegate
350 |
351 | extension QRScannerView: AVCaptureMetadataOutputObjectsDelegate {
| `- error: 'AVCaptureMetadataOutputObjectsDelegate' is unavailable in visionOS
352 | public func metadataOutput(_ output: AVCaptureMetadataOutput, didOutput metadataObjects: [AVMetadataObject], from connection: AVCaptureConnection) {
353 | guard metadataOutputEnable else { return }
/Applications/Xcode-27.0.0-Release.Candidate.app/Contents/Developer/Platforms/XROS.platform/Developer/SDKs/XROS27.0.sdk/System/Library/Frameworks/AVFoundation.framework/Headers/AVCaptureMetadataOutput.h:126:11: note: 'AVCaptureMetadataOutputObjectsDelegate' has been explicitly marked unavailable here
124 | */
125 | API_AVAILABLE(macos(13.0), ios(6.0), macCatalyst(14.0), tvos(17.0)) API_UNAVAILABLE(visionos) API_UNAVAILABLE(watchos)
126 | @protocol AVCaptureMetadataOutputObjectsDelegate <NSObject>
| `- note: 'AVCaptureMetadataOutputObjectsDelegate' has been explicitly marked unavailable here
127 |
128 | @optional
Failed frontend command:
/Applications/Xcode-27.0.0-Release.Candidate.app/Contents/Developer/Toolchains/XcodeDefault.xctoolchain/usr/bin/swift-frontend -frontend -emit-module -experimental-skip-non-inlinable-function-bodies-without-types /Users/admin/builder/spi-builder-workspace/.derivedData/Build/Intermediates.noindex/QRScanner.build/Debug-xros/QRScanner-t.build/DerivedSources/resource_bundle_accessor.swift /Users/admin/builder/spi-builder-workspace/QRScanner/Bundle+Module.swift /Users/admin/builder/spi-builder-workspace/QRScanner/QRScannerError.swift /Users/admin/builder/spi-builder-workspace/QRScanner/QRScannerSwiftUIView.swift /Users/admin/builder/spi-builder-workspace/QRScanner/QRScannerView.swift /Users/admin/builder/spi-builder-workspace/.derivedData/Build/Intermediates.noindex/QRScanner.build/Debug-xros/QRScanner-t.build/DerivedSources/GeneratedAssetSymbols.swift -target arm64-apple-xros1.0 -module-can-import-version DeveloperToolsSupport 24.0.24 24.0.24 -disable-cross-import-overlay-search -load-resolved-plugin /Applications/Xcode-27.0.0-Release.Candidate.app/Contents/Developer/Platforms/XROS.platform/Developer/usr/lib/swift/host/plugins/libFoundationMacros.dylib\#/Applications/Xcode-27.0.0-Release.Candidate.app/Contents/Developer/Platforms/XROS.platform/Developer/usr/bin/swift-plugin-server\#FoundationMacros -load-resolved-plugin /Applications/Xcode-27.0.0-Release.Candidate.app/Contents/Developer/Platforms/XROS.platform/Developer/usr/lib/swift/host/plugins/libObservationMacros.dylib\#/Applications/Xcode-27.0.0-Release.Candidate.app/Contents/Developer/Platforms/XROS.platform/Developer/usr/bin/swift-plugin-server\#ObservationMacros -load-resolved-plugin /Applications/Xcode-27.0.0-Release.Candidate.app/Contents/Developer/Platforms/XROS.platform/Developer/usr/lib/swift/host/plugins/libPreviewsMacros.dylib\#/Applications/Xcode-27.0.0-Release.Candidate.app/Contents/Developer/Platforms/XROS.platform/Developer/usr/bin/swift-plugin-server\#PreviewsMacros -load-resolved-plugin /Applications/Xcode-27.0.0-Release.Candidate.app/Contents/Developer/Platforms/XROS.platform/Developer/usr/lib/swift/host/plugins/libSwiftMacros.dylib\#/Applications/Xcode-27.0.0-Release.Candidate.app/Contents/Developer/Platforms/XROS.platform/Developer/usr/bin/swift-plugin-server\#SwiftMacros -load-resolved-plugin /Applications/Xcode-27.0.0-Release.Candidate.app/Contents/Developer/Platforms/XROS.platform/Developer/usr/lib/swift/host/plugins/libSwiftUIMacros.dylib\#/Applications/Xcode-27.0.0-Release.Candidate.app/Contents/Developer/Platforms/XROS.platform/Developer/usr/bin/swift-plugin-server\#SwiftUIMacros -disable-implicit-swift-modules -Xcc -fno-implicit-modules -Xcc -fno-implicit-module-maps -explicit-swift-module-map-file /Users/admin/builder/spi-builder-workspace/.derivedData/Build/Intermediates.noindex/QRScanner.build/Debug-xros/QRScanner-t.build/Objects-normal/arm64/QRScanner-dependencies-1.json -Xllvm -aarch64-use-tbi -enable-objc-interop -stack-check -sdk /Applications/Xcode-27.0.0-Release.Candidate.app/Contents/Developer/Platforms/XROS.platform/Developer/SDKs/XROS27.0.sdk -I /Users/admin/builder/spi-builder-workspace/.derivedData/Build/Products/Debug-xros -Isystem /Applications/Xcode-27.0.0-Release.Candidate.app/Contents/Developer/Platforms/XROS.platform/Developer/usr/lib -F /Users/admin/builder/spi-builder-workspace/.derivedData/Build/Products/Debug-xros -F /Applications/Xcode-27.0.0-Release.Candidate.app/Contents/Developer/Platforms/XROS.platform/Developer/Library/Frameworks -F /Applications/Xcode-27.0.0-Release.Candidate.app/Contents/Developer/Platforms/XROS.platform/Developer/SDKs/XROS27.0.sdk/Developer/Library/Frameworks -module-cache-path /Users/admin/builder/spi-builder-workspace/.derivedData/Build/Intermediates.noindex/SwiftExplicitPrecompiledModules -no-color-diagnostics -Xcc -fno-color-diagnostics -enable-testing -g -debug-info-format\=dwarf -dwarf-version\=4 -swift-version 5 -Onone -D SWIFT_PACKAGE -D DEBUG -D SWIFT_MODULE_RESOURCE_BUNDLE_AVAILABLE -D Xcode -serialize-debugging-options -enable-experimental-feature DebugDescriptionMacro -empty-abi-descriptor -validate-clang-modules-once -clang-build-session-file /Users/admin/builder/spi-builder-workspace/.derivedData/ModuleCache.noindex/Session.modulevalidation -Xcc -working-directory -Xcc /Users/admin/builder/spi-builder-workspace/.swiftpm/xcode -enable-anonymous-context-mangled-names -file-compilation-dir /Users/admin/builder/spi-builder-workspace/.swiftpm/xcode -Xcc -D_LIBCPP_HARDENING_MODE\=_LIBCPP_HARDENING_MODE_DEBUG -Xcc -ivfsstatcache -Xcc /Users/admin/builder/spi-builder-workspace/.derivedData/SDKStatCaches.noindex/xros27.0-24M361-e829b21a6f8c9b70876ba0858053c044735bd543db762f57723cac368afd1ce4.sdkstatcache -Xcc -fmodules-prune-interval\=86400 -Xcc -fmodules-prune-after\=345600 -Xcc -I/Users/admin/builder/spi-builder-workspace/.derivedData/Build/Products/Debug-xros/include -Xcc -I/Users/admin/builder/spi-builder-workspace/.derivedData/Build/Intermediates.noindex/QRScanner.build/Debug-xros/QRScanner-t.build/DerivedSources-normal/arm64 -Xcc -I/Users/admin/builder/spi-builder-workspace/.derivedData/Build/Intermediates.noindex/QRScanner.build/Debug-xros/QRScanner-t.build/DerivedSources/arm64 -Xcc -I/Users/admin/builder/spi-builder-workspace/.derivedData/Build/Intermediates.noindex/QRScanner.build/Debug-xros/QRScanner-t.build/DerivedSources -Xcc -DSWIFT_PACKAGE -Xcc -DDEBUG\=1 -no-auto-bridging-header-chaining -module-name QRScanner -package-name spi_builder_workspace -const-gather-protocols-file /Users/admin/builder/spi-builder-workspace/.derivedData/Build/Intermediates.noindex/QRScanner.build/Debug-xros/QRScanner-t.build/Objects-normal/arm64/QRScanner_const_extract_protocols.json -disable-clang-spi -clang-target arm64-apple-xros27.0 -target-sdk-version 27.0 -target-sdk-name xros27.0 -in-process-plugin-server-path /Applications/Xcode-27.0.0-Release.Candidate.app/Contents/Developer/Toolchains/XcodeDefault.xctoolchain/usr/lib/swift/host/libSwiftInProcPluginServer.dylib -emit-module-doc-path /Users/admin/builder/spi-builder-workspace/.derivedData/Build/Intermediates.noindex/QRScanner.build/Debug-xros/QRScanner-t.build/Objects-normal/arm64/QRScanner.swiftdoc -emit-module-source-info-path /Users/admin/builder/spi-builder-workspace/.derivedData/Build/Intermediates.noindex/QRScanner.build/Debug-xros/QRScanner-t.build/Objects-normal/arm64/QRScanner.swiftsourceinfo -emit-objc-header-path /Users/admin/builder/spi-builder-workspace/.derivedData/Build/Intermediates.noindex/QRScanner.build/Debug-xros/QRScanner-t.build/Objects-normal/arm64/QRScanner-Swift.h -serialize-diagnostics-path /Users/admin/builder/spi-builder-workspace/.derivedData/Build/Intermediates.noindex/QRScanner.build/Debug-xros/QRScanner-t.build/Objects-normal/arm64/QRScanner-primary-emit-module.dia -emit-dependencies-path /Users/admin/builder/spi-builder-workspace/.derivedData/Build/Intermediates.noindex/QRScanner.build/Debug-xros/QRScanner-t.build/Objects-normal/arm64/QRScanner-primary-emit-module.d -parse-as-library -o /Users/admin/builder/spi-builder-workspace/.derivedData/Build/Intermediates.noindex/QRScanner.build/Debug-xros/QRScanner-t.build/Objects-normal/arm64/QRScanner.swiftmodule -emit-abi-descriptor-path /Users/admin/builder/spi-builder-workspace/.derivedData/Build/Intermediates.noindex/QRScanner.build/Debug-xros/QRScanner-t.build/Objects-normal/arm64/QRScanner.abi.json
SwiftCompile normal arm64 (in target 'QRScanner' from project 'QRScanner')
cd /Users/admin/builder/spi-builder-workspace/.swiftpm/xcode
SwiftCompile normal arm64 Compiling\ QRScannerSwiftUIView.swift /Users/admin/builder/spi-builder-workspace/QRScanner/QRScannerSwiftUIView.swift (in target 'QRScanner' from project 'QRScanner')
SwiftCompile normal arm64 /Users/admin/builder/spi-builder-workspace/QRScanner/QRScannerSwiftUIView.swift (in target 'QRScanner' from project 'QRScanner')
cd /Users/admin/builder/spi-builder-workspace/.swiftpm/xcode
builtin-SwiftPerFileCompile QRScannerSwiftUIView.swift
SwiftCompile normal arm64 Compiling\ QRScannerError.swift /Users/admin/builder/spi-builder-workspace/QRScanner/QRScannerError.swift (in target 'QRScanner' from project 'QRScanner')
SwiftCompile normal arm64 /Users/admin/builder/spi-builder-workspace/QRScanner/QRScannerError.swift (in target 'QRScanner' from project 'QRScanner')
cd /Users/admin/builder/spi-builder-workspace/.swiftpm/xcode
builtin-SwiftPerFileCompile QRScannerError.swift
SwiftCompile normal arm64 Compiling\ Bundle+Module.swift /Users/admin/builder/spi-builder-workspace/QRScanner/Bundle+Module.swift (in target 'QRScanner' from project 'QRScanner')
SwiftCompile normal arm64 /Users/admin/builder/spi-builder-workspace/QRScanner/Bundle+Module.swift (in target 'QRScanner' from project 'QRScanner')
cd /Users/admin/builder/spi-builder-workspace/.swiftpm/xcode
builtin-SwiftPerFileCompile Bundle+Module.swift
SwiftCompile normal arm64 Compiling\ GeneratedAssetSymbols.swift /Users/admin/builder/spi-builder-workspace/.derivedData/Build/Intermediates.noindex/QRScanner.build/Debug-xros/QRScanner-t.build/DerivedSources/GeneratedAssetSymbols.swift (in target 'QRScanner' from project 'QRScanner')
SwiftCompile normal arm64 /Users/admin/builder/spi-builder-workspace/.derivedData/Build/Intermediates.noindex/QRScanner.build/Debug-xros/QRScanner-t.build/DerivedSources/GeneratedAssetSymbols.swift (in target 'QRScanner' from project 'QRScanner')
cd /Users/admin/builder/spi-builder-workspace/.swiftpm/xcode
builtin-SwiftPerFileCompile GeneratedAssetSymbols.swift
SwiftCompile normal arm64 Compiling\ resource_bundle_accessor.swift /Users/admin/builder/spi-builder-workspace/.derivedData/Build/Intermediates.noindex/QRScanner.build/Debug-xros/QRScanner-t.build/DerivedSources/resource_bundle_accessor.swift (in target 'QRScanner' from project 'QRScanner')
SwiftCompile normal arm64 /Users/admin/builder/spi-builder-workspace/.derivedData/Build/Intermediates.noindex/QRScanner.build/Debug-xros/QRScanner-t.build/DerivedSources/resource_bundle_accessor.swift (in target 'QRScanner' from project 'QRScanner')
cd /Users/admin/builder/spi-builder-workspace/.swiftpm/xcode
builtin-SwiftPerFileCompile resource_bundle_accessor.swift
PruneExplicitPrecompiledModules /Users/admin/builder/spi-builder-workspace/.derivedData/Build/Intermediates.noindex/SwiftExplicitPrecompiledModules
PruneExplicitPrecompiledModules /Users/admin/builder/spi-builder-workspace/.derivedData/SDKExplicitPrecompiledModules
PruneExplicitPrecompiledModules /Users/admin/builder/spi-builder-workspace/.derivedData/Build/Intermediates.noindex/ExplicitPrecompiledModules
2026-09-23 11:21:20.247 xcodebuild[649:4134] [MT] IDERunDestination: Supported platforms for the buildables in the current scheme is empty.
** BUILD FAILED **
The following build commands failed:
SwiftEmitModule normal arm64 Emitting\ module\ for\ QRScanner (in target 'QRScanner' from project 'QRScanner')
SwiftCompile normal arm64 (in target 'QRScanner' from project 'QRScanner')
Building workspace QRScanner with scheme QRScanner
(3 failures)
Command line invocation:
/Applications/Xcode-27.0.0-Release.Candidate.app/Contents/Developer/usr/bin/xcodebuild -IDEClonedSourcePackagesDirPathOverride=/Users/admin/builder/spi-builder-workspace/.dependencies -resolvePackageDependencies
Resolve Package Graph
Resolved source packages:
QRScanner: /Users/admin/builder/spi-builder-workspace
resolved source packages: QRScanner
2026-09-23 11:21:29.822 xcodebuild[787:4756] [MT] IDERunDestination: Supported platforms for the buildables in the current scheme is empty.
{
"dependencies" : [
],
"manifest_display_name" : "QRScanner",
"name" : "QRScanner",
"path" : "/Users/admin/builder/spi-builder-workspace",
"platforms" : [
{
"name" : "ios",
"version" : "14.0"
}
],
"products" : [
{
"name" : "QRScanner",
"targets" : [
"QRScanner"
],
"type" : {
"library" : [
"automatic"
]
}
}
],
"targets" : [
{
"c99name" : "QRScanner",
"module_type" : "SwiftTarget",
"name" : "QRScanner",
"path" : "QRScanner",
"product_memberships" : [
"QRScanner"
],
"resources" : [
{
"path" : "/Users/admin/builder/spi-builder-workspace/QRScanner/Images.xcassets",
"rule" : {
"process" : {
}
}
},
{
"path" : "/Users/admin/builder/spi-builder-workspace/QRScanner/PrivacyInfo.xcprivacy",
"rule" : {
"copy" : {
}
}
}
],
"sources" : [
"Bundle+Module.swift",
"QRScannerError.swift",
"QRScannerSwiftUIView.swift",
"QRScannerView.swift"
],
"type" : "library"
}
],
"tools_version" : "5.9"
}
{
"workspace" : {
"name" : "QRScanner",
"schemes" : [
"QRScanner"
]
}
}
2026-09-23 11:21:30.976 xcodebuild[795:4825] [MT] IDERunDestination: Supported platforms for the buildables in the current scheme is empty.
Running build ...
env DEVELOPER_DIR=/Applications/Xcode-27.0.0-Release.Candidate.app xcrun xcodebuild -IDEClonedSourcePackagesDirPathOverride=$PWD/.dependencies -skipMacroValidation -skipPackagePluginValidation -derivedDataPath $PWD/.derivedData build -scheme QRScanner -destination generic/platform=xrOS
Command line invocation:
/Applications/Xcode-27.0.0-Release.Candidate.app/Contents/Developer/usr/bin/xcodebuild -IDEClonedSourcePackagesDirPathOverride=/Users/admin/builder/spi-builder-workspace/.dependencies -skipMacroValidation -skipPackagePluginValidation -derivedDataPath /Users/admin/builder/spi-builder-workspace/.derivedData build -scheme QRScanner -destination generic/platform=xrOS
Resolve Package Graph
Resolved source packages:
QRScanner: /Users/admin/builder/spi-builder-workspace
ComputePackagePrebuildTargetDependencyGraph
Prepare packages
CreateBuildRequest
SendProjectDescription
CreateBuildOperation
ComputeTargetDependencyGraph
note: Building targets in dependency order
note: Target dependency graph (3 targets)
Target 'QRScanner-product' in project 'QRScanner'
➜ Explicit dependency on target 'QRScanner' in project 'QRScanner'
➜ Explicit dependency on target 'QRScanner_QRScanner' in project 'QRScanner'
Target 'QRScanner' in project 'QRScanner'
➜ Explicit dependency on target 'QRScanner_QRScanner' in project 'QRScanner'
Target 'QRScanner_QRScanner' in project 'QRScanner' (no dependencies)
GatherProvisioningInputs
CreateBuildDescription
ClangStatCache /Applications/Xcode-27.0.0-Release.Candidate.app/Contents/Developer/Toolchains/XcodeDefault.xctoolchain/usr/bin/clang-stat-cache /Applications/Xcode-27.0.0-Release.Candidate.app/Contents/Developer/Platforms/XROS.platform/Developer/SDKs/XROS27.0.sdk /Users/admin/builder/spi-builder-workspace/.derivedData/SDKStatCaches.noindex/xros27.0-24M361-e829b21a6f8c9b70876ba0858053c044735bd543db762f57723cac368afd1ce4.sdkstatcache
cd /Users/admin/builder/spi-builder-workspace/.swiftpm/xcode
/Applications/Xcode-27.0.0-Release.Candidate.app/Contents/Developer/Toolchains/XcodeDefault.xctoolchain/usr/bin/clang-stat-cache /Applications/Xcode-27.0.0-Release.Candidate.app/Contents/Developer/Platforms/XROS.platform/Developer/SDKs/XROS27.0.sdk -o /Users/admin/builder/spi-builder-workspace/.derivedData/SDKStatCaches.noindex/xros27.0-24M361-e829b21a6f8c9b70876ba0858053c044735bd543db762f57723cac368afd1ce4.sdkstatcache
SwiftDriver QRScanner normal arm64 com.apple.xcode.tools.swift.compiler (in target 'QRScanner' from project 'QRScanner')
cd /Users/admin/builder/spi-builder-workspace/.swiftpm/xcode
builtin-SwiftDriver -- /Applications/Xcode-27.0.0-Release.Candidate.app/Contents/Developer/Toolchains/XcodeDefault.xctoolchain/usr/bin/swiftc -parse-as-library -module-name QRScanner -Onone @/Users/admin/builder/spi-builder-workspace/.derivedData/Build/Intermediates.noindex/QRScanner.build/Debug-xros/QRScanner-t.build/Objects-normal/arm64/QRScanner.SwiftFileList -DSWIFT_PACKAGE -DDEBUG -DSWIFT_MODULE_RESOURCE_BUNDLE_AVAILABLE -DXcode -plugin-path /Applications/Xcode-27.0.0-Release.Candidate.app/Contents/Developer/Toolchains/XcodeDefault.xctoolchain/usr/lib/swift/host/plugins/testing -enable-experimental-feature DebugDescriptionMacro -sdk /Applications/Xcode-27.0.0-Release.Candidate.app/Contents/Developer/Platforms/XROS.platform/Developer/SDKs/XROS27.0.sdk -target arm64-apple-xros1.0 -g -module-cache-path /Users/admin/builder/spi-builder-workspace/.derivedData/ModuleCache.noindex -Xfrontend -serialize-debugging-options -enable-testing -index-store-path /Users/admin/builder/spi-builder-workspace/.derivedData/Index.noindex/DataStore -Xcc -D_LIBCPP_HARDENING_MODE\=_LIBCPP_HARDENING_MODE_DEBUG -swift-version 5 -I /Users/admin/builder/spi-builder-workspace/.derivedData/Build/Products/Debug-xros -Isystem /Applications/Xcode-27.0.0-Release.Candidate.app/Contents/Developer/Platforms/XROS.platform/Developer/usr/lib -F /Users/admin/builder/spi-builder-workspace/.derivedData/Build/Products/Debug-xros -F /Applications/Xcode-27.0.0-Release.Candidate.app/Contents/Developer/Platforms/XROS.platform/Developer/Library/Frameworks -F /Applications/Xcode-27.0.0-Release.Candidate.app/Contents/Developer/Platforms/XROS.platform/Developer/SDKs/XROS27.0.sdk/Developer/Library/Frameworks -c -j10 -enable-batch-mode -incremental -Xcc -ivfsstatcache -Xcc /Users/admin/builder/spi-builder-workspace/.derivedData/SDKStatCaches.noindex/xros27.0-24M361-e829b21a6f8c9b70876ba0858053c044735bd543db762f57723cac368afd1ce4.sdkstatcache -output-file-map /Users/admin/builder/spi-builder-workspace/.derivedData/Build/Intermediates.noindex/QRScanner.build/Debug-xros/QRScanner-t.build/Objects-normal/arm64/QRScanner-OutputFileMap.json -save-temps -no-color-diagnostics -explicit-module-build -module-cache-path /Users/admin/builder/spi-builder-workspace/.derivedData/Build/Intermediates.noindex/SwiftExplicitPrecompiledModules -clang-scanner-module-cache-path /Users/admin/builder/spi-builder-workspace/.derivedData/ModuleCache.noindex -sdk-module-cache-path /Users/admin/builder/spi-builder-workspace/.derivedData/SDKExplicitPrecompiledModules -emit-dependencies -emit-module -emit-module-path /Users/admin/builder/spi-builder-workspace/.derivedData/Build/Intermediates.noindex/QRScanner.build/Debug-xros/QRScanner-t.build/Objects-normal/arm64/QRScanner.swiftmodule -serialize-diagnostics -dependency-scan-serialize-diagnostics-path /Users/admin/builder/spi-builder-workspace/.derivedData/Build/Intermediates.noindex/QRScanner.build/Debug-xros/QRScanner-t.build/Objects-normal/arm64/QRScanner-dependency-scan.dia -validate-clang-modules-once -clang-build-session-file /Users/admin/builder/spi-builder-workspace/.derivedData/ModuleCache.noindex/Session.modulevalidation -Xcc -fmodules-prune-interval\=86400 -Xcc -fmodules-prune-after\=345600 -package-name spi_builder_workspace -emit-const-values -const-gather-protocols-list /Users/admin/builder/spi-builder-workspace/.derivedData/Build/Intermediates.noindex/QRScanner.build/Debug-xros/QRScanner-t.build/Objects-normal/arm64/QRScanner_const_extract_protocols.json -Xcc -I/Users/admin/builder/spi-builder-workspace/.derivedData/Build/Products/Debug-xros/include -Xcc -I/Users/admin/builder/spi-builder-workspace/.derivedData/Build/Intermediates.noindex/QRScanner.build/Debug-xros/QRScanner-t.build/DerivedSources-normal/arm64 -Xcc -I/Users/admin/builder/spi-builder-workspace/.derivedData/Build/Intermediates.noindex/QRScanner.build/Debug-xros/QRScanner-t.build/DerivedSources/arm64 -Xcc -I/Users/admin/builder/spi-builder-workspace/.derivedData/Build/Intermediates.noindex/QRScanner.build/Debug-xros/QRScanner-t.build/DerivedSources -Xcc -DSWIFT_PACKAGE -Xcc -DDEBUG\=1 -emit-objc-header -emit-objc-header-path /Users/admin/builder/spi-builder-workspace/.derivedData/Build/Intermediates.noindex/QRScanner.build/Debug-xros/QRScanner-t.build/Objects-normal/arm64/QRScanner-Swift.h -working-directory /Users/admin/builder/spi-builder-workspace/.swiftpm/xcode -experimental-emit-module-separately -disable-cmo
SwiftCompile normal arm64 Compiling\ Bundle+Module.swift /Users/admin/builder/spi-builder-workspace/QRScanner/Bundle+Module.swift (in target 'QRScanner' from project 'QRScanner')
SwiftCompile normal arm64 /Users/admin/builder/spi-builder-workspace/QRScanner/Bundle+Module.swift (in target 'QRScanner' from project 'QRScanner')
cd /Users/admin/builder/spi-builder-workspace/.swiftpm/xcode
builtin-SwiftPerFileCompile Bundle+Module.swift
SwiftCompile normal arm64 Compiling\ QRScannerSwiftUIView.swift /Users/admin/builder/spi-builder-workspace/QRScanner/QRScannerSwiftUIView.swift (in target 'QRScanner' from project 'QRScanner')
SwiftCompile normal arm64 /Users/admin/builder/spi-builder-workspace/QRScanner/QRScannerSwiftUIView.swift (in target 'QRScanner' from project 'QRScanner')
cd /Users/admin/builder/spi-builder-workspace/.swiftpm/xcode
builtin-SwiftPerFileCompile QRScannerSwiftUIView.swift
SwiftEmitModule normal arm64 Emitting\ module\ for\ QRScanner (in target 'QRScanner' from project 'QRScanner')
/Users/admin/builder/spi-builder-workspace/QRScanner/QRScannerView.swift:158:31: error: 'AVCaptureVideoPreviewLayer' is unavailable in visionOS
156 | private let videoDataQueue = DispatchQueue(label: "videoData.session.qrreader.queue")
157 | private let session = AVCaptureSession()
158 | private var previewLayer: AVCaptureVideoPreviewLayer?
| `- error: 'AVCaptureVideoPreviewLayer' is unavailable in visionOS
159 | private var focusImageView = UIImageView()
160 | private var qrCodeImageView = UIImageView()
/Applications/Xcode-27.0.0-Release.Candidate.app/Contents/Developer/Platforms/XROS.platform/Developer/SDKs/XROS27.0.sdk/System/Library/Frameworks/AVFoundation.framework/Headers/AVCaptureVideoPreviewLayer.h:33:12: note: 'AVCaptureVideoPreviewLayer' has been explicitly marked unavailable here
31 | */
32 | API_AVAILABLE(macos(10.7), ios(4.0), macCatalyst(14.0), tvos(17.0)) API_UNAVAILABLE(visionos) API_UNAVAILABLE(watchos)
33 | @interface AVCaptureVideoPreviewLayer : CALayer
| `- note: 'AVCaptureVideoPreviewLayer' has been explicitly marked unavailable here
34 | {
35 | @private
/Users/admin/builder/spi-builder-workspace/QRScanner/QRScannerView.swift:161:34: error: 'AVCaptureMetadataOutput' is unavailable in visionOS
159 | private var focusImageView = UIImageView()
160 | private var qrCodeImageView = UIImageView()
161 | private var metadataOutput = AVCaptureMetadataOutput()
| `- error: 'AVCaptureMetadataOutput' is unavailable in visionOS
162 | private var videoDataOutput = AVCaptureVideoDataOutput()
163 | private var metadataOutputEnable = false
/Applications/Xcode-27.0.0-Release.Candidate.app/Contents/Developer/Platforms/XROS.platform/Developer/SDKs/XROS27.0.sdk/System/Library/Frameworks/AVFoundation.framework/Headers/AVCaptureMetadataOutput.h:29:12: note: 'AVCaptureMetadataOutput' has been explicitly marked unavailable here
27 | */
28 | API_AVAILABLE(macos(13.0), ios(6.0), macCatalyst(14.0), tvos(17.0)) API_UNAVAILABLE(visionos) API_UNAVAILABLE(watchos)
29 | @interface AVCaptureMetadataOutput : AVCaptureOutput
| `- note: 'AVCaptureMetadataOutput' has been explicitly marked unavailable here
30 | {
31 | @private
/Users/admin/builder/spi-builder-workspace/QRScanner/QRScannerView.swift:352:42: error: 'AVCaptureMetadataOutput' is unavailable in visionOS
350 |
351 | extension QRScannerView: AVCaptureMetadataOutputObjectsDelegate {
352 | public func metadataOutput(_ output: AVCaptureMetadataOutput, didOutput metadataObjects: [AVMetadataObject], from connection: AVCaptureConnection) {
| `- error: 'AVCaptureMetadataOutput' is unavailable in visionOS
353 | guard metadataOutputEnable else { return }
354 | if let metadataObject = metadataObjects.first {
/Applications/Xcode-27.0.0-Release.Candidate.app/Contents/Developer/Platforms/XROS.platform/Developer/SDKs/XROS27.0.sdk/System/Library/Frameworks/AVFoundation.framework/Headers/AVCaptureMetadataOutput.h:29:12: note: 'AVCaptureMetadataOutput' has been explicitly marked unavailable here
27 | */
28 | API_AVAILABLE(macos(13.0), ios(6.0), macCatalyst(14.0), tvos(17.0)) API_UNAVAILABLE(visionos) API_UNAVAILABLE(watchos)
29 | @interface AVCaptureMetadataOutput : AVCaptureOutput
| `- note: 'AVCaptureMetadataOutput' has been explicitly marked unavailable here
30 | {
31 | @private
/Users/admin/builder/spi-builder-workspace/QRScanner/QRScannerView.swift:352:95: error: 'AVMetadataObject' is unavailable in visionOS
350 |
351 | extension QRScannerView: AVCaptureMetadataOutputObjectsDelegate {
352 | public func metadataOutput(_ output: AVCaptureMetadataOutput, didOutput metadataObjects: [AVMetadataObject], from connection: AVCaptureConnection) {
| `- error: 'AVMetadataObject' is unavailable in visionOS
353 | guard metadataOutputEnable else { return }
354 | if let metadataObject = metadataObjects.first {
/Applications/Xcode-27.0.0-Release.Candidate.app/Contents/Developer/Platforms/XROS.platform/Developer/SDKs/XROS27.0.sdk/System/Library/Frameworks/AVFoundation.framework/Headers/AVMetadataObject.h:44:12: note: 'AVMetadataObject' has been explicitly marked unavailable here
42 | */
43 | API_AVAILABLE(macos(10.10), ios(6.0), macCatalyst(14.0), tvos(9.0)) API_UNAVAILABLE(watchos, visionos)
44 | @interface AVMetadataObject : NSObject
| `- note: 'AVMetadataObject' has been explicitly marked unavailable here
45 | {
46 | @private
/Users/admin/builder/spi-builder-workspace/QRScanner/QRScannerView.swift:351:26: error: 'AVCaptureMetadataOutputObjectsDelegate' is unavailable in visionOS
349 | // MARK: - AVCaptureMetadataOutputObjectsDelegate
350 |
351 | extension QRScannerView: AVCaptureMetadataOutputObjectsDelegate {
| `- error: 'AVCaptureMetadataOutputObjectsDelegate' is unavailable in visionOS
352 | public func metadataOutput(_ output: AVCaptureMetadataOutput, didOutput metadataObjects: [AVMetadataObject], from connection: AVCaptureConnection) {
353 | guard metadataOutputEnable else { return }
/Applications/Xcode-27.0.0-Release.Candidate.app/Contents/Developer/Platforms/XROS.platform/Developer/SDKs/XROS27.0.sdk/System/Library/Frameworks/AVFoundation.framework/Headers/AVCaptureMetadataOutput.h:126:11: note: 'AVCaptureMetadataOutputObjectsDelegate' has been explicitly marked unavailable here
124 | */
125 | API_AVAILABLE(macos(13.0), ios(6.0), macCatalyst(14.0), tvos(17.0)) API_UNAVAILABLE(visionos) API_UNAVAILABLE(watchos)
126 | @protocol AVCaptureMetadataOutputObjectsDelegate <NSObject>
| `- note: 'AVCaptureMetadataOutputObjectsDelegate' has been explicitly marked unavailable here
127 |
128 | @optional
Failed frontend command:
/Applications/Xcode-27.0.0-Release.Candidate.app/Contents/Developer/Toolchains/XcodeDefault.xctoolchain/usr/bin/swift-frontend -frontend -emit-module -experimental-skip-non-inlinable-function-bodies-without-types /Users/admin/builder/spi-builder-workspace/.derivedData/Build/Intermediates.noindex/QRScanner.build/Debug-xros/QRScanner-t.build/DerivedSources/resource_bundle_accessor.swift /Users/admin/builder/spi-builder-workspace/QRScanner/Bundle+Module.swift /Users/admin/builder/spi-builder-workspace/QRScanner/QRScannerError.swift /Users/admin/builder/spi-builder-workspace/QRScanner/QRScannerSwiftUIView.swift /Users/admin/builder/spi-builder-workspace/QRScanner/QRScannerView.swift /Users/admin/builder/spi-builder-workspace/.derivedData/Build/Intermediates.noindex/QRScanner.build/Debug-xros/QRScanner-t.build/DerivedSources/GeneratedAssetSymbols.swift -target arm64-apple-xros1.0 -module-can-import-version DeveloperToolsSupport 24.0.24 24.0.24 -disable-cross-import-overlay-search -load-resolved-plugin /Applications/Xcode-27.0.0-Release.Candidate.app/Contents/Developer/Platforms/XROS.platform/Developer/usr/lib/swift/host/plugins/libFoundationMacros.dylib\#/Applications/Xcode-27.0.0-Release.Candidate.app/Contents/Developer/Platforms/XROS.platform/Developer/usr/bin/swift-plugin-server\#FoundationMacros -load-resolved-plugin /Applications/Xcode-27.0.0-Release.Candidate.app/Contents/Developer/Platforms/XROS.platform/Developer/usr/lib/swift/host/plugins/libObservationMacros.dylib\#/Applications/Xcode-27.0.0-Release.Candidate.app/Contents/Developer/Platforms/XROS.platform/Developer/usr/bin/swift-plugin-server\#ObservationMacros -load-resolved-plugin /Applications/Xcode-27.0.0-Release.Candidate.app/Contents/Developer/Platforms/XROS.platform/Developer/usr/lib/swift/host/plugins/libPreviewsMacros.dylib\#/Applications/Xcode-27.0.0-Release.Candidate.app/Contents/Developer/Platforms/XROS.platform/Developer/usr/bin/swift-plugin-server\#PreviewsMacros -load-resolved-plugin /Applications/Xcode-27.0.0-Release.Candidate.app/Contents/Developer/Platforms/XROS.platform/Developer/usr/lib/swift/host/plugins/libSwiftMacros.dylib\#/Applications/Xcode-27.0.0-Release.Candidate.app/Contents/Developer/Platforms/XROS.platform/Developer/usr/bin/swift-plugin-server\#SwiftMacros -load-resolved-plugin /Applications/Xcode-27.0.0-Release.Candidate.app/Contents/Developer/Platforms/XROS.platform/Developer/usr/lib/swift/host/plugins/libSwiftUIMacros.dylib\#/Applications/Xcode-27.0.0-Release.Candidate.app/Contents/Developer/Platforms/XROS.platform/Developer/usr/bin/swift-plugin-server\#SwiftUIMacros -disable-implicit-swift-modules -Xcc -fno-implicit-modules -Xcc -fno-implicit-module-maps -explicit-swift-module-map-file /Users/admin/builder/spi-builder-workspace/.derivedData/Build/Intermediates.noindex/QRScanner.build/Debug-xros/QRScanner-t.build/Objects-normal/arm64/QRScanner-dependencies-1.json -Xllvm -aarch64-use-tbi -enable-objc-interop -stack-check -sdk /Applications/Xcode-27.0.0-Release.Candidate.app/Contents/Developer/Platforms/XROS.platform/Developer/SDKs/XROS27.0.sdk -I /Users/admin/builder/spi-builder-workspace/.derivedData/Build/Products/Debug-xros -Isystem /Applications/Xcode-27.0.0-Release.Candidate.app/Contents/Developer/Platforms/XROS.platform/Developer/usr/lib -F /Users/admin/builder/spi-builder-workspace/.derivedData/Build/Products/Debug-xros -F /Applications/Xcode-27.0.0-Release.Candidate.app/Contents/Developer/Platforms/XROS.platform/Developer/Library/Frameworks -F /Applications/Xcode-27.0.0-Release.Candidate.app/Contents/Developer/Platforms/XROS.platform/Developer/SDKs/XROS27.0.sdk/Developer/Library/Frameworks -module-cache-path /Users/admin/builder/spi-builder-workspace/.derivedData/Build/Intermediates.noindex/SwiftExplicitPrecompiledModules -no-color-diagnostics -Xcc -fno-color-diagnostics -enable-testing -g -debug-info-format\=dwarf -dwarf-version\=4 -swift-version 5 -Onone -D SWIFT_PACKAGE -D DEBUG -D SWIFT_MODULE_RESOURCE_BUNDLE_AVAILABLE -D Xcode -serialize-debugging-options -enable-experimental-feature DebugDescriptionMacro -empty-abi-descriptor -validate-clang-modules-once -clang-build-session-file /Users/admin/builder/spi-builder-workspace/.derivedData/ModuleCache.noindex/Session.modulevalidation -Xcc -working-directory -Xcc /Users/admin/builder/spi-builder-workspace/.swiftpm/xcode -enable-anonymous-context-mangled-names -file-compilation-dir /Users/admin/builder/spi-builder-workspace/.swiftpm/xcode -Xcc -D_LIBCPP_HARDENING_MODE\=_LIBCPP_HARDENING_MODE_DEBUG -Xcc -ivfsstatcache -Xcc /Users/admin/builder/spi-builder-workspace/.derivedData/SDKStatCaches.noindex/xros27.0-24M361-e829b21a6f8c9b70876ba0858053c044735bd543db762f57723cac368afd1ce4.sdkstatcache -Xcc -fmodules-prune-interval\=86400 -Xcc -fmodules-prune-after\=345600 -Xcc -I/Users/admin/builder/spi-builder-workspace/.derivedData/Build/Products/Debug-xros/include -Xcc -I/Users/admin/builder/spi-builder-workspace/.derivedData/Build/Intermediates.noindex/QRScanner.build/Debug-xros/QRScanner-t.build/DerivedSources-normal/arm64 -Xcc -I/Users/admin/builder/spi-builder-workspace/.derivedData/Build/Intermediates.noindex/QRScanner.build/Debug-xros/QRScanner-t.build/DerivedSources/arm64 -Xcc -I/Users/admin/builder/spi-builder-workspace/.derivedData/Build/Intermediates.noindex/QRScanner.build/Debug-xros/QRScanner-t.build/DerivedSources -Xcc -DSWIFT_PACKAGE -Xcc -DDEBUG\=1 -no-auto-bridging-header-chaining -module-name QRScanner -package-name spi_builder_workspace -const-gather-protocols-file /Users/admin/builder/spi-builder-workspace/.derivedData/Build/Intermediates.noindex/QRScanner.build/Debug-xros/QRScanner-t.build/Objects-normal/arm64/QRScanner_const_extract_protocols.json -disable-clang-spi -clang-target arm64-apple-xros27.0 -target-sdk-version 27.0 -target-sdk-name xros27.0 -in-process-plugin-server-path /Applications/Xcode-27.0.0-Release.Candidate.app/Contents/Developer/Toolchains/XcodeDefault.xctoolchain/usr/lib/swift/host/libSwiftInProcPluginServer.dylib -emit-module-doc-path /Users/admin/builder/spi-builder-workspace/.derivedData/Build/Intermediates.noindex/QRScanner.build/Debug-xros/QRScanner-t.build/Objects-normal/arm64/QRScanner.swiftdoc -emit-module-source-info-path /Users/admin/builder/spi-builder-workspace/.derivedData/Build/Intermediates.noindex/QRScanner.build/Debug-xros/QRScanner-t.build/Objects-normal/arm64/QRScanner.swiftsourceinfo -emit-objc-header-path /Users/admin/builder/spi-builder-workspace/.derivedData/Build/Intermediates.noindex/QRScanner.build/Debug-xros/QRScanner-t.build/Objects-normal/arm64/QRScanner-Swift.h -serialize-diagnostics-path /Users/admin/builder/spi-builder-workspace/.derivedData/Build/Intermediates.noindex/QRScanner.build/Debug-xros/QRScanner-t.build/Objects-normal/arm64/QRScanner-primary-emit-module.dia -emit-dependencies-path /Users/admin/builder/spi-builder-workspace/.derivedData/Build/Intermediates.noindex/QRScanner.build/Debug-xros/QRScanner-t.build/Objects-normal/arm64/QRScanner-primary-emit-module.d -parse-as-library -o /Users/admin/builder/spi-builder-workspace/.derivedData/Build/Intermediates.noindex/QRScanner.build/Debug-xros/QRScanner-t.build/Objects-normal/arm64/QRScanner.swiftmodule -emit-abi-descriptor-path /Users/admin/builder/spi-builder-workspace/.derivedData/Build/Intermediates.noindex/QRScanner.build/Debug-xros/QRScanner-t.build/Objects-normal/arm64/QRScanner.abi.json
SwiftCompile normal arm64 (in target 'QRScanner' from project 'QRScanner')
cd /Users/admin/builder/spi-builder-workspace/.swiftpm/xcode
SwiftCompile normal arm64 Compiling\ resource_bundle_accessor.swift /Users/admin/builder/spi-builder-workspace/.derivedData/Build/Intermediates.noindex/QRScanner.build/Debug-xros/QRScanner-t.build/DerivedSources/resource_bundle_accessor.swift (in target 'QRScanner' from project 'QRScanner')
SwiftCompile normal arm64 /Users/admin/builder/spi-builder-workspace/.derivedData/Build/Intermediates.noindex/QRScanner.build/Debug-xros/QRScanner-t.build/DerivedSources/resource_bundle_accessor.swift (in target 'QRScanner' from project 'QRScanner')
cd /Users/admin/builder/spi-builder-workspace/.swiftpm/xcode
builtin-SwiftPerFileCompile resource_bundle_accessor.swift
SwiftCompile normal arm64 Compiling\ GeneratedAssetSymbols.swift /Users/admin/builder/spi-builder-workspace/.derivedData/Build/Intermediates.noindex/QRScanner.build/Debug-xros/QRScanner-t.build/DerivedSources/GeneratedAssetSymbols.swift (in target 'QRScanner' from project 'QRScanner')
SwiftCompile normal arm64 /Users/admin/builder/spi-builder-workspace/.derivedData/Build/Intermediates.noindex/QRScanner.build/Debug-xros/QRScanner-t.build/DerivedSources/GeneratedAssetSymbols.swift (in target 'QRScanner' from project 'QRScanner')
cd /Users/admin/builder/spi-builder-workspace/.swiftpm/xcode
builtin-SwiftPerFileCompile GeneratedAssetSymbols.swift
SwiftCompile normal arm64 Compiling\ QRScannerError.swift /Users/admin/builder/spi-builder-workspace/QRScanner/QRScannerError.swift (in target 'QRScanner' from project 'QRScanner')
SwiftCompile normal arm64 /Users/admin/builder/spi-builder-workspace/QRScanner/QRScannerError.swift (in target 'QRScanner' from project 'QRScanner')
cd /Users/admin/builder/spi-builder-workspace/.swiftpm/xcode
builtin-SwiftPerFileCompile QRScannerError.swift
SwiftCompile normal arm64 Compiling\ QRScannerView.swift /Users/admin/builder/spi-builder-workspace/QRScanner/QRScannerView.swift (in target 'QRScanner' from project 'QRScanner')
/Users/admin/builder/spi-builder-workspace/QRScanner/QRScannerView.swift:158:31: error: 'AVCaptureVideoPreviewLayer' is unavailable in visionOS
156 | private let videoDataQueue = DispatchQueue(label: "videoData.session.qrreader.queue")
157 | private let session = AVCaptureSession()
158 | private var previewLayer: AVCaptureVideoPreviewLayer?
| `- error: 'AVCaptureVideoPreviewLayer' is unavailable in visionOS
159 | private var focusImageView = UIImageView()
160 | private var qrCodeImageView = UIImageView()
/Applications/Xcode-27.0.0-Release.Candidate.app/Contents/Developer/Platforms/XROS.platform/Developer/SDKs/XROS27.0.sdk/System/Library/Frameworks/AVFoundation.framework/Headers/AVCaptureVideoPreviewLayer.h:33:12: note: 'AVCaptureVideoPreviewLayer' has been explicitly marked unavailable here
31 | */
32 | API_AVAILABLE(macos(10.7), ios(4.0), macCatalyst(14.0), tvos(17.0)) API_UNAVAILABLE(visionos) API_UNAVAILABLE(watchos)
33 | @interface AVCaptureVideoPreviewLayer : CALayer
| `- note: 'AVCaptureVideoPreviewLayer' has been explicitly marked unavailable here
34 | {
35 | @private
/Users/admin/builder/spi-builder-workspace/QRScanner/QRScannerView.swift:161:34: error: 'AVCaptureMetadataOutput' is unavailable in visionOS
159 | private var focusImageView = UIImageView()
160 | private var qrCodeImageView = UIImageView()
161 | private var metadataOutput = AVCaptureMetadataOutput()
| `- error: 'AVCaptureMetadataOutput' is unavailable in visionOS
162 | private var videoDataOutput = AVCaptureVideoDataOutput()
163 | private var metadataOutputEnable = false
/Applications/Xcode-27.0.0-Release.Candidate.app/Contents/Developer/Platforms/XROS.platform/Developer/SDKs/XROS27.0.sdk/System/Library/Frameworks/AVFoundation.framework/Headers/AVCaptureMetadataOutput.h:29:12: note: 'AVCaptureMetadataOutput' has been explicitly marked unavailable here
27 | */
28 | API_AVAILABLE(macos(13.0), ios(6.0), macCatalyst(14.0), tvos(17.0)) API_UNAVAILABLE(visionos) API_UNAVAILABLE(watchos)
29 | @interface AVCaptureMetadataOutput : AVCaptureOutput
| `- note: 'AVCaptureMetadataOutput' has been explicitly marked unavailable here
30 | {
31 | @private
/Users/admin/builder/spi-builder-workspace/QRScanner/QRScannerView.swift:352:42: error: 'AVCaptureMetadataOutput' is unavailable in visionOS
350 |
351 | extension QRScannerView: AVCaptureMetadataOutputObjectsDelegate {
352 | public func metadataOutput(_ output: AVCaptureMetadataOutput, didOutput metadataObjects: [AVMetadataObject], from connection: AVCaptureConnection) {
| `- error: 'AVCaptureMetadataOutput' is unavailable in visionOS
353 | guard metadataOutputEnable else { return }
354 | if let metadataObject = metadataObjects.first {
/Applications/Xcode-27.0.0-Release.Candidate.app/Contents/Developer/Platforms/XROS.platform/Developer/SDKs/XROS27.0.sdk/System/Library/Frameworks/AVFoundation.framework/Headers/AVCaptureMetadataOutput.h:29:12: note: 'AVCaptureMetadataOutput' has been explicitly marked unavailable here
27 | */
28 | API_AVAILABLE(macos(13.0), ios(6.0), macCatalyst(14.0), tvos(17.0)) API_UNAVAILABLE(visionos) API_UNAVAILABLE(watchos)
29 | @interface AVCaptureMetadataOutput : AVCaptureOutput
| `- note: 'AVCaptureMetadataOutput' has been explicitly marked unavailable here
30 | {
31 | @private
/Users/admin/builder/spi-builder-workspace/QRScanner/QRScannerView.swift:352:95: error: 'AVMetadataObject' is unavailable in visionOS
350 |
351 | extension QRScannerView: AVCaptureMetadataOutputObjectsDelegate {
352 | public func metadataOutput(_ output: AVCaptureMetadataOutput, didOutput metadataObjects: [AVMetadataObject], from connection: AVCaptureConnection) {
| `- error: 'AVMetadataObject' is unavailable in visionOS
353 | guard metadataOutputEnable else { return }
354 | if let metadataObject = metadataObjects.first {
/Applications/Xcode-27.0.0-Release.Candidate.app/Contents/Developer/Platforms/XROS.platform/Developer/SDKs/XROS27.0.sdk/System/Library/Frameworks/AVFoundation.framework/Headers/AVMetadataObject.h:44:12: note: 'AVMetadataObject' has been explicitly marked unavailable here
42 | */
43 | API_AVAILABLE(macos(10.10), ios(6.0), macCatalyst(14.0), tvos(9.0)) API_UNAVAILABLE(watchos, visionos)
44 | @interface AVMetadataObject : NSObject
| `- note: 'AVMetadataObject' has been explicitly marked unavailable here
45 | {
46 | @private
/Users/admin/builder/spi-builder-workspace/QRScanner/QRScannerView.swift:351:26: error: 'AVCaptureMetadataOutputObjectsDelegate' is unavailable in visionOS
349 | // MARK: - AVCaptureMetadataOutputObjectsDelegate
350 |
351 | extension QRScannerView: AVCaptureMetadataOutputObjectsDelegate {
| `- error: 'AVCaptureMetadataOutputObjectsDelegate' is unavailable in visionOS
352 | public func metadataOutput(_ output: AVCaptureMetadataOutput, didOutput metadataObjects: [AVMetadataObject], from connection: AVCaptureConnection) {
353 | guard metadataOutputEnable else { return }
/Applications/Xcode-27.0.0-Release.Candidate.app/Contents/Developer/Platforms/XROS.platform/Developer/SDKs/XROS27.0.sdk/System/Library/Frameworks/AVFoundation.framework/Headers/AVCaptureMetadataOutput.h:126:11: note: 'AVCaptureMetadataOutputObjectsDelegate' has been explicitly marked unavailable here
124 | */
125 | API_AVAILABLE(macos(13.0), ios(6.0), macCatalyst(14.0), tvos(17.0)) API_UNAVAILABLE(visionos) API_UNAVAILABLE(watchos)
126 | @protocol AVCaptureMetadataOutputObjectsDelegate <NSObject>
| `- note: 'AVCaptureMetadataOutputObjectsDelegate' has been explicitly marked unavailable here
127 |
128 | @optional
/Users/admin/builder/spi-builder-workspace/QRScanner/QRScannerView.swift:119:49: error: 'default(for:)' is only available in visionOS 2.1 or newer
25 | // MARK: - QRScannerView
26 | @IBDesignable
27 | public class QRScannerView: UIView {
| `- note: add '@available' attribute to enclosing class
28 |
29 | // MARK: - Input
:
114 | }
115 |
116 | public func setTorchActive(isOn: Bool) {
| `- note: add '@available' attribute to enclosing instance method
117 | assert(Thread.isMainThread)
118 |
119 | guard let videoDevice = AVCaptureDevice.default(for: .video),
| |- error: 'default(for:)' is only available in visionOS 2.1 or newer
| `- note: add 'if #available' version check
120 | videoDevice.hasTorch, videoDevice.isTorchAvailable,
121 | (metadataOutputEnable || videoDataOutputEnable) else {
SwiftCompile normal arm64 /Users/admin/builder/spi-builder-workspace/QRScanner/QRScannerView.swift (in target 'QRScanner' from project 'QRScanner')
cd /Users/admin/builder/spi-builder-workspace/.swiftpm/xcode
builtin-SwiftPerFileCompile QRScannerView.swift
PruneExplicitPrecompiledModules /Users/admin/builder/spi-builder-workspace/.derivedData/SDKExplicitPrecompiledModules
PruneExplicitPrecompiledModules /Users/admin/builder/spi-builder-workspace/.derivedData/Build/Intermediates.noindex/ExplicitPrecompiledModules
PruneExplicitPrecompiledModules /Users/admin/builder/spi-builder-workspace/.derivedData/Build/Intermediates.noindex/SwiftExplicitPrecompiledModules
2026-09-23 11:21:31.874 xcodebuild[796:4850] [MT] IDERunDestination: Supported platforms for the buildables in the current scheme is empty.
** BUILD FAILED **
The following build commands failed:
SwiftEmitModule normal arm64 Emitting\ module\ for\ QRScanner (in target 'QRScanner' from project 'QRScanner')
SwiftCompile normal arm64 (in target 'QRScanner' from project 'QRScanner')
Building workspace QRScanner with scheme QRScanner
(3 failures)
BUILD FAILURE 6.4 visionOS