The Swift Package Index logo.Swift Package Index

Build Information

Failed to build ContextCore, reference main (811813), with Swift 6.2 for Linux on 25 Jun 2026 01:22:53 UTC.

Build Command

bash -c docker run --pull=always --rm -v "checkouts-53886769-0":/host -w "$PWD" -e JAVA_HOME="/root/.sdkman/candidates/java/current" -e SPI_BUILD="1" -e SPI_PROCESSING="1" registry.gitlab.com/swiftpackageindex/spi-images:basic-6.2-latest swift build --triple x86_64-unknown-linux-gnu 2>&1

Build Log

========================================
RunAll
========================================
Builder version: 4071e0796c748d991a0123890d2f0ecadc8fcc8c
Interrupt handler set up.
========================================
Checkout
========================================
Clone URL: https://github.com/christopherkarani/ContextCore.git
Reference: main
Initialized empty Git repository in /host/spi-builder-workspace/.git/
hint: Using 'master' as the name for the initial branch. This default branch name
hint: is subject to change. To configure the initial branch name to use in all
hint: of your new repositories, which will suppress this warning, call:
hint:
hint: 	git config --global init.defaultBranch <name>
hint:
hint: Names commonly chosen instead of 'master' are 'main', 'trunk' and
hint: 'development'. The just-created branch can be renamed via this command:
hint:
hint: 	git branch -m <name>
From https://github.com/christopherkarani/ContextCore
 * branch            main       -> FETCH_HEAD
 * [new branch]      main       -> origin/main
HEAD is now at 811813f Merge remote main
Cloned https://github.com/christopherkarani/ContextCore.git
Revision (git rev-parse @):
811813fb7ba12f761d3b6c23dbd7422480358418
SUCCESS checkout https://github.com/christopherkarani/ContextCore.git at main
========================================
Build
========================================
Selected platform:         linux
Swift version:             6.2
Building package at path:  $PWD
https://github.com/christopherkarani/ContextCore.git
Running build ...
bash -c docker run --pull=always --rm -v "checkouts-53886769-0":/host -w "$PWD" -e JAVA_HOME="/root/.sdkman/candidates/java/current" -e SPI_BUILD="1" -e SPI_PROCESSING="1" registry.gitlab.com/swiftpackageindex/spi-images:basic-6.2-latest swift build --triple x86_64-unknown-linux-gnu 2>&1
basic-6.2-latest: Pulling from swiftpackageindex/spi-images
Digest: sha256:c1e64916691157aa211c844e845a45f54e1288d5927bb1481ff28ec0cfa5960d
Status: Image is up to date for registry.gitlab.com/swiftpackageindex/spi-images:basic-6.2-latest
Fetching https://github.com/christopherkarani/MetalANNS.git
Fetching https://github.com/swiftlang/swift-docc-plugin
[1/2299] Fetching swift-docc-plugin
[208/4114] Fetching swift-docc-plugin, metalanns
Fetched https://github.com/christopherkarani/MetalANNS.git from cache (0.56s)
Fetched https://github.com/swiftlang/swift-docc-plugin from cache (0.56s)
Computing version for https://github.com/christopherkarani/MetalANNS.git
Computed https://github.com/christopherkarani/MetalANNS.git at 0.1.3 (0.71s)
Fetching https://github.com/groue/GRDB.swift.git
[1/113776] Fetching grdb.swift
Fetched https://github.com/groue/GRDB.swift.git from cache (7.82s)
Computing version for https://github.com/swiftlang/swift-docc-plugin
Computed https://github.com/swiftlang/swift-docc-plugin at 1.5.0 (8.69s)
Fetching https://github.com/swiftlang/swift-docc-symbolkit
[1/3748] Fetching swift-docc-symbolkit
Fetched https://github.com/swiftlang/swift-docc-symbolkit from cache (0.43s)
Computing version for https://github.com/swiftlang/swift-docc-symbolkit
Computed https://github.com/swiftlang/swift-docc-symbolkit at 1.0.0 (0.63s)
Computing version for https://github.com/groue/GRDB.swift.git
Computed https://github.com/groue/GRDB.swift.git at 7.11.1 (0.91s)
Creating working copy for https://github.com/swiftlang/swift-docc-symbolkit
Working copy of https://github.com/swiftlang/swift-docc-symbolkit resolved at 1.0.0
Creating working copy for https://github.com/swiftlang/swift-docc-plugin
Working copy of https://github.com/swiftlang/swift-docc-plugin resolved at 1.5.0
Creating working copy for https://github.com/christopherkarani/MetalANNS.git
Working copy of https://github.com/christopherkarani/MetalANNS.git resolved at 0.1.3
Creating working copy for https://github.com/groue/GRDB.swift.git
Working copy of https://github.com/groue/GRDB.swift.git resolved at 7.11.1
[1/1] Compiling plugin Swift-DocC Preview
[2/2] Compiling plugin Swift-DocC
Building for debugging...
[2/39] Write sources
[2/39] Copying Sort.metal
[2/39] Copying SearchFloat16.metal
[2/39] Copying Search.metal
[2/39] Copying NNDescentFloat16.metal
[2/39] Copying PQDistance.metal
[2/39] Copying NNDescent.metal
[2/39] Copying DistanceFloat16.metal
[2/39] Copying HammingDistance.metal
[4/39] Copying Info.plist
[6/39] Copying PrivacyInfo.xcprivacy
[8/39] Copying Relevance.metal
[9/39] Copying placeholder.txt
[15/39] Copying Consolidation.metal
[15/39] Write sources
[18/39] Copying Compression.metal
[19/39] Copying Attention.metal
[21/39] Copying README.md
[22/39] Copying Recency.metal
[24/39] Write sources
[27/39] Copying Distance.metal
[28/39] Write swift-version-24593BA9C3E375BF.txt
[30/240] Compiling GRDB SQLRequest.swift
/host/spi-builder-workspace/.build/checkouts/MetalANNS/Sources/MetalANNSCore/AccelerateBackend.swift:1:8: error: no such module 'Accelerate'
  1 | import Accelerate
    |        `- error: no such module 'Accelerate'
  2 | import Foundation
  3 |
[31/240] Compiling GRDB SchedulingWatchdog.swift
/host/spi-builder-workspace/.build/checkouts/MetalANNS/Sources/MetalANNSCore/AccelerateBackend.swift:1:8: error: no such module 'Accelerate'
  1 | import Accelerate
    |        `- error: no such module 'Accelerate'
  2 | import Foundation
  3 |
[32/240] Compiling GRDB SerializedDatabase.swift
/host/spi-builder-workspace/.build/checkouts/MetalANNS/Sources/MetalANNSCore/AccelerateBackend.swift:1:8: error: no such module 'Accelerate'
  1 | import Accelerate
    |        `- error: no such module 'Accelerate'
  2 | import Foundation
  3 |
[33/240] Compiling GRDB Statement.swift
/host/spi-builder-workspace/.build/checkouts/MetalANNS/Sources/MetalANNSCore/AccelerateBackend.swift:1:8: error: no such module 'Accelerate'
  1 | import Accelerate
    |        `- error: no such module 'Accelerate'
  2 | import Foundation
  3 |
[34/240] Compiling GRDB StatementAuthorizer.swift
/host/spi-builder-workspace/.build/checkouts/MetalANNS/Sources/MetalANNSCore/AccelerateBackend.swift:1:8: error: no such module 'Accelerate'
  1 | import Accelerate
    |        `- error: no such module 'Accelerate'
  2 | import Foundation
  3 |
[35/245] Compiling GRDB FetchRequest.swift
/host/spi-builder-workspace/.build/checkouts/MetalANNS/Sources/MetalANNSCore/AccelerateBackend.swift:1:8: error: no such module 'Accelerate'
  1 | import Accelerate
    |        `- error: no such module 'Accelerate'
  2 | import Foundation
  3 |
[36/245] Compiling GRDB Row.swift
/host/spi-builder-workspace/.build/checkouts/MetalANNS/Sources/MetalANNSCore/AccelerateBackend.swift:1:8: error: no such module 'Accelerate'
  1 | import Accelerate
    |        `- error: no such module 'Accelerate'
  2 | import Foundation
  3 |
[37/245] Compiling GRDB RowAdapter.swift
/host/spi-builder-workspace/.build/checkouts/MetalANNS/Sources/MetalANNSCore/AccelerateBackend.swift:1:8: error: no such module 'Accelerate'
  1 | import Accelerate
    |        `- error: no such module 'Accelerate'
  2 | import Foundation
  3 |
[38/245] Compiling GRDB RowDecodingError.swift
/host/spi-builder-workspace/.build/checkouts/MetalANNS/Sources/MetalANNSCore/AccelerateBackend.swift:1:8: error: no such module 'Accelerate'
  1 | import Accelerate
    |        `- error: no such module 'Accelerate'
  2 | import Foundation
  3 |
[39/245] Compiling GRDB SQL.swift
/host/spi-builder-workspace/.build/checkouts/MetalANNS/Sources/MetalANNSCore/AccelerateBackend.swift:1:8: error: no such module 'Accelerate'
  1 | import Accelerate
    |        `- error: no such module 'Accelerate'
  2 | import Foundation
  3 |
[40/245] Compiling GRDB SQLInterpolation.swift
/host/spi-builder-workspace/.build/checkouts/MetalANNS/Sources/MetalANNSCore/AccelerateBackend.swift:1:8: error: no such module 'Accelerate'
  1 | import Accelerate
    |        `- error: no such module 'Accelerate'
  2 | import Foundation
  3 |
[41/245] Emitting module ContextCoreTypes
[42/246] Compiling GRDB StatementColumnConvertible.swift
/host/spi-builder-workspace/.build/checkouts/MetalANNS/Sources/MetalANNSCore/AccelerateBackend.swift:1:8: error: no such module 'Accelerate'
  1 | import Accelerate
    |        `- error: no such module 'Accelerate'
  2 | import Foundation
  3 |
[43/246] Compiling GRDB CGFloat.swift
/host/spi-builder-workspace/.build/checkouts/MetalANNS/Sources/MetalANNSCore/AccelerateBackend.swift:1:8: error: no such module 'Accelerate'
  1 | import Accelerate
    |        `- error: no such module 'Accelerate'
  2 | import Foundation
  3 |
[44/246] Compiling GRDB Data.swift
/host/spi-builder-workspace/.build/checkouts/MetalANNS/Sources/MetalANNSCore/AccelerateBackend.swift:1:8: error: no such module 'Accelerate'
  1 | import Accelerate
    |        `- error: no such module 'Accelerate'
  2 | import Foundation
  3 |
[45/246] Compiling GRDB DatabaseDateComponents.swift
/host/spi-builder-workspace/.build/checkouts/MetalANNS/Sources/MetalANNSCore/AccelerateBackend.swift:1:8: error: no such module 'Accelerate'
  1 | import Accelerate
    |        `- error: no such module 'Accelerate'
  2 | import Foundation
  3 |
[46/246] Compiling GRDB DatabaseValueConvertible+ReferenceConvertible.swift
/host/spi-builder-workspace/.build/checkouts/MetalANNS/Sources/MetalANNSCore/AccelerateBackend.swift:1:8: error: no such module 'Accelerate'
  1 | import Accelerate
    |        `- error: no such module 'Accelerate'
  2 | import Foundation
  3 |
[47/246] Compiling GRDB Date.swift
/host/spi-builder-workspace/.build/checkouts/MetalANNS/Sources/MetalANNSCore/AccelerateBackend.swift:1:8: error: no such module 'Accelerate'
  1 | import Accelerate
    |        `- error: no such module 'Accelerate'
  2 | import Foundation
  3 |
[48/246] Compiling GRDB DatabaseMigrator.swift
/host/spi-builder-workspace/.build/checkouts/MetalANNS/Sources/MetalANNSCore/AccelerateBackend.swift:1:8: error: no such module 'Accelerate'
  1 | import Accelerate
    |        `- error: no such module 'Accelerate'
  2 | import Foundation
  3 |
[49/246] Compiling GRDB Migration.swift
/host/spi-builder-workspace/.build/checkouts/MetalANNS/Sources/MetalANNSCore/AccelerateBackend.swift:1:8: error: no such module 'Accelerate'
  1 | import Accelerate
    |        `- error: no such module 'Accelerate'
  2 | import Foundation
  3 |
[50/246] Compiling GRDB FTS3+QueryInterface.swift
/host/spi-builder-workspace/.build/checkouts/MetalANNS/Sources/MetalANNSCore/AccelerateBackend.swift:1:8: error: no such module 'Accelerate'
  1 | import Accelerate
    |        `- error: no such module 'Accelerate'
  2 | import Foundation
  3 |
[51/246] Compiling GRDB DatabaseValueConvertible.swift
/host/spi-builder-workspace/.build/checkouts/MetalANNS/Sources/MetalANNSCore/AccelerateBackend.swift:1:8: error: no such module 'Accelerate'
  1 | import Accelerate
    |        `- error: no such module 'Accelerate'
  2 | import Foundation
  3 |
[52/246] Compiling GRDB DatabaseWriter.swift
/host/spi-builder-workspace/.build/checkouts/MetalANNS/Sources/MetalANNSCore/AccelerateBackend.swift:1:8: error: no such module 'Accelerate'
  1 | import Accelerate
    |        `- error: no such module 'Accelerate'
  2 | import Foundation
  3 |
[53/246] Compiling GRDB DispatchQueueActor.swift
/host/spi-builder-workspace/.build/checkouts/MetalANNS/Sources/MetalANNSCore/AccelerateBackend.swift:1:8: error: no such module 'Accelerate'
  1 | import Accelerate
    |        `- error: no such module 'Accelerate'
  2 | import Foundation
  3 |
[54/246] Compiling ContextCoreTypes ConsolidationStores.swift
[55/246] Compiling ContextCoreTypes EmbeddingProvider.swift
[56/246] Compiling ContextCoreTypes TokenCounter.swift
[57/246] Compiling ContextCoreTypes CompressionDelegate.swift
error: emit-module command failed with exit code 1 (use -v to see invocation)
[58/246] Emitting module MetalANNSCore
/host/spi-builder-workspace/.build/checkouts/MetalANNS/Sources/MetalANNSCore/AccelerateBackend.swift:1:8: error: no such module 'Accelerate'
  1 | import Accelerate
    |        `- error: no such module 'Accelerate'
  2 | import Foundation
  3 |
[59/246] Compiling GRDB FTS5TokenizerDescriptor.swift
/host/spi-builder-workspace/.build/checkouts/MetalANNS/Sources/MetalANNSCore/AccelerateBackend.swift:1:8: error: no such module 'Accelerate'
  1 | import Accelerate
    |        `- error: no such module 'Accelerate'
  2 | import Foundation
  3 |
[60/246] Compiling GRDB FTS5WrapperTokenizer.swift
/host/spi-builder-workspace/.build/checkouts/MetalANNS/Sources/MetalANNSCore/AccelerateBackend.swift:1:8: error: no such module 'Accelerate'
  1 | import Accelerate
    |        `- error: no such module 'Accelerate'
  2 | import Foundation
  3 |
[61/246] Compiling GRDB Fixits.swift
/host/spi-builder-workspace/.build/checkouts/MetalANNS/Sources/MetalANNSCore/AccelerateBackend.swift:1:8: error: no such module 'Accelerate'
  1 | import Accelerate
    |        `- error: no such module 'Accelerate'
  2 | import Foundation
  3 |
[62/246] Compiling GRDB JSONColumn.swift
/host/spi-builder-workspace/.build/checkouts/MetalANNS/Sources/MetalANNSCore/AccelerateBackend.swift:1:8: error: no such module 'Accelerate'
  1 | import Accelerate
    |        `- error: no such module 'Accelerate'
  2 | import Foundation
  3 |
[63/246] Compiling GRDB SQLJSONExpressible.swift
/host/spi-builder-workspace/.build/checkouts/MetalANNS/Sources/MetalANNSCore/AccelerateBackend.swift:1:8: error: no such module 'Accelerate'
  1 | import Accelerate
    |        `- error: no such module 'Accelerate'
  2 | import Foundation
  3 |
[64/246] Compiling GRDB SQLJSONFunctions.swift
/host/spi-builder-workspace/.build/checkouts/MetalANNS/Sources/MetalANNSCore/AccelerateBackend.swift:1:8: error: no such module 'Accelerate'
  1 | import Accelerate
    |        `- error: no such module 'Accelerate'
  2 | import Foundation
  3 |
[65/246] Compiling GRDB FTS3TokenizerDescriptor.swift
/host/spi-builder-workspace/.build/checkouts/MetalANNS/Sources/MetalANNSCore/AccelerateBackend.swift:1:8: error: no such module 'Accelerate'
  1 | import Accelerate
    |        `- error: no such module 'Accelerate'
  2 | import Foundation
  3 |
[66/246] Compiling GRDB FTS4.swift
/host/spi-builder-workspace/.build/checkouts/MetalANNS/Sources/MetalANNSCore/AccelerateBackend.swift:1:8: error: no such module 'Accelerate'
  1 | import Accelerate
    |        `- error: no such module 'Accelerate'
  2 | import Foundation
  3 |
[67/246] Compiling GRDB FTS5.swift
/host/spi-builder-workspace/.build/checkouts/MetalANNS/Sources/MetalANNSCore/AccelerateBackend.swift:1:8: error: no such module 'Accelerate'
  1 | import Accelerate
    |        `- error: no such module 'Accelerate'
  2 | import Foundation
  3 |
[68/246] Compiling GRDB FTS5CustomTokenizer.swift
/host/spi-builder-workspace/.build/checkouts/MetalANNS/Sources/MetalANNSCore/AccelerateBackend.swift:1:8: error: no such module 'Accelerate'
  1 | import Accelerate
    |        `- error: no such module 'Accelerate'
  2 | import Foundation
  3 |
[69/246] Compiling GRDB FTS5Pattern.swift
/host/spi-builder-workspace/.build/checkouts/MetalANNS/Sources/MetalANNSCore/AccelerateBackend.swift:1:8: error: no such module 'Accelerate'
  1 | import Accelerate
    |        `- error: no such module 'Accelerate'
  2 | import Foundation
  3 |
[70/246] Compiling GRDB FTS5Tokenizer.swift
/host/spi-builder-workspace/.build/checkouts/MetalANNS/Sources/MetalANNSCore/AccelerateBackend.swift:1:8: error: no such module 'Accelerate'
  1 | import Accelerate
    |        `- error: no such module 'Accelerate'
  2 | import Foundation
  3 |
[71/246] Compiling GRDB JSONDumpFormat.swift
/host/spi-builder-workspace/.build/checkouts/MetalANNS/Sources/MetalANNSCore/AccelerateBackend.swift:1:8: error: no such module 'Accelerate'
  1 | import Accelerate
    |        `- error: no such module 'Accelerate'
  2 | import Foundation
  3 |
[72/246] Compiling GRDB LineDumpFormat.swift
/host/spi-builder-workspace/.build/checkouts/MetalANNS/Sources/MetalANNSCore/AccelerateBackend.swift:1:8: error: no such module 'Accelerate'
  1 | import Accelerate
    |        `- error: no such module 'Accelerate'
  2 | import Foundation
  3 |
[73/246] Compiling GRDB ListDumpFormat.swift
/host/spi-builder-workspace/.build/checkouts/MetalANNS/Sources/MetalANNSCore/AccelerateBackend.swift:1:8: error: no such module 'Accelerate'
  1 | import Accelerate
    |        `- error: no such module 'Accelerate'
  2 | import Foundation
  3 |
[74/246] Compiling GRDB QuoteDumpFormat.swift
/host/spi-builder-workspace/.build/checkouts/MetalANNS/Sources/MetalANNSCore/AccelerateBackend.swift:1:8: error: no such module 'Accelerate'
  1 | import Accelerate
    |        `- error: no such module 'Accelerate'
  2 | import Foundation
  3 |
[75/246] Compiling GRDB FTS3.swift
/host/spi-builder-workspace/.build/checkouts/MetalANNS/Sources/MetalANNSCore/AccelerateBackend.swift:1:8: error: no such module 'Accelerate'
  1 | import Accelerate
    |        `- error: no such module 'Accelerate'
  2 | import Foundation
  3 |
[76/246] Compiling GRDB FTS3Pattern.swift
/host/spi-builder-workspace/.build/checkouts/MetalANNS/Sources/MetalANNSCore/AccelerateBackend.swift:1:8: error: no such module 'Accelerate'
  1 | import Accelerate
    |        `- error: no such module 'Accelerate'
  2 | import Foundation
  3 |
[77/246] Compiling ContextCoreTypes Errors.swift
[78/246] Compiling ContextCoreTypes ContextCoreTypes.swift
[79/246] Compiling ContextCoreTypes MemoryChunk.swift
[80/246] Compiling ContextCoreShaders ContextCoreShaders.swift
[81/246] Emitting module ContextCoreShaders
[82/246] Compiling ContextCoreShaders resource_bundle_accessor.swift
[83/247] Compiling MetalANNSCore SearchResult.swift
/host/spi-builder-workspace/.build/checkouts/MetalANNS/Sources/MetalANNSCore/AccelerateBackend.swift:1:8: error: no such module 'Accelerate'
  1 | import Accelerate
    |        `- error: no such module 'Accelerate'
  2 | import Foundation
  3 |
[84/247] Compiling MetalANNSCore SoftDeletion.swift
/host/spi-builder-workspace/.build/checkouts/MetalANNS/Sources/MetalANNSCore/AccelerateBackend.swift:1:8: error: no such module 'Accelerate'
  1 | import Accelerate
    |        `- error: no such module 'Accelerate'
  2 | import Foundation
  3 |
[85/247] Compiling MetalANNSCore VectorBuffer.swift
/host/spi-builder-workspace/.build/checkouts/MetalANNS/Sources/MetalANNSCore/AccelerateBackend.swift:1:8: error: no such module 'Accelerate'
  1 | import Accelerate
    |        `- error: no such module 'Accelerate'
  2 | import Foundation
  3 |
[86/247] Compiling MetalANNSCore VectorStorage.swift
/host/spi-builder-workspace/.build/checkouts/MetalANNS/Sources/MetalANNSCore/AccelerateBackend.swift:1:8: error: no such module 'Accelerate'
  1 | import Accelerate
    |        `- error: no such module 'Accelerate'
  2 | import Foundation
  3 |
[87/247] Compiling MetalANNSCore resource_bundle_accessor.swift
/host/spi-builder-workspace/.build/checkouts/MetalANNS/Sources/MetalANNSCore/AccelerateBackend.swift:1:8: error: no such module 'Accelerate'
  1 | import Accelerate
    |        `- error: no such module 'Accelerate'
  2 | import Foundation
  3 |
[88/247] Compiling GRDB NSData.swift
[89/247] Compiling GRDB NSNull.swift
[90/247] Compiling GRDB NSNumber.swift
[91/247] Compiling GRDB NSString.swift
[92/247] Compiling GRDB SQLiteDateParser.swift
[93/247] Compiling GRDB URL.swift
[94/247] Compiling GRDB UUID.swift
[95/247] Compiling GRDB DatabaseValueConvertible+Decodable.swift
[96/247] Compiling GRDB DatabaseValueConvertible+Encodable.swift
[97/247] Compiling GRDB DatabaseValueConvertible+RawRepresentable.swift
[98/247] Compiling GRDB JSONRequiredEncoder.swift
[99/247] Compiling GRDB Optional.swift
[100/247] Compiling GRDB StandardLibrary.swift
[101/247] Compiling GRDB TransactionClock.swift
[102/247] Compiling GRDB TransactionObserver.swift
[103/247] Compiling GRDB WALSnapshot.swift
[104/247] Compiling GRDB WALSnapshotTransaction.swift
[105/247] Compiling GRDB Database+Dump.swift
[106/247] Compiling GRDB DatabaseReader+dump.swift
[107/247] Compiling GRDB DumpFormat.swift
[108/247] Compiling GRDB DebugDumpFormat.swift
BUILD FAILURE 6.2 linux