Build Information
Failed to build Solar, reference main (4e951c), with Swift 6.3 for Wasm on 1 Sep 2026 04:04:57 UTC.
Build Command
bash -c docker run --pull=always --rm -v "checkouts-54344849-0":/host -w "$PWD" -e JAVA_HOME="/root/.sdkman/candidates/java/current" -e SPI_BUILD="1" -e SPI_PROCESSING="1" registry.gitlab.com/saguaro1/spi-images:wasm-6.3-latest swift build --swift-sdk swift-6.3.2-RELEASE_wasm 2>&1Build Log
========================================
RunAll
========================================
Builder version: 5.0.2
Interrupt handler set up.
========================================
Checkout
========================================
Clone URL: https://github.com/ceeK/Solar.git
Reference: main
Initialized empty Git repository in /host/spi-builder-workspace/.git/
hint: Using 'master' as the name for the initial branch. This default branch name
hint: is subject to change. To configure the initial branch name to use in all
hint: of your new repositories, which will suppress this warning, call:
hint:
hint: git config --global init.defaultBranch <name>
hint:
hint: Names commonly chosen instead of 'master' are 'main', 'trunk' and
hint: 'development'. The just-created branch can be renamed via this command:
hint:
hint: git branch -m <name>
From https://github.com/ceeK/Solar
* branch main -> FETCH_HEAD
* [new branch] main -> origin/main
HEAD is now at 4e951c4 Merge pull request #83 from ceeK/chowell/fix-fixture-city-name-encoding
Cloned https://github.com/ceeK/Solar.git
Revision (git rev-parse @):
4e951c4caeba7eb2b87a3f7df5a9813cc86c7740
SUCCESS checkout https://github.com/ceeK/Solar.git at main
========================================
Build
========================================
Selected platform: wasm
Swift version: 6.3
Building package at path: $PWD
https://github.com/ceeK/Solar.git
Running build ...
bash -c docker run --pull=always --rm -v "checkouts-54344849-0":/host -w "$PWD" -e JAVA_HOME="/root/.sdkman/candidates/java/current" -e SPI_BUILD="1" -e SPI_PROCESSING="1" registry.gitlab.com/saguaro1/spi-images:wasm-6.3-latest swift build --swift-sdk swift-6.3.2-RELEASE_wasm 2>&1
wasm-6.3-latest: Pulling from saguaro1/spi-images
Digest: sha256:e92e38b97676c18adb57b57429ddfb766786102cb50cb918e0d9e8055d05b35d
Status: Image is up to date for registry.gitlab.com/saguaro1/spi-images:wasm-6.3-latest
Building for debugging...
[0/2] Write sources
[1/2] Write swift-version-24593BA9C3E375BF.txt
error: emit-module command failed with exit code 1 (use -v to see invocation)
[3/4] Emitting module Solar
/host/spi-builder-workspace/Solar/Solar.swift:28:8: error: no such module 'CoreLocation'
26 |
27 | import Foundation
28 | import CoreLocation
| `- error: no such module 'CoreLocation'
29 |
30 | public struct Solar {
[4/4] Compiling Solar Solar.swift
/host/spi-builder-workspace/Solar/Solar.swift:28:8: error: no such module 'CoreLocation'
26 |
27 | import Foundation
28 | import CoreLocation
| `- error: no such module 'CoreLocation'
29 |
30 | public struct Solar {
BUILD FAILURE 6.3 wasm