Build Information
Failed to build Coverage, reference master (b85f8c), with Swift 6.4 for visionOS using Xcode 27.0 on 15 Sep 2026 22:37:33 UTC.
Build Command
env DEVELOPER_DIR=/Applications/Xcode-27.0.0-Release.Candidate.app xcrun xcodebuild -IDEClonedSourcePackagesDirPathOverride=$PWD/.dependencies -skipMacroValidation -skipPackagePluginValidation -derivedDataPath $PWD/.derivedData build -scheme Coverage -destination generic/platform=xrOSBuild Log
========================================
RunAll
========================================
Builder version: 5.1.0
Interrupt handler set up.
========================================
Checkout
========================================
Clone URL: https://github.com/elegantchaos/Coverage.git
Reference: master
Initialized empty Git repository in /Users/admin/builder/spi-builder-workspace/.git/
From https://github.com/elegantchaos/Coverage
* branch master -> FETCH_HEAD
* [new branch] master -> origin/master
HEAD is now at b85f8c9 added license
Cloned https://github.com/elegantchaos/Coverage.git
Revision (git rev-parse @):
b85f8c9e515c03072791efb97c902490ad4ce4ed
SUCCESS checkout https://github.com/elegantchaos/Coverage.git at master
========================================
Build
========================================
Selected platform: visionOS
Swift version: 6.4
Building package at path: $PWD
https://github.com/elegantchaos/Coverage.git
Command line invocation:
/Applications/Xcode-27.0.0-Release.Candidate.app/Contents/Developer/usr/bin/xcodebuild -IDEClonedSourcePackagesDirPathOverride=/Users/admin/builder/spi-builder-workspace/.dependencies -resolvePackageDependencies
resolved source packages:
{
"dependencies" : [
{
"identity" : "runner",
"requirement" : {
"range" : [
{
"lower_bound" : "1.0.2",
"upper_bound" : "2.0.0"
}
]
},
"type" : "sourceControl",
"url" : "https://github.com/elegantchaos/Runner.git"
},
{
"identity" : "arguments",
"requirement" : {
"range" : [
{
"lower_bound" : "1.1.0",
"upper_bound" : "2.0.0"
}
]
},
"type" : "sourceControl",
"url" : "https://github.com/elegantchaos/Arguments.git"
},
{
"identity" : "logger",
"requirement" : {
"range" : [
{
"lower_bound" : "1.3.6",
"upper_bound" : "2.0.0"
}
]
},
"type" : "sourceControl",
"url" : "https://github.com/elegantchaos/Logger.git"
}
],
"manifest_display_name" : "Coverage",
"name" : "Coverage",
"path" : "/Users/admin/builder/spi-builder-workspace",
"platforms" : [
{
"name" : "macos",
"version" : "10.13"
}
],
"products" : [
{
"name" : "coverage",
"targets" : [
"Coverage"
],
"type" : {
"executable" : null
}
}
],
"targets" : [
{
"c99name" : "CoverageTests",
"module_type" : "SwiftTarget",
"name" : "CoverageTests",
"path" : "Tests/CoverageTests",
"sources" : [
"CoverageTests.swift",
"XCTestManifests.swift"
],
"target_dependencies" : [
"Coverage"
],
"type" : "test"
},
{
"c99name" : "Coverage",
"module_type" : "SwiftTarget",
"name" : "Coverage",
"path" : "Sources/Coverage",
"product_dependencies" : [
"Runner",
"Arguments",
"Logger"
],
"product_memberships" : [
"coverage"
],
"sources" : [
"CodeCoverageParser.swift",
"XCodeResultParser.swift",
"main.swift"
],
"type" : "executable"
}
],
"tools_version" : "5.0"
}
{
"project" : {
"configurations" : [
"Debug",
"Release"
],
"name" : "Coverage",
"schemes" : [
"Coverage",
"Coverage-Package"
],
"targets" : [
"Arguments",
"ArgumentsPackageDescription",
"Coverage",
"CoveragePackageDescription",
"CoveragePackageTests",
"CoverageTests",
"Docopt",
"DocoptPackageDescription",
"Logger",
"LoggerPackageDescription",
"Runner",
"RunnerPackageDescription",
"coverage"
]
}
}
{
"workspace" : {
"name" : "Coverage",
"schemes" : [
"Arguments",
"Coverage",
"Logger",
"Logger-Package",
"LoggerKit",
"LoggerTestSupport",
"Matchable",
"Runner",
"XCTestExtensions"
]
}
}
2026-09-15 18:37:14.643 xcodebuild[621:3893] [MT] IDERunDestination: Supported platforms for the buildables in the current scheme is empty.
Running build ...
env DEVELOPER_DIR=/Applications/Xcode-27.0.0-Release.Candidate.app xcrun xcodebuild -IDEClonedSourcePackagesDirPathOverride=$PWD/.dependencies -skipMacroValidation -skipPackagePluginValidation -derivedDataPath $PWD/.derivedData build -scheme Coverage -destination generic/platform=xrOS
Command line invocation:
/Applications/Xcode-27.0.0-Release.Candidate.app/Contents/Developer/usr/bin/xcodebuild -IDEClonedSourcePackagesDirPathOverride=/Users/admin/builder/spi-builder-workspace/.dependencies -skipMacroValidation -skipPackagePluginValidation -derivedDataPath /Users/admin/builder/spi-builder-workspace/.derivedData build -scheme Coverage -destination generic/platform=xrOS
Resolve Package Graph
Resolve Package Graph
Resolved source packages:
Logger: https://github.com/elegantchaos/Logger.git @ 1.8.2
Docopt: https://github.com/elegantchaos/docopt.swift.git @ 0.6.12
XCTestExtensions: https://github.com/elegantchaos/XCTestExtensions.git @ 1.5.1
Arguments: https://github.com/elegantchaos/Arguments.git @ 1.1.1
Runner: https://github.com/elegantchaos/Runner.git @ 1.3.3
Matchable: https://github.com/elegantchaos/Matchable.git @ 1.0.7
Coverage: /Users/admin/builder/spi-builder-workspace
ComputePackagePrebuildTargetDependencyGraph
Prepare packages
CreateBuildRequest
SendProjectDescription
CreateBuildOperation
ComputeTargetDependencyGraph
note: Building targets in dependency order
note: Target dependency graph (9 targets)
Target 'coverage-product' in project 'Coverage'
➜ Explicit dependency on target 'Runner-product' in project 'Runner'
➜ Explicit dependency on target 'Arguments-product' in project 'Arguments'
➜ Explicit dependency on target 'Logger-product' in project 'Logger'
Target 'Logger-product' in project 'Logger'
➜ Explicit dependency on target 'Logger' in project 'Logger'
Target 'Logger' in project 'Logger' (no dependencies)
Target 'Arguments-product' in project 'Arguments'
➜ Explicit dependency on target 'Arguments' in project 'Arguments'
➜ Explicit dependency on target 'Docopt-product' in project 'Docopt'
Target 'Arguments' in project 'Arguments'
➜ Explicit dependency on target 'Docopt-product' in project 'Docopt'
Target 'Docopt-product' in project 'Docopt'
➜ Explicit dependency on target 'Docopt' in project 'Docopt'
Target 'Docopt' in project 'Docopt' (no dependencies)
Target 'Runner-product' in project 'Runner'
➜ Explicit dependency on target 'Runner' in project 'Runner'
Target 'Runner' in project 'Runner' (no dependencies)
GatherProvisioningInputs
CreateBuildDescription
ExecuteExternalTool /Applications/Xcode-27.0.0-Release.Candidate.app/Contents/Developer/Toolchains/XcodeDefault.xctoolchain/usr/bin/swiftc --version
ExecuteExternalTool /Applications/Xcode-27.0.0-Release.Candidate.app/Contents/Developer/Toolchains/XcodeDefault.xctoolchain/usr/bin/clang -v -E -dM -isysroot /Applications/Xcode-27.0.0-Release.Candidate.app/Contents/Developer/Platforms/XROS.platform/Developer/SDKs/XROS27.0.sdk -x c -c /dev/null
ExecuteExternalTool /Applications/Xcode-27.0.0-Release.Candidate.app/Contents/Developer/Toolchains/XcodeDefault.xctoolchain/usr/bin/ld -version_details
Build description signature: 3709c51b4b7eb20bd6df07464bdf86c2
Build description path: /Users/admin/builder/spi-builder-workspace/.derivedData/Build/Intermediates.noindex/XCBuildData/3709c51b4b7eb20bd6df07464bdf86c2.xcbuilddata
CreateBuildDirectory /Users/admin/builder/spi-builder-workspace/.derivedData/SDKExplicitPrecompiledModules
cd /Users/admin/builder/spi-builder-workspace/.swiftpm/xcode
builtin-create-build-directory /Users/admin/builder/spi-builder-workspace/.derivedData/SDKExplicitPrecompiledModules
CreateBuildDirectory /Users/admin/builder/spi-builder-workspace/.derivedData/ModuleCache.noindex
cd /Users/admin/builder/spi-builder-workspace/.swiftpm/xcode
builtin-create-build-directory /Users/admin/builder/spi-builder-workspace/.derivedData/ModuleCache.noindex
CreateBuildDirectory /Users/admin/builder/spi-builder-workspace/.derivedData/Build/Products
cd /Users/admin/builder/spi-builder-workspace/.swiftpm/xcode
builtin-create-build-directory /Users/admin/builder/spi-builder-workspace/.derivedData/Build/Products
CreateBuildDirectory /Users/admin/builder/spi-builder-workspace/.derivedData/CompilationCache.noindex
cd /Users/admin/builder/spi-builder-workspace/.swiftpm/xcode
builtin-create-build-directory /Users/admin/builder/spi-builder-workspace/.derivedData/CompilationCache.noindex
CreateBuildDirectory /Users/admin/builder/spi-builder-workspace/.derivedData/Build/Intermediates.noindex
cd /Users/admin/builder/spi-builder-workspace/.swiftpm/xcode
builtin-create-build-directory /Users/admin/builder/spi-builder-workspace/.derivedData/Build/Intermediates.noindex
ClangStatCache /Applications/Xcode-27.0.0-Release.Candidate.app/Contents/Developer/Toolchains/XcodeDefault.xctoolchain/usr/bin/clang-stat-cache /Applications/Xcode-27.0.0-Release.Candidate.app/Contents/Developer/Platforms/XROS.platform/Developer/SDKs/XROS27.0.sdk /Users/admin/builder/spi-builder-workspace/.derivedData/SDKStatCaches.noindex/xros27.0-24M361-e829b21a6f8c9b70876ba0858053c044735bd543db762f57723cac368afd1ce4.sdkstatcache
cd /Users/admin/builder/spi-builder-workspace/.swiftpm/xcode
/Applications/Xcode-27.0.0-Release.Candidate.app/Contents/Developer/Toolchains/XcodeDefault.xctoolchain/usr/bin/clang-stat-cache /Applications/Xcode-27.0.0-Release.Candidate.app/Contents/Developer/Platforms/XROS.platform/Developer/SDKs/XROS27.0.sdk -o /Users/admin/builder/spi-builder-workspace/.derivedData/SDKStatCaches.noindex/xros27.0-24M361-e829b21a6f8c9b70876ba0858053c044735bd543db762f57723cac368afd1ce4.sdkstatcache
CreateBuildDirectory /Users/admin/builder/spi-builder-workspace/.derivedData/Build/Intermediates.noindex/ExplicitPrecompiledModules
cd /Users/admin/builder/spi-builder-workspace/.swiftpm/xcode
builtin-create-build-directory /Users/admin/builder/spi-builder-workspace/.derivedData/Build/Intermediates.noindex/ExplicitPrecompiledModules
CreateBuildDirectory /Users/admin/builder/spi-builder-workspace/.derivedData/Build/Intermediates.noindex/SwiftExplicitPrecompiledModules
cd /Users/admin/builder/spi-builder-workspace/.swiftpm/xcode
builtin-create-build-directory /Users/admin/builder/spi-builder-workspace/.derivedData/Build/Intermediates.noindex/SwiftExplicitPrecompiledModules
CreateBuildDirectory /Users/admin/builder/spi-builder-workspace/.derivedData/Build/Intermediates.noindex/PrecompiledHeaders
cd /Users/admin/builder/spi-builder-workspace/.swiftpm/xcode
builtin-create-build-directory /Users/admin/builder/spi-builder-workspace/.derivedData/Build/Intermediates.noindex/PrecompiledHeaders
CreateBuildDirectory /Users/admin/builder/spi-builder-workspace/.derivedData/Build/Intermediates.noindex/EagerLinkingTBDs/Debug-xros
cd /Users/admin/builder/spi-builder-workspace/.swiftpm/xcode
builtin-create-build-directory /Users/admin/builder/spi-builder-workspace/.derivedData/Build/Intermediates.noindex/EagerLinkingTBDs/Debug-xros
CreateBuildDirectory /Users/admin/builder/spi-builder-workspace/.derivedData/Build/Products/Debug-xros
cd /Users/admin/builder/spi-builder-workspace/.swiftpm/xcode
builtin-create-build-directory /Users/admin/builder/spi-builder-workspace/.derivedData/Build/Products/Debug-xros
WriteAuxiliaryFile /Users/admin/builder/spi-builder-workspace/.derivedData/Build/Intermediates.noindex/Coverage.build/Debug-xros/coverage-p.build/coverage.DependencyStaticMetadataFileList (in target 'coverage-product' from project 'Coverage')
cd /Users/admin/builder/spi-builder-workspace
write-file /Users/admin/builder/spi-builder-workspace/.derivedData/Build/Intermediates.noindex/Coverage.build/Debug-xros/coverage-p.build/coverage.DependencyStaticMetadataFileList
WriteAuxiliaryFile /Users/admin/builder/spi-builder-workspace/.derivedData/Build/Intermediates.noindex/Coverage.build/Debug-xros/coverage-p.build/coverage.DependencyMetadataFileList (in target 'coverage-product' from project 'Coverage')
cd /Users/admin/builder/spi-builder-workspace
write-file /Users/admin/builder/spi-builder-workspace/.derivedData/Build/Intermediates.noindex/Coverage.build/Debug-xros/coverage-p.build/coverage.DependencyMetadataFileList
WriteAuxiliaryFile /Users/admin/builder/spi-builder-workspace/.derivedData/Build/Intermediates.noindex/Coverage.build/Debug-xros/coverage-p.build/Objects-normal/arm64/coverage.LinkFileList (in target 'coverage-product' from project 'Coverage')
cd /Users/admin/builder/spi-builder-workspace
write-file /Users/admin/builder/spi-builder-workspace/.derivedData/Build/Intermediates.noindex/Coverage.build/Debug-xros/coverage-p.build/Objects-normal/arm64/coverage.LinkFileList
WriteAuxiliaryFile /Users/admin/builder/spi-builder-workspace/.derivedData/Build/Intermediates.noindex/Coverage.build/Debug-xros/coverage-p.build/Objects-normal/arm64/coverage_const_extract_protocols.json (in target 'coverage-product' from project 'Coverage')
cd /Users/admin/builder/spi-builder-workspace
write-file /Users/admin/builder/spi-builder-workspace/.derivedData/Build/Intermediates.noindex/Coverage.build/Debug-xros/coverage-p.build/Objects-normal/arm64/coverage_const_extract_protocols.json
WriteAuxiliaryFile /Users/admin/builder/spi-builder-workspace/.derivedData/Build/Intermediates.noindex/Coverage.build/Debug-xros/coverage-p.build/Objects-normal/arm64/coverage.SwiftFileList (in target 'coverage-product' from project 'Coverage')
cd /Users/admin/builder/spi-builder-workspace
write-file /Users/admin/builder/spi-builder-workspace/.derivedData/Build/Intermediates.noindex/Coverage.build/Debug-xros/coverage-p.build/Objects-normal/arm64/coverage.SwiftFileList
WriteAuxiliaryFile /Users/admin/builder/spi-builder-workspace/.derivedData/Build/Intermediates.noindex/Coverage.build/Debug-xros/coverage-p.build/Objects-normal/arm64/coverage-OutputFileMap.json (in target 'coverage-product' from project 'Coverage')
cd /Users/admin/builder/spi-builder-workspace
write-file /Users/admin/builder/spi-builder-workspace/.derivedData/Build/Intermediates.noindex/Coverage.build/Debug-xros/coverage-p.build/Objects-normal/arm64/coverage-OutputFileMap.json
WriteAuxiliaryFile /Users/admin/builder/spi-builder-workspace/.derivedData/Build/Intermediates.noindex/Runner.build/Debug-xros/Runner-t.build/Runner.DependencyMetadataFileList (in target 'Runner' from project 'Runner')
cd /Users/admin/builder/spi-builder-workspace/.dependencies/checkouts/Runner
write-file /Users/admin/builder/spi-builder-workspace/.derivedData/Build/Intermediates.noindex/Runner.build/Debug-xros/Runner-t.build/Runner.DependencyMetadataFileList
WriteAuxiliaryFile /Users/admin/builder/spi-builder-workspace/.derivedData/Build/Intermediates.noindex/Runner.build/Debug-xros/Runner-t.build/Runner.DependencyStaticMetadataFileList (in target 'Runner' from project 'Runner')
cd /Users/admin/builder/spi-builder-workspace/.dependencies/checkouts/Runner
write-file /Users/admin/builder/spi-builder-workspace/.derivedData/Build/Intermediates.noindex/Runner.build/Debug-xros/Runner-t.build/Runner.DependencyStaticMetadataFileList
WriteAuxiliaryFile /Users/admin/builder/spi-builder-workspace/.derivedData/Build/Intermediates.noindex/Runner.build/Debug-xros/Runner-t.build/Runner.modulemap (in target 'Runner' from project 'Runner')
cd /Users/admin/builder/spi-builder-workspace/.dependencies/checkouts/Runner
write-file /Users/admin/builder/spi-builder-workspace/.derivedData/Build/Intermediates.noindex/Runner.build/Debug-xros/Runner-t.build/Runner.modulemap
WriteAuxiliaryFile /Users/admin/builder/spi-builder-workspace/.derivedData/Build/Intermediates.noindex/Runner.build/Debug-xros/Runner-t.build/Objects-normal/arm64/Runner.SwiftFileList (in target 'Runner' from project 'Runner')
cd /Users/admin/builder/spi-builder-workspace/.dependencies/checkouts/Runner
write-file /Users/admin/builder/spi-builder-workspace/.derivedData/Build/Intermediates.noindex/Runner.build/Debug-xros/Runner-t.build/Objects-normal/arm64/Runner.SwiftFileList
WriteAuxiliaryFile /Users/admin/builder/spi-builder-workspace/.derivedData/Build/Intermediates.noindex/Runner.build/Debug-xros/Runner-t.build/Objects-normal/arm64/Runner_const_extract_protocols.json (in target 'Runner' from project 'Runner')
cd /Users/admin/builder/spi-builder-workspace/.dependencies/checkouts/Runner
write-file /Users/admin/builder/spi-builder-workspace/.derivedData/Build/Intermediates.noindex/Runner.build/Debug-xros/Runner-t.build/Objects-normal/arm64/Runner_const_extract_protocols.json
WriteAuxiliaryFile /Users/admin/builder/spi-builder-workspace/.derivedData/Build/Intermediates.noindex/Runner.build/Debug-xros/Runner-t.build/Objects-normal/arm64/Runner.SwiftConstValuesFileList (in target 'Runner' from project 'Runner')
cd /Users/admin/builder/spi-builder-workspace/.dependencies/checkouts/Runner
write-file /Users/admin/builder/spi-builder-workspace/.derivedData/Build/Intermediates.noindex/Runner.build/Debug-xros/Runner-t.build/Objects-normal/arm64/Runner.SwiftConstValuesFileList
WriteAuxiliaryFile /Users/admin/builder/spi-builder-workspace/.derivedData/Build/Intermediates.noindex/Runner.build/Debug-xros/Runner-t.build/Objects-normal/arm64/Runner.LinkFileList (in target 'Runner' from project 'Runner')
cd /Users/admin/builder/spi-builder-workspace/.dependencies/checkouts/Runner
write-file /Users/admin/builder/spi-builder-workspace/.derivedData/Build/Intermediates.noindex/Runner.build/Debug-xros/Runner-t.build/Objects-normal/arm64/Runner.LinkFileList
WriteAuxiliaryFile /Users/admin/builder/spi-builder-workspace/.derivedData/Build/Intermediates.noindex/Runner.build/Debug-xros/Runner-t.build/Objects-normal/arm64/Runner-OutputFileMap.json (in target 'Runner' from project 'Runner')
cd /Users/admin/builder/spi-builder-workspace/.dependencies/checkouts/Runner
write-file /Users/admin/builder/spi-builder-workspace/.derivedData/Build/Intermediates.noindex/Runner.build/Debug-xros/Runner-t.build/Objects-normal/arm64/Runner-OutputFileMap.json
WriteAuxiliaryFile /Users/admin/builder/spi-builder-workspace/.derivedData/Build/Intermediates.noindex/Logger.build/Debug-xros/Logger-t.build/Objects-normal/arm64/Logger.SwiftFileList (in target 'Logger' from project 'Logger')
cd /Users/admin/builder/spi-builder-workspace/.dependencies/checkouts/Logger
write-file /Users/admin/builder/spi-builder-workspace/.derivedData/Build/Intermediates.noindex/Logger.build/Debug-xros/Logger-t.build/Objects-normal/arm64/Logger.SwiftFileList
WriteAuxiliaryFile /Users/admin/builder/spi-builder-workspace/.derivedData/Build/Intermediates.noindex/Logger.build/Debug-xros/Logger-t.build/Objects-normal/arm64/Logger.SwiftConstValuesFileList (in target 'Logger' from project 'Logger')
cd /Users/admin/builder/spi-builder-workspace/.dependencies/checkouts/Logger
write-file /Users/admin/builder/spi-builder-workspace/.derivedData/Build/Intermediates.noindex/Logger.build/Debug-xros/Logger-t.build/Objects-normal/arm64/Logger.SwiftConstValuesFileList
WriteAuxiliaryFile /Users/admin/builder/spi-builder-workspace/.derivedData/Build/Intermediates.noindex/Logger.build/Debug-xros/Logger-t.build/Objects-normal/arm64/Logger_const_extract_protocols.json (in target 'Logger' from project 'Logger')
cd /Users/admin/builder/spi-builder-workspace/.dependencies/checkouts/Logger
write-file /Users/admin/builder/spi-builder-workspace/.derivedData/Build/Intermediates.noindex/Logger.build/Debug-xros/Logger-t.build/Objects-normal/arm64/Logger_const_extract_protocols.json
WriteAuxiliaryFile /Users/admin/builder/spi-builder-workspace/.derivedData/Build/Intermediates.noindex/Logger.build/Debug-xros/Logger-t.build/Objects-normal/arm64/Logger.LinkFileList (in target 'Logger' from project 'Logger')
cd /Users/admin/builder/spi-builder-workspace/.dependencies/checkouts/Logger
write-file /Users/admin/builder/spi-builder-workspace/.derivedData/Build/Intermediates.noindex/Logger.build/Debug-xros/Logger-t.build/Objects-normal/arm64/Logger.LinkFileList
Copy /Users/admin/builder/spi-builder-workspace/.derivedData/Build/Intermediates.noindex/GeneratedModuleMaps-xros/Runner.modulemap /Users/admin/builder/spi-builder-workspace/.derivedData/Build/Intermediates.noindex/Runner.build/Debug-xros/Runner-t.build/Runner.modulemap (in target 'Runner' from project 'Runner')
cd /Users/admin/builder/spi-builder-workspace/.dependencies/checkouts/Runner
builtin-copy -exclude .DS_Store -exclude CVS -exclude .svn -exclude .git -exclude .hg -resolve-src-symlinks /Users/admin/builder/spi-builder-workspace/.derivedData/Build/Intermediates.noindex/Runner.build/Debug-xros/Runner-t.build/Runner.modulemap /Users/admin/builder/spi-builder-workspace/.derivedData/Build/Intermediates.noindex/GeneratedModuleMaps-xros
WriteAuxiliaryFile /Users/admin/builder/spi-builder-workspace/.derivedData/Build/Intermediates.noindex/Logger.build/Debug-xros/Logger-t.build/Objects-normal/arm64/Logger-OutputFileMap.json (in target 'Logger' from project 'Logger')
cd /Users/admin/builder/spi-builder-workspace/.dependencies/checkouts/Logger
write-file /Users/admin/builder/spi-builder-workspace/.derivedData/Build/Intermediates.noindex/Logger.build/Debug-xros/Logger-t.build/Objects-normal/arm64/Logger-OutputFileMap.json
WriteAuxiliaryFile /Users/admin/builder/spi-builder-workspace/.derivedData/Build/Intermediates.noindex/Logger.build/Debug-xros/Logger-t.build/Logger.modulemap (in target 'Logger' from project 'Logger')
cd /Users/admin/builder/spi-builder-workspace/.dependencies/checkouts/Logger
write-file /Users/admin/builder/spi-builder-workspace/.derivedData/Build/Intermediates.noindex/Logger.build/Debug-xros/Logger-t.build/Logger.modulemap
WriteAuxiliaryFile /Users/admin/builder/spi-builder-workspace/.derivedData/Build/Intermediates.noindex/Logger.build/Debug-xros/Logger-t.build/Logger.DependencyStaticMetadataFileList (in target 'Logger' from project 'Logger')
cd /Users/admin/builder/spi-builder-workspace/.dependencies/checkouts/Logger
write-file /Users/admin/builder/spi-builder-workspace/.derivedData/Build/Intermediates.noindex/Logger.build/Debug-xros/Logger-t.build/Logger.DependencyStaticMetadataFileList
WriteAuxiliaryFile /Users/admin/builder/spi-builder-workspace/.derivedData/Build/Intermediates.noindex/Logger.build/Debug-xros/Logger-t.build/Logger.DependencyMetadataFileList (in target 'Logger' from project 'Logger')
cd /Users/admin/builder/spi-builder-workspace/.dependencies/checkouts/Logger
write-file /Users/admin/builder/spi-builder-workspace/.derivedData/Build/Intermediates.noindex/Logger.build/Debug-xros/Logger-t.build/Logger.DependencyMetadataFileList
WriteAuxiliaryFile /Users/admin/builder/spi-builder-workspace/.derivedData/Build/Intermediates.noindex/Docopt.build/Debug-xros/Docopt-t.build/Objects-normal/arm64/Docopt.SwiftFileList (in target 'Docopt' from project 'Docopt')
cd /Users/admin/builder/spi-builder-workspace/.dependencies/checkouts/docopt.swift
write-file /Users/admin/builder/spi-builder-workspace/.derivedData/Build/Intermediates.noindex/Docopt.build/Debug-xros/Docopt-t.build/Objects-normal/arm64/Docopt.SwiftFileList
WriteAuxiliaryFile /Users/admin/builder/spi-builder-workspace/.derivedData/Build/Intermediates.noindex/Docopt.build/Debug-xros/Docopt-t.build/Objects-normal/arm64/Docopt_const_extract_protocols.json (in target 'Docopt' from project 'Docopt')
cd /Users/admin/builder/spi-builder-workspace/.dependencies/checkouts/docopt.swift
write-file /Users/admin/builder/spi-builder-workspace/.derivedData/Build/Intermediates.noindex/Docopt.build/Debug-xros/Docopt-t.build/Objects-normal/arm64/Docopt_const_extract_protocols.json
WriteAuxiliaryFile /Users/admin/builder/spi-builder-workspace/.derivedData/Build/Intermediates.noindex/Docopt.build/Debug-xros/Docopt-t.build/Objects-normal/arm64/Docopt.SwiftConstValuesFileList (in target 'Docopt' from project 'Docopt')
cd /Users/admin/builder/spi-builder-workspace/.dependencies/checkouts/docopt.swift
write-file /Users/admin/builder/spi-builder-workspace/.derivedData/Build/Intermediates.noindex/Docopt.build/Debug-xros/Docopt-t.build/Objects-normal/arm64/Docopt.SwiftConstValuesFileList
WriteAuxiliaryFile /Users/admin/builder/spi-builder-workspace/.derivedData/Build/Intermediates.noindex/Docopt.build/Debug-xros/Docopt-t.build/Objects-normal/arm64/Docopt.LinkFileList (in target 'Docopt' from project 'Docopt')
cd /Users/admin/builder/spi-builder-workspace/.dependencies/checkouts/docopt.swift
write-file /Users/admin/builder/spi-builder-workspace/.derivedData/Build/Intermediates.noindex/Docopt.build/Debug-xros/Docopt-t.build/Objects-normal/arm64/Docopt.LinkFileList
WriteAuxiliaryFile /Users/admin/builder/spi-builder-workspace/.derivedData/Build/Intermediates.noindex/Docopt.build/Debug-xros/Docopt-t.build/Objects-normal/arm64/Docopt-OutputFileMap.json (in target 'Docopt' from project 'Docopt')
cd /Users/admin/builder/spi-builder-workspace/.dependencies/checkouts/docopt.swift
write-file /Users/admin/builder/spi-builder-workspace/.derivedData/Build/Intermediates.noindex/Docopt.build/Debug-xros/Docopt-t.build/Objects-normal/arm64/Docopt-OutputFileMap.json
WriteAuxiliaryFile /Users/admin/builder/spi-builder-workspace/.derivedData/Build/Intermediates.noindex/Docopt.build/Debug-xros/Docopt-t.build/Docopt.modulemap (in target 'Docopt' from project 'Docopt')
cd /Users/admin/builder/spi-builder-workspace/.dependencies/checkouts/docopt.swift
write-file /Users/admin/builder/spi-builder-workspace/.derivedData/Build/Intermediates.noindex/Docopt.build/Debug-xros/Docopt-t.build/Docopt.modulemap
WriteAuxiliaryFile /Users/admin/builder/spi-builder-workspace/.derivedData/Build/Intermediates.noindex/Docopt.build/Debug-xros/Docopt-t.build/Docopt.DependencyStaticMetadataFileList (in target 'Docopt' from project 'Docopt')
cd /Users/admin/builder/spi-builder-workspace/.dependencies/checkouts/docopt.swift
write-file /Users/admin/builder/spi-builder-workspace/.derivedData/Build/Intermediates.noindex/Docopt.build/Debug-xros/Docopt-t.build/Docopt.DependencyStaticMetadataFileList
WriteAuxiliaryFile /Users/admin/builder/spi-builder-workspace/.derivedData/Build/Intermediates.noindex/Docopt.build/Debug-xros/Docopt-t.build/Docopt.DependencyMetadataFileList (in target 'Docopt' from project 'Docopt')
cd /Users/admin/builder/spi-builder-workspace/.dependencies/checkouts/docopt.swift
write-file /Users/admin/builder/spi-builder-workspace/.derivedData/Build/Intermediates.noindex/Docopt.build/Debug-xros/Docopt-t.build/Docopt.DependencyMetadataFileList
Copy /Users/admin/builder/spi-builder-workspace/.derivedData/Build/Intermediates.noindex/GeneratedModuleMaps-xros/Logger.modulemap /Users/admin/builder/spi-builder-workspace/.derivedData/Build/Intermediates.noindex/Logger.build/Debug-xros/Logger-t.build/Logger.modulemap (in target 'Logger' from project 'Logger')
cd /Users/admin/builder/spi-builder-workspace/.dependencies/checkouts/Logger
builtin-copy -exclude .DS_Store -exclude CVS -exclude .svn -exclude .git -exclude .hg -resolve-src-symlinks /Users/admin/builder/spi-builder-workspace/.derivedData/Build/Intermediates.noindex/Logger.build/Debug-xros/Logger-t.build/Logger.modulemap /Users/admin/builder/spi-builder-workspace/.derivedData/Build/Intermediates.noindex/GeneratedModuleMaps-xros
WriteAuxiliaryFile /Users/admin/builder/spi-builder-workspace/.derivedData/Build/Intermediates.noindex/Arguments.build/Debug-xros/Arguments-t.build/Objects-normal/arm64/Arguments.SwiftFileList (in target 'Arguments' from project 'Arguments')
cd /Users/admin/builder/spi-builder-workspace/.dependencies/checkouts/Arguments
write-file /Users/admin/builder/spi-builder-workspace/.derivedData/Build/Intermediates.noindex/Arguments.build/Debug-xros/Arguments-t.build/Objects-normal/arm64/Arguments.SwiftFileList
WriteAuxiliaryFile /Users/admin/builder/spi-builder-workspace/.derivedData/Build/Intermediates.noindex/Arguments.build/Debug-xros/Arguments-t.build/Objects-normal/arm64/Arguments.SwiftConstValuesFileList (in target 'Arguments' from project 'Arguments')
cd /Users/admin/builder/spi-builder-workspace/.dependencies/checkouts/Arguments
write-file /Users/admin/builder/spi-builder-workspace/.derivedData/Build/Intermediates.noindex/Arguments.build/Debug-xros/Arguments-t.build/Objects-normal/arm64/Arguments.SwiftConstValuesFileList
WriteAuxiliaryFile /Users/admin/builder/spi-builder-workspace/.derivedData/Build/Intermediates.noindex/Arguments.build/Debug-xros/Arguments-t.build/Objects-normal/arm64/Arguments_const_extract_protocols.json (in target 'Arguments' from project 'Arguments')
cd /Users/admin/builder/spi-builder-workspace/.dependencies/checkouts/Arguments
write-file /Users/admin/builder/spi-builder-workspace/.derivedData/Build/Intermediates.noindex/Arguments.build/Debug-xros/Arguments-t.build/Objects-normal/arm64/Arguments_const_extract_protocols.json
WriteAuxiliaryFile /Users/admin/builder/spi-builder-workspace/.derivedData/Build/Intermediates.noindex/Arguments.build/Debug-xros/Arguments-t.build/Objects-normal/arm64/Arguments.LinkFileList (in target 'Arguments' from project 'Arguments')
cd /Users/admin/builder/spi-builder-workspace/.dependencies/checkouts/Arguments
write-file /Users/admin/builder/spi-builder-workspace/.derivedData/Build/Intermediates.noindex/Arguments.build/Debug-xros/Arguments-t.build/Objects-normal/arm64/Arguments.LinkFileList
WriteAuxiliaryFile /Users/admin/builder/spi-builder-workspace/.derivedData/Build/Intermediates.noindex/Arguments.build/Debug-xros/Arguments-t.build/Objects-normal/arm64/Arguments-OutputFileMap.json (in target 'Arguments' from project 'Arguments')
cd /Users/admin/builder/spi-builder-workspace/.dependencies/checkouts/Arguments
write-file /Users/admin/builder/spi-builder-workspace/.derivedData/Build/Intermediates.noindex/Arguments.build/Debug-xros/Arguments-t.build/Objects-normal/arm64/Arguments-OutputFileMap.json
WriteAuxiliaryFile /Users/admin/builder/spi-builder-workspace/.derivedData/Build/Intermediates.noindex/Arguments.build/Debug-xros/Arguments-t.build/Arguments.modulemap (in target 'Arguments' from project 'Arguments')
cd /Users/admin/builder/spi-builder-workspace/.dependencies/checkouts/Arguments
write-file /Users/admin/builder/spi-builder-workspace/.derivedData/Build/Intermediates.noindex/Arguments.build/Debug-xros/Arguments-t.build/Arguments.modulemap
Copy /Users/admin/builder/spi-builder-workspace/.derivedData/Build/Intermediates.noindex/GeneratedModuleMaps-xros/Docopt.modulemap /Users/admin/builder/spi-builder-workspace/.derivedData/Build/Intermediates.noindex/Docopt.build/Debug-xros/Docopt-t.build/Docopt.modulemap (in target 'Docopt' from project 'Docopt')
cd /Users/admin/builder/spi-builder-workspace/.dependencies/checkouts/docopt.swift
builtin-copy -exclude .DS_Store -exclude CVS -exclude .svn -exclude .git -exclude .hg -resolve-src-symlinks /Users/admin/builder/spi-builder-workspace/.derivedData/Build/Intermediates.noindex/Docopt.build/Debug-xros/Docopt-t.build/Docopt.modulemap /Users/admin/builder/spi-builder-workspace/.derivedData/Build/Intermediates.noindex/GeneratedModuleMaps-xros
WriteAuxiliaryFile /Users/admin/builder/spi-builder-workspace/.derivedData/Build/Intermediates.noindex/Arguments.build/Debug-xros/Arguments-t.build/Arguments.DependencyStaticMetadataFileList (in target 'Arguments' from project 'Arguments')
cd /Users/admin/builder/spi-builder-workspace/.dependencies/checkouts/Arguments
write-file /Users/admin/builder/spi-builder-workspace/.derivedData/Build/Intermediates.noindex/Arguments.build/Debug-xros/Arguments-t.build/Arguments.DependencyStaticMetadataFileList
WriteAuxiliaryFile /Users/admin/builder/spi-builder-workspace/.derivedData/Build/Intermediates.noindex/Arguments.build/Debug-xros/Arguments-t.build/Arguments.DependencyMetadataFileList (in target 'Arguments' from project 'Arguments')
cd /Users/admin/builder/spi-builder-workspace/.dependencies/checkouts/Arguments
write-file /Users/admin/builder/spi-builder-workspace/.derivedData/Build/Intermediates.noindex/Arguments.build/Debug-xros/Arguments-t.build/Arguments.DependencyMetadataFileList
Copy /Users/admin/builder/spi-builder-workspace/.derivedData/Build/Intermediates.noindex/GeneratedModuleMaps-xros/Arguments.modulemap /Users/admin/builder/spi-builder-workspace/.derivedData/Build/Intermediates.noindex/Arguments.build/Debug-xros/Arguments-t.build/Arguments.modulemap (in target 'Arguments' from project 'Arguments')
cd /Users/admin/builder/spi-builder-workspace/.dependencies/checkouts/Arguments
builtin-copy -exclude .DS_Store -exclude CVS -exclude .svn -exclude .git -exclude .hg -resolve-src-symlinks /Users/admin/builder/spi-builder-workspace/.derivedData/Build/Intermediates.noindex/Arguments.build/Debug-xros/Arguments-t.build/Arguments.modulemap /Users/admin/builder/spi-builder-workspace/.derivedData/Build/Intermediates.noindex/GeneratedModuleMaps-xros
CreateBuildDirectory /Users/admin/builder/spi-builder-workspace/.derivedData/Build/Products/Debug-xros/PackageFrameworks
cd /Users/admin/builder/spi-builder-workspace/.swiftpm/xcode
builtin-create-build-directory /Users/admin/builder/spi-builder-workspace/.derivedData/Build/Products/Debug-xros/PackageFrameworks
SwiftDriver Logger normal arm64 com.apple.xcode.tools.swift.compiler (in target 'Logger' from project 'Logger')
cd /Users/admin/builder/spi-builder-workspace/.swiftpm/xcode
builtin-SwiftDriver -- /Applications/Xcode-27.0.0-Release.Candidate.app/Contents/Developer/Toolchains/XcodeDefault.xctoolchain/usr/bin/swiftc -parse-as-library -module-name Logger -Onone @/Users/admin/builder/spi-builder-workspace/.derivedData/Build/Intermediates.noindex/Logger.build/Debug-xros/Logger-t.build/Objects-normal/arm64/Logger.SwiftFileList -DSWIFT_PACKAGE -DDEBUG -DSWIFT_MODULE_RESOURCE_BUNDLE_UNAVAILABLE -DXcode -plugin-path /Applications/Xcode-27.0.0-Release.Candidate.app/Contents/Developer/Toolchains/XcodeDefault.xctoolchain/usr/lib/swift/host/plugins/testing -enable-experimental-feature DebugDescriptionMacro -sdk /Applications/Xcode-27.0.0-Release.Candidate.app/Contents/Developer/Platforms/XROS.platform/Developer/SDKs/XROS27.0.sdk -target arm64-apple-xros1.0 -g -module-cache-path /Users/admin/builder/spi-builder-workspace/.derivedData/ModuleCache.noindex -Xfrontend -serialize-debugging-options -profile-coverage-mapping -profile-generate -enable-testing -suppress-warnings -index-store-path /Users/admin/builder/spi-builder-workspace/.derivedData/Index.noindex/DataStore -Xcc -D_LIBCPP_HARDENING_MODE\=_LIBCPP_HARDENING_MODE_DEBUG -swift-version 5 -I /Users/admin/builder/spi-builder-workspace/.derivedData/Build/Products/Debug-xros -Isystem /Applications/Xcode-27.0.0-Release.Candidate.app/Contents/Developer/Platforms/XROS.platform/Developer/usr/lib -F /Users/admin/builder/spi-builder-workspace/.derivedData/Build/Products/Debug-xros -F /Applications/Xcode-27.0.0-Release.Candidate.app/Contents/Developer/Platforms/XROS.platform/Developer/Library/Frameworks -F /Applications/Xcode-27.0.0-Release.Candidate.app/Contents/Developer/Platforms/XROS.platform/Developer/SDKs/XROS27.0.sdk/Developer/Library/Frameworks -c -j10 -enable-batch-mode -incremental -Xcc -ivfsstatcache -Xcc /Users/admin/builder/spi-builder-workspace/.derivedData/SDKStatCaches.noindex/xros27.0-24M361-e829b21a6f8c9b70876ba0858053c044735bd543db762f57723cac368afd1ce4.sdkstatcache -output-file-map /Users/admin/builder/spi-builder-workspace/.derivedData/Build/Intermediates.noindex/Logger.build/Debug-xros/Logger-t.build/Objects-normal/arm64/Logger-OutputFileMap.json -save-temps -no-color-diagnostics -explicit-module-build -module-cache-path /Users/admin/builder/spi-builder-workspace/.derivedData/Build/Intermediates.noindex/SwiftExplicitPrecompiledModules -clang-scanner-module-cache-path /Users/admin/builder/spi-builder-workspace/.derivedData/ModuleCache.noindex -sdk-module-cache-path /Users/admin/builder/spi-builder-workspace/.derivedData/SDKExplicitPrecompiledModules -emit-dependencies -emit-module -emit-module-path /Users/admin/builder/spi-builder-workspace/.derivedData/Build/Intermediates.noindex/Logger.build/Debug-xros/Logger-t.build/Objects-normal/arm64/Logger.swiftmodule -serialize-diagnostics -dependency-scan-serialize-diagnostics-path /Users/admin/builder/spi-builder-workspace/.derivedData/Build/Intermediates.noindex/Logger.build/Debug-xros/Logger-t.build/Objects-normal/arm64/Logger-dependency-scan.dia -validate-clang-modules-once -clang-build-session-file /Users/admin/builder/spi-builder-workspace/.derivedData/ModuleCache.noindex/Session.modulevalidation -Xcc -fmodules-prune-interval\=86400 -Xcc -fmodules-prune-after\=345600 -emit-const-values -const-gather-protocols-list /Users/admin/builder/spi-builder-workspace/.derivedData/Build/Intermediates.noindex/Logger.build/Debug-xros/Logger-t.build/Objects-normal/arm64/Logger_const_extract_protocols.json -Xcc -I/Users/admin/builder/spi-builder-workspace/.derivedData/Build/Products/Debug-xros/include -Xcc -I/Users/admin/builder/spi-builder-workspace/.derivedData/Build/Intermediates.noindex/Logger.build/Debug-xros/Logger-t.build/DerivedSources-normal/arm64 -Xcc -I/Users/admin/builder/spi-builder-workspace/.derivedData/Build/Intermediates.noindex/Logger.build/Debug-xros/Logger-t.build/DerivedSources/arm64 -Xcc -I/Users/admin/builder/spi-builder-workspace/.derivedData/Build/Intermediates.noindex/Logger.build/Debug-xros/Logger-t.build/DerivedSources -Xcc -DSWIFT_PACKAGE -Xcc -DDEBUG\=1 -emit-objc-header -emit-objc-header-path /Users/admin/builder/spi-builder-workspace/.derivedData/Build/Intermediates.noindex/Logger.build/Debug-xros/Logger-t.build/Objects-normal/arm64/Logger-Swift.h -working-directory /Users/admin/builder/spi-builder-workspace/.swiftpm/xcode -experimental-emit-module-separately -disable-cmo
SwiftDriver Runner normal arm64 com.apple.xcode.tools.swift.compiler (in target 'Runner' from project 'Runner')
cd /Users/admin/builder/spi-builder-workspace/.swiftpm/xcode
builtin-SwiftDriver -- /Applications/Xcode-27.0.0-Release.Candidate.app/Contents/Developer/Toolchains/XcodeDefault.xctoolchain/usr/bin/swiftc -parse-as-library -module-name Runner -Onone @/Users/admin/builder/spi-builder-workspace/.derivedData/Build/Intermediates.noindex/Runner.build/Debug-xros/Runner-t.build/Objects-normal/arm64/Runner.SwiftFileList -DSWIFT_PACKAGE -DDEBUG -DSWIFT_MODULE_RESOURCE_BUNDLE_UNAVAILABLE -DXcode -plugin-path /Applications/Xcode-27.0.0-Release.Candidate.app/Contents/Developer/Toolchains/XcodeDefault.xctoolchain/usr/lib/swift/host/plugins/testing -enable-experimental-feature DebugDescriptionMacro -sdk /Applications/Xcode-27.0.0-Release.Candidate.app/Contents/Developer/Platforms/XROS.platform/Developer/SDKs/XROS27.0.sdk -target arm64-apple-xros1.0 -g -module-cache-path /Users/admin/builder/spi-builder-workspace/.derivedData/ModuleCache.noindex -Xfrontend -serialize-debugging-options -profile-coverage-mapping -profile-generate -enable-testing -suppress-warnings -index-store-path /Users/admin/builder/spi-builder-workspace/.derivedData/Index.noindex/DataStore -Xcc -D_LIBCPP_HARDENING_MODE\=_LIBCPP_HARDENING_MODE_DEBUG -swift-version 5 -I /Users/admin/builder/spi-builder-workspace/.derivedData/Build/Products/Debug-xros -Isystem /Applications/Xcode-27.0.0-Release.Candidate.app/Contents/Developer/Platforms/XROS.platform/Developer/usr/lib -F /Users/admin/builder/spi-builder-workspace/.derivedData/Build/Products/Debug-xros -F /Applications/Xcode-27.0.0-Release.Candidate.app/Contents/Developer/Platforms/XROS.platform/Developer/Library/Frameworks -F /Applications/Xcode-27.0.0-Release.Candidate.app/Contents/Developer/Platforms/XROS.platform/Developer/SDKs/XROS27.0.sdk/Developer/Library/Frameworks -c -j10 -enable-batch-mode -incremental -Xcc -ivfsstatcache -Xcc /Users/admin/builder/spi-builder-workspace/.derivedData/SDKStatCaches.noindex/xros27.0-24M361-e829b21a6f8c9b70876ba0858053c044735bd543db762f57723cac368afd1ce4.sdkstatcache -output-file-map /Users/admin/builder/spi-builder-workspace/.derivedData/Build/Intermediates.noindex/Runner.build/Debug-xros/Runner-t.build/Objects-normal/arm64/Runner-OutputFileMap.json -save-temps -no-color-diagnostics -explicit-module-build -module-cache-path /Users/admin/builder/spi-builder-workspace/.derivedData/Build/Intermediates.noindex/SwiftExplicitPrecompiledModules -clang-scanner-module-cache-path /Users/admin/builder/spi-builder-workspace/.derivedData/ModuleCache.noindex -sdk-module-cache-path /Users/admin/builder/spi-builder-workspace/.derivedData/SDKExplicitPrecompiledModules -emit-dependencies -emit-module -emit-module-path /Users/admin/builder/spi-builder-workspace/.derivedData/Build/Intermediates.noindex/Runner.build/Debug-xros/Runner-t.build/Objects-normal/arm64/Runner.swiftmodule -serialize-diagnostics -dependency-scan-serialize-diagnostics-path /Users/admin/builder/spi-builder-workspace/.derivedData/Build/Intermediates.noindex/Runner.build/Debug-xros/Runner-t.build/Objects-normal/arm64/Runner-dependency-scan.dia -validate-clang-modules-once -clang-build-session-file /Users/admin/builder/spi-builder-workspace/.derivedData/ModuleCache.noindex/Session.modulevalidation -Xcc -fmodules-prune-interval\=86400 -Xcc -fmodules-prune-after\=345600 -emit-const-values -const-gather-protocols-list /Users/admin/builder/spi-builder-workspace/.derivedData/Build/Intermediates.noindex/Runner.build/Debug-xros/Runner-t.build/Objects-normal/arm64/Runner_const_extract_protocols.json -Xcc -I/Users/admin/builder/spi-builder-workspace/.derivedData/Build/Products/Debug-xros/include -Xcc -I/Users/admin/builder/spi-builder-workspace/.derivedData/Build/Intermediates.noindex/Runner.build/Debug-xros/Runner-t.build/DerivedSources-normal/arm64 -Xcc -I/Users/admin/builder/spi-builder-workspace/.derivedData/Build/Intermediates.noindex/Runner.build/Debug-xros/Runner-t.build/DerivedSources/arm64 -Xcc -I/Users/admin/builder/spi-builder-workspace/.derivedData/Build/Intermediates.noindex/Runner.build/Debug-xros/Runner-t.build/DerivedSources -Xcc -DSWIFT_PACKAGE -Xcc -DDEBUG\=1 -emit-objc-header -emit-objc-header-path /Users/admin/builder/spi-builder-workspace/.derivedData/Build/Intermediates.noindex/Runner.build/Debug-xros/Runner-t.build/Objects-normal/arm64/Runner-Swift.h -working-directory /Users/admin/builder/spi-builder-workspace/.swiftpm/xcode -experimental-emit-module-separately -disable-cmo
SwiftDriver Docopt normal arm64 com.apple.xcode.tools.swift.compiler (in target 'Docopt' from project 'Docopt')
cd /Users/admin/builder/spi-builder-workspace/.swiftpm/xcode
builtin-SwiftDriver -- /Applications/Xcode-27.0.0-Release.Candidate.app/Contents/Developer/Toolchains/XcodeDefault.xctoolchain/usr/bin/swiftc -parse-as-library -module-name Docopt -Onone @/Users/admin/builder/spi-builder-workspace/.derivedData/Build/Intermediates.noindex/Docopt.build/Debug-xros/Docopt-t.build/Objects-normal/arm64/Docopt.SwiftFileList -DSWIFT_PACKAGE -DDEBUG -DSWIFT_MODULE_RESOURCE_BUNDLE_UNAVAILABLE -DXcode -plugin-path /Applications/Xcode-27.0.0-Release.Candidate.app/Contents/Developer/Toolchains/XcodeDefault.xctoolchain/usr/lib/swift/host/plugins/testing -enable-experimental-feature DebugDescriptionMacro -sdk /Applications/Xcode-27.0.0-Release.Candidate.app/Contents/Developer/Platforms/XROS.platform/Developer/SDKs/XROS27.0.sdk -target arm64-apple-xros1.0 -g -module-cache-path /Users/admin/builder/spi-builder-workspace/.derivedData/ModuleCache.noindex -Xfrontend -serialize-debugging-options -profile-coverage-mapping -profile-generate -enable-testing -suppress-warnings -index-store-path /Users/admin/builder/spi-builder-workspace/.derivedData/Index.noindex/DataStore -Xcc -D_LIBCPP_HARDENING_MODE\=_LIBCPP_HARDENING_MODE_DEBUG -swift-version 4 -I /Users/admin/builder/spi-builder-workspace/.derivedData/Build/Products/Debug-xros -Isystem /Applications/Xcode-27.0.0-Release.Candidate.app/Contents/Developer/Platforms/XROS.platform/Developer/usr/lib -F /Users/admin/builder/spi-builder-workspace/.derivedData/Build/Products/Debug-xros -F /Applications/Xcode-27.0.0-Release.Candidate.app/Contents/Developer/Platforms/XROS.platform/Developer/Library/Frameworks -F /Applications/Xcode-27.0.0-Release.Candidate.app/Contents/Developer/Platforms/XROS.platform/Developer/SDKs/XROS27.0.sdk/Developer/Library/Frameworks -c -j10 -enable-batch-mode -incremental -Xcc -ivfsstatcache -Xcc /Users/admin/builder/spi-builder-workspace/.derivedData/SDKStatCaches.noindex/xros27.0-24M361-e829b21a6f8c9b70876ba0858053c044735bd543db762f57723cac368afd1ce4.sdkstatcache -output-file-map /Users/admin/builder/spi-builder-workspace/.derivedData/Build/Intermediates.noindex/Docopt.build/Debug-xros/Docopt-t.build/Objects-normal/arm64/Docopt-OutputFileMap.json -save-temps -no-color-diagnostics -emit-dependencies -emit-module -emit-module-path /Users/admin/builder/spi-builder-workspace/.derivedData/Build/Intermediates.noindex/Docopt.build/Debug-xros/Docopt-t.build/Objects-normal/arm64/Docopt.swiftmodule -serialize-diagnostics -validate-clang-modules-once -clang-build-session-file /Users/admin/builder/spi-builder-workspace/.derivedData/ModuleCache.noindex/Session.modulevalidation -Xcc -fmodules-prune-interval\=86400 -Xcc -fmodules-prune-after\=345600 -emit-const-values -const-gather-protocols-list /Users/admin/builder/spi-builder-workspace/.derivedData/Build/Intermediates.noindex/Docopt.build/Debug-xros/Docopt-t.build/Objects-normal/arm64/Docopt_const_extract_protocols.json -Xcc -I/Users/admin/builder/spi-builder-workspace/.derivedData/Build/Products/Debug-xros/include -Xcc -I/Users/admin/builder/spi-builder-workspace/.derivedData/Build/Intermediates.noindex/Docopt.build/Debug-xros/Docopt-t.build/DerivedSources-normal/arm64 -Xcc -I/Users/admin/builder/spi-builder-workspace/.derivedData/Build/Intermediates.noindex/Docopt.build/Debug-xros/Docopt-t.build/DerivedSources/arm64 -Xcc -I/Users/admin/builder/spi-builder-workspace/.derivedData/Build/Intermediates.noindex/Docopt.build/Debug-xros/Docopt-t.build/DerivedSources -Xcc -DSWIFT_PACKAGE -Xcc -DDEBUG\=1 -emit-objc-header -emit-objc-header-path /Users/admin/builder/spi-builder-workspace/.derivedData/Build/Intermediates.noindex/Docopt.build/Debug-xros/Docopt-t.build/Objects-normal/arm64/Docopt-Swift.h -working-directory /Users/admin/builder/spi-builder-workspace/.swiftpm/xcode -experimental-emit-module-separately -disable-cmo
SwiftCompile normal arm64 Compiling\ DocoptError.swift,\ Either.swift /Users/admin/builder/spi-builder-workspace/.dependencies/checkouts/docopt.swift/Sources/Docopt/DocoptError.swift /Users/admin/builder/spi-builder-workspace/.dependencies/checkouts/docopt.swift/Sources/Docopt/Either.swift (in target 'Docopt' from project 'Docopt')
SwiftCompile normal arm64 /Users/admin/builder/spi-builder-workspace/.dependencies/checkouts/docopt.swift/Sources/Docopt/DocoptError.swift (in target 'Docopt' from project 'Docopt')
cd /Users/admin/builder/spi-builder-workspace/.swiftpm/xcode
builtin-SwiftPerFileCompile DocoptError.swift
SwiftCompile normal arm64 /Users/admin/builder/spi-builder-workspace/.dependencies/checkouts/docopt.swift/Sources/Docopt/Either.swift (in target 'Docopt' from project 'Docopt')
cd /Users/admin/builder/spi-builder-workspace/.swiftpm/xcode
builtin-SwiftPerFileCompile Either.swift
SwiftCompile normal arm64 Compiling\ LeafPattern.swift,\ OneOrMore.swift /Users/admin/builder/spi-builder-workspace/.dependencies/checkouts/docopt.swift/Sources/Docopt/LeafPattern.swift /Users/admin/builder/spi-builder-workspace/.dependencies/checkouts/docopt.swift/Sources/Docopt/OneOrMore.swift (in target 'Docopt' from project 'Docopt')
SwiftCompile normal arm64 /Users/admin/builder/spi-builder-workspace/.dependencies/checkouts/docopt.swift/Sources/Docopt/LeafPattern.swift (in target 'Docopt' from project 'Docopt')
cd /Users/admin/builder/spi-builder-workspace/.swiftpm/xcode
builtin-SwiftPerFileCompile LeafPattern.swift
SwiftCompile normal arm64 /Users/admin/builder/spi-builder-workspace/.dependencies/checkouts/docopt.swift/Sources/Docopt/OneOrMore.swift (in target 'Docopt' from project 'Docopt')
cd /Users/admin/builder/spi-builder-workspace/.swiftpm/xcode
builtin-SwiftPerFileCompile OneOrMore.swift
SwiftCompile normal arm64 Compiling\ Argument.swift,\ BranchPattern.swift /Users/admin/builder/spi-builder-workspace/.dependencies/checkouts/docopt.swift/Sources/Docopt/Argument.swift /Users/admin/builder/spi-builder-workspace/.dependencies/checkouts/docopt.swift/Sources/Docopt/BranchPattern.swift (in target 'Docopt' from project 'Docopt')
SwiftCompile normal arm64 /Users/admin/builder/spi-builder-workspace/.dependencies/checkouts/docopt.swift/Sources/Docopt/Argument.swift (in target 'Docopt' from project 'Docopt')
cd /Users/admin/builder/spi-builder-workspace/.swiftpm/xcode
builtin-SwiftPerFileCompile Argument.swift
SwiftCompile normal arm64 /Users/admin/builder/spi-builder-workspace/.dependencies/checkouts/docopt.swift/Sources/Docopt/BranchPattern.swift (in target 'Docopt' from project 'Docopt')
cd /Users/admin/builder/spi-builder-workspace/.swiftpm/xcode
builtin-SwiftPerFileCompile BranchPattern.swift
SwiftCompile normal arm64 Compiling\ OptionsShortcut.swift /Users/admin/builder/spi-builder-workspace/.dependencies/checkouts/docopt.swift/Sources/Docopt/OptionsShortcut.swift (in target 'Docopt' from project 'Docopt')
SwiftCompile normal arm64 /Users/admin/builder/spi-builder-workspace/.dependencies/checkouts/docopt.swift/Sources/Docopt/OptionsShortcut.swift (in target 'Docopt' from project 'Docopt')
cd /Users/admin/builder/spi-builder-workspace/.swiftpm/xcode
builtin-SwiftPerFileCompile OptionsShortcut.swift
SwiftEmitModule normal arm64 Emitting\ module\ for\ Docopt (in target 'Docopt' from project 'Docopt')
SwiftCompile normal arm64 (in target 'Docopt' from project 'Docopt')
cd /Users/admin/builder/spi-builder-workspace/.swiftpm/xcode
SwiftCompile normal arm64 Compiling\ Option.swift,\ Optional.swift /Users/admin/builder/spi-builder-workspace/.dependencies/checkouts/docopt.swift/Sources/Docopt/Option.swift /Users/admin/builder/spi-builder-workspace/.dependencies/checkouts/docopt.swift/Sources/Docopt/Optional.swift (in target 'Docopt' from project 'Docopt')
SwiftCompile normal arm64 /Users/admin/builder/spi-builder-workspace/.dependencies/checkouts/docopt.swift/Sources/Docopt/Option.swift (in target 'Docopt' from project 'Docopt')
cd /Users/admin/builder/spi-builder-workspace/.swiftpm/xcode
builtin-SwiftPerFileCompile Option.swift
SwiftCompile normal arm64 /Users/admin/builder/spi-builder-workspace/.dependencies/checkouts/docopt.swift/Sources/Docopt/Optional.swift (in target 'Docopt' from project 'Docopt')
cd /Users/admin/builder/spi-builder-workspace/.swiftpm/xcode
builtin-SwiftPerFileCompile Optional.swift
SwiftCompile normal arm64 Compiling\ String.swift /Users/admin/builder/spi-builder-workspace/.dependencies/checkouts/docopt.swift/Sources/Docopt/String.swift (in target 'Docopt' from project 'Docopt')
SwiftCompile normal arm64 /Users/admin/builder/spi-builder-workspace/.dependencies/checkouts/docopt.swift/Sources/Docopt/String.swift (in target 'Docopt' from project 'Docopt')
cd /Users/admin/builder/spi-builder-workspace/.swiftpm/xcode
builtin-SwiftPerFileCompile String.swift
SwiftCompile normal arm64 Compiling\ Required.swift /Users/admin/builder/spi-builder-workspace/.dependencies/checkouts/docopt.swift/Sources/Docopt/Required.swift (in target 'Docopt' from project 'Docopt')
SwiftCompile normal arm64 /Users/admin/builder/spi-builder-workspace/.dependencies/checkouts/docopt.swift/Sources/Docopt/Required.swift (in target 'Docopt' from project 'Docopt')
cd /Users/admin/builder/spi-builder-workspace/.swiftpm/xcode
builtin-SwiftPerFileCompile Required.swift
SwiftCompile normal arm64 Compiling\ Tokens.swift /Users/admin/builder/spi-builder-workspace/.dependencies/checkouts/docopt.swift/Sources/Docopt/Tokens.swift (in target 'Docopt' from project 'Docopt')
SwiftCompile normal arm64 /Users/admin/builder/spi-builder-workspace/.dependencies/checkouts/docopt.swift/Sources/Docopt/Tokens.swift (in target 'Docopt' from project 'Docopt')
cd /Users/admin/builder/spi-builder-workspace/.swiftpm/xcode
builtin-SwiftPerFileCompile Tokens.swift
SwiftCompile normal arm64 Compiling\ Command.swift,\ Docopt.swift /Users/admin/builder/spi-builder-workspace/.dependencies/checkouts/docopt.swift/Sources/Docopt/Command.swift /Users/admin/builder/spi-builder-workspace/.dependencies/checkouts/docopt.swift/Sources/Docopt/Docopt.swift (in target 'Docopt' from project 'Docopt')
SwiftCompile normal arm64 /Users/admin/builder/spi-builder-workspace/.dependencies/checkouts/docopt.swift/Sources/Docopt/Command.swift (in target 'Docopt' from project 'Docopt')
cd /Users/admin/builder/spi-builder-workspace/.swiftpm/xcode
builtin-SwiftPerFileCompile Command.swift
SwiftCompile normal arm64 /Users/admin/builder/spi-builder-workspace/.dependencies/checkouts/docopt.swift/Sources/Docopt/Docopt.swift (in target 'Docopt' from project 'Docopt')
cd /Users/admin/builder/spi-builder-workspace/.swiftpm/xcode
builtin-SwiftPerFileCompile Docopt.swift
SwiftExplicitDependencyGeneratePcm arm64 /Users/admin/builder/spi-builder-workspace/.derivedData/SDKExplicitPrecompiledModules/ptrcheck-BXA97MNLI4BB0HF5I8MJE403D.pcm
SwiftDriverJobDiscovery normal arm64 Emitting module for Docopt (in target 'Docopt' from project 'Docopt')
SwiftDriver\ Compilation\ Requirements Docopt normal arm64 com.apple.xcode.tools.swift.compiler (in target 'Docopt' from project 'Docopt')
cd /Users/admin/builder/spi-builder-workspace/.swiftpm/xcode
builtin-Swift-Compilation-Requirements -- /Applications/Xcode-27.0.0-Release.Candidate.app/Contents/Developer/Toolchains/XcodeDefault.xctoolchain/usr/bin/swiftc -parse-as-library -module-name Docopt -Onone @/Users/admin/builder/spi-builder-workspace/.derivedData/Build/Intermediates.noindex/Docopt.build/Debug-xros/Docopt-t.build/Objects-normal/arm64/Docopt.SwiftFileList -DSWIFT_PACKAGE -DDEBUG -DSWIFT_MODULE_RESOURCE_BUNDLE_UNAVAILABLE -DXcode -plugin-path /Applications/Xcode-27.0.0-Release.Candidate.app/Contents/Developer/Toolchains/XcodeDefault.xctoolchain/usr/lib/swift/host/plugins/testing -enable-experimental-feature DebugDescriptionMacro -sdk /Applications/Xcode-27.0.0-Release.Candidate.app/Contents/Developer/Platforms/XROS.platform/Developer/SDKs/XROS27.0.sdk -target arm64-apple-xros1.0 -g -module-cache-path /Users/admin/builder/spi-builder-workspace/.derivedData/ModuleCache.noindex -Xfrontend -serialize-debugging-options -profile-coverage-mapping -profile-generate -enable-testing -suppress-warnings -index-store-path /Users/admin/builder/spi-builder-workspace/.derivedData/Index.noindex/DataStore -Xcc -D_LIBCPP_HARDENING_MODE\=_LIBCPP_HARDENING_MODE_DEBUG -swift-version 4 -I /Users/admin/builder/spi-builder-workspace/.derivedData/Build/Products/Debug-xros -Isystem /Applications/Xcode-27.0.0-Release.Candidate.app/Contents/Developer/Platforms/XROS.platform/Developer/usr/lib -F /Users/admin/builder/spi-builder-workspace/.derivedData/Build/Products/Debug-xros -F /Applications/Xcode-27.0.0-Release.Candidate.app/Contents/Developer/Platforms/XROS.platform/Developer/Library/Frameworks -F /Applications/Xcode-27.0.0-Release.Candidate.app/Contents/Developer/Platforms/XROS.platform/Developer/SDKs/XROS27.0.sdk/Developer/Library/Frameworks -c -j10 -enable-batch-mode -incremental -Xcc -ivfsstatcache -Xcc /Users/admin/builder/spi-builder-workspace/.derivedData/SDKStatCaches.noindex/xros27.0-24M361-e829b21a6f8c9b70876ba0858053c044735bd543db762f57723cac368afd1ce4.sdkstatcache -output-file-map /Users/admin/builder/spi-builder-workspace/.derivedData/Build/Intermediates.noindex/Docopt.build/Debug-xros/Docopt-t.build/Objects-normal/arm64/Docopt-OutputFileMap.json -save-temps -no-color-diagnostics -emit-dependencies -emit-module -emit-module-path /Users/admin/builder/spi-builder-workspace/.derivedData/Build/Intermediates.noindex/Docopt.build/Debug-xros/Docopt-t.build/Objects-normal/arm64/Docopt.swiftmodule -serialize-diagnostics -validate-clang-modules-once -clang-build-session-file /Users/admin/builder/spi-builder-workspace/.derivedData/ModuleCache.noindex/Session.modulevalidation -Xcc -fmodules-prune-interval\=86400 -Xcc -fmodules-prune-after\=345600 -emit-const-values -const-gather-protocols-list /Users/admin/builder/spi-builder-workspace/.derivedData/Build/Intermediates.noindex/Docopt.build/Debug-xros/Docopt-t.build/Objects-normal/arm64/Docopt_const_extract_protocols.json -Xcc -I/Users/admin/builder/spi-builder-workspace/.derivedData/Build/Products/Debug-xros/include -Xcc -I/Users/admin/builder/spi-builder-workspace/.derivedData/Build/Intermediates.noindex/Docopt.build/Debug-xros/Docopt-t.build/DerivedSources-normal/arm64 -Xcc -I/Users/admin/builder/spi-builder-workspace/.derivedData/Build/Intermediates.noindex/Docopt.build/Debug-xros/Docopt-t.build/DerivedSources/arm64 -Xcc -I/Users/admin/builder/spi-builder-workspace/.derivedData/Build/Intermediates.noindex/Docopt.build/Debug-xros/Docopt-t.build/DerivedSources -Xcc -DSWIFT_PACKAGE -Xcc -DDEBUG\=1 -emit-objc-header -emit-objc-header-path /Users/admin/builder/spi-builder-workspace/.derivedData/Build/Intermediates.noindex/Docopt.build/Debug-xros/Docopt-t.build/Objects-normal/arm64/Docopt-Swift.h -working-directory /Users/admin/builder/spi-builder-workspace/.swiftpm/xcode -experimental-emit-module-separately -disable-cmo
SwiftExplicitDependencyGeneratePcm arm64 /Users/admin/builder/spi-builder-workspace/.derivedData/SDKExplicitPrecompiledModules/ptrauth-1WBA714DZSVUL5JQDJ08CLKZ.pcm
SwiftMergeGeneratedHeaders /Users/admin/builder/spi-builder-workspace/.derivedData/Build/Intermediates.noindex/GeneratedModuleMaps-xros/Docopt-Swift.h /Users/admin/builder/spi-builder-workspace/.derivedData/Build/Intermediates.noindex/Docopt.build/Debug-xros/Docopt-t.build/Objects-normal/arm64/Docopt-Swift.h (in target 'Docopt' from project 'Docopt')
cd /Users/admin/builder/spi-builder-workspace/.dependencies/checkouts/docopt.swift
builtin-swiftHeaderTool -arch arm64 /Users/admin/builder/spi-builder-workspace/.derivedData/Build/Intermediates.noindex/Docopt.build/Debug-xros/Docopt-t.build/Objects-normal/arm64/Docopt-Swift.h -o /Users/admin/builder/spi-builder-workspace/.derivedData/Build/Intermediates.noindex/GeneratedModuleMaps-xros/Docopt-Swift.h
Copy /Users/admin/builder/spi-builder-workspace/.derivedData/Build/Products/Debug-xros/Docopt.swiftmodule/arm64-apple-xros.swiftmodule /Users/admin/builder/spi-builder-workspace/.derivedData/Build/Intermediates.noindex/Docopt.build/Debug-xros/Docopt-t.build/Objects-normal/arm64/Docopt.swiftmodule (in target 'Docopt' from project 'Docopt')
cd /Users/admin/builder/spi-builder-workspace/.dependencies/checkouts/docopt.swift
builtin-copy -exclude .DS_Store -exclude CVS -exclude .svn -exclude .git -exclude .hg -resolve-src-symlinks -rename /Users/admin/builder/spi-builder-workspace/.derivedData/Build/Intermediates.noindex/Docopt.build/Debug-xros/Docopt-t.build/Objects-normal/arm64/Docopt.swiftmodule /Users/admin/builder/spi-builder-workspace/.derivedData/Build/Products/Debug-xros/Docopt.swiftmodule/arm64-apple-xros.swiftmodule
Copy /Users/admin/builder/spi-builder-workspace/.derivedData/Build/Products/Debug-xros/Docopt.swiftmodule/arm64-apple-xros.swiftdoc /Users/admin/builder/spi-builder-workspace/.derivedData/Build/Intermediates.noindex/Docopt.build/Debug-xros/Docopt-t.build/Objects-normal/arm64/Docopt.swiftdoc (in target 'Docopt' from project 'Docopt')
cd /Users/admin/builder/spi-builder-workspace/.dependencies/checkouts/docopt.swift
builtin-copy -exclude .DS_Store -exclude CVS -exclude .svn -exclude .git -exclude .hg -resolve-src-symlinks -rename /Users/admin/builder/spi-builder-workspace/.derivedData/Build/Intermediates.noindex/Docopt.build/Debug-xros/Docopt-t.build/Objects-normal/arm64/Docopt.swiftdoc /Users/admin/builder/spi-builder-workspace/.derivedData/Build/Products/Debug-xros/Docopt.swiftmodule/arm64-apple-xros.swiftdoc
Copy /Users/admin/builder/spi-builder-workspace/.derivedData/Build/Products/Debug-xros/Docopt.swiftmodule/arm64-apple-xros.abi.json /Users/admin/builder/spi-builder-workspace/.derivedData/Build/Intermediates.noindex/Docopt.build/Debug-xros/Docopt-t.build/Objects-normal/arm64/Docopt.abi.json (in target 'Docopt' from project 'Docopt')
cd /Users/admin/builder/spi-builder-workspace/.dependencies/checkouts/docopt.swift
builtin-copy -exclude .DS_Store -exclude CVS -exclude .svn -exclude .git -exclude .hg -resolve-src-symlinks -rename /Users/admin/builder/spi-builder-workspace/.derivedData/Build/Intermediates.noindex/Docopt.build/Debug-xros/Docopt-t.build/Objects-normal/arm64/Docopt.abi.json /Users/admin/builder/spi-builder-workspace/.derivedData/Build/Products/Debug-xros/Docopt.swiftmodule/arm64-apple-xros.abi.json
Copy /Users/admin/builder/spi-builder-workspace/.derivedData/Build/Products/Debug-xros/Docopt.swiftmodule/Project/arm64-apple-xros.swiftsourceinfo /Users/admin/builder/spi-builder-workspace/.derivedData/Build/Intermediates.noindex/Docopt.build/Debug-xros/Docopt-t.build/Objects-normal/arm64/Docopt.swiftsourceinfo (in target 'Docopt' from project 'Docopt')
cd /Users/admin/builder/spi-builder-workspace/.dependencies/checkouts/docopt.swift
builtin-copy -exclude .DS_Store -exclude CVS -exclude .svn -exclude .git -exclude .hg -resolve-src-symlinks -rename /Users/admin/builder/spi-builder-workspace/.derivedData/Build/Intermediates.noindex/Docopt.build/Debug-xros/Docopt-t.build/Objects-normal/arm64/Docopt.swiftsourceinfo /Users/admin/builder/spi-builder-workspace/.derivedData/Build/Products/Debug-xros/Docopt.swiftmodule/Project/arm64-apple-xros.swiftsourceinfo
SwiftExplicitDependencyGeneratePcm arm64 /Users/admin/builder/spi-builder-workspace/.derivedData/SDKExplicitPrecompiledModules/_AvailabilityInternal-1Q8IQP6M38UWSGZ95UCEY2M44.pcm
SwiftExplicitDependencyGeneratePcm arm64 /Users/admin/builder/spi-builder-workspace/.derivedData/SDKExplicitPrecompiledModules/SwiftShims-CI4H5RO9IYFFWQ2COB512Q2S9.pcm
SwiftExplicitDependencyGeneratePcm arm64 /Users/admin/builder/spi-builder-workspace/.derivedData/SDKExplicitPrecompiledModules/_SwiftConcurrencyShims-C8XHKSHX96D5YYALNM4W70Z0O.pcm
SwiftExplicitDependencyGeneratePcm arm64 /Users/admin/builder/spi-builder-workspace/.derivedData/SDKExplicitPrecompiledModules/_Builtin_float-6WKHNW5S40U2QGHXXGETUDIRA.pcm
SwiftExplicitDependencyGeneratePcm arm64 /Users/admin/builder/spi-builder-workspace/.derivedData/SDKExplicitPrecompiledModules/_Builtin_stdarg-CDA349K2K4US766844K8E0PVA.pcm
SwiftExplicitDependencyGeneratePcm arm64 /Users/admin/builder/spi-builder-workspace/.derivedData/SDKExplicitPrecompiledModules/_DarwinFoundation1-5RGRVV2TZ6WC4WZW5IXF8NQ04.pcm
SwiftExplicitDependencyGeneratePcm arm64 /Users/admin/builder/spi-builder-workspace/.derivedData/SDKExplicitPrecompiledModules/_Builtin_stdbool-5BU2ADS7JXQMYENKQHW9X8XOU.pcm
SwiftExplicitDependencyGeneratePcm arm64 /Users/admin/builder/spi-builder-workspace/.derivedData/SDKExplicitPrecompiledModules/_Builtin_limits-425JDMN5HPM3D0UEI8LEHP6NM.pcm
SwiftExplicitDependencyGeneratePcm arm64 /Users/admin/builder/spi-builder-workspace/.derivedData/SDKExplicitPrecompiledModules/_Builtin_stddef-5NQ9Z1GV07GBSRQGAQCGXGVRI.pcm
SwiftExplicitDependencyGeneratePcm arm64 /Users/admin/builder/spi-builder-workspace/.derivedData/SDKExplicitPrecompiledModules/_DarwinFoundation2-ENTECK156YEWITZRRBTOCE4KR.pcm
SwiftExplicitDependencyGeneratePcm arm64 /Users/admin/builder/spi-builder-workspace/.derivedData/SDKExplicitPrecompiledModules/sys_types-AYM0BHR77VKMWZCO2T0XGV2HF.pcm
SwiftExplicitDependencyGeneratePcm arm64 /Users/admin/builder/spi-builder-workspace/.derivedData/SDKExplicitPrecompiledModules/string_h-2GT67HHHHK5CF1V1S31LH0PU2.pcm
SwiftExplicitDependencyGeneratePcm arm64 /Users/admin/builder/spi-builder-workspace/.derivedData/SDKExplicitPrecompiledModules/_Builtin_stdint-8OR6T47OOYJA90ZBO3N1USDE.pcm
SwiftExplicitDependencyGeneratePcm arm64 /Users/admin/builder/spi-builder-workspace/.derivedData/SDKExplicitPrecompiledModules/_DarwinFoundation3-9ZHN6JKBS40BBA81RQMV8H0IC.pcm
SwiftExplicitDependencyGeneratePcm arm64 /Users/admin/builder/spi-builder-workspace/.derivedData/SDKExplicitPrecompiledModules/_Builtin_inttypes-11B64KJD36B3YOHBR1BBXBJY8.pcm
SwiftExplicitDependencyGeneratePcm arm64 /Users/admin/builder/spi-builder-workspace/.derivedData/SDKExplicitPrecompiledModules/Darwin-60P5LVNQO3ESRRM5DCJ05PFNK.pcm
SwiftExplicitDependencyGeneratePcm arm64 /Users/admin/builder/spi-builder-workspace/.derivedData/SDKExplicitPrecompiledModules/ObjectiveC-26TIBFYCEJZVP216ZZAU1X8KN.pcm
SwiftExplicitDependencyGeneratePcm arm64 /Users/admin/builder/spi-builder-workspace/.derivedData/SDKExplicitPrecompiledModules/os_object-692CJ8BG6RE5H04487EJJOVXW.pcm
SwiftCompile normal arm64 Compiling\ Pattern.swift /Users/admin/builder/spi-builder-workspace/.dependencies/checkouts/docopt.swift/Sources/Docopt/Pattern.swift (in target 'Docopt' from project 'Docopt')
SwiftCompile normal arm64 /Users/admin/builder/spi-builder-workspace/.dependencies/checkouts/docopt.swift/Sources/Docopt/Pattern.swift (in target 'Docopt' from project 'Docopt')
cd /Users/admin/builder/spi-builder-workspace/.swiftpm/xcode
builtin-SwiftPerFileCompile Pattern.swift
SwiftExplicitDependencyGeneratePcm arm64 /Users/admin/builder/spi-builder-workspace/.derivedData/SDKExplicitPrecompiledModules/os_workgroup-4U1VXMWIZD80E7PRUQF2G7P9X.pcm
SwiftDriverJobDiscovery normal arm64 Compiling DocoptError.swift, Either.swift (in target 'Docopt' from project 'Docopt')
SwiftDriverJobDiscovery normal arm64 Compiling LeafPattern.swift, OneOrMore.swift (in target 'Docopt' from project 'Docopt')
SwiftDriverJobDiscovery normal arm64 Compiling Option.swift, Optional.swift (in target 'Docopt' from project 'Docopt')
SwiftDriverJobDiscovery normal arm64 Compiling Required.swift (in target 'Docopt' from project 'Docopt')
SwiftDriverJobDiscovery normal arm64 Compiling Pattern.swift (in target 'Docopt' from project 'Docopt')
SwiftDriverJobDiscovery normal arm64 Compiling Argument.swift, BranchPattern.swift (in target 'Docopt' from project 'Docopt')
SwiftDriverJobDiscovery normal arm64 Compiling OptionsShortcut.swift (in target 'Docopt' from project 'Docopt')
SwiftDriverJobDiscovery normal arm64 Compiling Tokens.swift (in target 'Docopt' from project 'Docopt')
SwiftDriverJobDiscovery normal arm64 Compiling Command.swift, Docopt.swift (in target 'Docopt' from project 'Docopt')
SwiftDriver Arguments normal arm64 com.apple.xcode.tools.swift.compiler (in target 'Arguments' from project 'Arguments')
cd /Users/admin/builder/spi-builder-workspace/.swiftpm/xcode
builtin-SwiftDriver -- /Applications/Xcode-27.0.0-Release.Candidate.app/Contents/Developer/Toolchains/XcodeDefault.xctoolchain/usr/bin/swiftc -parse-as-library -module-name Arguments -Onone @/Users/admin/builder/spi-builder-workspace/.derivedData/Build/Intermediates.noindex/Arguments.build/Debug-xros/Arguments-t.build/Objects-normal/arm64/Arguments.SwiftFileList -DSWIFT_PACKAGE -DDEBUG -DSWIFT_MODULE_RESOURCE_BUNDLE_UNAVAILABLE -DXcode -plugin-path /Applications/Xcode-27.0.0-Release.Candidate.app/Contents/Developer/Toolchains/XcodeDefault.xctoolchain/usr/lib/swift/host/plugins/testing -enable-experimental-feature DebugDescriptionMacro -sdk /Applications/Xcode-27.0.0-Release.Candidate.app/Contents/Developer/Platforms/XROS.platform/Developer/SDKs/XROS27.0.sdk -target arm64-apple-xros1.0 -g -module-cache-path /Users/admin/builder/spi-builder-workspace/.derivedData/ModuleCache.noindex -Xfrontend -serialize-debugging-options -profile-coverage-mapping -profile-generate -enable-testing -suppress-warnings -index-store-path /Users/admin/builder/spi-builder-workspace/.derivedData/Index.noindex/DataStore -Xcc -D_LIBCPP_HARDENING_MODE\=_LIBCPP_HARDENING_MODE_DEBUG -swift-version 5 -I /Users/admin/builder/spi-builder-workspace/.derivedData/Build/Products/Debug-xros -Isystem /Applications/Xcode-27.0.0-Release.Candidate.app/Contents/Developer/Platforms/XROS.platform/Developer/usr/lib -F /Users/admin/builder/spi-builder-workspace/.derivedData/Build/Products/Debug-xros/PackageFrameworks -F /Users/admin/builder/spi-builder-workspace/.derivedData/Build/Products/Debug-xros -F /Applications/Xcode-27.0.0-Release.Candidate.app/Contents/Developer/Platforms/XROS.platform/Developer/Library/Frameworks -F /Applications/Xcode-27.0.0-Release.Candidate.app/Contents/Developer/Platforms/XROS.platform/Developer/SDKs/XROS27.0.sdk/Developer/Library/Frameworks -c -j10 -enable-batch-mode -incremental -Xcc -ivfsstatcache -Xcc /Users/admin/builder/spi-builder-workspace/.derivedData/SDKStatCaches.noindex/xros27.0-24M361-e829b21a6f8c9b70876ba0858053c044735bd543db762f57723cac368afd1ce4.sdkstatcache -output-file-map /Users/admin/builder/spi-builder-workspace/.derivedData/Build/Intermediates.noindex/Arguments.build/Debug-xros/Arguments-t.build/Objects-normal/arm64/Arguments-OutputFileMap.json -save-temps -no-color-diagnostics -explicit-module-build -module-cache-path /Users/admin/builder/spi-builder-workspace/.derivedData/Build/Intermediates.noindex/SwiftExplicitPrecompiledModules -clang-scanner-module-cache-path /Users/admin/builder/spi-builder-workspace/.derivedData/ModuleCache.noindex -sdk-module-cache-path /Users/admin/builder/spi-builder-workspace/.derivedData/SDKExplicitPrecompiledModules -emit-dependencies -emit-module -emit-module-path /Users/admin/builder/spi-builder-workspace/.derivedData/Build/Intermediates.noindex/Arguments.build/Debug-xros/Arguments-t.build/Objects-normal/arm64/Arguments.swiftmodule -serialize-diagnostics -dependency-scan-serialize-diagnostics-path /Users/admin/builder/spi-builder-workspace/.derivedData/Build/Intermediates.noindex/Arguments.build/Debug-xros/Arguments-t.build/Objects-normal/arm64/Arguments-dependency-scan.dia -validate-clang-modules-once -clang-build-session-file /Users/admin/builder/spi-builder-workspace/.derivedData/ModuleCache.noindex/Session.modulevalidation -Xcc -fmodules-prune-interval\=86400 -Xcc -fmodules-prune-after\=345600 -emit-const-values -const-gather-protocols-list /Users/admin/builder/spi-builder-workspace/.derivedData/Build/Intermediates.noindex/Arguments.build/Debug-xros/Arguments-t.build/Objects-normal/arm64/Arguments_const_extract_protocols.json -Xcc -I/Users/admin/builder/spi-builder-workspace/.derivedData/Build/Products/Debug-xros/include -Xcc -I/Users/admin/builder/spi-builder-workspace/.derivedData/Build/Intermediates.noindex/Arguments.build/Debug-xros/Arguments-t.build/DerivedSources-normal/arm64 -Xcc -I/Users/admin/builder/spi-builder-workspace/.derivedData/Build/Intermediates.noindex/Arguments.build/Debug-xros/Arguments-t.build/DerivedSources/arm64 -Xcc -I/Users/admin/builder/spi-builder-workspace/.derivedData/Build/Intermediates.noindex/Arguments.build/Debug-xros/Arguments-t.build/DerivedSources -Xcc -DSWIFT_PACKAGE -Xcc -DDEBUG\=1 -emit-objc-header -emit-objc-header-path /Users/admin/builder/spi-builder-workspace/.derivedData/Build/Intermediates.noindex/Arguments.build/Debug-xros/Arguments-t.build/Objects-normal/arm64/Arguments-Swift.h -working-directory /Users/admin/builder/spi-builder-workspace/.swiftpm/xcode -experimental-emit-module-separately -disable-cmo
SwiftDriverJobDiscovery normal arm64 Compiling String.swift (in target 'Docopt' from project 'Docopt')
SwiftDriver\ Compilation Docopt normal arm64 com.apple.xcode.tools.swift.compiler (in target 'Docopt' from project 'Docopt')
cd /Users/admin/builder/spi-builder-workspace/.swiftpm/xcode
builtin-Swift-Compilation -- /Applications/Xcode-27.0.0-Release.Candidate.app/Contents/Developer/Toolchains/XcodeDefault.xctoolchain/usr/bin/swiftc -parse-as-library -module-name Docopt -Onone @/Users/admin/builder/spi-builder-workspace/.derivedData/Build/Intermediates.noindex/Docopt.build/Debug-xros/Docopt-t.build/Objects-normal/arm64/Docopt.SwiftFileList -DSWIFT_PACKAGE -DDEBUG -DSWIFT_MODULE_RESOURCE_BUNDLE_UNAVAILABLE -DXcode -plugin-path /Applications/Xcode-27.0.0-Release.Candidate.app/Contents/Developer/Toolchains/XcodeDefault.xctoolchain/usr/lib/swift/host/plugins/testing -enable-experimental-feature DebugDescriptionMacro -sdk /Applications/Xcode-27.0.0-Release.Candidate.app/Contents/Developer/Platforms/XROS.platform/Developer/SDKs/XROS27.0.sdk -target arm64-apple-xros1.0 -g -module-cache-path /Users/admin/builder/spi-builder-workspace/.derivedData/ModuleCache.noindex -Xfrontend -serialize-debugging-options -profile-coverage-mapping -profile-generate -enable-testing -suppress-warnings -index-store-path /Users/admin/builder/spi-builder-workspace/.derivedData/Index.noindex/DataStore -Xcc -D_LIBCPP_HARDENING_MODE\=_LIBCPP_HARDENING_MODE_DEBUG -swift-version 4 -I /Users/admin/builder/spi-builder-workspace/.derivedData/Build/Products/Debug-xros -Isystem /Applications/Xcode-27.0.0-Release.Candidate.app/Contents/Developer/Platforms/XROS.platform/Developer/usr/lib -F /Users/admin/builder/spi-builder-workspace/.derivedData/Build/Products/Debug-xros -F /Applications/Xcode-27.0.0-Release.Candidate.app/Contents/Developer/Platforms/XROS.platform/Developer/Library/Frameworks -F /Applications/Xcode-27.0.0-Release.Candidate.app/Contents/Developer/Platforms/XROS.platform/Developer/SDKs/XROS27.0.sdk/Developer/Library/Frameworks -c -j10 -enable-batch-mode -incremental -Xcc -ivfsstatcache -Xcc /Users/admin/builder/spi-builder-workspace/.derivedData/SDKStatCaches.noindex/xros27.0-24M361-e829b21a6f8c9b70876ba0858053c044735bd543db762f57723cac368afd1ce4.sdkstatcache -output-file-map /Users/admin/builder/spi-builder-workspace/.derivedData/Build/Intermediates.noindex/Docopt.build/Debug-xros/Docopt-t.build/Objects-normal/arm64/Docopt-OutputFileMap.json -save-temps -no-color-diagnostics -emit-dependencies -emit-module -emit-module-path /Users/admin/builder/spi-builder-workspace/.derivedData/Build/Intermediates.noindex/Docopt.build/Debug-xros/Docopt-t.build/Objects-normal/arm64/Docopt.swiftmodule -serialize-diagnostics -validate-clang-modules-once -clang-build-session-file /Users/admin/builder/spi-builder-workspace/.derivedData/ModuleCache.noindex/Session.modulevalidation -Xcc -fmodules-prune-interval\=86400 -Xcc -fmodules-prune-after\=345600 -emit-const-values -const-gather-protocols-list /Users/admin/builder/spi-builder-workspace/.derivedData/Build/Intermediates.noindex/Docopt.build/Debug-xros/Docopt-t.build/Objects-normal/arm64/Docopt_const_extract_protocols.json -Xcc -I/Users/admin/builder/spi-builder-workspace/.derivedData/Build/Products/Debug-xros/include -Xcc -I/Users/admin/builder/spi-builder-workspace/.derivedData/Build/Intermediates.noindex/Docopt.build/Debug-xros/Docopt-t.build/DerivedSources-normal/arm64 -Xcc -I/Users/admin/builder/spi-builder-workspace/.derivedData/Build/Intermediates.noindex/Docopt.build/Debug-xros/Docopt-t.build/DerivedSources/arm64 -Xcc -I/Users/admin/builder/spi-builder-workspace/.derivedData/Build/Intermediates.noindex/Docopt.build/Debug-xros/Docopt-t.build/DerivedSources -Xcc -DSWIFT_PACKAGE -Xcc -DDEBUG\=1 -emit-objc-header -emit-objc-header-path /Users/admin/builder/spi-builder-workspace/.derivedData/Build/Intermediates.noindex/Docopt.build/Debug-xros/Docopt-t.build/Objects-normal/arm64/Docopt-Swift.h -working-directory /Users/admin/builder/spi-builder-workspace/.swiftpm/xcode -experimental-emit-module-separately -disable-cmo
Ld /Users/admin/builder/spi-builder-workspace/.derivedData/Build/Products/Debug-xros/Docopt.o normal (in target 'Docopt' from project 'Docopt')
cd /Users/admin/builder/spi-builder-workspace/.dependencies/checkouts/docopt.swift
/Applications/Xcode-27.0.0-Release.Candidate.app/Contents/Developer/Toolchains/XcodeDefault.xctoolchain/usr/bin/clang -Xlinker -reproducible -target arm64-apple-xros1.0 -r -isysroot /Applications/Xcode-27.0.0-Release.Candidate.app/Contents/Developer/Platforms/XROS.platform/Developer/SDKs/XROS27.0.sdk -O0 -w -Xlinker -no_warn_duplicate_libraries -F/Users/admin/builder/spi-builder-workspace/.derivedData/Build/Intermediates.noindex/EagerLinkingTBDs/Debug-xros -F/Users/admin/builder/spi-builder-workspace/.derivedData/Build/Products/Debug-xros -iframework /Applications/Xcode-27.0.0-Release.Candidate.app/Contents/Developer/Platforms/XROS.platform/Developer/Library/Frameworks -iframework /Applications/Xcode-27.0.0-Release.Candidate.app/Contents/Developer/Platforms/XROS.platform/Developer/SDKs/XROS27.0.sdk/Developer/Library/Frameworks -filelist /Users/admin/builder/spi-builder-workspace/.derivedData/Build/Intermediates.noindex/Docopt.build/Debug-xros/Docopt-t.build/Objects-normal/arm64/Docopt.LinkFileList -nostdlib -Xlinker -object_path_lto -Xlinker /Users/admin/builder/spi-builder-workspace/.derivedData/Build/Intermediates.noindex/Docopt.build/Debug-xros/Docopt-t.build/Objects-normal/arm64/Docopt_lto.o -Xlinker -no_deduplicate -Xlinker -debug_variant -Xlinker -dependency_info -Xlinker /Users/admin/builder/spi-builder-workspace/.derivedData/Build/Intermediates.noindex/Docopt.build/Debug-xros/Docopt-t.build/Objects-normal/arm64/Docopt_dependency_info.dat -fobjc-link-runtime -L/Applications/Xcode-27.0.0-Release.Candidate.app/Contents/Developer/Toolchains/XcodeDefault.xctoolchain/usr/lib/swift/xros -L/usr/lib/swift -Xlinker -add_ast_path -Xlinker /Users/admin/builder/spi-builder-workspace/.derivedData/Build/Intermediates.noindex/Docopt.build/Debug-xros/Docopt-t.build/Objects-normal/arm64/Docopt.swiftmodule -o /Users/admin/builder/spi-builder-workspace/.derivedData/Build/Products/Debug-xros/Docopt.o
ExtractAppIntentsMetadata (in target 'Docopt' from project 'Docopt')
cd /Users/admin/builder/spi-builder-workspace/.dependencies/checkouts/docopt.swift
/Applications/Xcode-27.0.0-Release.Candidate.app/Contents/Developer/Toolchains/XcodeDefault.xctoolchain/usr/bin/appintentsmetadataprocessor --toolchain-dir /var/run/com.apple.security.cryptexd/mnt/com.apple.MobileAsset.MetalToolchain-v27.1.266.1.IjDJMt/Metal.xctoolchain --module-name Docopt --sdk-root /Applications/Xcode-27.0.0-Release.Candidate.app/Contents/Developer/Platforms/XROS.platform/Developer/SDKs/XROS27.0.sdk --xcode-version 27A266a --platform-family xrOS --deployment-target 1.0 --bundle-identifier docopt.swift.Docopt --output /Users/admin/builder/spi-builder-workspace/.derivedData/Build/Products/Debug-xros/Docopt.appintents --target-triple arm64-apple-xros1.0 --binary-file /Users/admin/builder/spi-builder-workspace/.derivedData/Build/Products/Debug-xros/Docopt.o --dependency-file /Users/admin/builder/spi-builder-workspace/.derivedData/Build/Intermediates.noindex/Docopt.build/Debug-xros/Docopt-t.build/Objects-normal/arm64/Docopt_dependency_info.dat --stringsdata-file /Users/admin/builder/spi-builder-workspace/.derivedData/Build/Intermediates.noindex/Docopt.build/Debug-xros/Docopt-t.build/Objects-normal/arm64/ExtractedAppShortcutsMetadata.stringsdata --source-file-list /Users/admin/builder/spi-builder-workspace/.derivedData/Build/Intermediates.noindex/Docopt.build/Debug-xros/Docopt-t.build/Objects-normal/arm64/Docopt.SwiftFileList --metadata-file-list /Users/admin/builder/spi-builder-workspace/.derivedData/Build/Intermediates.noindex/Docopt.build/Debug-xros/Docopt-t.build/Docopt.DependencyMetadataFileList --static-metadata-file-list /Users/admin/builder/spi-builder-workspace/.derivedData/Build/Intermediates.noindex/Docopt.build/Debug-xros/Docopt-t.build/Docopt.DependencyStaticMetadataFileList --swift-const-vals-list /Users/admin/builder/spi-builder-workspace/.derivedData/Build/Intermediates.noindex/Docopt.build/Debug-xros/Docopt-t.build/Objects-normal/arm64/Docopt.SwiftConstValuesFileList --force --compile-time-extraction --deployment-aware-processing --no-app-shortcuts-localization
2026-09-15 18:37:26.798 appintentsmetadataprocessor[1002:5831] Starting appintentsmetadataprocessor export
2026-09-15 18:37:26.891 appintentsmetadataprocessor[1002:5831] Extracted no relevant App Intents symbols, skipping writing output
SwiftExplicitDependencyGeneratePcm arm64 /Users/admin/builder/spi-builder-workspace/.derivedData/SDKExplicitPrecompiledModules/Dispatch-CLT3466HKC22GCKAWSCNG0H7T.pcm
SwiftExplicitDependencyGeneratePcm arm64 /Users/admin/builder/spi-builder-workspace/.derivedData/SDKExplicitPrecompiledModules/XPC-EP5EU7FNGP4VOA3EDM18P1KHO.pcm
SwiftExplicitDependencyGeneratePcm arm64 /Users/admin/builder/spi-builder-workspace/.derivedData/SDKExplicitPrecompiledModules/CoreFoundation-AVLTZVCXBU2TO75JCN4AGU8XJ.pcm
SwiftExplicitDependencyGeneratePcm arm64 /Users/admin/builder/spi-builder-workspace/.derivedData/SDKExplicitPrecompiledModules/CFNetwork-5MI70N1VLDQSWTX4COWLMSIRO.pcm
SwiftExplicitDependencyGeneratePcm arm64 /Users/admin/builder/spi-builder-workspace/.derivedData/SDKExplicitPrecompiledModules/Security-8TH2M8WJIQMET4SADWX0N8372.pcm
SwiftExplicitDependencyGeneratePcm arm64 /Users/admin/builder/spi-builder-workspace/.derivedData/SDKExplicitPrecompiledModules/Foundation-8GON1KVEKRN3NOQI8RETBRWJP.pcm
SwiftEmitModule normal arm64 Emitting\ module\ for\ Arguments (in target 'Arguments' from project 'Arguments')
SwiftCompile normal arm64 (in target 'Arguments' from project 'Arguments')
cd /Users/admin/builder/spi-builder-workspace/.swiftpm/xcode
SwiftEmitModule normal arm64 Emitting\ module\ for\ Logger (in target 'Logger' from project 'Logger')
SwiftCompile normal arm64 (in target 'Logger' from project 'Logger')
cd /Users/admin/builder/spi-builder-workspace/.swiftpm/xcode
SwiftCompile normal arm64 Compiling\ NSLogHandler.swift /Users/admin/builder/spi-builder-workspace/.dependencies/checkouts/Logger/Sources/Logger/NSLogHandler.swift (in target 'Logger' from project 'Logger')
SwiftCompile normal arm64 /Users/admin/builder/spi-builder-workspace/.dependencies/checkouts/Logger/Sources/Logger/NSLogHandler.swift (in target 'Logger' from project 'Logger')
cd /Users/admin/builder/spi-builder-workspace/.swiftpm/xcode
builtin-SwiftPerFileCompile NSLogHandler.swift
SwiftCompile normal arm64 Compiling\ PrintHandler.swift /Users/admin/builder/spi-builder-workspace/.dependencies/checkouts/Logger/Sources/Logger/PrintHandler.swift (in target 'Logger' from project 'Logger')
SwiftCompile normal arm64 /Users/admin/builder/spi-builder-workspace/.dependencies/checkouts/Logger/Sources/Logger/PrintHandler.swift (in target 'Logger' from project 'Logger')
cd /Users/admin/builder/spi-builder-workspace/.swiftpm/xcode
builtin-SwiftPerFileCompile PrintHandler.swift
SwiftCompile normal arm64 Compiling\ UserDefaultsManagerSettings.swift /Users/admin/builder/spi-builder-workspace/.dependencies/checkouts/Logger/Sources/Logger/UserDefaultsManagerSettings.swift (in target 'Logger' from project 'Logger')
SwiftCompile normal arm64 /Users/admin/builder/spi-builder-workspace/.dependencies/checkouts/Logger/Sources/Logger/UserDefaultsManagerSettings.swift (in target 'Logger' from project 'Logger')
cd /Users/admin/builder/spi-builder-workspace/.swiftpm/xcode
builtin-SwiftPerFileCompile UserDefaultsManagerSettings.swift
SwiftCompile normal arm64 Compiling\ OSLogHandler.swift /Users/admin/builder/spi-builder-workspace/.dependencies/checkouts/Logger/Sources/Logger/OSLogHandler.swift (in target 'Logger' from project 'Logger')
SwiftCompile normal arm64 /Users/admin/builder/spi-builder-workspace/.dependencies/checkouts/Logger/Sources/Logger/OSLogHandler.swift (in target 'Logger' from project 'Logger')
cd /Users/admin/builder/spi-builder-workspace/.swiftpm/xcode
builtin-SwiftPerFileCompile OSLogHandler.swift
SwiftEmitModule normal arm64 Emitting\ module\ for\ Runner (in target 'Runner' from project 'Runner')
/Users/admin/builder/spi-builder-workspace/.dependencies/checkouts/Runner/Sources/Runner/Runner.swift:167:22: error: cannot find type 'Process' in scope
165 | let stdout: PipeInfo?
166 | let stderr: PipeInfo?
167 | let process: Process
| `- error: cannot find type 'Process' in scope
168 | }
169 |
Failed frontend command:
/Applications/Xcode-27.0.0-Release.Candidate.app/Contents/Developer/Toolchains/XcodeDefault.xctoolchain/usr/bin/swift-frontend -frontend -emit-module -experimental-skip-non-inlinable-function-bodies-without-types /Users/admin/builder/spi-builder-workspace/.dependencies/checkouts/Runner/Sources/Runner/Runner.swift -target arm64-apple-xros1.0 -disable-cross-import-overlay-search -load-resolved-plugin /Applications/Xcode-27.0.0-Release.Candidate.app/Contents/Developer/Platforms/XROS.platform/Developer/usr/lib/swift/host/plugins/libFoundationMacros.dylib\#/Applications/Xcode-27.0.0-Release.Candidate.app/Contents/Developer/Platforms/XROS.platform/Developer/usr/bin/swift-plugin-server\#FoundationMacros -load-resolved-plugin /Applications/Xcode-27.0.0-Release.Candidate.app/Contents/Developer/Platforms/XROS.platform/Developer/usr/lib/swift/host/plugins/libObservationMacros.dylib\#/Applications/Xcode-27.0.0-Release.Candidate.app/Contents/Developer/Platforms/XROS.platform/Developer/usr/bin/swift-plugin-server\#ObservationMacros -load-resolved-plugin /Applications/Xcode-27.0.0-Release.Candidate.app/Contents/Developer/Platforms/XROS.platform/Developer/usr/lib/swift/host/plugins/libSwiftMacros.dylib\#/Applications/Xcode-27.0.0-Release.Candidate.app/Contents/Developer/Platforms/XROS.platform/Developer/usr/bin/swift-plugin-server\#SwiftMacros -disable-implicit-swift-modules -Xcc -fno-implicit-modules -Xcc -fno-implicit-module-maps -explicit-swift-module-map-file /Users/admin/builder/spi-builder-workspace/.derivedData/Build/Intermediates.noindex/Runner.build/Debug-xros/Runner-t.build/Objects-normal/arm64/Runner-dependencies-1.json -Xllvm -aarch64-use-tbi -enable-objc-interop -stack-check -sdk /Applications/Xcode-27.0.0-Release.Candidate.app/Contents/Developer/Platforms/XROS.platform/Developer/SDKs/XROS27.0.sdk -I /Users/admin/builder/spi-builder-workspace/.derivedData/Build/Products/Debug-xros -Isystem /Applications/Xcode-27.0.0-Release.Candidate.app/Contents/Developer/Platforms/XROS.platform/Developer/usr/lib -F /Users/admin/builder/spi-builder-workspace/.derivedData/Build/Products/Debug-xros -F /Applications/Xcode-27.0.0-Release.Candidate.app/Contents/Developer/Platforms/XROS.platform/Developer/Library/Frameworks -F /Applications/Xcode-27.0.0-Release.Candidate.app/Contents/Developer/Platforms/XROS.platform/Developer/SDKs/XROS27.0.sdk/Developer/Library/Frameworks -module-cache-path /Users/admin/builder/spi-builder-workspace/.derivedData/Build/Intermediates.noindex/SwiftExplicitPrecompiledModules -no-color-diagnostics -Xcc -fno-color-diagnostics -enable-testing -g -debug-info-format\=dwarf -dwarf-version\=4 -suppress-warnings -profile-generate -profile-coverage-mapping -swift-version 5 -Onone -D SWIFT_PACKAGE -D DEBUG -D SWIFT_MODULE_RESOURCE_BUNDLE_UNAVAILABLE -D Xcode -serialize-debugging-options -enable-experimental-feature DebugDescriptionMacro -empty-abi-descriptor -validate-clang-modules-once -clang-build-session-file /Users/admin/builder/spi-builder-workspace/.derivedData/ModuleCache.noindex/Session.modulevalidation -Xcc -working-directory -Xcc /Users/admin/builder/spi-builder-workspace/.swiftpm/xcode -enable-anonymous-context-mangled-names -file-compilation-dir /Users/admin/builder/spi-builder-workspace/.swiftpm/xcode -Xcc -D_LIBCPP_HARDENING_MODE\=_LIBCPP_HARDENING_MODE_DEBUG -Xcc -ivfsstatcache -Xcc /Users/admin/builder/spi-builder-workspace/.derivedData/SDKStatCaches.noindex/xros27.0-24M361-e829b21a6f8c9b70876ba0858053c044735bd543db762f57723cac368afd1ce4.sdkstatcache -Xcc -fmodules-prune-interval\=86400 -Xcc -fmodules-prune-after\=345600 -Xcc -I/Users/admin/builder/spi-builder-workspace/.derivedData/Build/Products/Debug-xros/include -Xcc -I/Users/admin/builder/spi-builder-workspace/.derivedData/Build/Intermediates.noindex/Runner.build/Debug-xros/Runner-t.build/DerivedSources-normal/arm64 -Xcc -I/Users/admin/builder/spi-builder-workspace/.derivedData/Build/Intermediates.noindex/Runner.build/Debug-xros/Runner-t.build/DerivedSources/arm64 -Xcc -I/Users/admin/builder/spi-builder-workspace/.derivedData/Build/Intermediates.noindex/Runner.build/Debug-xros/Runner-t.build/DerivedSources -Xcc -DSWIFT_PACKAGE -Xcc -DDEBUG\=1 -no-auto-bridging-header-chaining -module-name Runner -const-gather-protocols-file /Users/admin/builder/spi-builder-workspace/.derivedData/Build/Intermediates.noindex/Runner.build/Debug-xros/Runner-t.build/Objects-normal/arm64/Runner_const_extract_protocols.json -disable-clang-spi -clang-target arm64-apple-xros27.0 -target-sdk-version 27.0 -target-sdk-name xros27.0 -in-process-plugin-server-path /Applications/Xcode-27.0.0-Release.Candidate.app/Contents/Developer/Toolchains/XcodeDefault.xctoolchain/usr/lib/swift/host/libSwiftInProcPluginServer.dylib -emit-module-doc-path /Users/admin/builder/spi-builder-workspace/.derivedData/Build/Intermediates.noindex/Runner.build/Debug-xros/Runner-t.build/Objects-normal/arm64/Runner.swiftdoc -emit-module-source-info-path /Users/admin/builder/spi-builder-workspace/.derivedData/Build/Intermediates.noindex/Runner.build/Debug-xros/Runner-t.build/Objects-normal/arm64/Runner.swiftsourceinfo -emit-objc-header-path /Users/admin/builder/spi-builder-workspace/.derivedData/Build/Intermediates.noindex/Runner.build/Debug-xros/Runner-t.build/Objects-normal/arm64/Runner-Swift.h -serialize-diagnostics-path /Users/admin/builder/spi-builder-workspace/.derivedData/Build/Intermediates.noindex/Runner.build/Debug-xros/Runner-t.build/Objects-normal/arm64/Runner-primary-emit-module.dia -emit-dependencies-path /Users/admin/builder/spi-builder-workspace/.derivedData/Build/Intermediates.noindex/Runner.build/Debug-xros/Runner-t.build/Objects-normal/arm64/Runner-primary-emit-module.d -parse-as-library -o /Users/admin/builder/spi-builder-workspace/.derivedData/Build/Intermediates.noindex/Runner.build/Debug-xros/Runner-t.build/Objects-normal/arm64/Runner.swiftmodule -emit-abi-descriptor-path /Users/admin/builder/spi-builder-workspace/.derivedData/Build/Intermediates.noindex/Runner.build/Debug-xros/Runner-t.build/Objects-normal/arm64/Runner.abi.json
SwiftCompile normal arm64 (in target 'Runner' from project 'Runner')
cd /Users/admin/builder/spi-builder-workspace/.swiftpm/xcode
SwiftCompile normal arm64 Compiling\ ManagerSettings.swift /Users/admin/builder/spi-builder-workspace/.dependencies/checkouts/Logger/Sources/Logger/ManagerSettings.swift (in target 'Logger' from project 'Logger')
SwiftCompile normal arm64 /Users/admin/builder/spi-builder-workspace/.dependencies/checkouts/Logger/Sources/Logger/ManagerSettings.swift (in target 'Logger' from project 'Logger')
cd /Users/admin/builder/spi-builder-workspace/.swiftpm/xcode
builtin-SwiftPerFileCompile ManagerSettings.swift
SwiftCompile normal arm64 Compiling\ Runner.swift /Users/admin/builder/spi-builder-workspace/.dependencies/checkouts/Runner/Sources/Runner/Runner.swift (in target 'Runner' from project 'Runner')
SwiftCompile normal arm64 /Users/admin/builder/spi-builder-workspace/.dependencies/checkouts/Runner/Sources/Runner/Runner.swift (in target 'Runner' from project 'Runner')
cd /Users/admin/builder/spi-builder-workspace/.swiftpm/xcode
builtin-SwiftPerFileCompile Runner.swift
SwiftCompile normal arm64 Compiling\ Channel.swift /Users/admin/builder/spi-builder-workspace/.dependencies/checkouts/Logger/Sources/Logger/Channel.swift (in target 'Logger' from project 'Logger')
SwiftCompile normal arm64 /Users/admin/builder/spi-builder-workspace/.dependencies/checkouts/Logger/Sources/Logger/Channel.swift (in target 'Logger' from project 'Logger')
cd /Users/admin/builder/spi-builder-workspace/.swiftpm/xcode
builtin-SwiftPerFileCompile Channel.swift
SwiftCompile normal arm64 Compiling\ Handler.swift /Users/admin/builder/spi-builder-workspace/.dependencies/checkouts/Logger/Sources/Logger/Handler.swift (in target 'Logger' from project 'Logger')
SwiftCompile normal arm64 /Users/admin/builder/spi-builder-workspace/.dependencies/checkouts/Logger/Sources/Logger/Handler.swift (in target 'Logger' from project 'Logger')
cd /Users/admin/builder/spi-builder-workspace/.swiftpm/xcode
builtin-SwiftPerFileCompile Handler.swift
PruneExplicitPrecompiledModules /Users/admin/builder/spi-builder-workspace/.derivedData/Build/Intermediates.noindex/SwiftExplicitPrecompiledModules
PruneExplicitPrecompiledModules /Users/admin/builder/spi-builder-workspace/.derivedData/Build/Intermediates.noindex/ExplicitPrecompiledModules
PruneExplicitPrecompiledModules /Users/admin/builder/spi-builder-workspace/.derivedData/SDKExplicitPrecompiledModules
2026-09-15 18:37:19.361 xcodebuild[872:5192] [MT] IDERunDestination: Supported platforms for the buildables in the current scheme is empty.
** BUILD FAILED **
The following build commands failed:
SwiftEmitModule normal arm64 Emitting\ module\ for\ Runner (in target 'Runner' from project 'Runner')
SwiftCompile normal arm64 (in target 'Runner' from project 'Runner')
Building workspace Coverage with scheme Coverage
(3 failures)
Command line invocation:
/Applications/Xcode-27.0.0-Release.Candidate.app/Contents/Developer/usr/bin/xcodebuild -IDEClonedSourcePackagesDirPathOverride=/Users/admin/builder/spi-builder-workspace/.dependencies -resolvePackageDependencies
Resolve Package Graph
Resolved source packages:
Arguments: https://github.com/elegantchaos/Arguments.git @ 1.1.1
Docopt: https://github.com/elegantchaos/docopt.swift.git @ 0.6.12
Runner: https://github.com/elegantchaos/Runner.git @ 1.3.3
Matchable: https://github.com/elegantchaos/Matchable.git @ 1.0.7
XCTestExtensions: https://github.com/elegantchaos/XCTestExtensions.git @ 1.5.1
Logger: https://github.com/elegantchaos/Logger.git @ 1.8.2
Coverage: /Users/admin/builder/spi-builder-workspace
resolved source packages: Arguments, Docopt, Runner, Matchable, XCTestExtensions, Logger, Coverage
2026-09-15 18:37:28.442 xcodebuild[1019:5935] [MT] IDERunDestination: Supported platforms for the buildables in the current scheme is empty.
{
"dependencies" : [
{
"identity" : "runner",
"requirement" : {
"range" : [
{
"lower_bound" : "1.0.2",
"upper_bound" : "2.0.0"
}
]
},
"type" : "sourceControl",
"url" : "https://github.com/elegantchaos/Runner.git"
},
{
"identity" : "arguments",
"requirement" : {
"range" : [
{
"lower_bound" : "1.1.0",
"upper_bound" : "2.0.0"
}
]
},
"type" : "sourceControl",
"url" : "https://github.com/elegantchaos/Arguments.git"
},
{
"identity" : "logger",
"requirement" : {
"range" : [
{
"lower_bound" : "1.3.6",
"upper_bound" : "2.0.0"
}
]
},
"type" : "sourceControl",
"url" : "https://github.com/elegantchaos/Logger.git"
}
],
"manifest_display_name" : "Coverage",
"name" : "Coverage",
"path" : "/Users/admin/builder/spi-builder-workspace",
"platforms" : [
{
"name" : "macos",
"version" : "10.13"
}
],
"products" : [
{
"name" : "coverage",
"targets" : [
"Coverage"
],
"type" : {
"executable" : null
}
}
],
"targets" : [
{
"c99name" : "CoverageTests",
"module_type" : "SwiftTarget",
"name" : "CoverageTests",
"path" : "Tests/CoverageTests",
"sources" : [
"CoverageTests.swift",
"XCTestManifests.swift"
],
"target_dependencies" : [
"Coverage"
],
"type" : "test"
},
{
"c99name" : "Coverage",
"module_type" : "SwiftTarget",
"name" : "Coverage",
"path" : "Sources/Coverage",
"product_dependencies" : [
"Runner",
"Arguments",
"Logger"
],
"product_memberships" : [
"coverage"
],
"sources" : [
"CodeCoverageParser.swift",
"XCodeResultParser.swift",
"main.swift"
],
"type" : "executable"
}
],
"tools_version" : "5.0"
}
{
"workspace" : {
"name" : "Coverage",
"schemes" : [
"Arguments",
"Coverage",
"Logger",
"Logger-Package",
"LoggerKit",
"LoggerTestSupport",
"Matchable",
"Runner",
"XCTestExtensions"
]
}
}
2026-09-15 18:37:29.712 xcodebuild[1027:6000] [MT] IDERunDestination: Supported platforms for the buildables in the current scheme is empty.
{
"workspace" : {
"name" : "Coverage",
"schemes" : [
"Arguments",
"Coverage",
"Logger",
"Logger-Package",
"LoggerKit",
"LoggerTestSupport",
"Matchable",
"Runner",
"XCTestExtensions"
]
}
}
2026-09-15 18:37:30.733 xcodebuild[1029:6029] [MT] IDERunDestination: Supported platforms for the buildables in the current scheme is empty.
Running build ...
env DEVELOPER_DIR=/Applications/Xcode-27.0.0-Release.Candidate.app xcrun xcodebuild -IDEClonedSourcePackagesDirPathOverride=$PWD/.dependencies -skipMacroValidation -skipPackagePluginValidation -derivedDataPath $PWD/.derivedData build -scheme Coverage -destination generic/platform=xrOS
Command line invocation:
/Applications/Xcode-27.0.0-Release.Candidate.app/Contents/Developer/usr/bin/xcodebuild -IDEClonedSourcePackagesDirPathOverride=/Users/admin/builder/spi-builder-workspace/.dependencies -skipMacroValidation -skipPackagePluginValidation -derivedDataPath /Users/admin/builder/spi-builder-workspace/.derivedData build -scheme Coverage -destination generic/platform=xrOS
Resolve Package Graph
Resolved source packages:
XCTestExtensions: https://github.com/elegantchaos/XCTestExtensions.git @ 1.5.1
Runner: https://github.com/elegantchaos/Runner.git @ 1.3.3
Logger: https://github.com/elegantchaos/Logger.git @ 1.8.2
Matchable: https://github.com/elegantchaos/Matchable.git @ 1.0.7
Docopt: https://github.com/elegantchaos/docopt.swift.git @ 0.6.12
Coverage: /Users/admin/builder/spi-builder-workspace
Arguments: https://github.com/elegantchaos/Arguments.git @ 1.1.1
ComputePackagePrebuildTargetDependencyGraph
Prepare packages
CreateBuildRequest
SendProjectDescription
CreateBuildOperation
ComputeTargetDependencyGraph
note: Building targets in dependency order
note: Target dependency graph (9 targets)
Target 'coverage-product' in project 'Coverage'
➜ Explicit dependency on target 'Runner-product' in project 'Runner'
➜ Explicit dependency on target 'Arguments-product' in project 'Arguments'
➜ Explicit dependency on target 'Logger-product' in project 'Logger'
Target 'Logger-product' in project 'Logger'
➜ Explicit dependency on target 'Logger' in project 'Logger'
Target 'Logger' in project 'Logger' (no dependencies)
Target 'Arguments-product' in project 'Arguments'
➜ Explicit dependency on target 'Arguments' in project 'Arguments'
➜ Explicit dependency on target 'Docopt-product' in project 'Docopt'
Target 'Arguments' in project 'Arguments'
➜ Explicit dependency on target 'Docopt-product' in project 'Docopt'
Target 'Docopt-product' in project 'Docopt'
➜ Explicit dependency on target 'Docopt' in project 'Docopt'
Target 'Docopt' in project 'Docopt' (no dependencies)
Target 'Runner-product' in project 'Runner'
➜ Explicit dependency on target 'Runner' in project 'Runner'
Target 'Runner' in project 'Runner' (no dependencies)
GatherProvisioningInputs
CreateBuildDescription
ClangStatCache /Applications/Xcode-27.0.0-Release.Candidate.app/Contents/Developer/Toolchains/XcodeDefault.xctoolchain/usr/bin/clang-stat-cache /Applications/Xcode-27.0.0-Release.Candidate.app/Contents/Developer/Platforms/XROS.platform/Developer/SDKs/XROS27.0.sdk /Users/admin/builder/spi-builder-workspace/.derivedData/SDKStatCaches.noindex/xros27.0-24M361-e829b21a6f8c9b70876ba0858053c044735bd543db762f57723cac368afd1ce4.sdkstatcache
cd /Users/admin/builder/spi-builder-workspace/.swiftpm/xcode
/Applications/Xcode-27.0.0-Release.Candidate.app/Contents/Developer/Toolchains/XcodeDefault.xctoolchain/usr/bin/clang-stat-cache /Applications/Xcode-27.0.0-Release.Candidate.app/Contents/Developer/Platforms/XROS.platform/Developer/SDKs/XROS27.0.sdk -o /Users/admin/builder/spi-builder-workspace/.derivedData/SDKStatCaches.noindex/xros27.0-24M361-e829b21a6f8c9b70876ba0858053c044735bd543db762f57723cac368afd1ce4.sdkstatcache
SwiftDriver Logger normal arm64 com.apple.xcode.tools.swift.compiler (in target 'Logger' from project 'Logger')
cd /Users/admin/builder/spi-builder-workspace/.swiftpm/xcode
builtin-SwiftDriver -- /Applications/Xcode-27.0.0-Release.Candidate.app/Contents/Developer/Toolchains/XcodeDefault.xctoolchain/usr/bin/swiftc -parse-as-library -module-name Logger -Onone @/Users/admin/builder/spi-builder-workspace/.derivedData/Build/Intermediates.noindex/Logger.build/Debug-xros/Logger-t.build/Objects-normal/arm64/Logger.SwiftFileList -DSWIFT_PACKAGE -DDEBUG -DSWIFT_MODULE_RESOURCE_BUNDLE_UNAVAILABLE -DXcode -plugin-path /Applications/Xcode-27.0.0-Release.Candidate.app/Contents/Developer/Toolchains/XcodeDefault.xctoolchain/usr/lib/swift/host/plugins/testing -enable-experimental-feature DebugDescriptionMacro -sdk /Applications/Xcode-27.0.0-Release.Candidate.app/Contents/Developer/Platforms/XROS.platform/Developer/SDKs/XROS27.0.sdk -target arm64-apple-xros1.0 -g -module-cache-path /Users/admin/builder/spi-builder-workspace/.derivedData/ModuleCache.noindex -Xfrontend -serialize-debugging-options -profile-coverage-mapping -profile-generate -enable-testing -suppress-warnings -index-store-path /Users/admin/builder/spi-builder-workspace/.derivedData/Index.noindex/DataStore -Xcc -D_LIBCPP_HARDENING_MODE\=_LIBCPP_HARDENING_MODE_DEBUG -swift-version 5 -I /Users/admin/builder/spi-builder-workspace/.derivedData/Build/Products/Debug-xros -Isystem /Applications/Xcode-27.0.0-Release.Candidate.app/Contents/Developer/Platforms/XROS.platform/Developer/usr/lib -F /Users/admin/builder/spi-builder-workspace/.derivedData/Build/Products/Debug-xros -F /Applications/Xcode-27.0.0-Release.Candidate.app/Contents/Developer/Platforms/XROS.platform/Developer/Library/Frameworks -F /Applications/Xcode-27.0.0-Release.Candidate.app/Contents/Developer/Platforms/XROS.platform/Developer/SDKs/XROS27.0.sdk/Developer/Library/Frameworks -c -j10 -enable-batch-mode -incremental -Xcc -ivfsstatcache -Xcc /Users/admin/builder/spi-builder-workspace/.derivedData/SDKStatCaches.noindex/xros27.0-24M361-e829b21a6f8c9b70876ba0858053c044735bd543db762f57723cac368afd1ce4.sdkstatcache -output-file-map /Users/admin/builder/spi-builder-workspace/.derivedData/Build/Intermediates.noindex/Logger.build/Debug-xros/Logger-t.build/Objects-normal/arm64/Logger-OutputFileMap.json -save-temps -no-color-diagnostics -explicit-module-build -module-cache-path /Users/admin/builder/spi-builder-workspace/.derivedData/Build/Intermediates.noindex/SwiftExplicitPrecompiledModules -clang-scanner-module-cache-path /Users/admin/builder/spi-builder-workspace/.derivedData/ModuleCache.noindex -sdk-module-cache-path /Users/admin/builder/spi-builder-workspace/.derivedData/SDKExplicitPrecompiledModules -emit-dependencies -emit-module -emit-module-path /Users/admin/builder/spi-builder-workspace/.derivedData/Build/Intermediates.noindex/Logger.build/Debug-xros/Logger-t.build/Objects-normal/arm64/Logger.swiftmodule -serialize-diagnostics -dependency-scan-serialize-diagnostics-path /Users/admin/builder/spi-builder-workspace/.derivedData/Build/Intermediates.noindex/Logger.build/Debug-xros/Logger-t.build/Objects-normal/arm64/Logger-dependency-scan.dia -validate-clang-modules-once -clang-build-session-file /Users/admin/builder/spi-builder-workspace/.derivedData/ModuleCache.noindex/Session.modulevalidation -Xcc -fmodules-prune-interval\=86400 -Xcc -fmodules-prune-after\=345600 -emit-const-values -const-gather-protocols-list /Users/admin/builder/spi-builder-workspace/.derivedData/Build/Intermediates.noindex/Logger.build/Debug-xros/Logger-t.build/Objects-normal/arm64/Logger_const_extract_protocols.json -Xcc -I/Users/admin/builder/spi-builder-workspace/.derivedData/Build/Products/Debug-xros/include -Xcc -I/Users/admin/builder/spi-builder-workspace/.derivedData/Build/Intermediates.noindex/Logger.build/Debug-xros/Logger-t.build/DerivedSources-normal/arm64 -Xcc -I/Users/admin/builder/spi-builder-workspace/.derivedData/Build/Intermediates.noindex/Logger.build/Debug-xros/Logger-t.build/DerivedSources/arm64 -Xcc -I/Users/admin/builder/spi-builder-workspace/.derivedData/Build/Intermediates.noindex/Logger.build/Debug-xros/Logger-t.build/DerivedSources -Xcc -DSWIFT_PACKAGE -Xcc -DDEBUG\=1 -emit-objc-header -emit-objc-header-path /Users/admin/builder/spi-builder-workspace/.derivedData/Build/Intermediates.noindex/Logger.build/Debug-xros/Logger-t.build/Objects-normal/arm64/Logger-Swift.h -working-directory /Users/admin/builder/spi-builder-workspace/.swiftpm/xcode -experimental-emit-module-separately -disable-cmo
SwiftDriver Runner normal arm64 com.apple.xcode.tools.swift.compiler (in target 'Runner' from project 'Runner')
cd /Users/admin/builder/spi-builder-workspace/.swiftpm/xcode
builtin-SwiftDriver -- /Applications/Xcode-27.0.0-Release.Candidate.app/Contents/Developer/Toolchains/XcodeDefault.xctoolchain/usr/bin/swiftc -parse-as-library -module-name Runner -Onone @/Users/admin/builder/spi-builder-workspace/.derivedData/Build/Intermediates.noindex/Runner.build/Debug-xros/Runner-t.build/Objects-normal/arm64/Runner.SwiftFileList -DSWIFT_PACKAGE -DDEBUG -DSWIFT_MODULE_RESOURCE_BUNDLE_UNAVAILABLE -DXcode -plugin-path /Applications/Xcode-27.0.0-Release.Candidate.app/Contents/Developer/Toolchains/XcodeDefault.xctoolchain/usr/lib/swift/host/plugins/testing -enable-experimental-feature DebugDescriptionMacro -sdk /Applications/Xcode-27.0.0-Release.Candidate.app/Contents/Developer/Platforms/XROS.platform/Developer/SDKs/XROS27.0.sdk -target arm64-apple-xros1.0 -g -module-cache-path /Users/admin/builder/spi-builder-workspace/.derivedData/ModuleCache.noindex -Xfrontend -serialize-debugging-options -profile-coverage-mapping -profile-generate -enable-testing -suppress-warnings -index-store-path /Users/admin/builder/spi-builder-workspace/.derivedData/Index.noindex/DataStore -Xcc -D_LIBCPP_HARDENING_MODE\=_LIBCPP_HARDENING_MODE_DEBUG -swift-version 5 -I /Users/admin/builder/spi-builder-workspace/.derivedData/Build/Products/Debug-xros -Isystem /Applications/Xcode-27.0.0-Release.Candidate.app/Contents/Developer/Platforms/XROS.platform/Developer/usr/lib -F /Users/admin/builder/spi-builder-workspace/.derivedData/Build/Products/Debug-xros -F /Applications/Xcode-27.0.0-Release.Candidate.app/Contents/Developer/Platforms/XROS.platform/Developer/Library/Frameworks -F /Applications/Xcode-27.0.0-Release.Candidate.app/Contents/Developer/Platforms/XROS.platform/Developer/SDKs/XROS27.0.sdk/Developer/Library/Frameworks -c -j10 -enable-batch-mode -incremental -Xcc -ivfsstatcache -Xcc /Users/admin/builder/spi-builder-workspace/.derivedData/SDKStatCaches.noindex/xros27.0-24M361-e829b21a6f8c9b70876ba0858053c044735bd543db762f57723cac368afd1ce4.sdkstatcache -output-file-map /Users/admin/builder/spi-builder-workspace/.derivedData/Build/Intermediates.noindex/Runner.build/Debug-xros/Runner-t.build/Objects-normal/arm64/Runner-OutputFileMap.json -save-temps -no-color-diagnostics -explicit-module-build -module-cache-path /Users/admin/builder/spi-builder-workspace/.derivedData/Build/Intermediates.noindex/SwiftExplicitPrecompiledModules -clang-scanner-module-cache-path /Users/admin/builder/spi-builder-workspace/.derivedData/ModuleCache.noindex -sdk-module-cache-path /Users/admin/builder/spi-builder-workspace/.derivedData/SDKExplicitPrecompiledModules -emit-dependencies -emit-module -emit-module-path /Users/admin/builder/spi-builder-workspace/.derivedData/Build/Intermediates.noindex/Runner.build/Debug-xros/Runner-t.build/Objects-normal/arm64/Runner.swiftmodule -serialize-diagnostics -dependency-scan-serialize-diagnostics-path /Users/admin/builder/spi-builder-workspace/.derivedData/Build/Intermediates.noindex/Runner.build/Debug-xros/Runner-t.build/Objects-normal/arm64/Runner-dependency-scan.dia -validate-clang-modules-once -clang-build-session-file /Users/admin/builder/spi-builder-workspace/.derivedData/ModuleCache.noindex/Session.modulevalidation -Xcc -fmodules-prune-interval\=86400 -Xcc -fmodules-prune-after\=345600 -emit-const-values -const-gather-protocols-list /Users/admin/builder/spi-builder-workspace/.derivedData/Build/Intermediates.noindex/Runner.build/Debug-xros/Runner-t.build/Objects-normal/arm64/Runner_const_extract_protocols.json -Xcc -I/Users/admin/builder/spi-builder-workspace/.derivedData/Build/Products/Debug-xros/include -Xcc -I/Users/admin/builder/spi-builder-workspace/.derivedData/Build/Intermediates.noindex/Runner.build/Debug-xros/Runner-t.build/DerivedSources-normal/arm64 -Xcc -I/Users/admin/builder/spi-builder-workspace/.derivedData/Build/Intermediates.noindex/Runner.build/Debug-xros/Runner-t.build/DerivedSources/arm64 -Xcc -I/Users/admin/builder/spi-builder-workspace/.derivedData/Build/Intermediates.noindex/Runner.build/Debug-xros/Runner-t.build/DerivedSources -Xcc -DSWIFT_PACKAGE -Xcc -DDEBUG\=1 -emit-objc-header -emit-objc-header-path /Users/admin/builder/spi-builder-workspace/.derivedData/Build/Intermediates.noindex/Runner.build/Debug-xros/Runner-t.build/Objects-normal/arm64/Runner-Swift.h -working-directory /Users/admin/builder/spi-builder-workspace/.swiftpm/xcode -experimental-emit-module-separately -disable-cmo
SwiftDriver Arguments normal arm64 com.apple.xcode.tools.swift.compiler (in target 'Arguments' from project 'Arguments')
cd /Users/admin/builder/spi-builder-workspace/.swiftpm/xcode
builtin-SwiftDriver -- /Applications/Xcode-27.0.0-Release.Candidate.app/Contents/Developer/Toolchains/XcodeDefault.xctoolchain/usr/bin/swiftc -parse-as-library -module-name Arguments -Onone @/Users/admin/builder/spi-builder-workspace/.derivedData/Build/Intermediates.noindex/Arguments.build/Debug-xros/Arguments-t.build/Objects-normal/arm64/Arguments.SwiftFileList -DSWIFT_PACKAGE -DDEBUG -DSWIFT_MODULE_RESOURCE_BUNDLE_UNAVAILABLE -DXcode -plugin-path /Applications/Xcode-27.0.0-Release.Candidate.app/Contents/Developer/Toolchains/XcodeDefault.xctoolchain/usr/lib/swift/host/plugins/testing -enable-experimental-feature DebugDescriptionMacro -sdk /Applications/Xcode-27.0.0-Release.Candidate.app/Contents/Developer/Platforms/XROS.platform/Developer/SDKs/XROS27.0.sdk -target arm64-apple-xros1.0 -g -module-cache-path /Users/admin/builder/spi-builder-workspace/.derivedData/ModuleCache.noindex -Xfrontend -serialize-debugging-options -profile-coverage-mapping -profile-generate -enable-testing -suppress-warnings -index-store-path /Users/admin/builder/spi-builder-workspace/.derivedData/Index.noindex/DataStore -Xcc -D_LIBCPP_HARDENING_MODE\=_LIBCPP_HARDENING_MODE_DEBUG -swift-version 5 -I /Users/admin/builder/spi-builder-workspace/.derivedData/Build/Products/Debug-xros -Isystem /Applications/Xcode-27.0.0-Release.Candidate.app/Contents/Developer/Platforms/XROS.platform/Developer/usr/lib -F /Users/admin/builder/spi-builder-workspace/.derivedData/Build/Products/Debug-xros/PackageFrameworks -F /Users/admin/builder/spi-builder-workspace/.derivedData/Build/Products/Debug-xros -F /Applications/Xcode-27.0.0-Release.Candidate.app/Contents/Developer/Platforms/XROS.platform/Developer/Library/Frameworks -F /Applications/Xcode-27.0.0-Release.Candidate.app/Contents/Developer/Platforms/XROS.platform/Developer/SDKs/XROS27.0.sdk/Developer/Library/Frameworks -c -j10 -enable-batch-mode -incremental -Xcc -ivfsstatcache -Xcc /Users/admin/builder/spi-builder-workspace/.derivedData/SDKStatCaches.noindex/xros27.0-24M361-e829b21a6f8c9b70876ba0858053c044735bd543db762f57723cac368afd1ce4.sdkstatcache -output-file-map /Users/admin/builder/spi-builder-workspace/.derivedData/Build/Intermediates.noindex/Arguments.build/Debug-xros/Arguments-t.build/Objects-normal/arm64/Arguments-OutputFileMap.json -save-temps -no-color-diagnostics -explicit-module-build -module-cache-path /Users/admin/builder/spi-builder-workspace/.derivedData/Build/Intermediates.noindex/SwiftExplicitPrecompiledModules -clang-scanner-module-cache-path /Users/admin/builder/spi-builder-workspace/.derivedData/ModuleCache.noindex -sdk-module-cache-path /Users/admin/builder/spi-builder-workspace/.derivedData/SDKExplicitPrecompiledModules -emit-dependencies -emit-module -emit-module-path /Users/admin/builder/spi-builder-workspace/.derivedData/Build/Intermediates.noindex/Arguments.build/Debug-xros/Arguments-t.build/Objects-normal/arm64/Arguments.swiftmodule -serialize-diagnostics -dependency-scan-serialize-diagnostics-path /Users/admin/builder/spi-builder-workspace/.derivedData/Build/Intermediates.noindex/Arguments.build/Debug-xros/Arguments-t.build/Objects-normal/arm64/Arguments-dependency-scan.dia -validate-clang-modules-once -clang-build-session-file /Users/admin/builder/spi-builder-workspace/.derivedData/ModuleCache.noindex/Session.modulevalidation -Xcc -fmodules-prune-interval\=86400 -Xcc -fmodules-prune-after\=345600 -emit-const-values -const-gather-protocols-list /Users/admin/builder/spi-builder-workspace/.derivedData/Build/Intermediates.noindex/Arguments.build/Debug-xros/Arguments-t.build/Objects-normal/arm64/Arguments_const_extract_protocols.json -Xcc -I/Users/admin/builder/spi-builder-workspace/.derivedData/Build/Products/Debug-xros/include -Xcc -I/Users/admin/builder/spi-builder-workspace/.derivedData/Build/Intermediates.noindex/Arguments.build/Debug-xros/Arguments-t.build/DerivedSources-normal/arm64 -Xcc -I/Users/admin/builder/spi-builder-workspace/.derivedData/Build/Intermediates.noindex/Arguments.build/Debug-xros/Arguments-t.build/DerivedSources/arm64 -Xcc -I/Users/admin/builder/spi-builder-workspace/.derivedData/Build/Intermediates.noindex/Arguments.build/Debug-xros/Arguments-t.build/DerivedSources -Xcc -DSWIFT_PACKAGE -Xcc -DDEBUG\=1 -emit-objc-header -emit-objc-header-path /Users/admin/builder/spi-builder-workspace/.derivedData/Build/Intermediates.noindex/Arguments.build/Debug-xros/Arguments-t.build/Objects-normal/arm64/Arguments-Swift.h -working-directory /Users/admin/builder/spi-builder-workspace/.swiftpm/xcode -experimental-emit-module-separately -disable-cmo
SwiftEmitModule normal arm64 Emitting\ module\ for\ Runner (in target 'Runner' from project 'Runner')
SwiftCompile normal arm64 (in target 'Runner' from project 'Runner')
cd /Users/admin/builder/spi-builder-workspace/.swiftpm/xcode
/Users/admin/builder/spi-builder-workspace/.dependencies/checkouts/Runner/Sources/Runner/Runner.swift:167:22: error: cannot find type 'Process' in scope
165 | let stdout: PipeInfo?
166 | let stderr: PipeInfo?
167 | let process: Process
| `- error: cannot find type 'Process' in scope
168 | }
169 |
Failed frontend command:
/Applications/Xcode-27.0.0-Release.Candidate.app/Contents/Developer/Toolchains/XcodeDefault.xctoolchain/usr/bin/swift-frontend -frontend -emit-module -experimental-skip-non-inlinable-function-bodies-without-types /Users/admin/builder/spi-builder-workspace/.dependencies/checkouts/Runner/Sources/Runner/Runner.swift -target arm64-apple-xros1.0 -disable-cross-import-overlay-search -load-resolved-plugin /Applications/Xcode-27.0.0-Release.Candidate.app/Contents/Developer/Platforms/XROS.platform/Developer/usr/lib/swift/host/plugins/libFoundationMacros.dylib\#/Applications/Xcode-27.0.0-Release.Candidate.app/Contents/Developer/Platforms/XROS.platform/Developer/usr/bin/swift-plugin-server\#FoundationMacros -load-resolved-plugin /Applications/Xcode-27.0.0-Release.Candidate.app/Contents/Developer/Platforms/XROS.platform/Developer/usr/lib/swift/host/plugins/libObservationMacros.dylib\#/Applications/Xcode-27.0.0-Release.Candidate.app/Contents/Developer/Platforms/XROS.platform/Developer/usr/bin/swift-plugin-server\#ObservationMacros -load-resolved-plugin /Applications/Xcode-27.0.0-Release.Candidate.app/Contents/Developer/Platforms/XROS.platform/Developer/usr/lib/swift/host/plugins/libSwiftMacros.dylib\#/Applications/Xcode-27.0.0-Release.Candidate.app/Contents/Developer/Platforms/XROS.platform/Developer/usr/bin/swift-plugin-server\#SwiftMacros -disable-implicit-swift-modules -Xcc -fno-implicit-modules -Xcc -fno-implicit-module-maps -explicit-swift-module-map-file /Users/admin/builder/spi-builder-workspace/.derivedData/Build/Intermediates.noindex/Runner.build/Debug-xros/Runner-t.build/Objects-normal/arm64/Runner-dependencies-1.json -Xllvm -aarch64-use-tbi -enable-objc-interop -stack-check -sdk /Applications/Xcode-27.0.0-Release.Candidate.app/Contents/Developer/Platforms/XROS.platform/Developer/SDKs/XROS27.0.sdk -I /Users/admin/builder/spi-builder-workspace/.derivedData/Build/Products/Debug-xros -Isystem /Applications/Xcode-27.0.0-Release.Candidate.app/Contents/Developer/Platforms/XROS.platform/Developer/usr/lib -F /Users/admin/builder/spi-builder-workspace/.derivedData/Build/Products/Debug-xros -F /Applications/Xcode-27.0.0-Release.Candidate.app/Contents/Developer/Platforms/XROS.platform/Developer/Library/Frameworks -F /Applications/Xcode-27.0.0-Release.Candidate.app/Contents/Developer/Platforms/XROS.platform/Developer/SDKs/XROS27.0.sdk/Developer/Library/Frameworks -module-cache-path /Users/admin/builder/spi-builder-workspace/.derivedData/Build/Intermediates.noindex/SwiftExplicitPrecompiledModules -no-color-diagnostics -Xcc -fno-color-diagnostics -enable-testing -g -debug-info-format\=dwarf -dwarf-version\=4 -suppress-warnings -profile-generate -profile-coverage-mapping -swift-version 5 -Onone -D SWIFT_PACKAGE -D DEBUG -D SWIFT_MODULE_RESOURCE_BUNDLE_UNAVAILABLE -D Xcode -serialize-debugging-options -enable-experimental-feature DebugDescriptionMacro -empty-abi-descriptor -validate-clang-modules-once -clang-build-session-file /Users/admin/builder/spi-builder-workspace/.derivedData/ModuleCache.noindex/Session.modulevalidation -Xcc -working-directory -Xcc /Users/admin/builder/spi-builder-workspace/.swiftpm/xcode -enable-anonymous-context-mangled-names -file-compilation-dir /Users/admin/builder/spi-builder-workspace/.swiftpm/xcode -Xcc -D_LIBCPP_HARDENING_MODE\=_LIBCPP_HARDENING_MODE_DEBUG -Xcc -ivfsstatcache -Xcc /Users/admin/builder/spi-builder-workspace/.derivedData/SDKStatCaches.noindex/xros27.0-24M361-e829b21a6f8c9b70876ba0858053c044735bd543db762f57723cac368afd1ce4.sdkstatcache -Xcc -fmodules-prune-interval\=86400 -Xcc -fmodules-prune-after\=345600 -Xcc -I/Users/admin/builder/spi-builder-workspace/.derivedData/Build/Products/Debug-xros/include -Xcc -I/Users/admin/builder/spi-builder-workspace/.derivedData/Build/Intermediates.noindex/Runner.build/Debug-xros/Runner-t.build/DerivedSources-normal/arm64 -Xcc -I/Users/admin/builder/spi-builder-workspace/.derivedData/Build/Intermediates.noindex/Runner.build/Debug-xros/Runner-t.build/DerivedSources/arm64 -Xcc -I/Users/admin/builder/spi-builder-workspace/.derivedData/Build/Intermediates.noindex/Runner.build/Debug-xros/Runner-t.build/DerivedSources -Xcc -DSWIFT_PACKAGE -Xcc -DDEBUG\=1 -no-auto-bridging-header-chaining -module-name Runner -const-gather-protocols-file /Users/admin/builder/spi-builder-workspace/.derivedData/Build/Intermediates.noindex/Runner.build/Debug-xros/Runner-t.build/Objects-normal/arm64/Runner_const_extract_protocols.json -disable-clang-spi -clang-target arm64-apple-xros27.0 -target-sdk-version 27.0 -target-sdk-name xros27.0 -in-process-plugin-server-path /Applications/Xcode-27.0.0-Release.Candidate.app/Contents/Developer/Toolchains/XcodeDefault.xctoolchain/usr/lib/swift/host/libSwiftInProcPluginServer.dylib -emit-module-doc-path /Users/admin/builder/spi-builder-workspace/.derivedData/Build/Intermediates.noindex/Runner.build/Debug-xros/Runner-t.build/Objects-normal/arm64/Runner.swiftdoc -emit-module-source-info-path /Users/admin/builder/spi-builder-workspace/.derivedData/Build/Intermediates.noindex/Runner.build/Debug-xros/Runner-t.build/Objects-normal/arm64/Runner.swiftsourceinfo -emit-objc-header-path /Users/admin/builder/spi-builder-workspace/.derivedData/Build/Intermediates.noindex/Runner.build/Debug-xros/Runner-t.build/Objects-normal/arm64/Runner-Swift.h -serialize-diagnostics-path /Users/admin/builder/spi-builder-workspace/.derivedData/Build/Intermediates.noindex/Runner.build/Debug-xros/Runner-t.build/Objects-normal/arm64/Runner-primary-emit-module.dia -emit-dependencies-path /Users/admin/builder/spi-builder-workspace/.derivedData/Build/Intermediates.noindex/Runner.build/Debug-xros/Runner-t.build/Objects-normal/arm64/Runner-primary-emit-module.d -parse-as-library -o /Users/admin/builder/spi-builder-workspace/.derivedData/Build/Intermediates.noindex/Runner.build/Debug-xros/Runner-t.build/Objects-normal/arm64/Runner.swiftmodule -emit-abi-descriptor-path /Users/admin/builder/spi-builder-workspace/.derivedData/Build/Intermediates.noindex/Runner.build/Debug-xros/Runner-t.build/Objects-normal/arm64/Runner.abi.json
SwiftCompile normal arm64 Compiling\ Runner.swift /Users/admin/builder/spi-builder-workspace/.dependencies/checkouts/Runner/Sources/Runner/Runner.swift (in target 'Runner' from project 'Runner')
SwiftCompile normal arm64 /Users/admin/builder/spi-builder-workspace/.dependencies/checkouts/Runner/Sources/Runner/Runner.swift (in target 'Runner' from project 'Runner')
cd /Users/admin/builder/spi-builder-workspace/.swiftpm/xcode
builtin-SwiftPerFileCompile Runner.swift
SwiftCompile normal arm64 Compiling\ Manager.swift /Users/admin/builder/spi-builder-workspace/.dependencies/checkouts/Logger/Sources/Logger/Manager.swift (in target 'Logger' from project 'Logger')
SwiftCompile normal arm64 /Users/admin/builder/spi-builder-workspace/.dependencies/checkouts/Logger/Sources/Logger/Manager.swift (in target 'Logger' from project 'Logger')
cd /Users/admin/builder/spi-builder-workspace/.swiftpm/xcode
builtin-SwiftPerFileCompile Manager.swift
SwiftCompile normal arm64 Compiling\ Context.swift /Users/admin/builder/spi-builder-workspace/.dependencies/checkouts/Logger/Sources/Logger/Context.swift (in target 'Logger' from project 'Logger')
SwiftCompile normal arm64 /Users/admin/builder/spi-builder-workspace/.dependencies/checkouts/Logger/Sources/Logger/Context.swift (in target 'Logger' from project 'Logger')
cd /Users/admin/builder/spi-builder-workspace/.swiftpm/xcode
builtin-SwiftPerFileCompile Context.swift
SwiftCompile normal arm64 Compiling\ NSLogHandler.swift /Users/admin/builder/spi-builder-workspace/.dependencies/checkouts/Logger/Sources/Logger/NSLogHandler.swift (in target 'Logger' from project 'Logger')
SwiftCompile normal arm64 /Users/admin/builder/spi-builder-workspace/.dependencies/checkouts/Logger/Sources/Logger/NSLogHandler.swift (in target 'Logger' from project 'Logger')
cd /Users/admin/builder/spi-builder-workspace/.swiftpm/xcode
builtin-SwiftPerFileCompile NSLogHandler.swift
SwiftCompile normal arm64 Compiling\ PrintHandler.swift /Users/admin/builder/spi-builder-workspace/.dependencies/checkouts/Logger/Sources/Logger/PrintHandler.swift (in target 'Logger' from project 'Logger')
SwiftCompile normal arm64 /Users/admin/builder/spi-builder-workspace/.dependencies/checkouts/Logger/Sources/Logger/PrintHandler.swift (in target 'Logger' from project 'Logger')
cd /Users/admin/builder/spi-builder-workspace/.swiftpm/xcode
builtin-SwiftPerFileCompile PrintHandler.swift
SwiftCompile normal arm64 Compiling\ OSLogHandler.swift /Users/admin/builder/spi-builder-workspace/.dependencies/checkouts/Logger/Sources/Logger/OSLogHandler.swift (in target 'Logger' from project 'Logger')
SwiftCompile normal arm64 /Users/admin/builder/spi-builder-workspace/.dependencies/checkouts/Logger/Sources/Logger/OSLogHandler.swift (in target 'Logger' from project 'Logger')
cd /Users/admin/builder/spi-builder-workspace/.swiftpm/xcode
builtin-SwiftPerFileCompile OSLogHandler.swift
SwiftEmitModule normal arm64 Emitting\ module\ for\ Arguments (in target 'Arguments' from project 'Arguments')
SwiftCompile normal arm64 (in target 'Arguments' from project 'Arguments')
cd /Users/admin/builder/spi-builder-workspace/.swiftpm/xcode
SwiftEmitModule normal arm64 Emitting\ module\ for\ Logger (in target 'Logger' from project 'Logger')
SwiftCompile normal arm64 (in target 'Logger' from project 'Logger')
cd /Users/admin/builder/spi-builder-workspace/.swiftpm/xcode
SwiftCompile normal arm64 Compiling\ UserDefaultsManagerSettings.swift /Users/admin/builder/spi-builder-workspace/.dependencies/checkouts/Logger/Sources/Logger/UserDefaultsManagerSettings.swift (in target 'Logger' from project 'Logger')
SwiftCompile normal arm64 /Users/admin/builder/spi-builder-workspace/.dependencies/checkouts/Logger/Sources/Logger/UserDefaultsManagerSettings.swift (in target 'Logger' from project 'Logger')
cd /Users/admin/builder/spi-builder-workspace/.swiftpm/xcode
builtin-SwiftPerFileCompile UserDefaultsManagerSettings.swift
SwiftCompile normal arm64 Compiling\ ManagerSettings.swift /Users/admin/builder/spi-builder-workspace/.dependencies/checkouts/Logger/Sources/Logger/ManagerSettings.swift (in target 'Logger' from project 'Logger')
SwiftCompile normal arm64 /Users/admin/builder/spi-builder-workspace/.dependencies/checkouts/Logger/Sources/Logger/ManagerSettings.swift (in target 'Logger' from project 'Logger')
cd /Users/admin/builder/spi-builder-workspace/.swiftpm/xcode
builtin-SwiftPerFileCompile ManagerSettings.swift
PruneExplicitPrecompiledModules /Users/admin/builder/spi-builder-workspace/.derivedData/Build/Intermediates.noindex/SwiftExplicitPrecompiledModules
PruneExplicitPrecompiledModules /Users/admin/builder/spi-builder-workspace/.derivedData/Build/Intermediates.noindex/ExplicitPrecompiledModules
PruneExplicitPrecompiledModules /Users/admin/builder/spi-builder-workspace/.derivedData/SDKExplicitPrecompiledModules
2026-09-15 18:37:31.741 xcodebuild[1030:6056] [MT] IDERunDestination: Supported platforms for the buildables in the current scheme is empty.
** BUILD FAILED **
The following build commands failed:
SwiftCompile normal arm64 (in target 'Runner' from project 'Runner')
SwiftEmitModule normal arm64 Emitting\ module\ for\ Runner (in target 'Runner' from project 'Runner')
Building workspace Coverage with scheme Coverage
(3 failures)
BUILD FAILURE 6.4 visionOS