The Swift Package Index logo.Swift Package Index

Build Information

Failed to build SwiftUIHaptics, reference main (49364f), with Swift 6.4 for watchOS using Xcode 27.0 on 18 Sep 2026 09:09:45 UTC.

Build Command

env DEVELOPER_DIR=/Applications/Xcode-27.0.0-Release.Candidate.app xcrun xcodebuild -IDEClonedSourcePackagesDirPathOverride=$PWD/.dependencies -skipMacroValidation -skipPackagePluginValidation -derivedDataPath $PWD/.derivedData build -scheme SwiftUIHaptics -destination generic/platform=watchOS

Build Log

========================================
RunAll
========================================
Builder version: 5.1.0
Interrupt handler set up.
========================================
Checkout
========================================
Clone URL: https://github.com/xiiagency/SwiftUIHaptics.git
Reference: main
Initialized empty Git repository in /Users/admin/builder/spi-builder-workspace/.git/
From https://github.com/xiiagency/SwiftUIHaptics
 * branch            main       -> FETCH_HEAD
 * [new branch]      main       -> origin/main
HEAD is now at 49364f4 [SUH-4] Make package public (#5)
Cloned https://github.com/xiiagency/SwiftUIHaptics.git
Revision (git rev-parse @):
49364f4ea3350de020175fc06ed5b789a3a30044
SUCCESS checkout https://github.com/xiiagency/SwiftUIHaptics.git at main
========================================
Build
========================================
Selected platform:         watchOS
Swift version:             6.4
Building package at path:  $PWD
https://github.com/xiiagency/SwiftUIHaptics.git
Command line invocation:
    /Applications/Xcode-27.0.0-Release.Candidate.app/Contents/Developer/usr/bin/xcodebuild -IDEClonedSourcePackagesDirPathOverride=/Users/admin/builder/spi-builder-workspace/.dependencies -resolvePackageDependencies
Resolve Package Graph
Fetching from https://github.com/xiiagency/SwiftFoundationExtensions
Creating working copy of package ‘SwiftFoundationExtensions’
Checking out 1.0.0 of package ‘SwiftFoundationExtensions’
Resolve Package Graph
Resolve Package Graph
Resolved source packages:
  SwiftUIHaptics: /Users/admin/builder/spi-builder-workspace
  SwiftFoundationExtensions: https://github.com/xiiagency/SwiftFoundationExtensions @ 1.0.0
resolved source packages: SwiftUIHaptics, SwiftFoundationExtensions
2026-09-18 05:08:50.769 xcodebuild[529:3026] [MT] IDERunDestination: Supported platforms for the buildables in the current scheme is empty.
{
  "dependencies" : [
    {
      "identity" : "swiftfoundationextensions",
      "requirement" : {
        "range" : [
          {
            "lower_bound" : "1.0.0",
            "upper_bound" : "1.1.0"
          }
        ]
      },
      "type" : "sourceControl",
      "url" : "https://github.com/xiiagency/SwiftFoundationExtensions"
    }
  ],
  "manifest_display_name" : "SwiftUIHaptics",
  "name" : "SwiftUIHaptics",
  "path" : "/Users/admin/builder/spi-builder-workspace",
  "platforms" : [
    {
      "name" : "ios",
      "version" : "15.0"
    },
    {
      "name" : "watchos",
      "version" : "8.0"
    },
    {
      "name" : "macos",
      "version" : "12.0"
    }
  ],
  "products" : [
    {
      "name" : "SwiftUIHaptics",
      "targets" : [
        "SwiftUIHaptics"
      ],
      "type" : {
        "library" : [
          "automatic"
        ]
      }
    }
  ],
  "targets" : [
    {
      "c99name" : "SwiftUIHaptics",
      "module_type" : "SwiftTarget",
      "name" : "SwiftUIHaptics",
      "path" : "Sources/SwiftUIHaptics",
      "product_dependencies" : [
        "SwiftFoundationExtensions"
      ],
      "product_memberships" : [
        "SwiftUIHaptics"
      ],
      "sources" : [
        "HapticEvent.swift",
        "HapticsPlayer+macOS.swift",
        "HapticsPlayer+nonMacOS.swift",
        "HapticsService.swift"
      ],
      "type" : "library"
    }
  ],
  "tools_version" : "5.5"
}
{
  "workspace" : {
    "name" : "SwiftUIHaptics",
    "schemes" : [
      "SwiftUIHaptics"
    ]
  }
}
2026-09-18 05:09:32.372 xcodebuild[686:4313] [MT] IDERunDestination: Supported platforms for the buildables in the current scheme is empty.
Running build ...
env DEVELOPER_DIR=/Applications/Xcode-27.0.0-Release.Candidate.app xcrun xcodebuild -IDEClonedSourcePackagesDirPathOverride=$PWD/.dependencies -skipMacroValidation -skipPackagePluginValidation -derivedDataPath $PWD/.derivedData build -scheme SwiftUIHaptics -destination generic/platform=watchOS
Command line invocation:
    /Applications/Xcode-27.0.0-Release.Candidate.app/Contents/Developer/usr/bin/xcodebuild -IDEClonedSourcePackagesDirPathOverride=/Users/admin/builder/spi-builder-workspace/.dependencies -skipMacroValidation -skipPackagePluginValidation -derivedDataPath /Users/admin/builder/spi-builder-workspace/.derivedData build -scheme SwiftUIHaptics -destination generic/platform=watchOS
Resolve Package Graph
Resolve Package Graph
Resolved source packages:
  SwiftUIHaptics: /Users/admin/builder/spi-builder-workspace
  SwiftFoundationExtensions: https://github.com/xiiagency/SwiftFoundationExtensions @ 1.0.0
ComputePackagePrebuildTargetDependencyGraph
Prepare packages
CreateBuildRequest
SendProjectDescription
CreateBuildOperation
ComputeTargetDependencyGraph
note: Building targets in dependency order
note: Target dependency graph (4 targets)
    Target 'SwiftUIHaptics-product' in project 'SwiftUIHaptics'
        ➜ Explicit dependency on target 'SwiftUIHaptics' in project 'SwiftUIHaptics'
        ➜ Explicit dependency on target 'SwiftFoundationExtensions-product' in project 'SwiftFoundationExtensions'
    Target 'SwiftUIHaptics' in project 'SwiftUIHaptics'
        ➜ Explicit dependency on target 'SwiftFoundationExtensions-product' in project 'SwiftFoundationExtensions'
    Target 'SwiftFoundationExtensions-product' in project 'SwiftFoundationExtensions'
        ➜ Explicit dependency on target 'SwiftFoundationExtensions' in project 'SwiftFoundationExtensions'
    Target 'SwiftFoundationExtensions' in project 'SwiftFoundationExtensions' (no dependencies)
GatherProvisioningInputs
CreateBuildDescription
ExecuteExternalTool /Applications/Xcode-27.0.0-Release.Candidate.app/Contents/Developer/Toolchains/XcodeDefault.xctoolchain/usr/bin/clang -v -E -dM -isysroot /Applications/Xcode-27.0.0-Release.Candidate.app/Contents/Developer/Platforms/WatchOS.platform/Developer/SDKs/WatchOS27.0.sdk -x c -c /dev/null
ExecuteExternalTool /Applications/Xcode-27.0.0-Release.Candidate.app/Contents/Developer/Toolchains/XcodeDefault.xctoolchain/usr/bin/swiftc --version
ExecuteExternalTool /Applications/Xcode-27.0.0-Release.Candidate.app/Contents/Developer/Toolchains/XcodeDefault.xctoolchain/usr/bin/ld -version_details
Build description signature: b56a90f22cf47a0283bee8fa36b8bc57
Build description path: /Users/admin/builder/spi-builder-workspace/.derivedData/Build/Intermediates.noindex/XCBuildData/b56a90f22cf47a0283bee8fa36b8bc57.xcbuilddata
CreateBuildDirectory /Users/admin/builder/spi-builder-workspace/.derivedData/SDKExplicitPrecompiledModules
    cd /Users/admin/builder/spi-builder-workspace/.swiftpm/xcode
    builtin-create-build-directory /Users/admin/builder/spi-builder-workspace/.derivedData/SDKExplicitPrecompiledModules
CreateBuildDirectory /Users/admin/builder/spi-builder-workspace/.derivedData/CompilationCache.noindex
    cd /Users/admin/builder/spi-builder-workspace/.swiftpm/xcode
    builtin-create-build-directory /Users/admin/builder/spi-builder-workspace/.derivedData/CompilationCache.noindex
CreateBuildDirectory /Users/admin/builder/spi-builder-workspace/.derivedData/ModuleCache.noindex
    cd /Users/admin/builder/spi-builder-workspace/.swiftpm/xcode
    builtin-create-build-directory /Users/admin/builder/spi-builder-workspace/.derivedData/ModuleCache.noindex
CreateBuildDirectory /Users/admin/builder/spi-builder-workspace/.derivedData/Build/Products
    cd /Users/admin/builder/spi-builder-workspace/.swiftpm/xcode
    builtin-create-build-directory /Users/admin/builder/spi-builder-workspace/.derivedData/Build/Products
ClangStatCache /Applications/Xcode-27.0.0-Release.Candidate.app/Contents/Developer/Toolchains/XcodeDefault.xctoolchain/usr/bin/clang-stat-cache /Applications/Xcode-27.0.0-Release.Candidate.app/Contents/Developer/Platforms/WatchOS.platform/Developer/SDKs/WatchOS27.0.sdk /Users/admin/builder/spi-builder-workspace/.derivedData/SDKStatCaches.noindex/watchos27.0-24R360-e829b21a6f8c9b70876ba0858053c04477534ef55a1706bf4c1112bbb242f0a2.sdkstatcache
    cd /Users/admin/builder/spi-builder-workspace/.swiftpm/xcode
    /Applications/Xcode-27.0.0-Release.Candidate.app/Contents/Developer/Toolchains/XcodeDefault.xctoolchain/usr/bin/clang-stat-cache /Applications/Xcode-27.0.0-Release.Candidate.app/Contents/Developer/Platforms/WatchOS.platform/Developer/SDKs/WatchOS27.0.sdk -o /Users/admin/builder/spi-builder-workspace/.derivedData/SDKStatCaches.noindex/watchos27.0-24R360-e829b21a6f8c9b70876ba0858053c04477534ef55a1706bf4c1112bbb242f0a2.sdkstatcache
CreateBuildDirectory /Users/admin/builder/spi-builder-workspace/.derivedData/Build/Intermediates.noindex
    cd /Users/admin/builder/spi-builder-workspace/.swiftpm/xcode
    builtin-create-build-directory /Users/admin/builder/spi-builder-workspace/.derivedData/Build/Intermediates.noindex
CreateBuildDirectory /Users/admin/builder/spi-builder-workspace/.derivedData/Build/Intermediates.noindex/SwiftExplicitPrecompiledModules
    cd /Users/admin/builder/spi-builder-workspace/.swiftpm/xcode
    builtin-create-build-directory /Users/admin/builder/spi-builder-workspace/.derivedData/Build/Intermediates.noindex/SwiftExplicitPrecompiledModules
CreateBuildDirectory /Users/admin/builder/spi-builder-workspace/.derivedData/Build/Intermediates.noindex/PrecompiledHeaders
    cd /Users/admin/builder/spi-builder-workspace/.swiftpm/xcode
    builtin-create-build-directory /Users/admin/builder/spi-builder-workspace/.derivedData/Build/Intermediates.noindex/PrecompiledHeaders
CreateBuildDirectory /Users/admin/builder/spi-builder-workspace/.derivedData/Build/Intermediates.noindex/ExplicitPrecompiledModules
    cd /Users/admin/builder/spi-builder-workspace/.swiftpm/xcode
    builtin-create-build-directory /Users/admin/builder/spi-builder-workspace/.derivedData/Build/Intermediates.noindex/ExplicitPrecompiledModules
CreateBuildDirectory /Users/admin/builder/spi-builder-workspace/.derivedData/Build/Intermediates.noindex/EagerLinkingTBDs/Debug-watchos
    cd /Users/admin/builder/spi-builder-workspace/.swiftpm/xcode
    builtin-create-build-directory /Users/admin/builder/spi-builder-workspace/.derivedData/Build/Intermediates.noindex/EagerLinkingTBDs/Debug-watchos
CreateBuildDirectory /Users/admin/builder/spi-builder-workspace/.derivedData/Build/Products/Debug-watchos
    cd /Users/admin/builder/spi-builder-workspace/.swiftpm/xcode
    builtin-create-build-directory /Users/admin/builder/spi-builder-workspace/.derivedData/Build/Products/Debug-watchos
CreateBuildDirectory /Users/admin/builder/spi-builder-workspace/.derivedData/Build/Products/Debug-watchos/PackageFrameworks
    cd /Users/admin/builder/spi-builder-workspace/.swiftpm/xcode
    builtin-create-build-directory /Users/admin/builder/spi-builder-workspace/.derivedData/Build/Products/Debug-watchos/PackageFrameworks
WriteAuxiliaryFile /Users/admin/builder/spi-builder-workspace/.derivedData/Build/Intermediates.noindex/SwiftFoundationExtensions.build/Debug-watchos/SwiftFoundationExtensions-t.build/SwiftFoundationExtensions.modulemap (in target 'SwiftFoundationExtensions' from project 'SwiftFoundationExtensions')
    cd /Users/admin/builder/spi-builder-workspace/.dependencies/checkouts/SwiftFoundationExtensions
    write-file /Users/admin/builder/spi-builder-workspace/.derivedData/Build/Intermediates.noindex/SwiftFoundationExtensions.build/Debug-watchos/SwiftFoundationExtensions-t.build/SwiftFoundationExtensions.modulemap
WriteAuxiliaryFile /Users/admin/builder/spi-builder-workspace/.derivedData/Build/Intermediates.noindex/SwiftFoundationExtensions.build/Debug-watchos/SwiftFoundationExtensions-t.build/Objects-normal/arm64_32/SwiftFoundationExtensions_const_extract_protocols.json (in target 'SwiftFoundationExtensions' from project 'SwiftFoundationExtensions')
    cd /Users/admin/builder/spi-builder-workspace/.dependencies/checkouts/SwiftFoundationExtensions
    write-file /Users/admin/builder/spi-builder-workspace/.derivedData/Build/Intermediates.noindex/SwiftFoundationExtensions.build/Debug-watchos/SwiftFoundationExtensions-t.build/Objects-normal/arm64_32/SwiftFoundationExtensions_const_extract_protocols.json
WriteAuxiliaryFile /Users/admin/builder/spi-builder-workspace/.derivedData/Build/Intermediates.noindex/SwiftFoundationExtensions.build/Debug-watchos/SwiftFoundationExtensions-t.build/Objects-normal/arm64_32/SwiftFoundationExtensions.LinkFileList (in target 'SwiftFoundationExtensions' from project 'SwiftFoundationExtensions')
    cd /Users/admin/builder/spi-builder-workspace/.dependencies/checkouts/SwiftFoundationExtensions
    write-file /Users/admin/builder/spi-builder-workspace/.derivedData/Build/Intermediates.noindex/SwiftFoundationExtensions.build/Debug-watchos/SwiftFoundationExtensions-t.build/Objects-normal/arm64_32/SwiftFoundationExtensions.LinkFileList
WriteAuxiliaryFile /Users/admin/builder/spi-builder-workspace/.derivedData/Build/Intermediates.noindex/SwiftFoundationExtensions.build/Debug-watchos/SwiftFoundationExtensions-t.build/Objects-normal/arm64_32/SwiftFoundationExtensions-OutputFileMap.json (in target 'SwiftFoundationExtensions' from project 'SwiftFoundationExtensions')
    cd /Users/admin/builder/spi-builder-workspace/.dependencies/checkouts/SwiftFoundationExtensions
    write-file /Users/admin/builder/spi-builder-workspace/.derivedData/Build/Intermediates.noindex/SwiftFoundationExtensions.build/Debug-watchos/SwiftFoundationExtensions-t.build/Objects-normal/arm64_32/SwiftFoundationExtensions-OutputFileMap.json
WriteAuxiliaryFile /Users/admin/builder/spi-builder-workspace/.derivedData/Build/Intermediates.noindex/SwiftUIHaptics.build/Debug-watchos/SwiftUIHaptics-t.build/SwiftUIHaptics.DependencyStaticMetadataFileList (in target 'SwiftUIHaptics' from project 'SwiftUIHaptics')
    cd /Users/admin/builder/spi-builder-workspace
    write-file /Users/admin/builder/spi-builder-workspace/.derivedData/Build/Intermediates.noindex/SwiftUIHaptics.build/Debug-watchos/SwiftUIHaptics-t.build/SwiftUIHaptics.DependencyStaticMetadataFileList
WriteAuxiliaryFile /Users/admin/builder/spi-builder-workspace/.derivedData/Build/Intermediates.noindex/SwiftUIHaptics.build/Debug-watchos/SwiftUIHaptics-t.build/SwiftUIHaptics.modulemap (in target 'SwiftUIHaptics' from project 'SwiftUIHaptics')
    cd /Users/admin/builder/spi-builder-workspace
    write-file /Users/admin/builder/spi-builder-workspace/.derivedData/Build/Intermediates.noindex/SwiftUIHaptics.build/Debug-watchos/SwiftUIHaptics-t.build/SwiftUIHaptics.modulemap
WriteAuxiliaryFile /Users/admin/builder/spi-builder-workspace/.derivedData/Build/Intermediates.noindex/SwiftUIHaptics.build/Debug-watchos/SwiftUIHaptics-t.build/SwiftUIHaptics.DependencyMetadataFileList (in target 'SwiftUIHaptics' from project 'SwiftUIHaptics')
    cd /Users/admin/builder/spi-builder-workspace
    write-file /Users/admin/builder/spi-builder-workspace/.derivedData/Build/Intermediates.noindex/SwiftUIHaptics.build/Debug-watchos/SwiftUIHaptics-t.build/SwiftUIHaptics.DependencyMetadataFileList
WriteAuxiliaryFile /Users/admin/builder/spi-builder-workspace/.derivedData/Build/Intermediates.noindex/SwiftUIHaptics.build/Debug-watchos/SwiftUIHaptics-t.build/Objects-normal/arm64_32/SwiftUIHaptics_const_extract_protocols.json (in target 'SwiftUIHaptics' from project 'SwiftUIHaptics')
    cd /Users/admin/builder/spi-builder-workspace
    write-file /Users/admin/builder/spi-builder-workspace/.derivedData/Build/Intermediates.noindex/SwiftUIHaptics.build/Debug-watchos/SwiftUIHaptics-t.build/Objects-normal/arm64_32/SwiftUIHaptics_const_extract_protocols.json
WriteAuxiliaryFile /Users/admin/builder/spi-builder-workspace/.derivedData/Build/Intermediates.noindex/SwiftUIHaptics.build/Debug-watchos/SwiftUIHaptics-t.build/Objects-normal/arm64_32/SwiftUIHaptics.SwiftFileList (in target 'SwiftUIHaptics' from project 'SwiftUIHaptics')
    cd /Users/admin/builder/spi-builder-workspace
    write-file /Users/admin/builder/spi-builder-workspace/.derivedData/Build/Intermediates.noindex/SwiftUIHaptics.build/Debug-watchos/SwiftUIHaptics-t.build/Objects-normal/arm64_32/SwiftUIHaptics.SwiftFileList
WriteAuxiliaryFile /Users/admin/builder/spi-builder-workspace/.derivedData/Build/Intermediates.noindex/SwiftUIHaptics.build/Debug-watchos/SwiftUIHaptics-t.build/Objects-normal/arm64_32/SwiftUIHaptics.SwiftConstValuesFileList (in target 'SwiftUIHaptics' from project 'SwiftUIHaptics')
    cd /Users/admin/builder/spi-builder-workspace
    write-file /Users/admin/builder/spi-builder-workspace/.derivedData/Build/Intermediates.noindex/SwiftUIHaptics.build/Debug-watchos/SwiftUIHaptics-t.build/Objects-normal/arm64_32/SwiftUIHaptics.SwiftConstValuesFileList
WriteAuxiliaryFile /Users/admin/builder/spi-builder-workspace/.derivedData/Build/Intermediates.noindex/SwiftUIHaptics.build/Debug-watchos/SwiftUIHaptics-t.build/Objects-normal/arm64_32/SwiftUIHaptics.LinkFileList (in target 'SwiftUIHaptics' from project 'SwiftUIHaptics')
    cd /Users/admin/builder/spi-builder-workspace
    write-file /Users/admin/builder/spi-builder-workspace/.derivedData/Build/Intermediates.noindex/SwiftUIHaptics.build/Debug-watchos/SwiftUIHaptics-t.build/Objects-normal/arm64_32/SwiftUIHaptics.LinkFileList
WriteAuxiliaryFile /Users/admin/builder/spi-builder-workspace/.derivedData/Build/Intermediates.noindex/SwiftUIHaptics.build/Debug-watchos/SwiftUIHaptics-t.build/Objects-normal/arm64_32/SwiftUIHaptics-OutputFileMap.json (in target 'SwiftUIHaptics' from project 'SwiftUIHaptics')
    cd /Users/admin/builder/spi-builder-workspace
    write-file /Users/admin/builder/spi-builder-workspace/.derivedData/Build/Intermediates.noindex/SwiftUIHaptics.build/Debug-watchos/SwiftUIHaptics-t.build/Objects-normal/arm64_32/SwiftUIHaptics-OutputFileMap.json
WriteAuxiliaryFile /Users/admin/builder/spi-builder-workspace/.derivedData/Build/Intermediates.noindex/SwiftUIHaptics.build/Debug-watchos/SwiftUIHaptics-t.build/Objects-normal/arm64/SwiftUIHaptics_const_extract_protocols.json (in target 'SwiftUIHaptics' from project 'SwiftUIHaptics')
    cd /Users/admin/builder/spi-builder-workspace
    write-file /Users/admin/builder/spi-builder-workspace/.derivedData/Build/Intermediates.noindex/SwiftUIHaptics.build/Debug-watchos/SwiftUIHaptics-t.build/Objects-normal/arm64/SwiftUIHaptics_const_extract_protocols.json
WriteAuxiliaryFile /Users/admin/builder/spi-builder-workspace/.derivedData/Build/Intermediates.noindex/SwiftUIHaptics.build/Debug-watchos/SwiftUIHaptics-t.build/Objects-normal/arm64/SwiftUIHaptics.SwiftConstValuesFileList (in target 'SwiftUIHaptics' from project 'SwiftUIHaptics')
    cd /Users/admin/builder/spi-builder-workspace
    write-file /Users/admin/builder/spi-builder-workspace/.derivedData/Build/Intermediates.noindex/SwiftUIHaptics.build/Debug-watchos/SwiftUIHaptics-t.build/Objects-normal/arm64/SwiftUIHaptics.SwiftConstValuesFileList
WriteAuxiliaryFile /Users/admin/builder/spi-builder-workspace/.derivedData/Build/Intermediates.noindex/SwiftUIHaptics.build/Debug-watchos/SwiftUIHaptics-t.build/Objects-normal/arm64/SwiftUIHaptics.SwiftFileList (in target 'SwiftUIHaptics' from project 'SwiftUIHaptics')
    cd /Users/admin/builder/spi-builder-workspace
    write-file /Users/admin/builder/spi-builder-workspace/.derivedData/Build/Intermediates.noindex/SwiftUIHaptics.build/Debug-watchos/SwiftUIHaptics-t.build/Objects-normal/arm64/SwiftUIHaptics.SwiftFileList
WriteAuxiliaryFile /Users/admin/builder/spi-builder-workspace/.derivedData/Build/Intermediates.noindex/SwiftUIHaptics.build/Debug-watchos/SwiftUIHaptics-t.build/Objects-normal/arm64/SwiftUIHaptics.LinkFileList (in target 'SwiftUIHaptics' from project 'SwiftUIHaptics')
    cd /Users/admin/builder/spi-builder-workspace
    write-file /Users/admin/builder/spi-builder-workspace/.derivedData/Build/Intermediates.noindex/SwiftUIHaptics.build/Debug-watchos/SwiftUIHaptics-t.build/Objects-normal/arm64/SwiftUIHaptics.LinkFileList
WriteAuxiliaryFile /Users/admin/builder/spi-builder-workspace/.derivedData/Build/Intermediates.noindex/SwiftUIHaptics.build/Debug-watchos/SwiftUIHaptics-t.build/Objects-normal/arm64/SwiftUIHaptics-OutputFileMap.json (in target 'SwiftUIHaptics' from project 'SwiftUIHaptics')
    cd /Users/admin/builder/spi-builder-workspace
    write-file /Users/admin/builder/spi-builder-workspace/.derivedData/Build/Intermediates.noindex/SwiftUIHaptics.build/Debug-watchos/SwiftUIHaptics-t.build/Objects-normal/arm64/SwiftUIHaptics-OutputFileMap.json
Copy /Users/admin/builder/spi-builder-workspace/.derivedData/Build/Intermediates.noindex/GeneratedModuleMaps-watchos/SwiftUIHaptics.modulemap /Users/admin/builder/spi-builder-workspace/.derivedData/Build/Intermediates.noindex/SwiftUIHaptics.build/Debug-watchos/SwiftUIHaptics-t.build/SwiftUIHaptics.modulemap (in target 'SwiftUIHaptics' from project 'SwiftUIHaptics')
    cd /Users/admin/builder/spi-builder-workspace
    builtin-copy -exclude .DS_Store -exclude CVS -exclude .svn -exclude .git -exclude .hg -resolve-src-symlinks /Users/admin/builder/spi-builder-workspace/.derivedData/Build/Intermediates.noindex/SwiftUIHaptics.build/Debug-watchos/SwiftUIHaptics-t.build/SwiftUIHaptics.modulemap /Users/admin/builder/spi-builder-workspace/.derivedData/Build/Intermediates.noindex/GeneratedModuleMaps-watchos
WriteAuxiliaryFile /Users/admin/builder/spi-builder-workspace/.derivedData/Build/Intermediates.noindex/SwiftFoundationExtensions.build/Debug-watchos/SwiftFoundationExtensions-t.build/SwiftFoundationExtensions.DependencyStaticMetadataFileList (in target 'SwiftFoundationExtensions' from project 'SwiftFoundationExtensions')
    cd /Users/admin/builder/spi-builder-workspace/.dependencies/checkouts/SwiftFoundationExtensions
    write-file /Users/admin/builder/spi-builder-workspace/.derivedData/Build/Intermediates.noindex/SwiftFoundationExtensions.build/Debug-watchos/SwiftFoundationExtensions-t.build/SwiftFoundationExtensions.DependencyStaticMetadataFileList
WriteAuxiliaryFile /Users/admin/builder/spi-builder-workspace/.derivedData/Build/Intermediates.noindex/SwiftFoundationExtensions.build/Debug-watchos/SwiftFoundationExtensions-t.build/SwiftFoundationExtensions.DependencyMetadataFileList (in target 'SwiftFoundationExtensions' from project 'SwiftFoundationExtensions')
    cd /Users/admin/builder/spi-builder-workspace/.dependencies/checkouts/SwiftFoundationExtensions
    write-file /Users/admin/builder/spi-builder-workspace/.derivedData/Build/Intermediates.noindex/SwiftFoundationExtensions.build/Debug-watchos/SwiftFoundationExtensions-t.build/SwiftFoundationExtensions.DependencyMetadataFileList
WriteAuxiliaryFile /Users/admin/builder/spi-builder-workspace/.derivedData/Build/Intermediates.noindex/SwiftFoundationExtensions.build/Debug-watchos/SwiftFoundationExtensions-t.build/Objects-normal/arm64_32/SwiftFoundationExtensions.SwiftFileList (in target 'SwiftFoundationExtensions' from project 'SwiftFoundationExtensions')
    cd /Users/admin/builder/spi-builder-workspace/.dependencies/checkouts/SwiftFoundationExtensions
    write-file /Users/admin/builder/spi-builder-workspace/.derivedData/Build/Intermediates.noindex/SwiftFoundationExtensions.build/Debug-watchos/SwiftFoundationExtensions-t.build/Objects-normal/arm64_32/SwiftFoundationExtensions.SwiftFileList
WriteAuxiliaryFile /Users/admin/builder/spi-builder-workspace/.derivedData/Build/Intermediates.noindex/SwiftFoundationExtensions.build/Debug-watchos/SwiftFoundationExtensions-t.build/Objects-normal/arm64_32/SwiftFoundationExtensions.SwiftConstValuesFileList (in target 'SwiftFoundationExtensions' from project 'SwiftFoundationExtensions')
    cd /Users/admin/builder/spi-builder-workspace/.dependencies/checkouts/SwiftFoundationExtensions
    write-file /Users/admin/builder/spi-builder-workspace/.derivedData/Build/Intermediates.noindex/SwiftFoundationExtensions.build/Debug-watchos/SwiftFoundationExtensions-t.build/Objects-normal/arm64_32/SwiftFoundationExtensions.SwiftConstValuesFileList
WriteAuxiliaryFile /Users/admin/builder/spi-builder-workspace/.derivedData/Build/Intermediates.noindex/SwiftFoundationExtensions.build/Debug-watchos/SwiftFoundationExtensions-t.build/Objects-normal/arm64/SwiftFoundationExtensions_const_extract_protocols.json (in target 'SwiftFoundationExtensions' from project 'SwiftFoundationExtensions')
    cd /Users/admin/builder/spi-builder-workspace/.dependencies/checkouts/SwiftFoundationExtensions
    write-file /Users/admin/builder/spi-builder-workspace/.derivedData/Build/Intermediates.noindex/SwiftFoundationExtensions.build/Debug-watchos/SwiftFoundationExtensions-t.build/Objects-normal/arm64/SwiftFoundationExtensions_const_extract_protocols.json
WriteAuxiliaryFile /Users/admin/builder/spi-builder-workspace/.derivedData/Build/Intermediates.noindex/SwiftFoundationExtensions.build/Debug-watchos/SwiftFoundationExtensions-t.build/Objects-normal/arm64/SwiftFoundationExtensions.SwiftFileList (in target 'SwiftFoundationExtensions' from project 'SwiftFoundationExtensions')
    cd /Users/admin/builder/spi-builder-workspace/.dependencies/checkouts/SwiftFoundationExtensions
    write-file /Users/admin/builder/spi-builder-workspace/.derivedData/Build/Intermediates.noindex/SwiftFoundationExtensions.build/Debug-watchos/SwiftFoundationExtensions-t.build/Objects-normal/arm64/SwiftFoundationExtensions.SwiftFileList
WriteAuxiliaryFile /Users/admin/builder/spi-builder-workspace/.derivedData/Build/Intermediates.noindex/SwiftFoundationExtensions.build/Debug-watchos/SwiftFoundationExtensions-t.build/Objects-normal/arm64/SwiftFoundationExtensions.SwiftConstValuesFileList (in target 'SwiftFoundationExtensions' from project 'SwiftFoundationExtensions')
    cd /Users/admin/builder/spi-builder-workspace/.dependencies/checkouts/SwiftFoundationExtensions
    write-file /Users/admin/builder/spi-builder-workspace/.derivedData/Build/Intermediates.noindex/SwiftFoundationExtensions.build/Debug-watchos/SwiftFoundationExtensions-t.build/Objects-normal/arm64/SwiftFoundationExtensions.SwiftConstValuesFileList
WriteAuxiliaryFile /Users/admin/builder/spi-builder-workspace/.derivedData/Build/Intermediates.noindex/SwiftFoundationExtensions.build/Debug-watchos/SwiftFoundationExtensions-t.build/Objects-normal/arm64/SwiftFoundationExtensions.LinkFileList (in target 'SwiftFoundationExtensions' from project 'SwiftFoundationExtensions')
    cd /Users/admin/builder/spi-builder-workspace/.dependencies/checkouts/SwiftFoundationExtensions
    write-file /Users/admin/builder/spi-builder-workspace/.derivedData/Build/Intermediates.noindex/SwiftFoundationExtensions.build/Debug-watchos/SwiftFoundationExtensions-t.build/Objects-normal/arm64/SwiftFoundationExtensions.LinkFileList
Copy /Users/admin/builder/spi-builder-workspace/.derivedData/Build/Intermediates.noindex/GeneratedModuleMaps-watchos/SwiftFoundationExtensions.modulemap /Users/admin/builder/spi-builder-workspace/.derivedData/Build/Intermediates.noindex/SwiftFoundationExtensions.build/Debug-watchos/SwiftFoundationExtensions-t.build/SwiftFoundationExtensions.modulemap (in target 'SwiftFoundationExtensions' from project 'SwiftFoundationExtensions')
    cd /Users/admin/builder/spi-builder-workspace/.dependencies/checkouts/SwiftFoundationExtensions
    builtin-copy -exclude .DS_Store -exclude CVS -exclude .svn -exclude .git -exclude .hg -resolve-src-symlinks /Users/admin/builder/spi-builder-workspace/.derivedData/Build/Intermediates.noindex/SwiftFoundationExtensions.build/Debug-watchos/SwiftFoundationExtensions-t.build/SwiftFoundationExtensions.modulemap /Users/admin/builder/spi-builder-workspace/.derivedData/Build/Intermediates.noindex/GeneratedModuleMaps-watchos
WriteAuxiliaryFile /Users/admin/builder/spi-builder-workspace/.derivedData/Build/Intermediates.noindex/SwiftFoundationExtensions.build/Debug-watchos/SwiftFoundationExtensions-t.build/Objects-normal/arm64/SwiftFoundationExtensions-OutputFileMap.json (in target 'SwiftFoundationExtensions' from project 'SwiftFoundationExtensions')
    cd /Users/admin/builder/spi-builder-workspace/.dependencies/checkouts/SwiftFoundationExtensions
    write-file /Users/admin/builder/spi-builder-workspace/.derivedData/Build/Intermediates.noindex/SwiftFoundationExtensions.build/Debug-watchos/SwiftFoundationExtensions-t.build/Objects-normal/arm64/SwiftFoundationExtensions-OutputFileMap.json
SwiftDriver SwiftFoundationExtensions normal arm64_32 com.apple.xcode.tools.swift.compiler (in target 'SwiftFoundationExtensions' from project 'SwiftFoundationExtensions')
    cd /Users/admin/builder/spi-builder-workspace/.swiftpm/xcode
    builtin-SwiftDriver -- /Applications/Xcode-27.0.0-Release.Candidate.app/Contents/Developer/Toolchains/XcodeDefault.xctoolchain/usr/bin/swiftc -parse-as-library -module-name SwiftFoundationExtensions -Onone @/Users/admin/builder/spi-builder-workspace/.derivedData/Build/Intermediates.noindex/SwiftFoundationExtensions.build/Debug-watchos/SwiftFoundationExtensions-t.build/Objects-normal/arm64_32/SwiftFoundationExtensions.SwiftFileList -DSWIFT_PACKAGE -DDEBUG -DSWIFT_MODULE_RESOURCE_BUNDLE_UNAVAILABLE -DXcode -plugin-path /Applications/Xcode-27.0.0-Release.Candidate.app/Contents/Developer/Toolchains/XcodeDefault.xctoolchain/usr/lib/swift/host/plugins/testing -enable-experimental-feature DebugDescriptionMacro -sdk /Applications/Xcode-27.0.0-Release.Candidate.app/Contents/Developer/Platforms/WatchOS.platform/Developer/SDKs/WatchOS27.0.sdk -target arm64_32-apple-watchos9.0 -g -module-cache-path /Users/admin/builder/spi-builder-workspace/.derivedData/ModuleCache.noindex -Xfrontend -serialize-debugging-options -enable-testing -suppress-warnings -index-store-path /Users/admin/builder/spi-builder-workspace/.derivedData/Index.noindex/DataStore -Xcc -D_LIBCPP_HARDENING_MODE\=_LIBCPP_HARDENING_MODE_DEBUG -swift-version 5 -I /Users/admin/builder/spi-builder-workspace/.derivedData/Build/Products/Debug-watchos -Isystem /Applications/Xcode-27.0.0-Release.Candidate.app/Contents/Developer/Platforms/WatchOS.platform/Developer/usr/lib -F /Users/admin/builder/spi-builder-workspace/.derivedData/Build/Products/Debug-watchos -F /Applications/Xcode-27.0.0-Release.Candidate.app/Contents/Developer/Platforms/WatchOS.platform/Developer/Library/Frameworks -F /Applications/Xcode-27.0.0-Release.Candidate.app/Contents/Developer/Platforms/WatchOS.platform/Developer/SDKs/WatchOS27.0.sdk/Developer/Library/Frameworks -c -j10 -enable-batch-mode -incremental -Xcc -ivfsstatcache -Xcc /Users/admin/builder/spi-builder-workspace/.derivedData/SDKStatCaches.noindex/watchos27.0-24R360-e829b21a6f8c9b70876ba0858053c04477534ef55a1706bf4c1112bbb242f0a2.sdkstatcache -output-file-map /Users/admin/builder/spi-builder-workspace/.derivedData/Build/Intermediates.noindex/SwiftFoundationExtensions.build/Debug-watchos/SwiftFoundationExtensions-t.build/Objects-normal/arm64_32/SwiftFoundationExtensions-OutputFileMap.json -save-temps -no-color-diagnostics -explicit-module-build -module-cache-path /Users/admin/builder/spi-builder-workspace/.derivedData/Build/Intermediates.noindex/SwiftExplicitPrecompiledModules -clang-scanner-module-cache-path /Users/admin/builder/spi-builder-workspace/.derivedData/ModuleCache.noindex -sdk-module-cache-path /Users/admin/builder/spi-builder-workspace/.derivedData/SDKExplicitPrecompiledModules -emit-dependencies -emit-module -emit-module-path /Users/admin/builder/spi-builder-workspace/.derivedData/Build/Intermediates.noindex/SwiftFoundationExtensions.build/Debug-watchos/SwiftFoundationExtensions-t.build/Objects-normal/arm64_32/SwiftFoundationExtensions.swiftmodule -serialize-diagnostics -dependency-scan-serialize-diagnostics-path /Users/admin/builder/spi-builder-workspace/.derivedData/Build/Intermediates.noindex/SwiftFoundationExtensions.build/Debug-watchos/SwiftFoundationExtensions-t.build/Objects-normal/arm64_32/SwiftFoundationExtensions-dependency-scan.dia -validate-clang-modules-once -clang-build-session-file /Users/admin/builder/spi-builder-workspace/.derivedData/ModuleCache.noindex/Session.modulevalidation -Xcc -fmodules-prune-interval\=86400 -Xcc -fmodules-prune-after\=345600 -emit-const-values -const-gather-protocols-list /Users/admin/builder/spi-builder-workspace/.derivedData/Build/Intermediates.noindex/SwiftFoundationExtensions.build/Debug-watchos/SwiftFoundationExtensions-t.build/Objects-normal/arm64_32/SwiftFoundationExtensions_const_extract_protocols.json -Xcc -I/Users/admin/builder/spi-builder-workspace/.derivedData/Build/Products/Debug-watchos/include -Xcc -I/Users/admin/builder/spi-builder-workspace/.derivedData/Build/Intermediates.noindex/SwiftFoundationExtensions.build/Debug-watchos/SwiftFoundationExtensions-t.build/DerivedSources-normal/arm64_32 -Xcc -I/Users/admin/builder/spi-builder-workspace/.derivedData/Build/Intermediates.noindex/SwiftFoundationExtensions.build/Debug-watchos/SwiftFoundationExtensions-t.build/DerivedSources/arm64_32 -Xcc -I/Users/admin/builder/spi-builder-workspace/.derivedData/Build/Intermediates.noindex/SwiftFoundationExtensions.build/Debug-watchos/SwiftFoundationExtensions-t.build/DerivedSources -Xcc -DSWIFT_PACKAGE -Xcc -DDEBUG\=1 -emit-objc-header -emit-objc-header-path /Users/admin/builder/spi-builder-workspace/.derivedData/Build/Intermediates.noindex/SwiftFoundationExtensions.build/Debug-watchos/SwiftFoundationExtensions-t.build/Objects-normal/arm64_32/SwiftFoundationExtensions-Swift.h -working-directory /Users/admin/builder/spi-builder-workspace/.swiftpm/xcode -experimental-emit-module-separately -disable-cmo
SwiftDriver SwiftFoundationExtensions normal arm64 com.apple.xcode.tools.swift.compiler (in target 'SwiftFoundationExtensions' from project 'SwiftFoundationExtensions')
    cd /Users/admin/builder/spi-builder-workspace/.swiftpm/xcode
    builtin-SwiftDriver -- /Applications/Xcode-27.0.0-Release.Candidate.app/Contents/Developer/Toolchains/XcodeDefault.xctoolchain/usr/bin/swiftc -parse-as-library -module-name SwiftFoundationExtensions -Onone @/Users/admin/builder/spi-builder-workspace/.derivedData/Build/Intermediates.noindex/SwiftFoundationExtensions.build/Debug-watchos/SwiftFoundationExtensions-t.build/Objects-normal/arm64/SwiftFoundationExtensions.SwiftFileList -DSWIFT_PACKAGE -DDEBUG -DSWIFT_MODULE_RESOURCE_BUNDLE_UNAVAILABLE -DXcode -plugin-path /Applications/Xcode-27.0.0-Release.Candidate.app/Contents/Developer/Toolchains/XcodeDefault.xctoolchain/usr/lib/swift/host/plugins/testing -enable-experimental-feature DebugDescriptionMacro -sdk /Applications/Xcode-27.0.0-Release.Candidate.app/Contents/Developer/Platforms/WatchOS.platform/Developer/SDKs/WatchOS27.0.sdk -target arm64-apple-watchos9.0 -g -module-cache-path /Users/admin/builder/spi-builder-workspace/.derivedData/ModuleCache.noindex -Xfrontend -serialize-debugging-options -enable-testing -suppress-warnings -index-store-path /Users/admin/builder/spi-builder-workspace/.derivedData/Index.noindex/DataStore -Xcc -D_LIBCPP_HARDENING_MODE\=_LIBCPP_HARDENING_MODE_DEBUG -swift-version 5 -I /Users/admin/builder/spi-builder-workspace/.derivedData/Build/Products/Debug-watchos -Isystem /Applications/Xcode-27.0.0-Release.Candidate.app/Contents/Developer/Platforms/WatchOS.platform/Developer/usr/lib -F /Users/admin/builder/spi-builder-workspace/.derivedData/Build/Products/Debug-watchos -F /Applications/Xcode-27.0.0-Release.Candidate.app/Contents/Developer/Platforms/WatchOS.platform/Developer/Library/Frameworks -F /Applications/Xcode-27.0.0-Release.Candidate.app/Contents/Developer/Platforms/WatchOS.platform/Developer/SDKs/WatchOS27.0.sdk/Developer/Library/Frameworks -c -j10 -enable-batch-mode -incremental -Xcc -ivfsstatcache -Xcc /Users/admin/builder/spi-builder-workspace/.derivedData/SDKStatCaches.noindex/watchos27.0-24R360-e829b21a6f8c9b70876ba0858053c04477534ef55a1706bf4c1112bbb242f0a2.sdkstatcache -output-file-map /Users/admin/builder/spi-builder-workspace/.derivedData/Build/Intermediates.noindex/SwiftFoundationExtensions.build/Debug-watchos/SwiftFoundationExtensions-t.build/Objects-normal/arm64/SwiftFoundationExtensions-OutputFileMap.json -save-temps -no-color-diagnostics -explicit-module-build -module-cache-path /Users/admin/builder/spi-builder-workspace/.derivedData/Build/Intermediates.noindex/SwiftExplicitPrecompiledModules -clang-scanner-module-cache-path /Users/admin/builder/spi-builder-workspace/.derivedData/ModuleCache.noindex -sdk-module-cache-path /Users/admin/builder/spi-builder-workspace/.derivedData/SDKExplicitPrecompiledModules -emit-dependencies -emit-module -emit-module-path /Users/admin/builder/spi-builder-workspace/.derivedData/Build/Intermediates.noindex/SwiftFoundationExtensions.build/Debug-watchos/SwiftFoundationExtensions-t.build/Objects-normal/arm64/SwiftFoundationExtensions.swiftmodule -serialize-diagnostics -dependency-scan-serialize-diagnostics-path /Users/admin/builder/spi-builder-workspace/.derivedData/Build/Intermediates.noindex/SwiftFoundationExtensions.build/Debug-watchos/SwiftFoundationExtensions-t.build/Objects-normal/arm64/SwiftFoundationExtensions-dependency-scan.dia -validate-clang-modules-once -clang-build-session-file /Users/admin/builder/spi-builder-workspace/.derivedData/ModuleCache.noindex/Session.modulevalidation -Xcc -fmodules-prune-interval\=86400 -Xcc -fmodules-prune-after\=345600 -emit-const-values -const-gather-protocols-list /Users/admin/builder/spi-builder-workspace/.derivedData/Build/Intermediates.noindex/SwiftFoundationExtensions.build/Debug-watchos/SwiftFoundationExtensions-t.build/Objects-normal/arm64/SwiftFoundationExtensions_const_extract_protocols.json -Xcc -I/Users/admin/builder/spi-builder-workspace/.derivedData/Build/Products/Debug-watchos/include -Xcc -I/Users/admin/builder/spi-builder-workspace/.derivedData/Build/Intermediates.noindex/SwiftFoundationExtensions.build/Debug-watchos/SwiftFoundationExtensions-t.build/DerivedSources-normal/arm64 -Xcc -I/Users/admin/builder/spi-builder-workspace/.derivedData/Build/Intermediates.noindex/SwiftFoundationExtensions.build/Debug-watchos/SwiftFoundationExtensions-t.build/DerivedSources/arm64 -Xcc -I/Users/admin/builder/spi-builder-workspace/.derivedData/Build/Intermediates.noindex/SwiftFoundationExtensions.build/Debug-watchos/SwiftFoundationExtensions-t.build/DerivedSources -Xcc -DSWIFT_PACKAGE -Xcc -DDEBUG\=1 -emit-objc-header -emit-objc-header-path /Users/admin/builder/spi-builder-workspace/.derivedData/Build/Intermediates.noindex/SwiftFoundationExtensions.build/Debug-watchos/SwiftFoundationExtensions-t.build/Objects-normal/arm64/SwiftFoundationExtensions-Swift.h -working-directory /Users/admin/builder/spi-builder-workspace/.swiftpm/xcode -experimental-emit-module-separately -disable-cmo
SwiftExplicitDependencyGeneratePcm arm64 /Users/admin/builder/spi-builder-workspace/.derivedData/SDKExplicitPrecompiledModules/_Builtin_float-C0CW5Q4HGBQYKE77TC42IAFB5.pcm
SwiftExplicitDependencyGeneratePcm arm64 /Users/admin/builder/spi-builder-workspace/.derivedData/SDKExplicitPrecompiledModules/_AvailabilityInternal-BUNV3UXM65NT37THI4W1AM0SF.pcm
SwiftExplicitDependencyGeneratePcm arm64 /Users/admin/builder/spi-builder-workspace/.derivedData/SDKExplicitPrecompiledModules/_Builtin_stdbool-83J96QSOFE9VX04AAS6310UAE.pcm
SwiftExplicitDependencyGeneratePcm arm64 /Users/admin/builder/spi-builder-workspace/.derivedData/SDKExplicitPrecompiledModules/_SwiftConcurrencyShims-659N52XSKR5F0QSB880BH2FJR.pcm
SwiftExplicitDependencyGeneratePcm arm64 /Users/admin/builder/spi-builder-workspace/.derivedData/SDKExplicitPrecompiledModules/ptrauth-3TZ9WJCGLYD25HQPWH4968ONX.pcm
SwiftExplicitDependencyGeneratePcm arm64 /Users/admin/builder/spi-builder-workspace/.derivedData/SDKExplicitPrecompiledModules/_Builtin_stddef-1FU30Y8SWFB7OUUHMJQH5J6FM.pcm
SwiftExplicitDependencyGeneratePcm arm64 /Users/admin/builder/spi-builder-workspace/.derivedData/SDKExplicitPrecompiledModules/ptrcheck-AIF0NDOYZ8ORBNHQAQR5NNB8M.pcm
SwiftExplicitDependencyGeneratePcm arm64 /Users/admin/builder/spi-builder-workspace/.derivedData/SDKExplicitPrecompiledModules/SwiftShims-4MXFZPV6FEB0XBYXCGPWAMQGL.pcm
SwiftExplicitDependencyGeneratePcm arm64 /Users/admin/builder/spi-builder-workspace/.derivedData/SDKExplicitPrecompiledModules/_Builtin_stdarg-A7UU8LE6MP85SM26YO7PBZNUQ.pcm
SwiftExplicitDependencyGeneratePcm arm64_32 /Users/admin/builder/spi-builder-workspace/.derivedData/SDKExplicitPrecompiledModules/_SwiftConcurrencyShims-6RTBPQ03V7BM9SPRK8SUE055H.pcm
SwiftExplicitDependencyGeneratePcm arm64_32 /Users/admin/builder/spi-builder-workspace/.derivedData/SDKExplicitPrecompiledModules/_AvailabilityInternal-244WAN3Z1QBT7PIA64EZEFY1R.pcm
SwiftExplicitDependencyGeneratePcm arm64_32 /Users/admin/builder/spi-builder-workspace/.derivedData/SDKExplicitPrecompiledModules/_Builtin_stdarg-D305JG44A2WPI6CJY37X3QJE8.pcm
SwiftExplicitDependencyGeneratePcm arm64_32 /Users/admin/builder/spi-builder-workspace/.derivedData/SDKExplicitPrecompiledModules/_Builtin_stddef-H44EFHQX6XSS5MZ7QP6YJZ76.pcm
SwiftExplicitDependencyGeneratePcm arm64_32 /Users/admin/builder/spi-builder-workspace/.derivedData/SDKExplicitPrecompiledModules/ptrcheck-7ELIH9BTIGVKX3UBITM9N72WD.pcm
SwiftExplicitDependencyGeneratePcm arm64_32 /Users/admin/builder/spi-builder-workspace/.derivedData/SDKExplicitPrecompiledModules/_Builtin_stdbool-A967K8W8YUYEC9SN52KJ7OO88.pcm
SwiftExplicitDependencyGeneratePcm arm64_32 /Users/admin/builder/spi-builder-workspace/.derivedData/SDKExplicitPrecompiledModules/_Builtin_float-6KO8O3PEWRCA4WC6PPLOYO6WJ.pcm
SwiftExplicitDependencyGeneratePcm arm64_32 /Users/admin/builder/spi-builder-workspace/.derivedData/SDKExplicitPrecompiledModules/SwiftShims-9CQQGWTSNTN9EB5NSHDWUJICH.pcm
SwiftExplicitDependencyGeneratePcm arm64_32 /Users/admin/builder/spi-builder-workspace/.derivedData/SDKExplicitPrecompiledModules/ptrauth-BFXF358ME5AK535N5A9Z766WU.pcm
SwiftExplicitDependencyGeneratePcm arm64 /Users/admin/builder/spi-builder-workspace/.derivedData/SDKExplicitPrecompiledModules/_DarwinFoundation1-7SPX3MD0HMP55E4OLNCPNDQ53.pcm
SwiftExplicitDependencyGeneratePcm arm64_32 /Users/admin/builder/spi-builder-workspace/.derivedData/SDKExplicitPrecompiledModules/_DarwinFoundation1-2GWF9RFMPLQW4PDHS3NARVI3G.pcm
SwiftExplicitDependencyGeneratePcm arm64 /Users/admin/builder/spi-builder-workspace/.derivedData/SDKExplicitPrecompiledModules/_DarwinFoundation2-D0XAPJU49S5E9XMKYOFGSTB1Q.pcm
SwiftExplicitDependencyGeneratePcm arm64 /Users/admin/builder/spi-builder-workspace/.derivedData/SDKExplicitPrecompiledModules/_Builtin_limits-9GWPA2B0H20DYUNYHYCWKABJG.pcm
SwiftExplicitDependencyGeneratePcm arm64_32 /Users/admin/builder/spi-builder-workspace/.derivedData/SDKExplicitPrecompiledModules/_Builtin_limits-3VKBU2AFTD65PAJZ5CJ3LHFM2.pcm
SwiftExplicitDependencyGeneratePcm arm64_32 /Users/admin/builder/spi-builder-workspace/.derivedData/SDKExplicitPrecompiledModules/_DarwinFoundation2-9MY8GOSYRO0M9MKNXF6D3MBNK.pcm
SwiftExplicitDependencyGeneratePcm arm64 /Users/admin/builder/spi-builder-workspace/.derivedData/SDKExplicitPrecompiledModules/sys_types-2KXQLI78OUCDP779AE68GZJ2.pcm
SwiftExplicitDependencyGeneratePcm arm64 /Users/admin/builder/spi-builder-workspace/.derivedData/SDKExplicitPrecompiledModules/_Builtin_stdint-8XMILLJZEGRN2XG7XZUXZ5RLX.pcm
SwiftExplicitDependencyGeneratePcm arm64 /Users/admin/builder/spi-builder-workspace/.derivedData/SDKExplicitPrecompiledModules/string_h-E6PRXK75PHIPCZFWOFCQ3QBMK.pcm
SwiftExplicitDependencyGeneratePcm arm64_32 /Users/admin/builder/spi-builder-workspace/.derivedData/SDKExplicitPrecompiledModules/_Builtin_stdint-1HMXWI3V0V4TXHRWZOMZGZ80Y.pcm
SwiftExplicitDependencyGeneratePcm arm64_32 /Users/admin/builder/spi-builder-workspace/.derivedData/SDKExplicitPrecompiledModules/string_h-BFVLUQUSBZWYMLCU9QI7VZALW.pcm
SwiftExplicitDependencyGeneratePcm arm64_32 /Users/admin/builder/spi-builder-workspace/.derivedData/SDKExplicitPrecompiledModules/sys_types-8TLLMW08ZJWDGIIPKOYFGHHZW.pcm
SwiftExplicitDependencyGeneratePcm arm64 /Users/admin/builder/spi-builder-workspace/.derivedData/SDKExplicitPrecompiledModules/_DarwinFoundation3-B97LRG0E9GON2NUE65TVG81HU.pcm
SwiftExplicitDependencyGeneratePcm arm64 /Users/admin/builder/spi-builder-workspace/.derivedData/SDKExplicitPrecompiledModules/_Builtin_stdatomic-7JEFA3KBJJJN6TKJWY3OG1VG5.pcm
SwiftExplicitDependencyGeneratePcm arm64_32 /Users/admin/builder/spi-builder-workspace/.derivedData/SDKExplicitPrecompiledModules/_Builtin_stdatomic-1TY035TURL76BF2U98PZPPZRX.pcm
SwiftExplicitDependencyGeneratePcm arm64_32 /Users/admin/builder/spi-builder-workspace/.derivedData/SDKExplicitPrecompiledModules/_DarwinFoundation3-3DUTYQDQSD9HUAAVY947NMWOI.pcm
SwiftExplicitDependencyGeneratePcm arm64 /Users/admin/builder/spi-builder-workspace/.derivedData/SDKExplicitPrecompiledModules/_Builtin_inttypes-3UQSCM7WNM9EK4HZML8TY5J3D.pcm
SwiftExplicitDependencyGeneratePcm arm64_32 /Users/admin/builder/spi-builder-workspace/.derivedData/SDKExplicitPrecompiledModules/_Builtin_inttypes-D2KPCR4PEX9AQA33NGLUT5SBR.pcm
SwiftExplicitDependencyGeneratePcm arm64 /Users/admin/builder/spi-builder-workspace/.derivedData/SDKExplicitPrecompiledModules/Darwin-3984OXKFNSPE77NT743WK8SEX.pcm
SwiftExplicitDependencyGeneratePcm arm64_32 /Users/admin/builder/spi-builder-workspace/.derivedData/SDKExplicitPrecompiledModules/Darwin-3FVT1SKLN2ZQ5RVOABMTQBB34.pcm
SwiftExplicitDependencyGeneratePcm arm64 /Users/admin/builder/spi-builder-workspace/.derivedData/SDKExplicitPrecompiledModules/MachO-2U90NNSAQILBNBPS1SA4F8TYP.pcm
SwiftExplicitDependencyGeneratePcm arm64 /Users/admin/builder/spi-builder-workspace/.derivedData/SDKExplicitPrecompiledModules/ObjectiveC-72IVD3VS2RS8Q28D9PIMY0KQP.pcm
SwiftExplicitDependencyGeneratePcm arm64_32 /Users/admin/builder/spi-builder-workspace/.derivedData/SDKExplicitPrecompiledModules/MachO-56838ZJ0NC1EBAJ0O6O8QMPDX.pcm
SwiftExplicitDependencyGeneratePcm arm64_32 /Users/admin/builder/spi-builder-workspace/.derivedData/SDKExplicitPrecompiledModules/ObjectiveC-6IJNELR2E80E7LUKESVCP2KET.pcm
SwiftExplicitDependencyGeneratePcm arm64 /Users/admin/builder/spi-builder-workspace/.derivedData/SDKExplicitPrecompiledModules/os_object-3SDKD7F87FTZ26OON37DRYT6O.pcm
SwiftExplicitDependencyGeneratePcm arm64_32 /Users/admin/builder/spi-builder-workspace/.derivedData/SDKExplicitPrecompiledModules/os_object-5YWTC6L4756IWSTPGXS5NM0D0.pcm
SwiftExplicitDependencyGeneratePcm arm64 /Users/admin/builder/spi-builder-workspace/.derivedData/SDKExplicitPrecompiledModules/os_workgroup-89GG5G7YC2D0ZTK6AZXXQ20DH.pcm
SwiftExplicitDependencyGeneratePcm arm64_32 /Users/admin/builder/spi-builder-workspace/.derivedData/SDKExplicitPrecompiledModules/os_workgroup-5JHTPDMNBUNHLJI8LPHKQK1JK.pcm
SwiftExplicitDependencyGeneratePcm arm64 /Users/admin/builder/spi-builder-workspace/.derivedData/SDKExplicitPrecompiledModules/Dispatch-1NLJOVAK60XP0DUB05XA59EIM.pcm
SwiftExplicitDependencyGeneratePcm arm64_32 /Users/admin/builder/spi-builder-workspace/.derivedData/SDKExplicitPrecompiledModules/Dispatch-2P62F1T4XV63S4P99TUDTOK2Q.pcm
SwiftExplicitDependencyGeneratePcm arm64 /Users/admin/builder/spi-builder-workspace/.derivedData/SDKExplicitPrecompiledModules/XPC-40DR0X1DHKGCV4J1IOLFS8MOU.pcm
SwiftExplicitDependencyGeneratePcm arm64 /Users/admin/builder/spi-builder-workspace/.derivedData/SDKExplicitPrecompiledModules/CoreFoundation-8T2L24YC5NU7WO6WQJWRY7W08.pcm
SwiftExplicitDependencyGeneratePcm arm64_32 /Users/admin/builder/spi-builder-workspace/.derivedData/SDKExplicitPrecompiledModules/XPC-81Y45QFY96XYYFCW2GT6FY8S4.pcm
SwiftExplicitDependencyGeneratePcm arm64_32 /Users/admin/builder/spi-builder-workspace/.derivedData/SDKExplicitPrecompiledModules/CoreFoundation-8E6Y4BA3EXYKUGJ24GT9LGV3N.pcm
SwiftExplicitDependencyGeneratePcm arm64 /Users/admin/builder/spi-builder-workspace/.derivedData/SDKExplicitPrecompiledModules/os-5DIL6Z9LFIGLMZAHM7X2T5435.pcm
SwiftExplicitDependencyGeneratePcm arm64_32 /Users/admin/builder/spi-builder-workspace/.derivedData/SDKExplicitPrecompiledModules/os-E5IGB442IA6SBB25TTCOLK2OC.pcm
SwiftExplicitDependencyGeneratePcm arm64 /Users/admin/builder/spi-builder-workspace/.derivedData/SDKExplicitPrecompiledModules/Security-6RZ6YBRU8WCUHRFFRVUK5WKMM.pcm
SwiftExplicitDependencyGeneratePcm arm64_32 /Users/admin/builder/spi-builder-workspace/.derivedData/SDKExplicitPrecompiledModules/Security-D7TOWF88VWF67TB9HAFP5UWB1.pcm
SwiftExplicitDependencyGeneratePcm arm64 /Users/admin/builder/spi-builder-workspace/.derivedData/SDKExplicitPrecompiledModules/Foundation-DLBKUSGXN8QHAT8W0OARR9S8A.pcm
SwiftExplicitDependencyGeneratePcm arm64_32 /Users/admin/builder/spi-builder-workspace/.derivedData/SDKExplicitPrecompiledModules/Foundation-BJ2VQGI3OGR34500MEQ1VKHPH.pcm
SwiftCompile normal arm64 Compiling\ Double+Extensions.swift /Users/admin/builder/spi-builder-workspace/.dependencies/checkouts/SwiftFoundationExtensions/Sources/SwiftFoundationExtensions/Numeric/Double+Extensions.swift (in target 'SwiftFoundationExtensions' from project 'SwiftFoundationExtensions')
SwiftCompile normal arm64 /Users/admin/builder/spi-builder-workspace/.dependencies/checkouts/SwiftFoundationExtensions/Sources/SwiftFoundationExtensions/Numeric/Double+Extensions.swift (in target 'SwiftFoundationExtensions' from project 'SwiftFoundationExtensions')
    cd /Users/admin/builder/spi-builder-workspace/.swiftpm/xcode
    builtin-SwiftPerFileCompile Double+Extensions.swift
SwiftEmitModule normal arm64 Emitting\ module\ for\ SwiftFoundationExtensions (in target 'SwiftFoundationExtensions' from project 'SwiftFoundationExtensions')
SwiftCompile normal arm64 (in target 'SwiftFoundationExtensions' from project 'SwiftFoundationExtensions')
    cd /Users/admin/builder/spi-builder-workspace/.swiftpm/xcode

SwiftCompile normal arm64 Compiling\ Dictionary+Extensions.swift,\ EnumeratedSequence+Extensions.swift /Users/admin/builder/spi-builder-workspace/.dependencies/checkouts/SwiftFoundationExtensions/Sources/SwiftFoundationExtensions/Collections/Dictionary+Extensions.swift /Users/admin/builder/spi-builder-workspace/.dependencies/checkouts/SwiftFoundationExtensions/Sources/SwiftFoundationExtensions/Collections/EnumeratedSequence+Extensions.swift (in target 'SwiftFoundationExtensions' from project 'SwiftFoundationExtensions')
SwiftCompile normal arm64 /Users/admin/builder/spi-builder-workspace/.dependencies/checkouts/SwiftFoundationExtensions/Sources/SwiftFoundationExtensions/Collections/Dictionary+Extensions.swift (in target 'SwiftFoundationExtensions' from project 'SwiftFoundationExtensions')
    cd /Users/admin/builder/spi-builder-workspace/.swiftpm/xcode
    builtin-SwiftPerFileCompile Dictionary+Extensions.swift
SwiftCompile normal arm64 /Users/admin/builder/spi-builder-workspace/.dependencies/checkouts/SwiftFoundationExtensions/Sources/SwiftFoundationExtensions/Collections/EnumeratedSequence+Extensions.swift (in target 'SwiftFoundationExtensions' from project 'SwiftFoundationExtensions')
    cd /Users/admin/builder/spi-builder-workspace/.swiftpm/xcode
    builtin-SwiftPerFileCompile EnumeratedSequence+Extensions.swift
SwiftCompile normal arm64 Compiling\ BundleInformation.swift /Users/admin/builder/spi-builder-workspace/.dependencies/checkouts/SwiftFoundationExtensions/Sources/SwiftFoundationExtensions/Information/BundleInformation.swift (in target 'SwiftFoundationExtensions' from project 'SwiftFoundationExtensions')
SwiftCompile normal arm64 /Users/admin/builder/spi-builder-workspace/.dependencies/checkouts/SwiftFoundationExtensions/Sources/SwiftFoundationExtensions/Information/BundleInformation.swift (in target 'SwiftFoundationExtensions' from project 'SwiftFoundationExtensions')
    cd /Users/admin/builder/spi-builder-workspace/.swiftpm/xcode
    builtin-SwiftPerFileCompile BundleInformation.swift
SwiftCompile normal arm64 Compiling\ Comparable+Extensions.swift /Users/admin/builder/spi-builder-workspace/.dependencies/checkouts/SwiftFoundationExtensions/Sources/SwiftFoundationExtensions/Numeric/Comparable+Extensions.swift (in target 'SwiftFoundationExtensions' from project 'SwiftFoundationExtensions')
SwiftCompile normal arm64 /Users/admin/builder/spi-builder-workspace/.dependencies/checkouts/SwiftFoundationExtensions/Sources/SwiftFoundationExtensions/Numeric/Comparable+Extensions.swift (in target 'SwiftFoundationExtensions' from project 'SwiftFoundationExtensions')
    cd /Users/admin/builder/spi-builder-workspace/.swiftpm/xcode
    builtin-SwiftPerFileCompile Comparable+Extensions.swift
SwiftCompile normal arm64 Compiling\ AsyncSequence+Extensions.swift,\ Collection+Extensions.swift /Users/admin/builder/spi-builder-workspace/.dependencies/checkouts/SwiftFoundationExtensions/Sources/SwiftFoundationExtensions/Collections/AsyncSequence+Extensions.swift /Users/admin/builder/spi-builder-workspace/.dependencies/checkouts/SwiftFoundationExtensions/Sources/SwiftFoundationExtensions/Collections/Collection+Extensions.swift (in target 'SwiftFoundationExtensions' from project 'SwiftFoundationExtensions')
SwiftCompile normal arm64 /Users/admin/builder/spi-builder-workspace/.dependencies/checkouts/SwiftFoundationExtensions/Sources/SwiftFoundationExtensions/Collections/AsyncSequence+Extensions.swift (in target 'SwiftFoundationExtensions' from project 'SwiftFoundationExtensions')
    cd /Users/admin/builder/spi-builder-workspace/.swiftpm/xcode
    builtin-SwiftPerFileCompile AsyncSequence+Extensions.swift
SwiftCompile normal arm64 /Users/admin/builder/spi-builder-workspace/.dependencies/checkouts/SwiftFoundationExtensions/Sources/SwiftFoundationExtensions/Collections/Collection+Extensions.swift (in target 'SwiftFoundationExtensions' from project 'SwiftFoundationExtensions')
    cd /Users/admin/builder/spi-builder-workspace/.swiftpm/xcode
    builtin-SwiftPerFileCompile Collection+Extensions.swift
SwiftCompile normal arm64 Compiling\ ErrorWithTrace.swift /Users/admin/builder/spi-builder-workspace/.dependencies/checkouts/SwiftFoundationExtensions/Sources/SwiftFoundationExtensions/Logging/ErrorWithTrace.swift (in target 'SwiftFoundationExtensions' from project 'SwiftFoundationExtensions')
SwiftCompile normal arm64 /Users/admin/builder/spi-builder-workspace/.dependencies/checkouts/SwiftFoundationExtensions/Sources/SwiftFoundationExtensions/Logging/ErrorWithTrace.swift (in target 'SwiftFoundationExtensions' from project 'SwiftFoundationExtensions')
    cd /Users/admin/builder/spi-builder-workspace/.swiftpm/xcode
    builtin-SwiftPerFileCompile ErrorWithTrace.swift
SwiftCompile normal arm64 Compiling\ ElapsedTimer.swift /Users/admin/builder/spi-builder-workspace/.dependencies/checkouts/SwiftFoundationExtensions/Sources/SwiftFoundationExtensions/Information/ElapsedTimer.swift (in target 'SwiftFoundationExtensions' from project 'SwiftFoundationExtensions')
SwiftCompile normal arm64 /Users/admin/builder/spi-builder-workspace/.dependencies/checkouts/SwiftFoundationExtensions/Sources/SwiftFoundationExtensions/Information/ElapsedTimer.swift (in target 'SwiftFoundationExtensions' from project 'SwiftFoundationExtensions')
    cd /Users/admin/builder/spi-builder-workspace/.swiftpm/xcode
    builtin-SwiftPerFileCompile ElapsedTimer.swift
SwiftCompile normal arm64 Compiling\ Sequence+Extensions.swift,\ Date+Extensions.swift /Users/admin/builder/spi-builder-workspace/.dependencies/checkouts/SwiftFoundationExtensions/Sources/SwiftFoundationExtensions/Collections/Sequence+Extensions.swift /Users/admin/builder/spi-builder-workspace/.dependencies/checkouts/SwiftFoundationExtensions/Sources/SwiftFoundationExtensions/Dates/Date+Extensions.swift (in target 'SwiftFoundationExtensions' from project 'SwiftFoundationExtensions')
SwiftCompile normal arm64 /Users/admin/builder/spi-builder-workspace/.dependencies/checkouts/SwiftFoundationExtensions/Sources/SwiftFoundationExtensions/Collections/Sequence+Extensions.swift (in target 'SwiftFoundationExtensions' from project 'SwiftFoundationExtensions')
    cd /Users/admin/builder/spi-builder-workspace/.swiftpm/xcode
    builtin-SwiftPerFileCompile Sequence+Extensions.swift
SwiftCompile normal arm64 /Users/admin/builder/spi-builder-workspace/.dependencies/checkouts/SwiftFoundationExtensions/Sources/SwiftFoundationExtensions/Dates/Date+Extensions.swift (in target 'SwiftFoundationExtensions' from project 'SwiftFoundationExtensions')
    cd /Users/admin/builder/spi-builder-workspace/.swiftpm/xcode
    builtin-SwiftPerFileCompile Date+Extensions.swift
SwiftCompile normal arm64 Compiling\ Error+Extensions.swift /Users/admin/builder/spi-builder-workspace/.dependencies/checkouts/SwiftFoundationExtensions/Sources/SwiftFoundationExtensions/Logging/Error+Extensions.swift (in target 'SwiftFoundationExtensions' from project 'SwiftFoundationExtensions')
SwiftCompile normal arm64 /Users/admin/builder/spi-builder-workspace/.dependencies/checkouts/SwiftFoundationExtensions/Sources/SwiftFoundationExtensions/Logging/Error+Extensions.swift (in target 'SwiftFoundationExtensions' from project 'SwiftFoundationExtensions')
    cd /Users/admin/builder/spi-builder-workspace/.swiftpm/xcode
    builtin-SwiftPerFileCompile Error+Extensions.swift
SwiftEmitModule normal arm64_32 Emitting\ module\ for\ SwiftFoundationExtensions (in target 'SwiftFoundationExtensions' from project 'SwiftFoundationExtensions')
SwiftCompile normal arm64_32 (in target 'SwiftFoundationExtensions' from project 'SwiftFoundationExtensions')
    cd /Users/admin/builder/spi-builder-workspace/.swiftpm/xcode

SwiftDriverJobDiscovery normal arm64 Emitting module for SwiftFoundationExtensions (in target 'SwiftFoundationExtensions' from project 'SwiftFoundationExtensions')
SwiftDriver\ Compilation\ Requirements SwiftFoundationExtensions normal arm64 com.apple.xcode.tools.swift.compiler (in target 'SwiftFoundationExtensions' from project 'SwiftFoundationExtensions')
    cd /Users/admin/builder/spi-builder-workspace/.swiftpm/xcode
    builtin-Swift-Compilation-Requirements -- /Applications/Xcode-27.0.0-Release.Candidate.app/Contents/Developer/Toolchains/XcodeDefault.xctoolchain/usr/bin/swiftc -parse-as-library -module-name SwiftFoundationExtensions -Onone @/Users/admin/builder/spi-builder-workspace/.derivedData/Build/Intermediates.noindex/SwiftFoundationExtensions.build/Debug-watchos/SwiftFoundationExtensions-t.build/Objects-normal/arm64/SwiftFoundationExtensions.SwiftFileList -DSWIFT_PACKAGE -DDEBUG -DSWIFT_MODULE_RESOURCE_BUNDLE_UNAVAILABLE -DXcode -plugin-path /Applications/Xcode-27.0.0-Release.Candidate.app/Contents/Developer/Toolchains/XcodeDefault.xctoolchain/usr/lib/swift/host/plugins/testing -enable-experimental-feature DebugDescriptionMacro -sdk /Applications/Xcode-27.0.0-Release.Candidate.app/Contents/Developer/Platforms/WatchOS.platform/Developer/SDKs/WatchOS27.0.sdk -target arm64-apple-watchos9.0 -g -module-cache-path /Users/admin/builder/spi-builder-workspace/.derivedData/ModuleCache.noindex -Xfrontend -serialize-debugging-options -enable-testing -suppress-warnings -index-store-path /Users/admin/builder/spi-builder-workspace/.derivedData/Index.noindex/DataStore -Xcc -D_LIBCPP_HARDENING_MODE\=_LIBCPP_HARDENING_MODE_DEBUG -swift-version 5 -I /Users/admin/builder/spi-builder-workspace/.derivedData/Build/Products/Debug-watchos -Isystem /Applications/Xcode-27.0.0-Release.Candidate.app/Contents/Developer/Platforms/WatchOS.platform/Developer/usr/lib -F /Users/admin/builder/spi-builder-workspace/.derivedData/Build/Products/Debug-watchos -F /Applications/Xcode-27.0.0-Release.Candidate.app/Contents/Developer/Platforms/WatchOS.platform/Developer/Library/Frameworks -F /Applications/Xcode-27.0.0-Release.Candidate.app/Contents/Developer/Platforms/WatchOS.platform/Developer/SDKs/WatchOS27.0.sdk/Developer/Library/Frameworks -c -j10 -enable-batch-mode -incremental -Xcc -ivfsstatcache -Xcc /Users/admin/builder/spi-builder-workspace/.derivedData/SDKStatCaches.noindex/watchos27.0-24R360-e829b21a6f8c9b70876ba0858053c04477534ef55a1706bf4c1112bbb242f0a2.sdkstatcache -output-file-map /Users/admin/builder/spi-builder-workspace/.derivedData/Build/Intermediates.noindex/SwiftFoundationExtensions.build/Debug-watchos/SwiftFoundationExtensions-t.build/Objects-normal/arm64/SwiftFoundationExtensions-OutputFileMap.json -save-temps -no-color-diagnostics -explicit-module-build -module-cache-path /Users/admin/builder/spi-builder-workspace/.derivedData/Build/Intermediates.noindex/SwiftExplicitPrecompiledModules -clang-scanner-module-cache-path /Users/admin/builder/spi-builder-workspace/.derivedData/ModuleCache.noindex -sdk-module-cache-path /Users/admin/builder/spi-builder-workspace/.derivedData/SDKExplicitPrecompiledModules -emit-dependencies -emit-module -emit-module-path /Users/admin/builder/spi-builder-workspace/.derivedData/Build/Intermediates.noindex/SwiftFoundationExtensions.build/Debug-watchos/SwiftFoundationExtensions-t.build/Objects-normal/arm64/SwiftFoundationExtensions.swiftmodule -serialize-diagnostics -dependency-scan-serialize-diagnostics-path /Users/admin/builder/spi-builder-workspace/.derivedData/Build/Intermediates.noindex/SwiftFoundationExtensions.build/Debug-watchos/SwiftFoundationExtensions-t.build/Objects-normal/arm64/SwiftFoundationExtensions-dependency-scan.dia -validate-clang-modules-once -clang-build-session-file /Users/admin/builder/spi-builder-workspace/.derivedData/ModuleCache.noindex/Session.modulevalidation -Xcc -fmodules-prune-interval\=86400 -Xcc -fmodules-prune-after\=345600 -emit-const-values -const-gather-protocols-list /Users/admin/builder/spi-builder-workspace/.derivedData/Build/Intermediates.noindex/SwiftFoundationExtensions.build/Debug-watchos/SwiftFoundationExtensions-t.build/Objects-normal/arm64/SwiftFoundationExtensions_const_extract_protocols.json -Xcc -I/Users/admin/builder/spi-builder-workspace/.derivedData/Build/Products/Debug-watchos/include -Xcc -I/Users/admin/builder/spi-builder-workspace/.derivedData/Build/Intermediates.noindex/SwiftFoundationExtensions.build/Debug-watchos/SwiftFoundationExtensions-t.build/DerivedSources-normal/arm64 -Xcc -I/Users/admin/builder/spi-builder-workspace/.derivedData/Build/Intermediates.noindex/SwiftFoundationExtensions.build/Debug-watchos/SwiftFoundationExtensions-t.build/DerivedSources/arm64 -Xcc -I/Users/admin/builder/spi-builder-workspace/.derivedData/Build/Intermediates.noindex/SwiftFoundationExtensions.build/Debug-watchos/SwiftFoundationExtensions-t.build/DerivedSources -Xcc -DSWIFT_PACKAGE -Xcc -DDEBUG\=1 -emit-objc-header -emit-objc-header-path /Users/admin/builder/spi-builder-workspace/.derivedData/Build/Intermediates.noindex/SwiftFoundationExtensions.build/Debug-watchos/SwiftFoundationExtensions-t.build/Objects-normal/arm64/SwiftFoundationExtensions-Swift.h -working-directory /Users/admin/builder/spi-builder-workspace/.swiftpm/xcode -experimental-emit-module-separately -disable-cmo
SwiftDriverJobDiscovery normal arm64_32 Emitting module for SwiftFoundationExtensions (in target 'SwiftFoundationExtensions' from project 'SwiftFoundationExtensions')
SwiftDriver\ Compilation\ Requirements SwiftFoundationExtensions normal arm64_32 com.apple.xcode.tools.swift.compiler (in target 'SwiftFoundationExtensions' from project 'SwiftFoundationExtensions')
    cd /Users/admin/builder/spi-builder-workspace/.swiftpm/xcode
    builtin-Swift-Compilation-Requirements -- /Applications/Xcode-27.0.0-Release.Candidate.app/Contents/Developer/Toolchains/XcodeDefault.xctoolchain/usr/bin/swiftc -parse-as-library -module-name SwiftFoundationExtensions -Onone @/Users/admin/builder/spi-builder-workspace/.derivedData/Build/Intermediates.noindex/SwiftFoundationExtensions.build/Debug-watchos/SwiftFoundationExtensions-t.build/Objects-normal/arm64_32/SwiftFoundationExtensions.SwiftFileList -DSWIFT_PACKAGE -DDEBUG -DSWIFT_MODULE_RESOURCE_BUNDLE_UNAVAILABLE -DXcode -plugin-path /Applications/Xcode-27.0.0-Release.Candidate.app/Contents/Developer/Toolchains/XcodeDefault.xctoolchain/usr/lib/swift/host/plugins/testing -enable-experimental-feature DebugDescriptionMacro -sdk /Applications/Xcode-27.0.0-Release.Candidate.app/Contents/Developer/Platforms/WatchOS.platform/Developer/SDKs/WatchOS27.0.sdk -target arm64_32-apple-watchos9.0 -g -module-cache-path /Users/admin/builder/spi-builder-workspace/.derivedData/ModuleCache.noindex -Xfrontend -serialize-debugging-options -enable-testing -suppress-warnings -index-store-path /Users/admin/builder/spi-builder-workspace/.derivedData/Index.noindex/DataStore -Xcc -D_LIBCPP_HARDENING_MODE\=_LIBCPP_HARDENING_MODE_DEBUG -swift-version 5 -I /Users/admin/builder/spi-builder-workspace/.derivedData/Build/Products/Debug-watchos -Isystem /Applications/Xcode-27.0.0-Release.Candidate.app/Contents/Developer/Platforms/WatchOS.platform/Developer/usr/lib -F /Users/admin/builder/spi-builder-workspace/.derivedData/Build/Products/Debug-watchos -F /Applications/Xcode-27.0.0-Release.Candidate.app/Contents/Developer/Platforms/WatchOS.platform/Developer/Library/Frameworks -F /Applications/Xcode-27.0.0-Release.Candidate.app/Contents/Developer/Platforms/WatchOS.platform/Developer/SDKs/WatchOS27.0.sdk/Developer/Library/Frameworks -c -j10 -enable-batch-mode -incremental -Xcc -ivfsstatcache -Xcc /Users/admin/builder/spi-builder-workspace/.derivedData/SDKStatCaches.noindex/watchos27.0-24R360-e829b21a6f8c9b70876ba0858053c04477534ef55a1706bf4c1112bbb242f0a2.sdkstatcache -output-file-map /Users/admin/builder/spi-builder-workspace/.derivedData/Build/Intermediates.noindex/SwiftFoundationExtensions.build/Debug-watchos/SwiftFoundationExtensions-t.build/Objects-normal/arm64_32/SwiftFoundationExtensions-OutputFileMap.json -save-temps -no-color-diagnostics -explicit-module-build -module-cache-path /Users/admin/builder/spi-builder-workspace/.derivedData/Build/Intermediates.noindex/SwiftExplicitPrecompiledModules -clang-scanner-module-cache-path /Users/admin/builder/spi-builder-workspace/.derivedData/ModuleCache.noindex -sdk-module-cache-path /Users/admin/builder/spi-builder-workspace/.derivedData/SDKExplicitPrecompiledModules -emit-dependencies -emit-module -emit-module-path /Users/admin/builder/spi-builder-workspace/.derivedData/Build/Intermediates.noindex/SwiftFoundationExtensions.build/Debug-watchos/SwiftFoundationExtensions-t.build/Objects-normal/arm64_32/SwiftFoundationExtensions.swiftmodule -serialize-diagnostics -dependency-scan-serialize-diagnostics-path /Users/admin/builder/spi-builder-workspace/.derivedData/Build/Intermediates.noindex/SwiftFoundationExtensions.build/Debug-watchos/SwiftFoundationExtensions-t.build/Objects-normal/arm64_32/SwiftFoundationExtensions-dependency-scan.dia -validate-clang-modules-once -clang-build-session-file /Users/admin/builder/spi-builder-workspace/.derivedData/ModuleCache.noindex/Session.modulevalidation -Xcc -fmodules-prune-interval\=86400 -Xcc -fmodules-prune-after\=345600 -emit-const-values -const-gather-protocols-list /Users/admin/builder/spi-builder-workspace/.derivedData/Build/Intermediates.noindex/SwiftFoundationExtensions.build/Debug-watchos/SwiftFoundationExtensions-t.build/Objects-normal/arm64_32/SwiftFoundationExtensions_const_extract_protocols.json -Xcc -I/Users/admin/builder/spi-builder-workspace/.derivedData/Build/Products/Debug-watchos/include -Xcc -I/Users/admin/builder/spi-builder-workspace/.derivedData/Build/Intermediates.noindex/SwiftFoundationExtensions.build/Debug-watchos/SwiftFoundationExtensions-t.build/DerivedSources-normal/arm64_32 -Xcc -I/Users/admin/builder/spi-builder-workspace/.derivedData/Build/Intermediates.noindex/SwiftFoundationExtensions.build/Debug-watchos/SwiftFoundationExtensions-t.build/DerivedSources/arm64_32 -Xcc -I/Users/admin/builder/spi-builder-workspace/.derivedData/Build/Intermediates.noindex/SwiftFoundationExtensions.build/Debug-watchos/SwiftFoundationExtensions-t.build/DerivedSources -Xcc -DSWIFT_PACKAGE -Xcc -DDEBUG\=1 -emit-objc-header -emit-objc-header-path /Users/admin/builder/spi-builder-workspace/.derivedData/Build/Intermediates.noindex/SwiftFoundationExtensions.build/Debug-watchos/SwiftFoundationExtensions-t.build/Objects-normal/arm64_32/SwiftFoundationExtensions-Swift.h -working-directory /Users/admin/builder/spi-builder-workspace/.swiftpm/xcode -experimental-emit-module-separately -disable-cmo
Copy /Users/admin/builder/spi-builder-workspace/.derivedData/Build/Products/Debug-watchos/SwiftFoundationExtensions.swiftmodule/arm64-apple-watchos.swiftmodule /Users/admin/builder/spi-builder-workspace/.derivedData/Build/Intermediates.noindex/SwiftFoundationExtensions.build/Debug-watchos/SwiftFoundationExtensions-t.build/Objects-normal/arm64/SwiftFoundationExtensions.swiftmodule (in target 'SwiftFoundationExtensions' from project 'SwiftFoundationExtensions')
    cd /Users/admin/builder/spi-builder-workspace/.dependencies/checkouts/SwiftFoundationExtensions
    builtin-copy -exclude .DS_Store -exclude CVS -exclude .svn -exclude .git -exclude .hg -resolve-src-symlinks -rename /Users/admin/builder/spi-builder-workspace/.derivedData/Build/Intermediates.noindex/SwiftFoundationExtensions.build/Debug-watchos/SwiftFoundationExtensions-t.build/Objects-normal/arm64/SwiftFoundationExtensions.swiftmodule /Users/admin/builder/spi-builder-workspace/.derivedData/Build/Products/Debug-watchos/SwiftFoundationExtensions.swiftmodule/arm64-apple-watchos.swiftmodule
SwiftMergeGeneratedHeaders /Users/admin/builder/spi-builder-workspace/.derivedData/Build/Intermediates.noindex/GeneratedModuleMaps-watchos/SwiftFoundationExtensions-Swift.h /Users/admin/builder/spi-builder-workspace/.derivedData/Build/Intermediates.noindex/SwiftFoundationExtensions.build/Debug-watchos/SwiftFoundationExtensions-t.build/Objects-normal/arm64/SwiftFoundationExtensions-Swift.h /Users/admin/builder/spi-builder-workspace/.derivedData/Build/Intermediates.noindex/SwiftFoundationExtensions.build/Debug-watchos/SwiftFoundationExtensions-t.build/Objects-normal/arm64_32/SwiftFoundationExtensions-Swift.h (in target 'SwiftFoundationExtensions' from project 'SwiftFoundationExtensions')
    cd /Users/admin/builder/spi-builder-workspace/.dependencies/checkouts/SwiftFoundationExtensions
    builtin-swiftHeaderTool -arch arm64 /Users/admin/builder/spi-builder-workspace/.derivedData/Build/Intermediates.noindex/SwiftFoundationExtensions.build/Debug-watchos/SwiftFoundationExtensions-t.build/Objects-normal/arm64/SwiftFoundationExtensions-Swift.h -arch arm64_32 /Users/admin/builder/spi-builder-workspace/.derivedData/Build/Intermediates.noindex/SwiftFoundationExtensions.build/Debug-watchos/SwiftFoundationExtensions-t.build/Objects-normal/arm64_32/SwiftFoundationExtensions-Swift.h -o /Users/admin/builder/spi-builder-workspace/.derivedData/Build/Intermediates.noindex/GeneratedModuleMaps-watchos/SwiftFoundationExtensions-Swift.h
Copy /Users/admin/builder/spi-builder-workspace/.derivedData/Build/Products/Debug-watchos/SwiftFoundationExtensions.swiftmodule/arm64_32-apple-watchos.swiftmodule /Users/admin/builder/spi-builder-workspace/.derivedData/Build/Intermediates.noindex/SwiftFoundationExtensions.build/Debug-watchos/SwiftFoundationExtensions-t.build/Objects-normal/arm64_32/SwiftFoundationExtensions.swiftmodule (in target 'SwiftFoundationExtensions' from project 'SwiftFoundationExtensions')
    cd /Users/admin/builder/spi-builder-workspace/.dependencies/checkouts/SwiftFoundationExtensions
    builtin-copy -exclude .DS_Store -exclude CVS -exclude .svn -exclude .git -exclude .hg -resolve-src-symlinks -rename /Users/admin/builder/spi-builder-workspace/.derivedData/Build/Intermediates.noindex/SwiftFoundationExtensions.build/Debug-watchos/SwiftFoundationExtensions-t.build/Objects-normal/arm64_32/SwiftFoundationExtensions.swiftmodule /Users/admin/builder/spi-builder-workspace/.derivedData/Build/Products/Debug-watchos/SwiftFoundationExtensions.swiftmodule/arm64_32-apple-watchos.swiftmodule
Copy /Users/admin/builder/spi-builder-workspace/.derivedData/Build/Products/Debug-watchos/SwiftFoundationExtensions.swiftmodule/arm64_32-apple-watchos.swiftdoc /Users/admin/builder/spi-builder-workspace/.derivedData/Build/Intermediates.noindex/SwiftFoundationExtensions.build/Debug-watchos/SwiftFoundationExtensions-t.build/Objects-normal/arm64_32/SwiftFoundationExtensions.swiftdoc (in target 'SwiftFoundationExtensions' from project 'SwiftFoundationExtensions')
    cd /Users/admin/builder/spi-builder-workspace/.dependencies/checkouts/SwiftFoundationExtensions
    builtin-copy -exclude .DS_Store -exclude CVS -exclude .svn -exclude .git -exclude .hg -resolve-src-symlinks -rename /Users/admin/builder/spi-builder-workspace/.derivedData/Build/Intermediates.noindex/SwiftFoundationExtensions.build/Debug-watchos/SwiftFoundationExtensions-t.build/Objects-normal/arm64_32/SwiftFoundationExtensions.swiftdoc /Users/admin/builder/spi-builder-workspace/.derivedData/Build/Products/Debug-watchos/SwiftFoundationExtensions.swiftmodule/arm64_32-apple-watchos.swiftdoc
Copy /Users/admin/builder/spi-builder-workspace/.derivedData/Build/Products/Debug-watchos/SwiftFoundationExtensions.swiftmodule/arm64_32-apple-watchos.abi.json /Users/admin/builder/spi-builder-workspace/.derivedData/Build/Intermediates.noindex/SwiftFoundationExtensions.build/Debug-watchos/SwiftFoundationExtensions-t.build/Objects-normal/arm64_32/SwiftFoundationExtensions.abi.json (in target 'SwiftFoundationExtensions' from project 'SwiftFoundationExtensions')
    cd /Users/admin/builder/spi-builder-workspace/.dependencies/checkouts/SwiftFoundationExtensions
    builtin-copy -exclude .DS_Store -exclude CVS -exclude .svn -exclude .git -exclude .hg -resolve-src-symlinks -rename /Users/admin/builder/spi-builder-workspace/.derivedData/Build/Intermediates.noindex/SwiftFoundationExtensions.build/Debug-watchos/SwiftFoundationExtensions-t.build/Objects-normal/arm64_32/SwiftFoundationExtensions.abi.json /Users/admin/builder/spi-builder-workspace/.derivedData/Build/Products/Debug-watchos/SwiftFoundationExtensions.swiftmodule/arm64_32-apple-watchos.abi.json
Copy /Users/admin/builder/spi-builder-workspace/.derivedData/Build/Products/Debug-watchos/SwiftFoundationExtensions.swiftmodule/arm64-apple-watchos.swiftdoc /Users/admin/builder/spi-builder-workspace/.derivedData/Build/Intermediates.noindex/SwiftFoundationExtensions.build/Debug-watchos/SwiftFoundationExtensions-t.build/Objects-normal/arm64/SwiftFoundationExtensions.swiftdoc (in target 'SwiftFoundationExtensions' from project 'SwiftFoundationExtensions')
    cd /Users/admin/builder/spi-builder-workspace/.dependencies/checkouts/SwiftFoundationExtensions
    builtin-copy -exclude .DS_Store -exclude CVS -exclude .svn -exclude .git -exclude .hg -resolve-src-symlinks -rename /Users/admin/builder/spi-builder-workspace/.derivedData/Build/Intermediates.noindex/SwiftFoundationExtensions.build/Debug-watchos/SwiftFoundationExtensions-t.build/Objects-normal/arm64/SwiftFoundationExtensions.swiftdoc /Users/admin/builder/spi-builder-workspace/.derivedData/Build/Products/Debug-watchos/SwiftFoundationExtensions.swiftmodule/arm64-apple-watchos.swiftdoc
Copy /Users/admin/builder/spi-builder-workspace/.derivedData/Build/Products/Debug-watchos/SwiftFoundationExtensions.swiftmodule/arm64-apple-watchos.abi.json /Users/admin/builder/spi-builder-workspace/.derivedData/Build/Intermediates.noindex/SwiftFoundationExtensions.build/Debug-watchos/SwiftFoundationExtensions-t.build/Objects-normal/arm64/SwiftFoundationExtensions.abi.json (in target 'SwiftFoundationExtensions' from project 'SwiftFoundationExtensions')
    cd /Users/admin/builder/spi-builder-workspace/.dependencies/checkouts/SwiftFoundationExtensions
    builtin-copy -exclude .DS_Store -exclude CVS -exclude .svn -exclude .git -exclude .hg -resolve-src-symlinks -rename /Users/admin/builder/spi-builder-workspace/.derivedData/Build/Intermediates.noindex/SwiftFoundationExtensions.build/Debug-watchos/SwiftFoundationExtensions-t.build/Objects-normal/arm64/SwiftFoundationExtensions.abi.json /Users/admin/builder/spi-builder-workspace/.derivedData/Build/Products/Debug-watchos/SwiftFoundationExtensions.swiftmodule/arm64-apple-watchos.abi.json
Copy /Users/admin/builder/spi-builder-workspace/.derivedData/Build/Products/Debug-watchos/SwiftFoundationExtensions.swiftmodule/Project/arm64_32-apple-watchos.swiftsourceinfo /Users/admin/builder/spi-builder-workspace/.derivedData/Build/Intermediates.noindex/SwiftFoundationExtensions.build/Debug-watchos/SwiftFoundationExtensions-t.build/Objects-normal/arm64_32/SwiftFoundationExtensions.swiftsourceinfo (in target 'SwiftFoundationExtensions' from project 'SwiftFoundationExtensions')
    cd /Users/admin/builder/spi-builder-workspace/.dependencies/checkouts/SwiftFoundationExtensions
    builtin-copy -exclude .DS_Store -exclude CVS -exclude .svn -exclude .git -exclude .hg -resolve-src-symlinks -rename /Users/admin/builder/spi-builder-workspace/.derivedData/Build/Intermediates.noindex/SwiftFoundationExtensions.build/Debug-watchos/SwiftFoundationExtensions-t.build/Objects-normal/arm64_32/SwiftFoundationExtensions.swiftsourceinfo /Users/admin/builder/spi-builder-workspace/.derivedData/Build/Products/Debug-watchos/SwiftFoundationExtensions.swiftmodule/Project/arm64_32-apple-watchos.swiftsourceinfo
Copy /Users/admin/builder/spi-builder-workspace/.derivedData/Build/Products/Debug-watchos/SwiftFoundationExtensions.swiftmodule/Project/arm64-apple-watchos.swiftsourceinfo /Users/admin/builder/spi-builder-workspace/.derivedData/Build/Intermediates.noindex/SwiftFoundationExtensions.build/Debug-watchos/SwiftFoundationExtensions-t.build/Objects-normal/arm64/SwiftFoundationExtensions.swiftsourceinfo (in target 'SwiftFoundationExtensions' from project 'SwiftFoundationExtensions')
    cd /Users/admin/builder/spi-builder-workspace/.dependencies/checkouts/SwiftFoundationExtensions
    builtin-copy -exclude .DS_Store -exclude CVS -exclude .svn -exclude .git -exclude .hg -resolve-src-symlinks -rename /Users/admin/builder/spi-builder-workspace/.derivedData/Build/Intermediates.noindex/SwiftFoundationExtensions.build/Debug-watchos/SwiftFoundationExtensions-t.build/Objects-normal/arm64/SwiftFoundationExtensions.swiftsourceinfo /Users/admin/builder/spi-builder-workspace/.derivedData/Build/Products/Debug-watchos/SwiftFoundationExtensions.swiftmodule/Project/arm64-apple-watchos.swiftsourceinfo
SwiftCompile normal arm64_32 Compiling\ Double+Extensions.swift /Users/admin/builder/spi-builder-workspace/.dependencies/checkouts/SwiftFoundationExtensions/Sources/SwiftFoundationExtensions/Numeric/Double+Extensions.swift (in target 'SwiftFoundationExtensions' from project 'SwiftFoundationExtensions')
SwiftCompile normal arm64_32 /Users/admin/builder/spi-builder-workspace/.dependencies/checkouts/SwiftFoundationExtensions/Sources/SwiftFoundationExtensions/Numeric/Double+Extensions.swift (in target 'SwiftFoundationExtensions' from project 'SwiftFoundationExtensions')
    cd /Users/admin/builder/spi-builder-workspace/.swiftpm/xcode
    builtin-SwiftPerFileCompile Double+Extensions.swift
SwiftCompile normal arm64_32 Compiling\ Comparable+Extensions.swift /Users/admin/builder/spi-builder-workspace/.dependencies/checkouts/SwiftFoundationExtensions/Sources/SwiftFoundationExtensions/Numeric/Comparable+Extensions.swift (in target 'SwiftFoundationExtensions' from project 'SwiftFoundationExtensions')
SwiftCompile normal arm64_32 /Users/admin/builder/spi-builder-workspace/.dependencies/checkouts/SwiftFoundationExtensions/Sources/SwiftFoundationExtensions/Numeric/Comparable+Extensions.swift (in target 'SwiftFoundationExtensions' from project 'SwiftFoundationExtensions')
    cd /Users/admin/builder/spi-builder-workspace/.swiftpm/xcode
    builtin-SwiftPerFileCompile Comparable+Extensions.swift
SwiftDriverJobDiscovery normal arm64 Compiling AsyncSequence+Extensions.swift, Collection+Extensions.swift (in target 'SwiftFoundationExtensions' from project 'SwiftFoundationExtensions')
SwiftCompile normal arm64_32 Compiling\ Sequence+Extensions.swift,\ Date+Extensions.swift /Users/admin/builder/spi-builder-workspace/.dependencies/checkouts/SwiftFoundationExtensions/Sources/SwiftFoundationExtensions/Collections/Sequence+Extensions.swift /Users/admin/builder/spi-builder-workspace/.dependencies/checkouts/SwiftFoundationExtensions/Sources/SwiftFoundationExtensions/Dates/Date+Extensions.swift (in target 'SwiftFoundationExtensions' from project 'SwiftFoundationExtensions')
SwiftCompile normal arm64_32 /Users/admin/builder/spi-builder-workspace/.dependencies/checkouts/SwiftFoundationExtensions/Sources/SwiftFoundationExtensions/Collections/Sequence+Extensions.swift (in target 'SwiftFoundationExtensions' from project 'SwiftFoundationExtensions')
    cd /Users/admin/builder/spi-builder-workspace/.swiftpm/xcode
    builtin-SwiftPerFileCompile Sequence+Extensions.swift
SwiftCompile normal arm64_32 /Users/admin/builder/spi-builder-workspace/.dependencies/checkouts/SwiftFoundationExtensions/Sources/SwiftFoundationExtensions/Dates/Date+Extensions.swift (in target 'SwiftFoundationExtensions' from project 'SwiftFoundationExtensions')
    cd /Users/admin/builder/spi-builder-workspace/.swiftpm/xcode
    builtin-SwiftPerFileCompile Date+Extensions.swift
SwiftDriverJobDiscovery normal arm64 Compiling Sequence+Extensions.swift, Date+Extensions.swift (in target 'SwiftFoundationExtensions' from project 'SwiftFoundationExtensions')
SwiftCompile normal arm64_32 Compiling\ Dictionary+Extensions.swift,\ EnumeratedSequence+Extensions.swift /Users/admin/builder/spi-builder-workspace/.dependencies/checkouts/SwiftFoundationExtensions/Sources/SwiftFoundationExtensions/Collections/Dictionary+Extensions.swift /Users/admin/builder/spi-builder-workspace/.dependencies/checkouts/SwiftFoundationExtensions/Sources/SwiftFoundationExtensions/Collections/EnumeratedSequence+Extensions.swift (in target 'SwiftFoundationExtensions' from project 'SwiftFoundationExtensions')
SwiftCompile normal arm64_32 /Users/admin/builder/spi-builder-workspace/.dependencies/checkouts/SwiftFoundationExtensions/Sources/SwiftFoundationExtensions/Collections/Dictionary+Extensions.swift (in target 'SwiftFoundationExtensions' from project 'SwiftFoundationExtensions')
    cd /Users/admin/builder/spi-builder-workspace/.swiftpm/xcode
    builtin-SwiftPerFileCompile Dictionary+Extensions.swift
SwiftCompile normal arm64_32 /Users/admin/builder/spi-builder-workspace/.dependencies/checkouts/SwiftFoundationExtensions/Sources/SwiftFoundationExtensions/Collections/EnumeratedSequence+Extensions.swift (in target 'SwiftFoundationExtensions' from project 'SwiftFoundationExtensions')
    cd /Users/admin/builder/spi-builder-workspace/.swiftpm/xcode
    builtin-SwiftPerFileCompile EnumeratedSequence+Extensions.swift
SwiftCompile normal arm64 Compiling\ Logger+Extensions.swift /Users/admin/builder/spi-builder-workspace/.dependencies/checkouts/SwiftFoundationExtensions/Sources/SwiftFoundationExtensions/Logging/Logger+Extensions.swift (in target 'SwiftFoundationExtensions' from project 'SwiftFoundationExtensions')
SwiftCompile normal arm64 /Users/admin/builder/spi-builder-workspace/.dependencies/checkouts/SwiftFoundationExtensions/Sources/SwiftFoundationExtensions/Logging/Logger+Extensions.swift (in target 'SwiftFoundationExtensions' from project 'SwiftFoundationExtensions')
    cd /Users/admin/builder/spi-builder-workspace/.swiftpm/xcode
    builtin-SwiftPerFileCompile Logger+Extensions.swift
SwiftDriverJobDiscovery normal arm64 Compiling Dictionary+Extensions.swift, EnumeratedSequence+Extensions.swift (in target 'SwiftFoundationExtensions' from project 'SwiftFoundationExtensions')
SwiftDriverJobDiscovery normal arm64 Compiling Comparable+Extensions.swift (in target 'SwiftFoundationExtensions' from project 'SwiftFoundationExtensions')
SwiftDriverJobDiscovery normal arm64 Compiling Error+Extensions.swift (in target 'SwiftFoundationExtensions' from project 'SwiftFoundationExtensions')
SwiftCompile normal arm64_32 Compiling\ Error+Extensions.swift /Users/admin/builder/spi-builder-workspace/.dependencies/checkouts/SwiftFoundationExtensions/Sources/SwiftFoundationExtensions/Logging/Error+Extensions.swift (in target 'SwiftFoundationExtensions' from project 'SwiftFoundationExtensions')
SwiftCompile normal arm64_32 /Users/admin/builder/spi-builder-workspace/.dependencies/checkouts/SwiftFoundationExtensions/Sources/SwiftFoundationExtensions/Logging/Error+Extensions.swift (in target 'SwiftFoundationExtensions' from project 'SwiftFoundationExtensions')
    cd /Users/admin/builder/spi-builder-workspace/.swiftpm/xcode
    builtin-SwiftPerFileCompile Error+Extensions.swift
SwiftCompile normal arm64_32 Compiling\ BundleInformation.swift /Users/admin/builder/spi-builder-workspace/.dependencies/checkouts/SwiftFoundationExtensions/Sources/SwiftFoundationExtensions/Information/BundleInformation.swift (in target 'SwiftFoundationExtensions' from project 'SwiftFoundationExtensions')
SwiftCompile normal arm64_32 /Users/admin/builder/spi-builder-workspace/.dependencies/checkouts/SwiftFoundationExtensions/Sources/SwiftFoundationExtensions/Information/BundleInformation.swift (in target 'SwiftFoundationExtensions' from project 'SwiftFoundationExtensions')
    cd /Users/admin/builder/spi-builder-workspace/.swiftpm/xcode
    builtin-SwiftPerFileCompile BundleInformation.swift
SwiftCompile normal arm64_32 Compiling\ ElapsedTimer.swift /Users/admin/builder/spi-builder-workspace/.dependencies/checkouts/SwiftFoundationExtensions/Sources/SwiftFoundationExtensions/Information/ElapsedTimer.swift (in target 'SwiftFoundationExtensions' from project 'SwiftFoundationExtensions')
SwiftCompile normal arm64_32 /Users/admin/builder/spi-builder-workspace/.dependencies/checkouts/SwiftFoundationExtensions/Sources/SwiftFoundationExtensions/Information/ElapsedTimer.swift (in target 'SwiftFoundationExtensions' from project 'SwiftFoundationExtensions')
    cd /Users/admin/builder/spi-builder-workspace/.swiftpm/xcode
    builtin-SwiftPerFileCompile ElapsedTimer.swift
SwiftCompile normal arm64_32 Compiling\ Logger+Extensions.swift /Users/admin/builder/spi-builder-workspace/.dependencies/checkouts/SwiftFoundationExtensions/Sources/SwiftFoundationExtensions/Logging/Logger+Extensions.swift (in target 'SwiftFoundationExtensions' from project 'SwiftFoundationExtensions')
SwiftCompile normal arm64_32 /Users/admin/builder/spi-builder-workspace/.dependencies/checkouts/SwiftFoundationExtensions/Sources/SwiftFoundationExtensions/Logging/Logger+Extensions.swift (in target 'SwiftFoundationExtensions' from project 'SwiftFoundationExtensions')
    cd /Users/admin/builder/spi-builder-workspace/.swiftpm/xcode
    builtin-SwiftPerFileCompile Logger+Extensions.swift
SwiftDriverJobDiscovery normal arm64_32 Compiling Comparable+Extensions.swift (in target 'SwiftFoundationExtensions' from project 'SwiftFoundationExtensions')
SwiftCompile normal arm64_32 Compiling\ AsyncSequence+Extensions.swift,\ Collection+Extensions.swift /Users/admin/builder/spi-builder-workspace/.dependencies/checkouts/SwiftFoundationExtensions/Sources/SwiftFoundationExtensions/Collections/AsyncSequence+Extensions.swift /Users/admin/builder/spi-builder-workspace/.dependencies/checkouts/SwiftFoundationExtensions/Sources/SwiftFoundationExtensions/Collections/Collection+Extensions.swift (in target 'SwiftFoundationExtensions' from project 'SwiftFoundationExtensions')
SwiftCompile normal arm64_32 /Users/admin/builder/spi-builder-workspace/.dependencies/checkouts/SwiftFoundationExtensions/Sources/SwiftFoundationExtensions/Collections/AsyncSequence+Extensions.swift (in target 'SwiftFoundationExtensions' from project 'SwiftFoundationExtensions')
    cd /Users/admin/builder/spi-builder-workspace/.swiftpm/xcode
    builtin-SwiftPerFileCompile AsyncSequence+Extensions.swift
SwiftCompile normal arm64_32 /Users/admin/builder/spi-builder-workspace/.dependencies/checkouts/SwiftFoundationExtensions/Sources/SwiftFoundationExtensions/Collections/Collection+Extensions.swift (in target 'SwiftFoundationExtensions' from project 'SwiftFoundationExtensions')
    cd /Users/admin/builder/spi-builder-workspace/.swiftpm/xcode
    builtin-SwiftPerFileCompile Collection+Extensions.swift
SwiftCompile normal arm64_32 Compiling\ ErrorWithTrace.swift /Users/admin/builder/spi-builder-workspace/.dependencies/checkouts/SwiftFoundationExtensions/Sources/SwiftFoundationExtensions/Logging/ErrorWithTrace.swift (in target 'SwiftFoundationExtensions' from project 'SwiftFoundationExtensions')
SwiftCompile normal arm64_32 /Users/admin/builder/spi-builder-workspace/.dependencies/checkouts/SwiftFoundationExtensions/Sources/SwiftFoundationExtensions/Logging/ErrorWithTrace.swift (in target 'SwiftFoundationExtensions' from project 'SwiftFoundationExtensions')
    cd /Users/admin/builder/spi-builder-workspace/.swiftpm/xcode
    builtin-SwiftPerFileCompile ErrorWithTrace.swift
SwiftDriverJobDiscovery normal arm64 Compiling Double+Extensions.swift (in target 'SwiftFoundationExtensions' from project 'SwiftFoundationExtensions')
SwiftDriverJobDiscovery normal arm64 Compiling ErrorWithTrace.swift (in target 'SwiftFoundationExtensions' from project 'SwiftFoundationExtensions')
SwiftDriverJobDiscovery normal arm64 Compiling ElapsedTimer.swift (in target 'SwiftFoundationExtensions' from project 'SwiftFoundationExtensions')
SwiftDriverJobDiscovery normal arm64 Compiling BundleInformation.swift (in target 'SwiftFoundationExtensions' from project 'SwiftFoundationExtensions')
SwiftDriverJobDiscovery normal arm64_32 Compiling Double+Extensions.swift (in target 'SwiftFoundationExtensions' from project 'SwiftFoundationExtensions')
SwiftDriver SwiftUIHaptics normal arm64 com.apple.xcode.tools.swift.compiler (in target 'SwiftUIHaptics' from project 'SwiftUIHaptics')
    cd /Users/admin/builder/spi-builder-workspace/.swiftpm/xcode
    builtin-SwiftDriver -- /Applications/Xcode-27.0.0-Release.Candidate.app/Contents/Developer/Toolchains/XcodeDefault.xctoolchain/usr/bin/swiftc -parse-as-library -module-name SwiftUIHaptics -Onone @/Users/admin/builder/spi-builder-workspace/.derivedData/Build/Intermediates.noindex/SwiftUIHaptics.build/Debug-watchos/SwiftUIHaptics-t.build/Objects-normal/arm64/SwiftUIHaptics.SwiftFileList -DSWIFT_PACKAGE -DDEBUG -DSWIFT_MODULE_RESOURCE_BUNDLE_UNAVAILABLE -DXcode -plugin-path /Applications/Xcode-27.0.0-Release.Candidate.app/Contents/Developer/Toolchains/XcodeDefault.xctoolchain/usr/lib/swift/host/plugins/testing -enable-experimental-feature DebugDescriptionMacro -sdk /Applications/Xcode-27.0.0-Release.Candidate.app/Contents/Developer/Platforms/WatchOS.platform/Developer/SDKs/WatchOS27.0.sdk -target arm64-apple-watchos9.0 -g -module-cache-path /Users/admin/builder/spi-builder-workspace/.derivedData/ModuleCache.noindex -Xfrontend -serialize-debugging-options -enable-testing -index-store-path /Users/admin/builder/spi-builder-workspace/.derivedData/Index.noindex/DataStore -Xcc -D_LIBCPP_HARDENING_MODE\=_LIBCPP_HARDENING_MODE_DEBUG -swift-version 5 -I /Users/admin/builder/spi-builder-workspace/.derivedData/Build/Products/Debug-watchos -Isystem /Applications/Xcode-27.0.0-Release.Candidate.app/Contents/Developer/Platforms/WatchOS.platform/Developer/usr/lib -F /Users/admin/builder/spi-builder-workspace/.derivedData/Build/Products/Debug-watchos/PackageFrameworks -F /Users/admin/builder/spi-builder-workspace/.derivedData/Build/Products/Debug-watchos -F /Applications/Xcode-27.0.0-Release.Candidate.app/Contents/Developer/Platforms/WatchOS.platform/Developer/Library/Frameworks -F /Applications/Xcode-27.0.0-Release.Candidate.app/Contents/Developer/Platforms/WatchOS.platform/Developer/SDKs/WatchOS27.0.sdk/Developer/Library/Frameworks -c -j10 -enable-batch-mode -incremental -Xcc -ivfsstatcache -Xcc /Users/admin/builder/spi-builder-workspace/.derivedData/SDKStatCaches.noindex/watchos27.0-24R360-e829b21a6f8c9b70876ba0858053c04477534ef55a1706bf4c1112bbb242f0a2.sdkstatcache -output-file-map /Users/admin/builder/spi-builder-workspace/.derivedData/Build/Intermediates.noindex/SwiftUIHaptics.build/Debug-watchos/SwiftUIHaptics-t.build/Objects-normal/arm64/SwiftUIHaptics-OutputFileMap.json -save-temps -no-color-diagnostics -explicit-module-build -module-cache-path /Users/admin/builder/spi-builder-workspace/.derivedData/Build/Intermediates.noindex/SwiftExplicitPrecompiledModules -clang-scanner-module-cache-path /Users/admin/builder/spi-builder-workspace/.derivedData/ModuleCache.noindex -sdk-module-cache-path /Users/admin/builder/spi-builder-workspace/.derivedData/SDKExplicitPrecompiledModules -emit-dependencies -emit-module -emit-module-path /Users/admin/builder/spi-builder-workspace/.derivedData/Build/Intermediates.noindex/SwiftUIHaptics.build/Debug-watchos/SwiftUIHaptics-t.build/Objects-normal/arm64/SwiftUIHaptics.swiftmodule -serialize-diagnostics -dependency-scan-serialize-diagnostics-path /Users/admin/builder/spi-builder-workspace/.derivedData/Build/Intermediates.noindex/SwiftUIHaptics.build/Debug-watchos/SwiftUIHaptics-t.build/Objects-normal/arm64/SwiftUIHaptics-dependency-scan.dia -validate-clang-modules-once -clang-build-session-file /Users/admin/builder/spi-builder-workspace/.derivedData/ModuleCache.noindex/Session.modulevalidation -Xcc -fmodules-prune-interval\=86400 -Xcc -fmodules-prune-after\=345600 -emit-const-values -const-gather-protocols-list /Users/admin/builder/spi-builder-workspace/.derivedData/Build/Intermediates.noindex/SwiftUIHaptics.build/Debug-watchos/SwiftUIHaptics-t.build/Objects-normal/arm64/SwiftUIHaptics_const_extract_protocols.json -Xcc -I/Users/admin/builder/spi-builder-workspace/.derivedData/Build/Products/Debug-watchos/include -Xcc -I/Users/admin/builder/spi-builder-workspace/.derivedData/Build/Intermediates.noindex/SwiftUIHaptics.build/Debug-watchos/SwiftUIHaptics-t.build/DerivedSources-normal/arm64 -Xcc -I/Users/admin/builder/spi-builder-workspace/.derivedData/Build/Intermediates.noindex/SwiftUIHaptics.build/Debug-watchos/SwiftUIHaptics-t.build/DerivedSources/arm64 -Xcc -I/Users/admin/builder/spi-builder-workspace/.derivedData/Build/Intermediates.noindex/SwiftUIHaptics.build/Debug-watchos/SwiftUIHaptics-t.build/DerivedSources -Xcc -DSWIFT_PACKAGE -Xcc -DDEBUG\=1 -emit-objc-header -emit-objc-header-path /Users/admin/builder/spi-builder-workspace/.derivedData/Build/Intermediates.noindex/SwiftUIHaptics.build/Debug-watchos/SwiftUIHaptics-t.build/Objects-normal/arm64/SwiftUIHaptics-Swift.h -working-directory /Users/admin/builder/spi-builder-workspace/.swiftpm/xcode -experimental-emit-module-separately -disable-cmo
/Users/admin/builder/spi-builder-workspace/Sources/SwiftUIHaptics/HapticEvent.swift:1:8: error: Unable to resolve module dependency: 'CoreHaptics' (in target 'SwiftUIHaptics' from project 'SwiftUIHaptics')
    note: A dependency of main module 'SwiftUIHaptics'
    /Users/admin/builder/spi-builder-workspace/Sources/SwiftUIHaptics/HapticsPlayer+nonMacOS.swift:3:8: note: Also imported here
/Users/admin/builder/spi-builder-workspace/Sources/SwiftUIHaptics/HapticEvent.swift:1:8: note: A dependency of main module 'SwiftUIHaptics'
import CoreHaptics
       ^ (in target 'SwiftUIHaptics' from project 'SwiftUIHaptics')
/Users/admin/builder/spi-builder-workspace/Sources/SwiftUIHaptics/HapticsPlayer+nonMacOS.swift:3:8: note: Also imported here
import CoreHaptics
       ^ (in target 'SwiftUIHaptics' from project 'SwiftUIHaptics')
SwiftDriver SwiftUIHaptics normal arm64_32 com.apple.xcode.tools.swift.compiler (in target 'SwiftUIHaptics' from project 'SwiftUIHaptics')
    cd /Users/admin/builder/spi-builder-workspace/.swiftpm/xcode
    builtin-SwiftDriver -- /Applications/Xcode-27.0.0-Release.Candidate.app/Contents/Developer/Toolchains/XcodeDefault.xctoolchain/usr/bin/swiftc -parse-as-library -module-name SwiftUIHaptics -Onone @/Users/admin/builder/spi-builder-workspace/.derivedData/Build/Intermediates.noindex/SwiftUIHaptics.build/Debug-watchos/SwiftUIHaptics-t.build/Objects-normal/arm64_32/SwiftUIHaptics.SwiftFileList -DSWIFT_PACKAGE -DDEBUG -DSWIFT_MODULE_RESOURCE_BUNDLE_UNAVAILABLE -DXcode -plugin-path /Applications/Xcode-27.0.0-Release.Candidate.app/Contents/Developer/Toolchains/XcodeDefault.xctoolchain/usr/lib/swift/host/plugins/testing -enable-experimental-feature DebugDescriptionMacro -sdk /Applications/Xcode-27.0.0-Release.Candidate.app/Contents/Developer/Platforms/WatchOS.platform/Developer/SDKs/WatchOS27.0.sdk -target arm64_32-apple-watchos9.0 -g -module-cache-path /Users/admin/builder/spi-builder-workspace/.derivedData/ModuleCache.noindex -Xfrontend -serialize-debugging-options -enable-testing -index-store-path /Users/admin/builder/spi-builder-workspace/.derivedData/Index.noindex/DataStore -Xcc -D_LIBCPP_HARDENING_MODE\=_LIBCPP_HARDENING_MODE_DEBUG -swift-version 5 -I /Users/admin/builder/spi-builder-workspace/.derivedData/Build/Products/Debug-watchos -Isystem /Applications/Xcode-27.0.0-Release.Candidate.app/Contents/Developer/Platforms/WatchOS.platform/Developer/usr/lib -F /Users/admin/builder/spi-builder-workspace/.derivedData/Build/Products/Debug-watchos/PackageFrameworks -F /Users/admin/builder/spi-builder-workspace/.derivedData/Build/Products/Debug-watchos -F /Applications/Xcode-27.0.0-Release.Candidate.app/Contents/Developer/Platforms/WatchOS.platform/Developer/Library/Frameworks -F /Applications/Xcode-27.0.0-Release.Candidate.app/Contents/Developer/Platforms/WatchOS.platform/Developer/SDKs/WatchOS27.0.sdk/Developer/Library/Frameworks -c -j10 -enable-batch-mode -incremental -Xcc -ivfsstatcache -Xcc /Users/admin/builder/spi-builder-workspace/.derivedData/SDKStatCaches.noindex/watchos27.0-24R360-e829b21a6f8c9b70876ba0858053c04477534ef55a1706bf4c1112bbb242f0a2.sdkstatcache -output-file-map /Users/admin/builder/spi-builder-workspace/.derivedData/Build/Intermediates.noindex/SwiftUIHaptics.build/Debug-watchos/SwiftUIHaptics-t.build/Objects-normal/arm64_32/SwiftUIHaptics-OutputFileMap.json -save-temps -no-color-diagnostics -explicit-module-build -module-cache-path /Users/admin/builder/spi-builder-workspace/.derivedData/Build/Intermediates.noindex/SwiftExplicitPrecompiledModules -clang-scanner-module-cache-path /Users/admin/builder/spi-builder-workspace/.derivedData/ModuleCache.noindex -sdk-module-cache-path /Users/admin/builder/spi-builder-workspace/.derivedData/SDKExplicitPrecompiledModules -emit-dependencies -emit-module -emit-module-path /Users/admin/builder/spi-builder-workspace/.derivedData/Build/Intermediates.noindex/SwiftUIHaptics.build/Debug-watchos/SwiftUIHaptics-t.build/Objects-normal/arm64_32/SwiftUIHaptics.swiftmodule -serialize-diagnostics -dependency-scan-serialize-diagnostics-path /Users/admin/builder/spi-builder-workspace/.derivedData/Build/Intermediates.noindex/SwiftUIHaptics.build/Debug-watchos/SwiftUIHaptics-t.build/Objects-normal/arm64_32/SwiftUIHaptics-dependency-scan.dia -validate-clang-modules-once -clang-build-session-file /Users/admin/builder/spi-builder-workspace/.derivedData/ModuleCache.noindex/Session.modulevalidation -Xcc -fmodules-prune-interval\=86400 -Xcc -fmodules-prune-after\=345600 -emit-const-values -const-gather-protocols-list /Users/admin/builder/spi-builder-workspace/.derivedData/Build/Intermediates.noindex/SwiftUIHaptics.build/Debug-watchos/SwiftUIHaptics-t.build/Objects-normal/arm64_32/SwiftUIHaptics_const_extract_protocols.json -Xcc -I/Users/admin/builder/spi-builder-workspace/.derivedData/Build/Products/Debug-watchos/include -Xcc -I/Users/admin/builder/spi-builder-workspace/.derivedData/Build/Intermediates.noindex/SwiftUIHaptics.build/Debug-watchos/SwiftUIHaptics-t.build/DerivedSources-normal/arm64_32 -Xcc -I/Users/admin/builder/spi-builder-workspace/.derivedData/Build/Intermediates.noindex/SwiftUIHaptics.build/Debug-watchos/SwiftUIHaptics-t.build/DerivedSources/arm64_32 -Xcc -I/Users/admin/builder/spi-builder-workspace/.derivedData/Build/Intermediates.noindex/SwiftUIHaptics.build/Debug-watchos/SwiftUIHaptics-t.build/DerivedSources -Xcc -DSWIFT_PACKAGE -Xcc -DDEBUG\=1 -emit-objc-header -emit-objc-header-path /Users/admin/builder/spi-builder-workspace/.derivedData/Build/Intermediates.noindex/SwiftUIHaptics.build/Debug-watchos/SwiftUIHaptics-t.build/Objects-normal/arm64_32/SwiftUIHaptics-Swift.h -working-directory /Users/admin/builder/spi-builder-workspace/.swiftpm/xcode -experimental-emit-module-separately -disable-cmo
/Users/admin/builder/spi-builder-workspace/Sources/SwiftUIHaptics/HapticEvent.swift:1:8: error: Unable to resolve module dependency: 'CoreHaptics' (in target 'SwiftUIHaptics' from project 'SwiftUIHaptics')
    note: A dependency of main module 'SwiftUIHaptics'
    /Users/admin/builder/spi-builder-workspace/Sources/SwiftUIHaptics/HapticsPlayer+nonMacOS.swift:3:8: note: Also imported here
/Users/admin/builder/spi-builder-workspace/Sources/SwiftUIHaptics/HapticEvent.swift:1:8: note: A dependency of main module 'SwiftUIHaptics'
import CoreHaptics
       ^ (in target 'SwiftUIHaptics' from project 'SwiftUIHaptics')
/Users/admin/builder/spi-builder-workspace/Sources/SwiftUIHaptics/HapticsPlayer+nonMacOS.swift:3:8: note: Also imported here
import CoreHaptics
       ^ (in target 'SwiftUIHaptics' from project 'SwiftUIHaptics')
SwiftDriverJobDiscovery normal arm64_32 Compiling ErrorWithTrace.swift (in target 'SwiftFoundationExtensions' from project 'SwiftFoundationExtensions')
SwiftDriverJobDiscovery normal arm64_32 Compiling Error+Extensions.swift (in target 'SwiftFoundationExtensions' from project 'SwiftFoundationExtensions')
SwiftDriverJobDiscovery normal arm64_32 Compiling ElapsedTimer.swift (in target 'SwiftFoundationExtensions' from project 'SwiftFoundationExtensions')
SwiftDriverJobDiscovery normal arm64_32 Compiling AsyncSequence+Extensions.swift, Collection+Extensions.swift (in target 'SwiftFoundationExtensions' from project 'SwiftFoundationExtensions')
SwiftDriverJobDiscovery normal arm64_32 Compiling Sequence+Extensions.swift, Date+Extensions.swift (in target 'SwiftFoundationExtensions' from project 'SwiftFoundationExtensions')
SwiftDriverJobDiscovery normal arm64_32 Compiling BundleInformation.swift (in target 'SwiftFoundationExtensions' from project 'SwiftFoundationExtensions')
SwiftDriverJobDiscovery normal arm64_32 Compiling Dictionary+Extensions.swift, EnumeratedSequence+Extensions.swift (in target 'SwiftFoundationExtensions' from project 'SwiftFoundationExtensions')
SwiftDriverJobDiscovery normal arm64 Compiling Logger+Extensions.swift (in target 'SwiftFoundationExtensions' from project 'SwiftFoundationExtensions')
SwiftDriver\ Compilation SwiftFoundationExtensions normal arm64 com.apple.xcode.tools.swift.compiler (in target 'SwiftFoundationExtensions' from project 'SwiftFoundationExtensions')
    cd /Users/admin/builder/spi-builder-workspace/.swiftpm/xcode
    builtin-Swift-Compilation -- /Applications/Xcode-27.0.0-Release.Candidate.app/Contents/Developer/Toolchains/XcodeDefault.xctoolchain/usr/bin/swiftc -parse-as-library -module-name SwiftFoundationExtensions -Onone @/Users/admin/builder/spi-builder-workspace/.derivedData/Build/Intermediates.noindex/SwiftFoundationExtensions.build/Debug-watchos/SwiftFoundationExtensions-t.build/Objects-normal/arm64/SwiftFoundationExtensions.SwiftFileList -DSWIFT_PACKAGE -DDEBUG -DSWIFT_MODULE_RESOURCE_BUNDLE_UNAVAILABLE -DXcode -plugin-path /Applications/Xcode-27.0.0-Release.Candidate.app/Contents/Developer/Toolchains/XcodeDefault.xctoolchain/usr/lib/swift/host/plugins/testing -enable-experimental-feature DebugDescriptionMacro -sdk /Applications/Xcode-27.0.0-Release.Candidate.app/Contents/Developer/Platforms/WatchOS.platform/Developer/SDKs/WatchOS27.0.sdk -target arm64-apple-watchos9.0 -g -module-cache-path /Users/admin/builder/spi-builder-workspace/.derivedData/ModuleCache.noindex -Xfrontend -serialize-debugging-options -enable-testing -suppress-warnings -index-store-path /Users/admin/builder/spi-builder-workspace/.derivedData/Index.noindex/DataStore -Xcc -D_LIBCPP_HARDENING_MODE\=_LIBCPP_HARDENING_MODE_DEBUG -swift-version 5 -I /Users/admin/builder/spi-builder-workspace/.derivedData/Build/Products/Debug-watchos -Isystem /Applications/Xcode-27.0.0-Release.Candidate.app/Contents/Developer/Platforms/WatchOS.platform/Developer/usr/lib -F /Users/admin/builder/spi-builder-workspace/.derivedData/Build/Products/Debug-watchos -F /Applications/Xcode-27.0.0-Release.Candidate.app/Contents/Developer/Platforms/WatchOS.platform/Developer/Library/Frameworks -F /Applications/Xcode-27.0.0-Release.Candidate.app/Contents/Developer/Platforms/WatchOS.platform/Developer/SDKs/WatchOS27.0.sdk/Developer/Library/Frameworks -c -j10 -enable-batch-mode -incremental -Xcc -ivfsstatcache -Xcc /Users/admin/builder/spi-builder-workspace/.derivedData/SDKStatCaches.noindex/watchos27.0-24R360-e829b21a6f8c9b70876ba0858053c04477534ef55a1706bf4c1112bbb242f0a2.sdkstatcache -output-file-map /Users/admin/builder/spi-builder-workspace/.derivedData/Build/Intermediates.noindex/SwiftFoundationExtensions.build/Debug-watchos/SwiftFoundationExtensions-t.build/Objects-normal/arm64/SwiftFoundationExtensions-OutputFileMap.json -save-temps -no-color-diagnostics -explicit-module-build -module-cache-path /Users/admin/builder/spi-builder-workspace/.derivedData/Build/Intermediates.noindex/SwiftExplicitPrecompiledModules -clang-scanner-module-cache-path /Users/admin/builder/spi-builder-workspace/.derivedData/ModuleCache.noindex -sdk-module-cache-path /Users/admin/builder/spi-builder-workspace/.derivedData/SDKExplicitPrecompiledModules -emit-dependencies -emit-module -emit-module-path /Users/admin/builder/spi-builder-workspace/.derivedData/Build/Intermediates.noindex/SwiftFoundationExtensions.build/Debug-watchos/SwiftFoundationExtensions-t.build/Objects-normal/arm64/SwiftFoundationExtensions.swiftmodule -serialize-diagnostics -dependency-scan-serialize-diagnostics-path /Users/admin/builder/spi-builder-workspace/.derivedData/Build/Intermediates.noindex/SwiftFoundationExtensions.build/Debug-watchos/SwiftFoundationExtensions-t.build/Objects-normal/arm64/SwiftFoundationExtensions-dependency-scan.dia -validate-clang-modules-once -clang-build-session-file /Users/admin/builder/spi-builder-workspace/.derivedData/ModuleCache.noindex/Session.modulevalidation -Xcc -fmodules-prune-interval\=86400 -Xcc -fmodules-prune-after\=345600 -emit-const-values -const-gather-protocols-list /Users/admin/builder/spi-builder-workspace/.derivedData/Build/Intermediates.noindex/SwiftFoundationExtensions.build/Debug-watchos/SwiftFoundationExtensions-t.build/Objects-normal/arm64/SwiftFoundationExtensions_const_extract_protocols.json -Xcc -I/Users/admin/builder/spi-builder-workspace/.derivedData/Build/Products/Debug-watchos/include -Xcc -I/Users/admin/builder/spi-builder-workspace/.derivedData/Build/Intermediates.noindex/SwiftFoundationExtensions.build/Debug-watchos/SwiftFoundationExtensions-t.build/DerivedSources-normal/arm64 -Xcc -I/Users/admin/builder/spi-builder-workspace/.derivedData/Build/Intermediates.noindex/SwiftFoundationExtensions.build/Debug-watchos/SwiftFoundationExtensions-t.build/DerivedSources/arm64 -Xcc -I/Users/admin/builder/spi-builder-workspace/.derivedData/Build/Intermediates.noindex/SwiftFoundationExtensions.build/Debug-watchos/SwiftFoundationExtensions-t.build/DerivedSources -Xcc -DSWIFT_PACKAGE -Xcc -DDEBUG\=1 -emit-objc-header -emit-objc-header-path /Users/admin/builder/spi-builder-workspace/.derivedData/Build/Intermediates.noindex/SwiftFoundationExtensions.build/Debug-watchos/SwiftFoundationExtensions-t.build/Objects-normal/arm64/SwiftFoundationExtensions-Swift.h -working-directory /Users/admin/builder/spi-builder-workspace/.swiftpm/xcode -experimental-emit-module-separately -disable-cmo
SwiftDriverJobDiscovery normal arm64_32 Compiling Logger+Extensions.swift (in target 'SwiftFoundationExtensions' from project 'SwiftFoundationExtensions')
SwiftDriver\ Compilation SwiftFoundationExtensions normal arm64_32 com.apple.xcode.tools.swift.compiler (in target 'SwiftFoundationExtensions' from project 'SwiftFoundationExtensions')
    cd /Users/admin/builder/spi-builder-workspace/.swiftpm/xcode
    builtin-Swift-Compilation -- /Applications/Xcode-27.0.0-Release.Candidate.app/Contents/Developer/Toolchains/XcodeDefault.xctoolchain/usr/bin/swiftc -parse-as-library -module-name SwiftFoundationExtensions -Onone @/Users/admin/builder/spi-builder-workspace/.derivedData/Build/Intermediates.noindex/SwiftFoundationExtensions.build/Debug-watchos/SwiftFoundationExtensions-t.build/Objects-normal/arm64_32/SwiftFoundationExtensions.SwiftFileList -DSWIFT_PACKAGE -DDEBUG -DSWIFT_MODULE_RESOURCE_BUNDLE_UNAVAILABLE -DXcode -plugin-path /Applications/Xcode-27.0.0-Release.Candidate.app/Contents/Developer/Toolchains/XcodeDefault.xctoolchain/usr/lib/swift/host/plugins/testing -enable-experimental-feature DebugDescriptionMacro -sdk /Applications/Xcode-27.0.0-Release.Candidate.app/Contents/Developer/Platforms/WatchOS.platform/Developer/SDKs/WatchOS27.0.sdk -target arm64_32-apple-watchos9.0 -g -module-cache-path /Users/admin/builder/spi-builder-workspace/.derivedData/ModuleCache.noindex -Xfrontend -serialize-debugging-options -enable-testing -suppress-warnings -index-store-path /Users/admin/builder/spi-builder-workspace/.derivedData/Index.noindex/DataStore -Xcc -D_LIBCPP_HARDENING_MODE\=_LIBCPP_HARDENING_MODE_DEBUG -swift-version 5 -I /Users/admin/builder/spi-builder-workspace/.derivedData/Build/Products/Debug-watchos -Isystem /Applications/Xcode-27.0.0-Release.Candidate.app/Contents/Developer/Platforms/WatchOS.platform/Developer/usr/lib -F /Users/admin/builder/spi-builder-workspace/.derivedData/Build/Products/Debug-watchos -F /Applications/Xcode-27.0.0-Release.Candidate.app/Contents/Developer/Platforms/WatchOS.platform/Developer/Library/Frameworks -F /Applications/Xcode-27.0.0-Release.Candidate.app/Contents/Developer/Platforms/WatchOS.platform/Developer/SDKs/WatchOS27.0.sdk/Developer/Library/Frameworks -c -j10 -enable-batch-mode -incremental -Xcc -ivfsstatcache -Xcc /Users/admin/builder/spi-builder-workspace/.derivedData/SDKStatCaches.noindex/watchos27.0-24R360-e829b21a6f8c9b70876ba0858053c04477534ef55a1706bf4c1112bbb242f0a2.sdkstatcache -output-file-map /Users/admin/builder/spi-builder-workspace/.derivedData/Build/Intermediates.noindex/SwiftFoundationExtensions.build/Debug-watchos/SwiftFoundationExtensions-t.build/Objects-normal/arm64_32/SwiftFoundationExtensions-OutputFileMap.json -save-temps -no-color-diagnostics -explicit-module-build -module-cache-path /Users/admin/builder/spi-builder-workspace/.derivedData/Build/Intermediates.noindex/SwiftExplicitPrecompiledModules -clang-scanner-module-cache-path /Users/admin/builder/spi-builder-workspace/.derivedData/ModuleCache.noindex -sdk-module-cache-path /Users/admin/builder/spi-builder-workspace/.derivedData/SDKExplicitPrecompiledModules -emit-dependencies -emit-module -emit-module-path /Users/admin/builder/spi-builder-workspace/.derivedData/Build/Intermediates.noindex/SwiftFoundationExtensions.build/Debug-watchos/SwiftFoundationExtensions-t.build/Objects-normal/arm64_32/SwiftFoundationExtensions.swiftmodule -serialize-diagnostics -dependency-scan-serialize-diagnostics-path /Users/admin/builder/spi-builder-workspace/.derivedData/Build/Intermediates.noindex/SwiftFoundationExtensions.build/Debug-watchos/SwiftFoundationExtensions-t.build/Objects-normal/arm64_32/SwiftFoundationExtensions-dependency-scan.dia -validate-clang-modules-once -clang-build-session-file /Users/admin/builder/spi-builder-workspace/.derivedData/ModuleCache.noindex/Session.modulevalidation -Xcc -fmodules-prune-interval\=86400 -Xcc -fmodules-prune-after\=345600 -emit-const-values -const-gather-protocols-list /Users/admin/builder/spi-builder-workspace/.derivedData/Build/Intermediates.noindex/SwiftFoundationExtensions.build/Debug-watchos/SwiftFoundationExtensions-t.build/Objects-normal/arm64_32/SwiftFoundationExtensions_const_extract_protocols.json -Xcc -I/Users/admin/builder/spi-builder-workspace/.derivedData/Build/Products/Debug-watchos/include -Xcc -I/Users/admin/builder/spi-builder-workspace/.derivedData/Build/Intermediates.noindex/SwiftFoundationExtensions.build/Debug-watchos/SwiftFoundationExtensions-t.build/DerivedSources-normal/arm64_32 -Xcc -I/Users/admin/builder/spi-builder-workspace/.derivedData/Build/Intermediates.noindex/SwiftFoundationExtensions.build/Debug-watchos/SwiftFoundationExtensions-t.build/DerivedSources/arm64_32 -Xcc -I/Users/admin/builder/spi-builder-workspace/.derivedData/Build/Intermediates.noindex/SwiftFoundationExtensions.build/Debug-watchos/SwiftFoundationExtensions-t.build/DerivedSources -Xcc -DSWIFT_PACKAGE -Xcc -DDEBUG\=1 -emit-objc-header -emit-objc-header-path /Users/admin/builder/spi-builder-workspace/.derivedData/Build/Intermediates.noindex/SwiftFoundationExtensions.build/Debug-watchos/SwiftFoundationExtensions-t.build/Objects-normal/arm64_32/SwiftFoundationExtensions-Swift.h -working-directory /Users/admin/builder/spi-builder-workspace/.swiftpm/xcode -experimental-emit-module-separately -disable-cmo
Ld /Users/admin/builder/spi-builder-workspace/.derivedData/Build/Intermediates.noindex/SwiftFoundationExtensions.build/Debug-watchos/SwiftFoundationExtensions-t.build/Objects-normal/arm64/Binary/SwiftFoundationExtensions.o normal arm64 (in target 'SwiftFoundationExtensions' from project 'SwiftFoundationExtensions')
    cd /Users/admin/builder/spi-builder-workspace/.dependencies/checkouts/SwiftFoundationExtensions
    /Applications/Xcode-27.0.0-Release.Candidate.app/Contents/Developer/Toolchains/XcodeDefault.xctoolchain/usr/bin/clang -Xlinker -reproducible -target arm64-apple-watchos9.0 -r -isysroot /Applications/Xcode-27.0.0-Release.Candidate.app/Contents/Developer/Platforms/WatchOS.platform/Developer/SDKs/WatchOS27.0.sdk -O0 -w -Xlinker -no_warn_duplicate_libraries -F/Users/admin/builder/spi-builder-workspace/.derivedData/Build/Intermediates.noindex/EagerLinkingTBDs/Debug-watchos -F/Users/admin/builder/spi-builder-workspace/.derivedData/Build/Products/Debug-watchos -iframework /Applications/Xcode-27.0.0-Release.Candidate.app/Contents/Developer/Platforms/WatchOS.platform/Developer/Library/Frameworks -iframework /Applications/Xcode-27.0.0-Release.Candidate.app/Contents/Developer/Platforms/WatchOS.platform/Developer/SDKs/WatchOS27.0.sdk/Developer/Library/Frameworks -filelist /Users/admin/builder/spi-builder-workspace/.derivedData/Build/Intermediates.noindex/SwiftFoundationExtensions.build/Debug-watchos/SwiftFoundationExtensions-t.build/Objects-normal/arm64/SwiftFoundationExtensions.LinkFileList -nostdlib -Xlinker -object_path_lto -Xlinker /Users/admin/builder/spi-builder-workspace/.derivedData/Build/Intermediates.noindex/SwiftFoundationExtensions.build/Debug-watchos/SwiftFoundationExtensions-t.build/Objects-normal/arm64/SwiftFoundationExtensions_lto.o -Xlinker -no_deduplicate -Xlinker -dependency_info -Xlinker /Users/admin/builder/spi-builder-workspace/.derivedData/Build/Intermediates.noindex/SwiftFoundationExtensions.build/Debug-watchos/SwiftFoundationExtensions-t.build/Objects-normal/arm64/SwiftFoundationExtensions_dependency_info.dat -fobjc-link-runtime -L/Applications/Xcode-27.0.0-Release.Candidate.app/Contents/Developer/Toolchains/XcodeDefault.xctoolchain/usr/lib/swift/watchos -L/usr/lib/swift -Xlinker -add_ast_path -Xlinker /Users/admin/builder/spi-builder-workspace/.derivedData/Build/Intermediates.noindex/SwiftFoundationExtensions.build/Debug-watchos/SwiftFoundationExtensions-t.build/Objects-normal/arm64/SwiftFoundationExtensions.swiftmodule -o /Users/admin/builder/spi-builder-workspace/.derivedData/Build/Intermediates.noindex/SwiftFoundationExtensions.build/Debug-watchos/SwiftFoundationExtensions-t.build/Objects-normal/arm64/Binary/SwiftFoundationExtensions.o
Ld /Users/admin/builder/spi-builder-workspace/.derivedData/Build/Intermediates.noindex/SwiftFoundationExtensions.build/Debug-watchos/SwiftFoundationExtensions-t.build/Objects-normal/arm64_32/Binary/SwiftFoundationExtensions.o normal arm64_32 (in target 'SwiftFoundationExtensions' from project 'SwiftFoundationExtensions')
    cd /Users/admin/builder/spi-builder-workspace/.dependencies/checkouts/SwiftFoundationExtensions
    /Applications/Xcode-27.0.0-Release.Candidate.app/Contents/Developer/Toolchains/XcodeDefault.xctoolchain/usr/bin/clang -Xlinker -reproducible -target arm64_32-apple-watchos9.0 -r -isysroot /Applications/Xcode-27.0.0-Release.Candidate.app/Contents/Developer/Platforms/WatchOS.platform/Developer/SDKs/WatchOS27.0.sdk -O0 -w -Xlinker -no_warn_duplicate_libraries -F/Users/admin/builder/spi-builder-workspace/.derivedData/Build/Intermediates.noindex/EagerLinkingTBDs/Debug-watchos -F/Users/admin/builder/spi-builder-workspace/.derivedData/Build/Products/Debug-watchos -iframework /Applications/Xcode-27.0.0-Release.Candidate.app/Contents/Developer/Platforms/WatchOS.platform/Developer/Library/Frameworks -iframework /Applications/Xcode-27.0.0-Release.Candidate.app/Contents/Developer/Platforms/WatchOS.platform/Developer/SDKs/WatchOS27.0.sdk/Developer/Library/Frameworks -filelist /Users/admin/builder/spi-builder-workspace/.derivedData/Build/Intermediates.noindex/SwiftFoundationExtensions.build/Debug-watchos/SwiftFoundationExtensions-t.build/Objects-normal/arm64_32/SwiftFoundationExtensions.LinkFileList -nostdlib -Xlinker -object_path_lto -Xlinker /Users/admin/builder/spi-builder-workspace/.derivedData/Build/Intermediates.noindex/SwiftFoundationExtensions.build/Debug-watchos/SwiftFoundationExtensions-t.build/Objects-normal/arm64_32/SwiftFoundationExtensions_lto.o -Xlinker -no_deduplicate -Xlinker -dependency_info -Xlinker /Users/admin/builder/spi-builder-workspace/.derivedData/Build/Intermediates.noindex/SwiftFoundationExtensions.build/Debug-watchos/SwiftFoundationExtensions-t.build/Objects-normal/arm64_32/SwiftFoundationExtensions_dependency_info.dat -fobjc-link-runtime -L/Applications/Xcode-27.0.0-Release.Candidate.app/Contents/Developer/Toolchains/XcodeDefault.xctoolchain/usr/lib/swift/watchos -L/usr/lib/swift -Xlinker -add_ast_path -Xlinker /Users/admin/builder/spi-builder-workspace/.derivedData/Build/Intermediates.noindex/SwiftFoundationExtensions.build/Debug-watchos/SwiftFoundationExtensions-t.build/Objects-normal/arm64_32/SwiftFoundationExtensions.swiftmodule -o /Users/admin/builder/spi-builder-workspace/.derivedData/Build/Intermediates.noindex/SwiftFoundationExtensions.build/Debug-watchos/SwiftFoundationExtensions-t.build/Objects-normal/arm64_32/Binary/SwiftFoundationExtensions.o
CreateUniversalBinary /Users/admin/builder/spi-builder-workspace/.derivedData/Build/Products/Debug-watchos/SwiftFoundationExtensions.o normal arm64\ arm64_32 (in target 'SwiftFoundationExtensions' from project 'SwiftFoundationExtensions')
    cd /Users/admin/builder/spi-builder-workspace/.dependencies/checkouts/SwiftFoundationExtensions
    /Applications/Xcode-27.0.0-Release.Candidate.app/Contents/Developer/Toolchains/XcodeDefault.xctoolchain/usr/bin/lipo -create /Users/admin/builder/spi-builder-workspace/.derivedData/Build/Intermediates.noindex/SwiftFoundationExtensions.build/Debug-watchos/SwiftFoundationExtensions-t.build/Objects-normal/arm64/Binary/SwiftFoundationExtensions.o /Users/admin/builder/spi-builder-workspace/.derivedData/Build/Intermediates.noindex/SwiftFoundationExtensions.build/Debug-watchos/SwiftFoundationExtensions-t.build/Objects-normal/arm64_32/Binary/SwiftFoundationExtensions.o -output /Users/admin/builder/spi-builder-workspace/.derivedData/Build/Products/Debug-watchos/SwiftFoundationExtensions.o
ExtractAppIntentsMetadata (in target 'SwiftFoundationExtensions' from project 'SwiftFoundationExtensions')
    cd /Users/admin/builder/spi-builder-workspace/.dependencies/checkouts/SwiftFoundationExtensions
    /Applications/Xcode-27.0.0-Release.Candidate.app/Contents/Developer/Toolchains/XcodeDefault.xctoolchain/usr/bin/appintentsmetadataprocessor --toolchain-dir /var/run/com.apple.security.cryptexd/mnt/com.apple.MobileAsset.MetalToolchain-v27.1.266.1.ojRbb5/Metal.xctoolchain --module-name SwiftFoundationExtensions --sdk-root /Applications/Xcode-27.0.0-Release.Candidate.app/Contents/Developer/Platforms/WatchOS.platform/Developer/SDKs/WatchOS27.0.sdk --xcode-version 27A266a --platform-family watchOS --deployment-target 9.0 --bundle-identifier swiftfoundationextensions.SwiftFoundationExtensions --output /Users/admin/builder/spi-builder-workspace/.derivedData/Build/Products/Debug-watchos/SwiftFoundationExtensions.appintents --target-triple arm64-apple-watchos9.0 --target-triple arm64_32-apple-watchos9.0 --binary-file /Users/admin/builder/spi-builder-workspace/.derivedData/Build/Products/Debug-watchos/SwiftFoundationExtensions.o --dependency-file /Users/admin/builder/spi-builder-workspace/.derivedData/Build/Intermediates.noindex/SwiftFoundationExtensions.build/Debug-watchos/SwiftFoundationExtensions-t.build/Objects-normal/arm64/SwiftFoundationExtensions_dependency_info.dat --dependency-file /Users/admin/builder/spi-builder-workspace/.derivedData/Build/Intermediates.noindex/SwiftFoundationExtensions.build/Debug-watchos/SwiftFoundationExtensions-t.build/Objects-normal/arm64_32/SwiftFoundationExtensions_dependency_info.dat --stringsdata-file /Users/admin/builder/spi-builder-workspace/.derivedData/Build/Intermediates.noindex/SwiftFoundationExtensions.build/Debug-watchos/SwiftFoundationExtensions-t.build/Objects-normal/arm64/ExtractedAppShortcutsMetadata.stringsdata --stringsdata-file /Users/admin/builder/spi-builder-workspace/.derivedData/Build/Intermediates.noindex/SwiftFoundationExtensions.build/Debug-watchos/SwiftFoundationExtensions-t.build/Objects-normal/arm64_32/ExtractedAppShortcutsMetadata.stringsdata --source-file-list /Users/admin/builder/spi-builder-workspace/.derivedData/Build/Intermediates.noindex/SwiftFoundationExtensions.build/Debug-watchos/SwiftFoundationExtensions-t.build/Objects-normal/arm64/SwiftFoundationExtensions.SwiftFileList --source-file-list /Users/admin/builder/spi-builder-workspace/.derivedData/Build/Intermediates.noindex/SwiftFoundationExtensions.build/Debug-watchos/SwiftFoundationExtensions-t.build/Objects-normal/arm64_32/SwiftFoundationExtensions.SwiftFileList --metadata-file-list /Users/admin/builder/spi-builder-workspace/.derivedData/Build/Intermediates.noindex/SwiftFoundationExtensions.build/Debug-watchos/SwiftFoundationExtensions-t.build/SwiftFoundationExtensions.DependencyMetadataFileList --static-metadata-file-list /Users/admin/builder/spi-builder-workspace/.derivedData/Build/Intermediates.noindex/SwiftFoundationExtensions.build/Debug-watchos/SwiftFoundationExtensions-t.build/SwiftFoundationExtensions.DependencyStaticMetadataFileList --swift-const-vals-list /Users/admin/builder/spi-builder-workspace/.derivedData/Build/Intermediates.noindex/SwiftFoundationExtensions.build/Debug-watchos/SwiftFoundationExtensions-t.build/Objects-normal/arm64/SwiftFoundationExtensions.SwiftConstValuesFileList --swift-const-vals-list /Users/admin/builder/spi-builder-workspace/.derivedData/Build/Intermediates.noindex/SwiftFoundationExtensions.build/Debug-watchos/SwiftFoundationExtensions-t.build/Objects-normal/arm64_32/SwiftFoundationExtensions.SwiftConstValuesFileList --force --compile-time-extraction --deployment-aware-processing --no-app-shortcuts-localization
2026-09-18 05:09:40.694 appintentsmetadataprocessor[795:4902] Starting appintentsmetadataprocessor export
2026-09-18 05:09:40.792 appintentsmetadataprocessor[795:4902] Extracted no relevant App Intents symbols, skipping writing output
PruneExplicitPrecompiledModules /Users/admin/builder/spi-builder-workspace/.derivedData/Build/Intermediates.noindex/ExplicitPrecompiledModules
PruneExplicitPrecompiledModules /Users/admin/builder/spi-builder-workspace/.derivedData/Build/Intermediates.noindex/SwiftExplicitPrecompiledModules
PruneExplicitPrecompiledModules /Users/admin/builder/spi-builder-workspace/.derivedData/SDKExplicitPrecompiledModules
2026-09-18 05:09:34.627 xcodebuild[687:4359] [MT] IDERunDestination: Supported platforms for the buildables in the current scheme is empty.
** BUILD FAILED **
The following build commands failed:
	SwiftDriver SwiftUIHaptics normal arm64 com.apple.xcode.tools.swift.compiler (in target 'SwiftUIHaptics' from project 'SwiftUIHaptics')
	SwiftDriver SwiftUIHaptics normal arm64_32 com.apple.xcode.tools.swift.compiler (in target 'SwiftUIHaptics' from project 'SwiftUIHaptics')
	Building workspace SwiftUIHaptics with scheme SwiftUIHaptics
(3 failures)
Command line invocation:
    /Applications/Xcode-27.0.0-Release.Candidate.app/Contents/Developer/usr/bin/xcodebuild -IDEClonedSourcePackagesDirPathOverride=/Users/admin/builder/spi-builder-workspace/.dependencies -resolvePackageDependencies
Resolve Package Graph
Resolved source packages:
  SwiftFoundationExtensions: https://github.com/xiiagency/SwiftFoundationExtensions @ 1.0.0
  SwiftUIHaptics: /Users/admin/builder/spi-builder-workspace
resolved source packages: SwiftFoundationExtensions, SwiftUIHaptics
2026-09-18 05:09:42.056 xcodebuild[796:4971] [MT] IDERunDestination: Supported platforms for the buildables in the current scheme is empty.
{
  "dependencies" : [
    {
      "identity" : "swiftfoundationextensions",
      "requirement" : {
        "range" : [
          {
            "lower_bound" : "1.0.0",
            "upper_bound" : "1.1.0"
          }
        ]
      },
      "type" : "sourceControl",
      "url" : "https://github.com/xiiagency/SwiftFoundationExtensions"
    }
  ],
  "manifest_display_name" : "SwiftUIHaptics",
  "name" : "SwiftUIHaptics",
  "path" : "/Users/admin/builder/spi-builder-workspace",
  "platforms" : [
    {
      "name" : "ios",
      "version" : "15.0"
    },
    {
      "name" : "watchos",
      "version" : "8.0"
    },
    {
      "name" : "macos",
      "version" : "12.0"
    }
  ],
  "products" : [
    {
      "name" : "SwiftUIHaptics",
      "targets" : [
        "SwiftUIHaptics"
      ],
      "type" : {
        "library" : [
          "automatic"
        ]
      }
    }
  ],
  "targets" : [
    {
      "c99name" : "SwiftUIHaptics",
      "module_type" : "SwiftTarget",
      "name" : "SwiftUIHaptics",
      "path" : "Sources/SwiftUIHaptics",
      "product_dependencies" : [
        "SwiftFoundationExtensions"
      ],
      "product_memberships" : [
        "SwiftUIHaptics"
      ],
      "sources" : [
        "HapticEvent.swift",
        "HapticsPlayer+macOS.swift",
        "HapticsPlayer+nonMacOS.swift",
        "HapticsService.swift"
      ],
      "type" : "library"
    }
  ],
  "tools_version" : "5.5"
}
{
  "workspace" : {
    "name" : "SwiftUIHaptics",
    "schemes" : [
      "SwiftUIHaptics"
    ]
  }
}
2026-09-18 05:09:43.271 xcodebuild[804:5043] [MT] IDERunDestination: Supported platforms for the buildables in the current scheme is empty.
Running build ...
env DEVELOPER_DIR=/Applications/Xcode-27.0.0-Release.Candidate.app xcrun xcodebuild -IDEClonedSourcePackagesDirPathOverride=$PWD/.dependencies -skipMacroValidation -skipPackagePluginValidation -derivedDataPath $PWD/.derivedData build -scheme SwiftUIHaptics -destination generic/platform=watchOS
Command line invocation:
    /Applications/Xcode-27.0.0-Release.Candidate.app/Contents/Developer/usr/bin/xcodebuild -IDEClonedSourcePackagesDirPathOverride=/Users/admin/builder/spi-builder-workspace/.dependencies -skipMacroValidation -skipPackagePluginValidation -derivedDataPath /Users/admin/builder/spi-builder-workspace/.derivedData build -scheme SwiftUIHaptics -destination generic/platform=watchOS
Resolve Package Graph
Resolved source packages:
  SwiftFoundationExtensions: https://github.com/xiiagency/SwiftFoundationExtensions @ 1.0.0
  SwiftUIHaptics: /Users/admin/builder/spi-builder-workspace
ComputePackagePrebuildTargetDependencyGraph
Prepare packages
CreateBuildRequest
SendProjectDescription
CreateBuildOperation
ComputeTargetDependencyGraph
note: Building targets in dependency order
note: Target dependency graph (4 targets)
    Target 'SwiftUIHaptics-product' in project 'SwiftUIHaptics'
        ➜ Explicit dependency on target 'SwiftUIHaptics' in project 'SwiftUIHaptics'
        ➜ Explicit dependency on target 'SwiftFoundationExtensions-product' in project 'SwiftFoundationExtensions'
    Target 'SwiftUIHaptics' in project 'SwiftUIHaptics'
        ➜ Explicit dependency on target 'SwiftFoundationExtensions-product' in project 'SwiftFoundationExtensions'
    Target 'SwiftFoundationExtensions-product' in project 'SwiftFoundationExtensions'
        ➜ Explicit dependency on target 'SwiftFoundationExtensions' in project 'SwiftFoundationExtensions'
    Target 'SwiftFoundationExtensions' in project 'SwiftFoundationExtensions' (no dependencies)
GatherProvisioningInputs
CreateBuildDescription
ClangStatCache /Applications/Xcode-27.0.0-Release.Candidate.app/Contents/Developer/Toolchains/XcodeDefault.xctoolchain/usr/bin/clang-stat-cache /Applications/Xcode-27.0.0-Release.Candidate.app/Contents/Developer/Platforms/WatchOS.platform/Developer/SDKs/WatchOS27.0.sdk /Users/admin/builder/spi-builder-workspace/.derivedData/SDKStatCaches.noindex/watchos27.0-24R360-e829b21a6f8c9b70876ba0858053c04477534ef55a1706bf4c1112bbb242f0a2.sdkstatcache
    cd /Users/admin/builder/spi-builder-workspace/.swiftpm/xcode
    /Applications/Xcode-27.0.0-Release.Candidate.app/Contents/Developer/Toolchains/XcodeDefault.xctoolchain/usr/bin/clang-stat-cache /Applications/Xcode-27.0.0-Release.Candidate.app/Contents/Developer/Platforms/WatchOS.platform/Developer/SDKs/WatchOS27.0.sdk -o /Users/admin/builder/spi-builder-workspace/.derivedData/SDKStatCaches.noindex/watchos27.0-24R360-e829b21a6f8c9b70876ba0858053c04477534ef55a1706bf4c1112bbb242f0a2.sdkstatcache
SwiftDriver SwiftUIHaptics normal arm64_32 com.apple.xcode.tools.swift.compiler (in target 'SwiftUIHaptics' from project 'SwiftUIHaptics')
    cd /Users/admin/builder/spi-builder-workspace/.swiftpm/xcode
    builtin-SwiftDriver -- /Applications/Xcode-27.0.0-Release.Candidate.app/Contents/Developer/Toolchains/XcodeDefault.xctoolchain/usr/bin/swiftc -parse-as-library -module-name SwiftUIHaptics -Onone @/Users/admin/builder/spi-builder-workspace/.derivedData/Build/Intermediates.noindex/SwiftUIHaptics.build/Debug-watchos/SwiftUIHaptics-t.build/Objects-normal/arm64_32/SwiftUIHaptics.SwiftFileList -DSWIFT_PACKAGE -DDEBUG -DSWIFT_MODULE_RESOURCE_BUNDLE_UNAVAILABLE -DXcode -plugin-path /Applications/Xcode-27.0.0-Release.Candidate.app/Contents/Developer/Toolchains/XcodeDefault.xctoolchain/usr/lib/swift/host/plugins/testing -enable-experimental-feature DebugDescriptionMacro -sdk /Applications/Xcode-27.0.0-Release.Candidate.app/Contents/Developer/Platforms/WatchOS.platform/Developer/SDKs/WatchOS27.0.sdk -target arm64_32-apple-watchos9.0 -g -module-cache-path /Users/admin/builder/spi-builder-workspace/.derivedData/ModuleCache.noindex -Xfrontend -serialize-debugging-options -enable-testing -index-store-path /Users/admin/builder/spi-builder-workspace/.derivedData/Index.noindex/DataStore -Xcc -D_LIBCPP_HARDENING_MODE\=_LIBCPP_HARDENING_MODE_DEBUG -swift-version 5 -I /Users/admin/builder/spi-builder-workspace/.derivedData/Build/Products/Debug-watchos -Isystem /Applications/Xcode-27.0.0-Release.Candidate.app/Contents/Developer/Platforms/WatchOS.platform/Developer/usr/lib -F /Users/admin/builder/spi-builder-workspace/.derivedData/Build/Products/Debug-watchos/PackageFrameworks -F /Users/admin/builder/spi-builder-workspace/.derivedData/Build/Products/Debug-watchos -F /Applications/Xcode-27.0.0-Release.Candidate.app/Contents/Developer/Platforms/WatchOS.platform/Developer/Library/Frameworks -F /Applications/Xcode-27.0.0-Release.Candidate.app/Contents/Developer/Platforms/WatchOS.platform/Developer/SDKs/WatchOS27.0.sdk/Developer/Library/Frameworks -c -j10 -enable-batch-mode -incremental -Xcc -ivfsstatcache -Xcc /Users/admin/builder/spi-builder-workspace/.derivedData/SDKStatCaches.noindex/watchos27.0-24R360-e829b21a6f8c9b70876ba0858053c04477534ef55a1706bf4c1112bbb242f0a2.sdkstatcache -output-file-map /Users/admin/builder/spi-builder-workspace/.derivedData/Build/Intermediates.noindex/SwiftUIHaptics.build/Debug-watchos/SwiftUIHaptics-t.build/Objects-normal/arm64_32/SwiftUIHaptics-OutputFileMap.json -save-temps -no-color-diagnostics -explicit-module-build -module-cache-path /Users/admin/builder/spi-builder-workspace/.derivedData/Build/Intermediates.noindex/SwiftExplicitPrecompiledModules -clang-scanner-module-cache-path /Users/admin/builder/spi-builder-workspace/.derivedData/ModuleCache.noindex -sdk-module-cache-path /Users/admin/builder/spi-builder-workspace/.derivedData/SDKExplicitPrecompiledModules -emit-dependencies -emit-module -emit-module-path /Users/admin/builder/spi-builder-workspace/.derivedData/Build/Intermediates.noindex/SwiftUIHaptics.build/Debug-watchos/SwiftUIHaptics-t.build/Objects-normal/arm64_32/SwiftUIHaptics.swiftmodule -serialize-diagnostics -dependency-scan-serialize-diagnostics-path /Users/admin/builder/spi-builder-workspace/.derivedData/Build/Intermediates.noindex/SwiftUIHaptics.build/Debug-watchos/SwiftUIHaptics-t.build/Objects-normal/arm64_32/SwiftUIHaptics-dependency-scan.dia -validate-clang-modules-once -clang-build-session-file /Users/admin/builder/spi-builder-workspace/.derivedData/ModuleCache.noindex/Session.modulevalidation -Xcc -fmodules-prune-interval\=86400 -Xcc -fmodules-prune-after\=345600 -emit-const-values -const-gather-protocols-list /Users/admin/builder/spi-builder-workspace/.derivedData/Build/Intermediates.noindex/SwiftUIHaptics.build/Debug-watchos/SwiftUIHaptics-t.build/Objects-normal/arm64_32/SwiftUIHaptics_const_extract_protocols.json -Xcc -I/Users/admin/builder/spi-builder-workspace/.derivedData/Build/Products/Debug-watchos/include -Xcc -I/Users/admin/builder/spi-builder-workspace/.derivedData/Build/Intermediates.noindex/SwiftUIHaptics.build/Debug-watchos/SwiftUIHaptics-t.build/DerivedSources-normal/arm64_32 -Xcc -I/Users/admin/builder/spi-builder-workspace/.derivedData/Build/Intermediates.noindex/SwiftUIHaptics.build/Debug-watchos/SwiftUIHaptics-t.build/DerivedSources/arm64_32 -Xcc -I/Users/admin/builder/spi-builder-workspace/.derivedData/Build/Intermediates.noindex/SwiftUIHaptics.build/Debug-watchos/SwiftUIHaptics-t.build/DerivedSources -Xcc -DSWIFT_PACKAGE -Xcc -DDEBUG\=1 -emit-objc-header -emit-objc-header-path /Users/admin/builder/spi-builder-workspace/.derivedData/Build/Intermediates.noindex/SwiftUIHaptics.build/Debug-watchos/SwiftUIHaptics-t.build/Objects-normal/arm64_32/SwiftUIHaptics-Swift.h -working-directory /Users/admin/builder/spi-builder-workspace/.swiftpm/xcode -experimental-emit-module-separately -disable-cmo
/Users/admin/builder/spi-builder-workspace/Sources/SwiftUIHaptics/HapticEvent.swift:1:8: error: Unable to resolve module dependency: 'CoreHaptics' (in target 'SwiftUIHaptics' from project 'SwiftUIHaptics')
    note: A dependency of main module 'SwiftUIHaptics'
    /Users/admin/builder/spi-builder-workspace/Sources/SwiftUIHaptics/HapticsPlayer+nonMacOS.swift:3:8: note: Also imported here
/Users/admin/builder/spi-builder-workspace/Sources/SwiftUIHaptics/HapticEvent.swift:1:8: note: A dependency of main module 'SwiftUIHaptics'
import CoreHaptics
       ^ (in target 'SwiftUIHaptics' from project 'SwiftUIHaptics')
/Users/admin/builder/spi-builder-workspace/Sources/SwiftUIHaptics/HapticsPlayer+nonMacOS.swift:3:8: note: Also imported here
import CoreHaptics
       ^ (in target 'SwiftUIHaptics' from project 'SwiftUIHaptics')
SwiftDriver SwiftUIHaptics normal arm64 com.apple.xcode.tools.swift.compiler (in target 'SwiftUIHaptics' from project 'SwiftUIHaptics')
    cd /Users/admin/builder/spi-builder-workspace/.swiftpm/xcode
    builtin-SwiftDriver -- /Applications/Xcode-27.0.0-Release.Candidate.app/Contents/Developer/Toolchains/XcodeDefault.xctoolchain/usr/bin/swiftc -parse-as-library -module-name SwiftUIHaptics -Onone @/Users/admin/builder/spi-builder-workspace/.derivedData/Build/Intermediates.noindex/SwiftUIHaptics.build/Debug-watchos/SwiftUIHaptics-t.build/Objects-normal/arm64/SwiftUIHaptics.SwiftFileList -DSWIFT_PACKAGE -DDEBUG -DSWIFT_MODULE_RESOURCE_BUNDLE_UNAVAILABLE -DXcode -plugin-path /Applications/Xcode-27.0.0-Release.Candidate.app/Contents/Developer/Toolchains/XcodeDefault.xctoolchain/usr/lib/swift/host/plugins/testing -enable-experimental-feature DebugDescriptionMacro -sdk /Applications/Xcode-27.0.0-Release.Candidate.app/Contents/Developer/Platforms/WatchOS.platform/Developer/SDKs/WatchOS27.0.sdk -target arm64-apple-watchos9.0 -g -module-cache-path /Users/admin/builder/spi-builder-workspace/.derivedData/ModuleCache.noindex -Xfrontend -serialize-debugging-options -enable-testing -index-store-path /Users/admin/builder/spi-builder-workspace/.derivedData/Index.noindex/DataStore -Xcc -D_LIBCPP_HARDENING_MODE\=_LIBCPP_HARDENING_MODE_DEBUG -swift-version 5 -I /Users/admin/builder/spi-builder-workspace/.derivedData/Build/Products/Debug-watchos -Isystem /Applications/Xcode-27.0.0-Release.Candidate.app/Contents/Developer/Platforms/WatchOS.platform/Developer/usr/lib -F /Users/admin/builder/spi-builder-workspace/.derivedData/Build/Products/Debug-watchos/PackageFrameworks -F /Users/admin/builder/spi-builder-workspace/.derivedData/Build/Products/Debug-watchos -F /Applications/Xcode-27.0.0-Release.Candidate.app/Contents/Developer/Platforms/WatchOS.platform/Developer/Library/Frameworks -F /Applications/Xcode-27.0.0-Release.Candidate.app/Contents/Developer/Platforms/WatchOS.platform/Developer/SDKs/WatchOS27.0.sdk/Developer/Library/Frameworks -c -j10 -enable-batch-mode -incremental -Xcc -ivfsstatcache -Xcc /Users/admin/builder/spi-builder-workspace/.derivedData/SDKStatCaches.noindex/watchos27.0-24R360-e829b21a6f8c9b70876ba0858053c04477534ef55a1706bf4c1112bbb242f0a2.sdkstatcache -output-file-map /Users/admin/builder/spi-builder-workspace/.derivedData/Build/Intermediates.noindex/SwiftUIHaptics.build/Debug-watchos/SwiftUIHaptics-t.build/Objects-normal/arm64/SwiftUIHaptics-OutputFileMap.json -save-temps -no-color-diagnostics -explicit-module-build -module-cache-path /Users/admin/builder/spi-builder-workspace/.derivedData/Build/Intermediates.noindex/SwiftExplicitPrecompiledModules -clang-scanner-module-cache-path /Users/admin/builder/spi-builder-workspace/.derivedData/ModuleCache.noindex -sdk-module-cache-path /Users/admin/builder/spi-builder-workspace/.derivedData/SDKExplicitPrecompiledModules -emit-dependencies -emit-module -emit-module-path /Users/admin/builder/spi-builder-workspace/.derivedData/Build/Intermediates.noindex/SwiftUIHaptics.build/Debug-watchos/SwiftUIHaptics-t.build/Objects-normal/arm64/SwiftUIHaptics.swiftmodule -serialize-diagnostics -dependency-scan-serialize-diagnostics-path /Users/admin/builder/spi-builder-workspace/.derivedData/Build/Intermediates.noindex/SwiftUIHaptics.build/Debug-watchos/SwiftUIHaptics-t.build/Objects-normal/arm64/SwiftUIHaptics-dependency-scan.dia -validate-clang-modules-once -clang-build-session-file /Users/admin/builder/spi-builder-workspace/.derivedData/ModuleCache.noindex/Session.modulevalidation -Xcc -fmodules-prune-interval\=86400 -Xcc -fmodules-prune-after\=345600 -emit-const-values -const-gather-protocols-list /Users/admin/builder/spi-builder-workspace/.derivedData/Build/Intermediates.noindex/SwiftUIHaptics.build/Debug-watchos/SwiftUIHaptics-t.build/Objects-normal/arm64/SwiftUIHaptics_const_extract_protocols.json -Xcc -I/Users/admin/builder/spi-builder-workspace/.derivedData/Build/Products/Debug-watchos/include -Xcc -I/Users/admin/builder/spi-builder-workspace/.derivedData/Build/Intermediates.noindex/SwiftUIHaptics.build/Debug-watchos/SwiftUIHaptics-t.build/DerivedSources-normal/arm64 -Xcc -I/Users/admin/builder/spi-builder-workspace/.derivedData/Build/Intermediates.noindex/SwiftUIHaptics.build/Debug-watchos/SwiftUIHaptics-t.build/DerivedSources/arm64 -Xcc -I/Users/admin/builder/spi-builder-workspace/.derivedData/Build/Intermediates.noindex/SwiftUIHaptics.build/Debug-watchos/SwiftUIHaptics-t.build/DerivedSources -Xcc -DSWIFT_PACKAGE -Xcc -DDEBUG\=1 -emit-objc-header -emit-objc-header-path /Users/admin/builder/spi-builder-workspace/.derivedData/Build/Intermediates.noindex/SwiftUIHaptics.build/Debug-watchos/SwiftUIHaptics-t.build/Objects-normal/arm64/SwiftUIHaptics-Swift.h -working-directory /Users/admin/builder/spi-builder-workspace/.swiftpm/xcode -experimental-emit-module-separately -disable-cmo
error: Clang dependency scanning failure:  (in target 'SwiftUIHaptics' from project 'SwiftUIHaptics')
/Users/admin/builder/spi-builder-workspace/Sources/SwiftUIHaptics/HapticEvent.swift:1:8: error: Unable to resolve module dependency: 'CoreHaptics' (in target 'SwiftUIHaptics' from project 'SwiftUIHaptics')
    note: A dependency of main module 'SwiftUIHaptics'
    /Users/admin/builder/spi-builder-workspace/Sources/SwiftUIHaptics/HapticsPlayer+nonMacOS.swift:3:8: note: Also imported here
/Users/admin/builder/spi-builder-workspace/Sources/SwiftUIHaptics/HapticEvent.swift:1:8: note: A dependency of main module 'SwiftUIHaptics'
import CoreHaptics
       ^ (in target 'SwiftUIHaptics' from project 'SwiftUIHaptics')
/Users/admin/builder/spi-builder-workspace/Sources/SwiftUIHaptics/HapticsPlayer+nonMacOS.swift:3:8: note: Also imported here
import CoreHaptics
       ^ (in target 'SwiftUIHaptics' from project 'SwiftUIHaptics')
PruneExplicitPrecompiledModules /Users/admin/builder/spi-builder-workspace/.derivedData/Build/Intermediates.noindex/SwiftExplicitPrecompiledModules
PruneExplicitPrecompiledModules /Users/admin/builder/spi-builder-workspace/.derivedData/SDKExplicitPrecompiledModules
PruneExplicitPrecompiledModules /Users/admin/builder/spi-builder-workspace/.derivedData/Build/Intermediates.noindex/ExplicitPrecompiledModules
2026-09-18 05:09:44.219 xcodebuild[805:5068] [MT] IDERunDestination: Supported platforms for the buildables in the current scheme is empty.
** BUILD FAILED **
The following build commands failed:
	SwiftDriver SwiftUIHaptics normal arm64_32 com.apple.xcode.tools.swift.compiler (in target 'SwiftUIHaptics' from project 'SwiftUIHaptics')
	SwiftDriver SwiftUIHaptics normal arm64 com.apple.xcode.tools.swift.compiler (in target 'SwiftUIHaptics' from project 'SwiftUIHaptics')
	Building workspace SwiftUIHaptics with scheme SwiftUIHaptics
(3 failures)
BUILD FAILURE 6.4 watchOS