Build Information
Failed to build LinkTrail, reference main (e31033), with Swift 6.1 for watchOS using Xcode 16.3 on 30 Aug 2026 05:28:20 UTC.
Build Command
env DEVELOPER_DIR=/Applications/Xcode-16.3.0.app xcrun xcodebuild -IDEClonedSourcePackagesDirPathOverride=$PWD/.dependencies -skipMacroValidation -skipPackagePluginValidation -derivedDataPath $PWD/.derivedData build -scheme LinkTrail -destination generic/platform=watchOSBuild Log
========================================
RunAll
========================================
Builder version: 5.0.2
Interrupt handler set up.
========================================
Checkout
========================================
Clone URL: https://github.com/linktrail-io/ios-sdk.git
Reference: main
Initialized empty Git repository in /Users/admin/builder/spi-builder-workspace/.git/
From https://github.com/linktrail-io/ios-sdk
* branch main -> FETCH_HEAD
* [new branch] main -> origin/main
HEAD is now at e31033b Merge pull request #10 from linktrail-io/docs/readme-tldr
Cloned https://github.com/linktrail-io/ios-sdk.git
Revision (git rev-parse @):
e31033bf175384194c9e72cb06a2ce69049e64ec
SUCCESS checkout https://github.com/linktrail-io/ios-sdk.git at main
========================================
Build
========================================
Selected platform: watchOS
Swift version: 6.1
Building package at path: $PWD
https://github.com/linktrail-io/ios-sdk.git
https://github.com/linktrail-io/ios-sdk.git
{
"dependencies" : [
],
"manifest_display_name" : "LinkTrail",
"name" : "LinkTrail",
"path" : "/Users/admin/builder/spi-builder-workspace",
"platforms" : [
{
"name" : "ios",
"version" : "15.0"
}
],
"products" : [
{
"name" : "LinkTrailSDK",
"targets" : [
"LinkTrailSDK"
],
"type" : {
"library" : [
"automatic"
]
}
}
],
"targets" : [
{
"c99name" : "LinkTrailSDK",
"module_type" : "BinaryTarget",
"name" : "LinkTrailSDK",
"path" : "LinkTrailSDK.xcframework",
"product_memberships" : [
"LinkTrailSDK"
],
"sources" : [
],
"type" : "binary"
}
],
"tools_version" : "5.9"
}
Command line invocation:
/Applications/Xcode-16.3.0.app/Contents/Developer/usr/bin/xcodebuild -IDEClonedSourcePackagesDirPathOverride=/Users/admin/builder/spi-builder-workspace/.dependencies -resolvePackageDependencies
Resolve Package Graph
Resolve Package Graph
Resolved source packages:
LinkTrail: /Users/admin/builder/spi-builder-workspace
resolved source packages: LinkTrail
{
"dependencies" : [
],
"manifest_display_name" : "LinkTrail",
"name" : "LinkTrail",
"path" : "/Users/admin/builder/spi-builder-workspace",
"platforms" : [
{
"name" : "ios",
"version" : "15.0"
}
],
"products" : [
{
"name" : "LinkTrailSDK",
"targets" : [
"LinkTrailSDK"
],
"type" : {
"library" : [
"automatic"
]
}
}
],
"targets" : [
{
"c99name" : "LinkTrailSDK",
"module_type" : "BinaryTarget",
"name" : "LinkTrailSDK",
"path" : "LinkTrailSDK.xcframework",
"product_memberships" : [
"LinkTrailSDK"
],
"sources" : [
],
"type" : "binary"
}
],
"tools_version" : "5.9"
}
{
"workspace" : {
"name" : "spi-builder-workspace",
"schemes" : [
"LinkTrail"
]
}
}
Running build ...
env DEVELOPER_DIR=/Applications/Xcode-16.3.0.app xcrun xcodebuild -IDEClonedSourcePackagesDirPathOverride=$PWD/.dependencies -skipMacroValidation -skipPackagePluginValidation -derivedDataPath $PWD/.derivedData build -scheme LinkTrail -destination generic/platform=watchOS OTHER_SWIFT_FLAGS=-stats-output-dir .stats -strict-concurrency=complete -enable-upcoming-feature StrictConcurrency -enable-upcoming-feature DisableOutwardActorInference -enable-upcoming-feature GlobalActorIsolatedTypesUsability -enable-upcoming-feature InferSendableFromCaptures
Command line invocation:
/Applications/Xcode-16.3.0.app/Contents/Developer/usr/bin/xcodebuild -IDEClonedSourcePackagesDirPathOverride=/Users/admin/builder/spi-builder-workspace/.dependencies -skipMacroValidation -skipPackagePluginValidation -derivedDataPath /Users/admin/builder/spi-builder-workspace/.derivedData build -scheme LinkTrail -destination generic/platform=watchOS "OTHER_SWIFT_FLAGS=-stats-output-dir .stats -strict-concurrency=complete -enable-upcoming-feature StrictConcurrency -enable-upcoming-feature DisableOutwardActorInference -enable-upcoming-feature GlobalActorIsolatedTypesUsability -enable-upcoming-feature InferSendableFromCaptures"
Build settings from command line:
OTHER_SWIFT_FLAGS = -stats-output-dir .stats -strict-concurrency=complete -enable-upcoming-feature StrictConcurrency -enable-upcoming-feature DisableOutwardActorInference -enable-upcoming-feature GlobalActorIsolatedTypesUsability -enable-upcoming-feature InferSendableFromCaptures
Resolve Package Graph
Resolved source packages:
LinkTrail: /Users/admin/builder/spi-builder-workspace
ComputePackagePrebuildTargetDependencyGraph
Prepare packages
CreateBuildRequest
SendProjectDescription
CreateBuildOperation
ComputeTargetDependencyGraph
note: Building targets in dependency order
note: Target dependency graph (1 target)
Target 'LinkTrailSDK' in project 'LinkTrail' (no dependencies)
GatherProvisioningInputs
CreateBuildDescription
ExecuteExternalTool /Applications/Xcode-16.3.0.app/Contents/Developer/Toolchains/XcodeDefault.xctoolchain/usr/bin/clang -v -E -dM -isysroot /Applications/Xcode-16.3.0.app/Contents/Developer/Platforms/WatchOS.platform/Developer/SDKs/WatchOS11.4.sdk -x c -c /dev/null
Build description signature: e460d8a65523e5d87c6546b87f4a78dd
Build description path: /Users/admin/builder/spi-builder-workspace/.derivedData/Build/Intermediates.noindex/XCBuildData/e460d8a65523e5d87c6546b87f4a78dd.xcbuilddata
/Users/admin/builder/spi-builder-workspace/LinkTrailSDK.xcframework:1:1: error: While building for watchOS, no library for this platform was found in '/Users/admin/builder/spi-builder-workspace/LinkTrailSDK.xcframework'. (in target 'LinkTrailSDK' from project 'LinkTrail')
** BUILD FAILED **
The following build commands failed:
Building workspace spi-builder-workspace with scheme LinkTrail
(1 failure)
Command line invocation:
/Applications/Xcode-16.3.0.app/Contents/Developer/usr/bin/xcodebuild -IDEClonedSourcePackagesDirPathOverride=/Users/admin/builder/spi-builder-workspace/.dependencies -resolvePackageDependencies
Resolve Package Graph
Resolved source packages:
LinkTrail: /Users/admin/builder/spi-builder-workspace
resolved source packages: LinkTrail
{
"dependencies" : [
],
"manifest_display_name" : "LinkTrail",
"name" : "LinkTrail",
"path" : "/Users/admin/builder/spi-builder-workspace",
"platforms" : [
{
"name" : "ios",
"version" : "15.0"
}
],
"products" : [
{
"name" : "LinkTrailSDK",
"targets" : [
"LinkTrailSDK"
],
"type" : {
"library" : [
"automatic"
]
}
}
],
"targets" : [
{
"c99name" : "LinkTrailSDK",
"module_type" : "BinaryTarget",
"name" : "LinkTrailSDK",
"path" : "LinkTrailSDK.xcframework",
"product_memberships" : [
"LinkTrailSDK"
],
"sources" : [
],
"type" : "binary"
}
],
"tools_version" : "5.9"
}
{
"workspace" : {
"name" : "spi-builder-workspace",
"schemes" : [
"LinkTrail"
]
}
}
Running build ...
env DEVELOPER_DIR=/Applications/Xcode-16.3.0.app xcrun xcodebuild -IDEClonedSourcePackagesDirPathOverride=$PWD/.dependencies -skipMacroValidation -skipPackagePluginValidation -derivedDataPath $PWD/.derivedData build -scheme LinkTrail -destination generic/platform=watchOS
Command line invocation:
/Applications/Xcode-16.3.0.app/Contents/Developer/usr/bin/xcodebuild -IDEClonedSourcePackagesDirPathOverride=/Users/admin/builder/spi-builder-workspace/.dependencies -skipMacroValidation -skipPackagePluginValidation -derivedDataPath /Users/admin/builder/spi-builder-workspace/.derivedData build -scheme LinkTrail -destination generic/platform=watchOS
Resolve Package Graph
Resolved source packages:
LinkTrail: /Users/admin/builder/spi-builder-workspace
ComputePackagePrebuildTargetDependencyGraph
Prepare packages
CreateBuildRequest
SendProjectDescription
CreateBuildOperation
ComputeTargetDependencyGraph
note: Building targets in dependency order
note: Target dependency graph (1 target)
Target 'LinkTrailSDK' in project 'LinkTrail' (no dependencies)
GatherProvisioningInputs
CreateBuildDescription
ExecuteExternalTool /Applications/Xcode-16.3.0.app/Contents/Developer/Toolchains/XcodeDefault.xctoolchain/usr/bin/clang -v -E -dM -isysroot /Applications/Xcode-16.3.0.app/Contents/Developer/Platforms/WatchOS.platform/Developer/SDKs/WatchOS11.4.sdk -x c -c /dev/null
Build description signature: ac2ce72f676d3bf710597bc06922f7a7
Build description path: /Users/admin/builder/spi-builder-workspace/.derivedData/Build/Intermediates.noindex/XCBuildData/ac2ce72f676d3bf710597bc06922f7a7.xcbuilddata
/Users/admin/builder/spi-builder-workspace/LinkTrailSDK.xcframework:1:1: error: While building for watchOS, no library for this platform was found in '/Users/admin/builder/spi-builder-workspace/LinkTrailSDK.xcframework'. (in target 'LinkTrailSDK' from project 'LinkTrail')
** BUILD FAILED **
The following build commands failed:
Building workspace spi-builder-workspace with scheme LinkTrail
(1 failure)
BUILD FAILURE 6.1 watchOS