The Swift Package Index logo.Swift Package Index

Build Information

Failed to build NextGrowingTextView, reference main (63f213), with Swift 6.2 for watchOS using Xcode 26.3 on 16 Jul 2026 21:58:36 UTC.

Build Command

No build command. This typically means the build failed at an early stage where we determine the build command.

Build Log

========================================
RunAll
========================================
Builder version: undefined version: run 'make version' to update
Interrupt handler set up.
========================================
Checkout
========================================
Clone URL: https://github.com/FluidGroup/NextGrowingTextView.git
Reference: main
Initialized empty Git repository in /Users/admin/builder/spi-builder-workspace/.git/
From https://github.com/FluidGroup/NextGrowingTextView
 * branch            main       -> FETCH_HEAD
 * [new branch]      main       -> origin/main
HEAD is now at 63f2139 Update
Cloned https://github.com/FluidGroup/NextGrowingTextView.git
Revision (git rev-parse @):
63f2139c440ee7e731852eb1af0553522771f78f
SUCCESS checkout https://github.com/FluidGroup/NextGrowingTextView.git at main
========================================
Build
========================================
Selected platform:         watchOS
Swift version:             6.2
Building package at path:  $PWD
https://github.com/FluidGroup/NextGrowingTextView.git
Command line invocation:
    /Applications/Xcode-26.3.0.app/Contents/Developer/usr/bin/xcodebuild -IDEClonedSourcePackagesDirPathOverride=/Users/admin/builder/spi-builder-workspace/.dependencies -resolvePackageDependencies
Resolve Package Graph
the package at '/Users/admin/builder/NextGrowingTextView' cannot be accessed (Error Domain=NSCocoaErrorDomain Code=260 "The folder “NextGrowingTextView” doesn’t exist." UserInfo={NSUserStringVariant=(
    Folder
), NSFilePath=/Users/admin/builder/NextGrowingTextView, NSURL=file:///Users/admin/builder/NextGrowingTextView, NSUnderlyingError=0x768771ef0 {Error Domain=NSOSStatusErrorDomain Code=-43 "fnfErr: File not found"}})
2026-07-16 17:58:28.216 xcodebuild[536:3099] [MT] IDERunDestination: Supported platforms for the buildables in the current scheme is empty.
2026-07-16 17:58:35.524 xcodebuild[536:3099] [MT] IDERunDestination: Supported platforms for the buildables in the current scheme is empty.
2026-07-16 17:58:35.582 xcodebuild[536:3099] Writing error result bundle to /var/folders/xq/y_g06wb113726d38xsyx71_h0000gn/T/ResultBundle_2026-16-07_17-58-0035.xcresult
xcodebuild: error: Could not resolve package dependencies:
  the package at '/Users/admin/builder/NextGrowingTextView' cannot be accessed (Error Domain=NSCocoaErrorDomain Code=260 "The folder “NextGrowingTextView” doesn’t exist." UserInfo={NSUserStringVariant=(
Command line invocation:
    /Applications/Xcode-26.3.0.app/Contents/Developer/usr/bin/xcodebuild -IDEClonedSourcePackagesDirPathOverride=/Users/admin/builder/spi-builder-workspace/.dependencies -resolvePackageDependencies
Resolve Package Graph
the package at '/Users/admin/builder/NextGrowingTextView' cannot be accessed (Error Domain=NSCocoaErrorDomain Code=260 "The folder “NextGrowingTextView” doesn’t exist." UserInfo={NSUserStringVariant=(
    Folder
), NSFilePath=/Users/admin/builder/NextGrowingTextView, NSURL=file:///Users/admin/builder/NextGrowingTextView, NSUnderlyingError=0x806684ba0 {Error Domain=NSOSStatusErrorDomain Code=-43 "fnfErr: File not found"}})
2026-07-16 17:58:36.294 xcodebuild[600:3641] [MT] IDERunDestination: Supported platforms for the buildables in the current scheme is empty.
2026-07-16 17:58:36.456 xcodebuild[600:3641] [MT] IDERunDestination: Supported platforms for the buildables in the current scheme is empty.
2026-07-16 17:58:36.470 xcodebuild[600:3641] Writing error result bundle to /var/folders/xq/y_g06wb113726d38xsyx71_h0000gn/T/ResultBundle_2026-16-07_17-58-0036.xcresult
xcodebuild: error: Could not resolve package dependencies:
  the package at '/Users/admin/builder/NextGrowingTextView' cannot be accessed (Error Domain=NSCocoaErrorDomain Code=260 "The folder “NextGrowingTextView” doesn’t exist." UserInfo={NSUserStringVariant=(
BUILD FAILURE 6.2 watchOS