Build Information
Failed to build MatomoTracker, reference v7.8.0 (f140af), with Swift 6.4 for tvOS using Xcode 27.0 on 23 Sep 2026 14:04:01 UTC.
Build Command
env DEVELOPER_DIR=/Applications/Xcode-27.0.0-Release.Candidate.app xcrun xcodebuild -IDEClonedSourcePackagesDirPathOverride=$PWD/.dependencies -skipMacroValidation -skipPackagePluginValidation -derivedDataPath $PWD/.derivedData build -scheme MatomoTracker -destination generic/platform=tvOSBuild Log
========================================
RunAll
========================================
Builder version: 5.1.0
Interrupt handler set up.
========================================
Checkout
========================================
Clone URL: https://github.com/matomo-org/matomo-sdk-ios.git
Reference: v7.8.0
Initialized empty Git repository in /Users/admin/builder/spi-builder-workspace/.git/
From https://github.com/matomo-org/matomo-sdk-ios
* tag v7.8.0 -> FETCH_HEAD
HEAD is now at f140afc Prepared 7.8.0 release
Cloned https://github.com/matomo-org/matomo-sdk-ios.git
Revision (git rev-parse @):
f140afcb7cedebdcbf8b8230fdd822b4b61e3685
SUCCESS checkout https://github.com/matomo-org/matomo-sdk-ios.git at v7.8.0
========================================
Build
========================================
Selected platform: tvOS
Swift version: 6.4
Building package at path: $PWD
https://github.com/matomo-org/matomo-sdk-ios.git
Command line invocation:
/Applications/Xcode-27.0.0-Release.Candidate.app/Contents/Developer/usr/bin/xcodebuild -IDEClonedSourcePackagesDirPathOverride=/Users/admin/builder/spi-builder-workspace/.dependencies -resolvePackageDependencies
resolved source packages:
{
"dependencies" : [
],
"manifest_display_name" : "MatomoTracker",
"name" : "MatomoTracker",
"path" : "/Users/admin/builder/spi-builder-workspace",
"platforms" : [
],
"products" : [
{
"name" : "MatomoTracker",
"targets" : [
"MatomoTracker"
],
"type" : {
"library" : [
"automatic"
]
}
}
],
"swift_languages_versions" : [
"5"
],
"targets" : [
{
"c99name" : "MatomoTracker",
"module_type" : "SwiftTarget",
"name" : "MatomoTracker",
"path" : "MatomoTracker",
"product_memberships" : [
"MatomoTracker"
],
"sources" : [
"Application.swift",
"CustomDimension.swift",
"CustomVariable.swift",
"Device.swift",
"Dispatcher.swift",
"Event.swift",
"EventAPISerializer.swift",
"Locale+HttpAcceptLanguage.swift",
"Logger.swift",
"MainThread.swift",
"MatomoTracker.swift",
"MatomoUserDefaults.swift",
"MemoryQueue.swift",
"OrderItem.swift",
"Queue.swift",
"Session.swift",
"URLSessionDispatcher.swift",
"UserAgent.swift",
"UserDefaultsQueue.swift",
"Visitor.swift"
],
"type" : "library"
}
],
"tools_version" : "5.0"
}
{
"project" : {
"configurations" : [
"Debug",
"Release"
],
"name" : "MatomoTracker",
"schemes" : [
"MatomoTracker"
],
"targets" : [
"MatomoTracker",
"MatomoTrackerTests"
]
}
}
Running build ...
env DEVELOPER_DIR=/Applications/Xcode-27.0.0-Release.Candidate.app xcrun xcodebuild -IDEClonedSourcePackagesDirPathOverride=$PWD/.dependencies -skipMacroValidation -skipPackagePluginValidation -derivedDataPath $PWD/.derivedData build -scheme MatomoTracker -destination generic/platform=tvOS
Command line invocation:
/Applications/Xcode-27.0.0-Release.Candidate.app/Contents/Developer/usr/bin/xcodebuild -IDEClonedSourcePackagesDirPathOverride=/Users/admin/builder/spi-builder-workspace/.dependencies -skipMacroValidation -skipPackagePluginValidation -derivedDataPath /Users/admin/builder/spi-builder-workspace/.derivedData build -scheme MatomoTracker -destination generic/platform=tvOS
ComputePackagePrebuildTargetDependencyGraph
Prepare packages
CreateBuildRequest
SendProjectDescription
CreateBuildOperation
ComputeTargetDependencyGraph
note: Building targets in dependency order
note: Target dependency graph (1 target)
Target 'MatomoTracker' in project 'MatomoTracker' (no dependencies)
GatherProvisioningInputs
CreateBuildDescription
ExecuteExternalTool /Applications/Xcode-27.0.0-Release.Candidate.app/Contents/Developer/Toolchains/XcodeDefault.xctoolchain/usr/bin/clang -v -E -dM -isysroot /Applications/Xcode-27.0.0-Release.Candidate.app/Contents/Developer/Platforms/AppleTVOS.platform/Developer/SDKs/AppleTVOS27.0.sdk -x c -c /dev/null
ExecuteExternalTool /Applications/Xcode-27.0.0-Release.Candidate.app/Contents/Developer/Toolchains/XcodeDefault.xctoolchain/usr/bin/clang -v -E -dM -arch arm64 -isysroot /Applications/Xcode-27.0.0-Release.Candidate.app/Contents/Developer/Platforms/AppleTVOS.platform/Developer/SDKs/AppleTVOS27.0.sdk -x c -c /dev/null
ExecuteExternalTool /Applications/Xcode-27.0.0-Release.Candidate.app/Contents/Developer/Toolchains/XcodeDefault.xctoolchain/usr/bin/swiftc --version
ExecuteExternalTool /Applications/Xcode-27.0.0-Release.Candidate.app/Contents/Developer/Toolchains/XcodeDefault.xctoolchain/usr/bin/ld -version_details
Build description signature: 43ba921f69a826eedae1ba14b1aa7381
Build description path: /Users/admin/builder/spi-builder-workspace/.derivedData/Build/Intermediates.noindex/XCBuildData/43ba921f69a826eedae1ba14b1aa7381.xcbuilddata
/Users/admin/builder/spi-builder-workspace/MatomoTracker.xcodeproj: error: The tvOS deployment target 'TVOS_DEPLOYMENT_TARGET' is set to 9.0, but the range of supported deployment target versions is 15.0 to 27.0.x. (in target 'MatomoTracker' from project 'MatomoTracker')
** BUILD FAILED **
The following build commands failed:
Building project MatomoTracker with scheme MatomoTracker
(1 failure)
Command line invocation:
/Applications/Xcode-27.0.0-Release.Candidate.app/Contents/Developer/usr/bin/xcodebuild -IDEClonedSourcePackagesDirPathOverride=/Users/admin/builder/spi-builder-workspace/.dependencies -resolvePackageDependencies
resolved source packages:
{
"dependencies" : [
],
"manifest_display_name" : "MatomoTracker",
"name" : "MatomoTracker",
"path" : "/Users/admin/builder/spi-builder-workspace",
"platforms" : [
],
"products" : [
{
"name" : "MatomoTracker",
"targets" : [
"MatomoTracker"
],
"type" : {
"library" : [
"automatic"
]
}
}
],
"swift_languages_versions" : [
"5"
],
"targets" : [
{
"c99name" : "MatomoTracker",
"module_type" : "SwiftTarget",
"name" : "MatomoTracker",
"path" : "MatomoTracker",
"product_memberships" : [
"MatomoTracker"
],
"sources" : [
"Application.swift",
"CustomDimension.swift",
"CustomVariable.swift",
"Device.swift",
"Dispatcher.swift",
"Event.swift",
"EventAPISerializer.swift",
"Locale+HttpAcceptLanguage.swift",
"Logger.swift",
"MainThread.swift",
"MatomoTracker.swift",
"MatomoUserDefaults.swift",
"MemoryQueue.swift",
"OrderItem.swift",
"Queue.swift",
"Session.swift",
"URLSessionDispatcher.swift",
"UserAgent.swift",
"UserDefaultsQueue.swift",
"Visitor.swift"
],
"type" : "library"
}
],
"tools_version" : "5.0"
}
{
"project" : {
"configurations" : [
"Debug",
"Release"
],
"name" : "MatomoTracker",
"schemes" : [
"MatomoTracker"
],
"targets" : [
"MatomoTracker",
"MatomoTrackerTests"
]
}
}
Running build ...
env DEVELOPER_DIR=/Applications/Xcode-27.0.0-Release.Candidate.app xcrun xcodebuild -IDEClonedSourcePackagesDirPathOverride=$PWD/.dependencies -skipMacroValidation -skipPackagePluginValidation -derivedDataPath $PWD/.derivedData build -scheme MatomoTracker -destination generic/platform=tvOS
Command line invocation:
/Applications/Xcode-27.0.0-Release.Candidate.app/Contents/Developer/usr/bin/xcodebuild -IDEClonedSourcePackagesDirPathOverride=/Users/admin/builder/spi-builder-workspace/.dependencies -skipMacroValidation -skipPackagePluginValidation -derivedDataPath /Users/admin/builder/spi-builder-workspace/.derivedData build -scheme MatomoTracker -destination generic/platform=tvOS
ComputePackagePrebuildTargetDependencyGraph
Prepare packages
CreateBuildRequest
SendProjectDescription
CreateBuildOperation
ComputeTargetDependencyGraph
note: Building targets in dependency order
note: Target dependency graph (1 target)
Target 'MatomoTracker' in project 'MatomoTracker' (no dependencies)
GatherProvisioningInputs
CreateBuildDescription
/Users/admin/builder/spi-builder-workspace/MatomoTracker.xcodeproj: error: The tvOS deployment target 'TVOS_DEPLOYMENT_TARGET' is set to 9.0, but the range of supported deployment target versions is 15.0 to 27.0.x. (in target 'MatomoTracker' from project 'MatomoTracker')
** BUILD FAILED **
The following build commands failed:
Building project MatomoTracker with scheme MatomoTracker
(1 failure)
BUILD FAILURE 6.4 tvOS