Build Information
Failed to build YComponentBrowser, reference 1.0.2 (c6328d), with Swift 6.4 for tvOS using Xcode 27.0 on 19 Sep 2026 17:52:41 UTC.
Build Command
env DEVELOPER_DIR=/Applications/Xcode-27.0.0-Release.Candidate.app xcrun xcodebuild -IDEClonedSourcePackagesDirPathOverride=$PWD/.dependencies -skipMacroValidation -skipPackagePluginValidation -derivedDataPath $PWD/.derivedData build -scheme YComponentBrowser -destination generic/platform=tvOSBuild Log
========================================
RunAll
========================================
Builder version: 5.1.0
Interrupt handler set up.
========================================
Checkout
========================================
Clone URL: https://github.com/codeandtheory/YComponentBrowser.git
Reference: 1.0.2
Initialized empty Git repository in /Users/admin/builder/spi-builder-workspace/.git/
From https://github.com/codeandtheory/YComponentBrowser
* tag 1.0.2 -> FETCH_HEAD
HEAD is now at c6328d6 [ISSUE] updated and hide pull request template.
Cloned https://github.com/codeandtheory/YComponentBrowser.git
Revision (git rev-parse @):
c6328d62e92606ba0ce9ad86a9177ae1696c5095
SPI manifest file found: $PWD/.spi.yml
SUCCESS checkout https://github.com/codeandtheory/YComponentBrowser.git at 1.0.2
========================================
Build
========================================
Selected platform: tvOS
Swift version: 6.4
Building package at path: $PWD
https://github.com/codeandtheory/YComponentBrowser.git
Command line invocation:
/Applications/Xcode-27.0.0-Release.Candidate.app/Contents/Developer/usr/bin/xcodebuild -IDEClonedSourcePackagesDirPathOverride=/Users/admin/builder/spi-builder-workspace/.dependencies -resolvePackageDependencies
Resolve Package Graph
Resolve Package Graph
Resolved source packages:
YComponentBrowser: /Users/admin/builder/spi-builder-workspace
resolved source packages: YComponentBrowser
2026-09-19 13:51:37.955 xcodebuild[525:3000] [MT] IDERunDestination: Supported platforms for the buildables in the current scheme is empty.
2026-09-19 13:51:38.112 xcodebuild[525:3000] [MT] IDERunDestination: Supported platforms for the buildables in the current scheme is empty.
2026-09-19 13:51:39.800 xcodebuild[525:3000] [MT] IDERunDestination: Supported platforms for the buildables in the current scheme is empty.
{
"dependencies" : [
],
"manifest_display_name" : "YComponentBrowser",
"name" : "YComponentBrowser",
"path" : "/Users/admin/builder/spi-builder-workspace",
"platforms" : [
{
"name" : "ios",
"version" : "14.0"
}
],
"products" : [
{
"name" : "YComponentBrowser",
"targets" : [
"YComponentBrowser"
],
"type" : {
"library" : [
"automatic"
]
}
}
],
"targets" : [
{
"c99name" : "YComponentBrowserTests",
"module_type" : "SwiftTarget",
"name" : "YComponentBrowserTests",
"path" : "Tests/YComponentBrowserTests",
"sources" : [
"CatalogFactoryTest.swift",
"ClassificationScene/ClassificationDataSourceTests.swift",
"ClassificationScene/ClassificationViewControllerTest.swift",
"Extensions/XCTestCase+MemoryLeakTracking.swift",
"Extensions/XCTestCase+makeCoder.swift",
"Models/Categories/CatalogCategoryTest.swift",
"Models/Categories/CategoriesTest.swift",
"Models/Destinations/CatalogDestinationTests.swift",
"Models/Destinations/SubcategoryDestinationTests.swift",
"Protocols/IdentifiableProtocolTest.swift",
"UI Components/Generic Cells/GenericCollectionViewCellTest.swift",
"UI Components/Generic Cells/GenericTableViewCellTest.swift",
"UI Components/Generic Controllers/GenericCollectionViewControllerTest.swift",
"UI Components/Generic Controllers/GenericTableViewControllerTest.swift",
"UI Components/Generic Views/CatalogDisplayViewTest.swift",
"UI Components/Generic Views/ColorViewTest.swift",
"UI Components/Generic Views/FontViewTest.swift",
"UI Components/Generic Views/IconViewTest.swift"
],
"target_dependencies" : [
"YComponentBrowser"
],
"type" : "test"
},
{
"c99name" : "YComponentBrowser",
"module_type" : "SwiftTarget",
"name" : "YComponentBrowser",
"path" : "Sources/YComponentBrowser",
"product_memberships" : [
"YComponentBrowser"
],
"sources" : [
"CatalogFactory.swift",
"ClassificationScene/ClassificationDataSource.swift",
"ClassificationScene/ClassificationViewController.swift",
"Models/Categories/CatalogCategory.swift",
"Models/Categories/ColorCategory.swift",
"Models/Categories/ComponentCategory.swift",
"Models/Categories/CustomCategory.swift",
"Models/Categories/FontCategory.swift",
"Models/Categories/IconCategory.swift",
"Models/Destinations/CatalogDetailDestination.swift",
"Models/Destinations/SubcategoryDetailDestination.swift",
"Protocols/CatalogDataSource.swift",
"Protocols/Classification.swift",
"Protocols/Destination.swift",
"Protocols/Highlightable.swift",
"Protocols/Identifiable.swift",
"Protocols/Populatable.swift",
"Protocols/Reusable.swift",
"Protocols/Selectable.swift",
"UI Components/Generic Cells/GenericCollectionViewCell.swift",
"UI Components/Generic Cells/GenericTableViewCell.swift",
"UI Components/Generic Controllers/GenericCollectionViewController.swift",
"UI Components/Generic Controllers/GenericTableViewController.swift",
"UI Components/Generic Views/CatalogDisplayView.swift",
"UI Components/Generic Views/ColorView.swift",
"UI Components/Generic Views/ContentView.swift",
"UI Components/Generic Views/FontView.swift",
"UI Components/Generic Views/IconView.swift"
],
"type" : "library"
}
],
"tools_version" : "5.5"
}
{
"workspace" : {
"name" : "YComponentBrowser",
"schemes" : [
"YCatalogViewer",
"YComponentBrowser"
]
}
}
2026-09-19 13:52:24.771 xcodebuild[623:3928] [MT] IDERunDestination: Supported platforms for the buildables in the current scheme is empty.
{
"workspace" : {
"name" : "YComponentBrowser",
"schemes" : [
"YCatalogViewer",
"YComponentBrowser"
]
}
}
2026-09-19 13:52:25.812 xcodebuild[645:4141] [MT] IDERunDestination: Supported platforms for the buildables in the current scheme is empty.
2026-09-19 13:52:25.958 xcodebuild[645:4141] [MT] IDERunDestination: Supported platforms for the buildables in the current scheme is empty.
Running build ...
env DEVELOPER_DIR=/Applications/Xcode-27.0.0-Release.Candidate.app xcrun xcodebuild -IDEClonedSourcePackagesDirPathOverride=$PWD/.dependencies -skipMacroValidation -skipPackagePluginValidation -derivedDataPath $PWD/.derivedData build -scheme YComponentBrowser -destination generic/platform=tvOS
Command line invocation:
/Applications/Xcode-27.0.0-Release.Candidate.app/Contents/Developer/usr/bin/xcodebuild -IDEClonedSourcePackagesDirPathOverride=/Users/admin/builder/spi-builder-workspace/.dependencies -skipMacroValidation -skipPackagePluginValidation -derivedDataPath /Users/admin/builder/spi-builder-workspace/.derivedData build -scheme YComponentBrowser -destination generic/platform=tvOS
Resolve Package Graph
Resolved source packages:
YComponentBrowser: /Users/admin/builder/spi-builder-workspace
ComputePackagePrebuildTargetDependencyGraph
Prepare packages
CreateBuildRequest
SendProjectDescription
CreateBuildOperation
ComputeTargetDependencyGraph
note: Building targets in dependency order
note: Target dependency graph (3 targets)
Target 'YComponentBrowserTests-product' in project 'YComponentBrowser'
➜ Explicit dependency on target 'YComponentBrowser' in project 'YComponentBrowser'
Target 'YComponentBrowser-product' in project 'YComponentBrowser'
➜ Explicit dependency on target 'YComponentBrowser' in project 'YComponentBrowser'
Target 'YComponentBrowser' in project 'YComponentBrowser' (no dependencies)
GatherProvisioningInputs
CreateBuildDescription
ExecuteExternalTool /Applications/Xcode-27.0.0-Release.Candidate.app/Contents/Developer/Toolchains/XcodeDefault.xctoolchain/usr/bin/clang -v -E -dM -isysroot /Applications/Xcode-27.0.0-Release.Candidate.app/Contents/Developer/Platforms/AppleTVOS.platform/Developer/SDKs/AppleTVOS27.0.sdk -x c -c /dev/null
ExecuteExternalTool /Applications/Xcode-27.0.0-Release.Candidate.app/Contents/Developer/Toolchains/XcodeDefault.xctoolchain/usr/bin/swiftc --version
ExecuteExternalTool /Applications/Xcode-27.0.0-Release.Candidate.app/Contents/Developer/Toolchains/XcodeDefault.xctoolchain/usr/bin/ld -version_details
Build description signature: fc988342527563dde7ea7488116a8513
Build description path: /Users/admin/builder/spi-builder-workspace/.derivedData/Build/Intermediates.noindex/XCBuildData/fc988342527563dde7ea7488116a8513.xcbuilddata
CreateBuildDirectory /Users/admin/builder/spi-builder-workspace/.derivedData/SDKExplicitPrecompiledModules
cd /Users/admin/builder/spi-builder-workspace/.swiftpm/xcode
builtin-create-build-directory /Users/admin/builder/spi-builder-workspace/.derivedData/SDKExplicitPrecompiledModules
CreateBuildDirectory /Users/admin/builder/spi-builder-workspace/.derivedData/CompilationCache.noindex
cd /Users/admin/builder/spi-builder-workspace/.swiftpm/xcode
builtin-create-build-directory /Users/admin/builder/spi-builder-workspace/.derivedData/CompilationCache.noindex
CreateBuildDirectory /Users/admin/builder/spi-builder-workspace/.derivedData/ModuleCache.noindex
cd /Users/admin/builder/spi-builder-workspace/.swiftpm/xcode
builtin-create-build-directory /Users/admin/builder/spi-builder-workspace/.derivedData/ModuleCache.noindex
ClangStatCache /Applications/Xcode-27.0.0-Release.Candidate.app/Contents/Developer/Toolchains/XcodeDefault.xctoolchain/usr/bin/clang-stat-cache /Applications/Xcode-27.0.0-Release.Candidate.app/Contents/Developer/Platforms/AppleTVOS.platform/Developer/SDKs/AppleTVOS27.0.sdk /Users/admin/builder/spi-builder-workspace/.derivedData/SDKStatCaches.noindex/appletvos27.0-24J360-e829b21a6f8c9b70876ba0858053c044b32bfd8d43560033f8d89884cdb90028.sdkstatcache
cd /Users/admin/builder/spi-builder-workspace/.swiftpm/xcode
/Applications/Xcode-27.0.0-Release.Candidate.app/Contents/Developer/Toolchains/XcodeDefault.xctoolchain/usr/bin/clang-stat-cache /Applications/Xcode-27.0.0-Release.Candidate.app/Contents/Developer/Platforms/AppleTVOS.platform/Developer/SDKs/AppleTVOS27.0.sdk -o /Users/admin/builder/spi-builder-workspace/.derivedData/SDKStatCaches.noindex/appletvos27.0-24J360-e829b21a6f8c9b70876ba0858053c044b32bfd8d43560033f8d89884cdb90028.sdkstatcache
CreateBuildDirectory /Users/admin/builder/spi-builder-workspace/.derivedData/Build/Products
cd /Users/admin/builder/spi-builder-workspace/.swiftpm/xcode
builtin-create-build-directory /Users/admin/builder/spi-builder-workspace/.derivedData/Build/Products
CreateBuildDirectory /Users/admin/builder/spi-builder-workspace/.derivedData/Build/Intermediates.noindex
cd /Users/admin/builder/spi-builder-workspace/.swiftpm/xcode
builtin-create-build-directory /Users/admin/builder/spi-builder-workspace/.derivedData/Build/Intermediates.noindex
CreateBuildDirectory /Users/admin/builder/spi-builder-workspace/.derivedData/Build/Products/Debug-appletvos
cd /Users/admin/builder/spi-builder-workspace/.swiftpm/xcode
builtin-create-build-directory /Users/admin/builder/spi-builder-workspace/.derivedData/Build/Products/Debug-appletvos
CreateBuildDirectory /Users/admin/builder/spi-builder-workspace/.derivedData/Build/Intermediates.noindex/SwiftExplicitPrecompiledModules
cd /Users/admin/builder/spi-builder-workspace/.swiftpm/xcode
builtin-create-build-directory /Users/admin/builder/spi-builder-workspace/.derivedData/Build/Intermediates.noindex/SwiftExplicitPrecompiledModules
CreateBuildDirectory /Users/admin/builder/spi-builder-workspace/.derivedData/Build/Intermediates.noindex/ExplicitPrecompiledModules
cd /Users/admin/builder/spi-builder-workspace/.swiftpm/xcode
builtin-create-build-directory /Users/admin/builder/spi-builder-workspace/.derivedData/Build/Intermediates.noindex/ExplicitPrecompiledModules
CreateBuildDirectory /Users/admin/builder/spi-builder-workspace/.derivedData/Build/Intermediates.noindex/PrecompiledHeaders
cd /Users/admin/builder/spi-builder-workspace/.swiftpm/xcode
builtin-create-build-directory /Users/admin/builder/spi-builder-workspace/.derivedData/Build/Intermediates.noindex/PrecompiledHeaders
CreateBuildDirectory /Users/admin/builder/spi-builder-workspace/.derivedData/Build/Intermediates.noindex/EagerLinkingTBDs/Debug-appletvos
cd /Users/admin/builder/spi-builder-workspace/.swiftpm/xcode
builtin-create-build-directory /Users/admin/builder/spi-builder-workspace/.derivedData/Build/Intermediates.noindex/EagerLinkingTBDs/Debug-appletvos
CreateBuildDirectory /Users/admin/builder/spi-builder-workspace/.derivedData/Build/Products/Debug-appletvos/PackageFrameworks
cd /Users/admin/builder/spi-builder-workspace/.swiftpm/xcode
builtin-create-build-directory /Users/admin/builder/spi-builder-workspace/.derivedData/Build/Products/Debug-appletvos/PackageFrameworks
WriteAuxiliaryFile /Users/admin/builder/spi-builder-workspace/.derivedData/Build/Intermediates.noindex/YComponentBrowser.build/Debug-appletvos/YComponentBrowserTests-p.build/YComponentBrowserTests.DependencyMetadataFileList (in target 'YComponentBrowserTests-product' from project 'YComponentBrowser')
cd /Users/admin/builder/spi-builder-workspace
write-file /Users/admin/builder/spi-builder-workspace/.derivedData/Build/Intermediates.noindex/YComponentBrowser.build/Debug-appletvos/YComponentBrowserTests-p.build/YComponentBrowserTests.DependencyMetadataFileList
WriteAuxiliaryFile /Users/admin/builder/spi-builder-workspace/.derivedData/Build/Intermediates.noindex/YComponentBrowser.build/Debug-appletvos/YComponentBrowserTests-p.build/empty-YComponentBrowserTests.plist (in target 'YComponentBrowserTests-product' from project 'YComponentBrowser')
cd /Users/admin/builder/spi-builder-workspace
write-file /Users/admin/builder/spi-builder-workspace/.derivedData/Build/Intermediates.noindex/YComponentBrowser.build/Debug-appletvos/YComponentBrowserTests-p.build/empty-YComponentBrowserTests.plist
WriteAuxiliaryFile /Users/admin/builder/spi-builder-workspace/.derivedData/Build/Intermediates.noindex/YComponentBrowser.build/Debug-appletvos/YComponentBrowserTests-p.build/YComponentBrowserTests.DependencyStaticMetadataFileList (in target 'YComponentBrowserTests-product' from project 'YComponentBrowser')
cd /Users/admin/builder/spi-builder-workspace
write-file /Users/admin/builder/spi-builder-workspace/.derivedData/Build/Intermediates.noindex/YComponentBrowser.build/Debug-appletvos/YComponentBrowserTests-p.build/YComponentBrowserTests.DependencyStaticMetadataFileList
WriteAuxiliaryFile /Users/admin/builder/spi-builder-workspace/.derivedData/Build/Intermediates.noindex/YComponentBrowser.build/Debug-appletvos/YComponentBrowser-t.build/YComponentBrowser.modulemap (in target 'YComponentBrowser' from project 'YComponentBrowser')
cd /Users/admin/builder/spi-builder-workspace
write-file /Users/admin/builder/spi-builder-workspace/.derivedData/Build/Intermediates.noindex/YComponentBrowser.build/Debug-appletvos/YComponentBrowser-t.build/YComponentBrowser.modulemap
WriteAuxiliaryFile /Users/admin/builder/spi-builder-workspace/.derivedData/Build/Intermediates.noindex/YComponentBrowser.build/Debug-appletvos/YComponentBrowserTests-p.build/Objects-normal/arm64/YComponentBrowserTests.SwiftFileList (in target 'YComponentBrowserTests-product' from project 'YComponentBrowser')
cd /Users/admin/builder/spi-builder-workspace
write-file /Users/admin/builder/spi-builder-workspace/.derivedData/Build/Intermediates.noindex/YComponentBrowser.build/Debug-appletvos/YComponentBrowserTests-p.build/Objects-normal/arm64/YComponentBrowserTests.SwiftFileList
WriteAuxiliaryFile /Users/admin/builder/spi-builder-workspace/.derivedData/Build/Intermediates.noindex/YComponentBrowser.build/Debug-appletvos/YComponentBrowserTests-p.build/Objects-normal/arm64/YComponentBrowserTests.SwiftConstValuesFileList (in target 'YComponentBrowserTests-product' from project 'YComponentBrowser')
cd /Users/admin/builder/spi-builder-workspace
write-file /Users/admin/builder/spi-builder-workspace/.derivedData/Build/Intermediates.noindex/YComponentBrowser.build/Debug-appletvos/YComponentBrowserTests-p.build/Objects-normal/arm64/YComponentBrowserTests.SwiftConstValuesFileList
WriteAuxiliaryFile /Users/admin/builder/spi-builder-workspace/.derivedData/Build/Intermediates.noindex/YComponentBrowser.build/Debug-appletvos/YComponentBrowserTests-p.build/Objects-normal/arm64/YComponentBrowserTests_const_extract_protocols.json (in target 'YComponentBrowserTests-product' from project 'YComponentBrowser')
cd /Users/admin/builder/spi-builder-workspace
write-file /Users/admin/builder/spi-builder-workspace/.derivedData/Build/Intermediates.noindex/YComponentBrowser.build/Debug-appletvos/YComponentBrowserTests-p.build/Objects-normal/arm64/YComponentBrowserTests_const_extract_protocols.json
WriteAuxiliaryFile /Users/admin/builder/spi-builder-workspace/.derivedData/Build/Intermediates.noindex/YComponentBrowser.build/Debug-appletvos/YComponentBrowserTests-p.build/Objects-normal/arm64/YComponentBrowserTests.LinkFileList (in target 'YComponentBrowserTests-product' from project 'YComponentBrowser')
cd /Users/admin/builder/spi-builder-workspace
write-file /Users/admin/builder/spi-builder-workspace/.derivedData/Build/Intermediates.noindex/YComponentBrowser.build/Debug-appletvos/YComponentBrowserTests-p.build/Objects-normal/arm64/YComponentBrowserTests.LinkFileList
WriteAuxiliaryFile /Users/admin/builder/spi-builder-workspace/.derivedData/Build/Intermediates.noindex/YComponentBrowser.build/Debug-appletvos/YComponentBrowserTests-p.build/Objects-normal/arm64/YComponentBrowserTests-OutputFileMap.json (in target 'YComponentBrowserTests-product' from project 'YComponentBrowser')
cd /Users/admin/builder/spi-builder-workspace
write-file /Users/admin/builder/spi-builder-workspace/.derivedData/Build/Intermediates.noindex/YComponentBrowser.build/Debug-appletvos/YComponentBrowserTests-p.build/Objects-normal/arm64/YComponentBrowserTests-OutputFileMap.json
WriteAuxiliaryFile /Users/admin/builder/spi-builder-workspace/.derivedData/Build/Intermediates.noindex/YComponentBrowser.build/Debug-appletvos/YComponentBrowser-t.build/YComponentBrowser.DependencyStaticMetadataFileList (in target 'YComponentBrowser' from project 'YComponentBrowser')
cd /Users/admin/builder/spi-builder-workspace
write-file /Users/admin/builder/spi-builder-workspace/.derivedData/Build/Intermediates.noindex/YComponentBrowser.build/Debug-appletvos/YComponentBrowser-t.build/YComponentBrowser.DependencyStaticMetadataFileList
WriteAuxiliaryFile /Users/admin/builder/spi-builder-workspace/.derivedData/Build/Intermediates.noindex/YComponentBrowser.build/Debug-appletvos/YComponentBrowser-t.build/YComponentBrowser.DependencyMetadataFileList (in target 'YComponentBrowser' from project 'YComponentBrowser')
cd /Users/admin/builder/spi-builder-workspace
write-file /Users/admin/builder/spi-builder-workspace/.derivedData/Build/Intermediates.noindex/YComponentBrowser.build/Debug-appletvos/YComponentBrowser-t.build/YComponentBrowser.DependencyMetadataFileList
WriteAuxiliaryFile /Users/admin/builder/spi-builder-workspace/.derivedData/Build/Intermediates.noindex/YComponentBrowser.build/Debug-appletvos/YComponentBrowser-t.build/Objects-normal/arm64/YComponentBrowser.SwiftFileList (in target 'YComponentBrowser' from project 'YComponentBrowser')
cd /Users/admin/builder/spi-builder-workspace
write-file /Users/admin/builder/spi-builder-workspace/.derivedData/Build/Intermediates.noindex/YComponentBrowser.build/Debug-appletvos/YComponentBrowser-t.build/Objects-normal/arm64/YComponentBrowser.SwiftFileList
WriteAuxiliaryFile /Users/admin/builder/spi-builder-workspace/.derivedData/Build/Intermediates.noindex/YComponentBrowser.build/Debug-appletvos/YComponentBrowser-t.build/Objects-normal/arm64/YComponentBrowser.SwiftConstValuesFileList (in target 'YComponentBrowser' from project 'YComponentBrowser')
cd /Users/admin/builder/spi-builder-workspace
write-file /Users/admin/builder/spi-builder-workspace/.derivedData/Build/Intermediates.noindex/YComponentBrowser.build/Debug-appletvos/YComponentBrowser-t.build/Objects-normal/arm64/YComponentBrowser.SwiftConstValuesFileList
WriteAuxiliaryFile /Users/admin/builder/spi-builder-workspace/.derivedData/Build/Intermediates.noindex/YComponentBrowser.build/Debug-appletvos/YComponentBrowser-t.build/Objects-normal/arm64/YComponentBrowser_const_extract_protocols.json (in target 'YComponentBrowser' from project 'YComponentBrowser')
cd /Users/admin/builder/spi-builder-workspace
write-file /Users/admin/builder/spi-builder-workspace/.derivedData/Build/Intermediates.noindex/YComponentBrowser.build/Debug-appletvos/YComponentBrowser-t.build/Objects-normal/arm64/YComponentBrowser_const_extract_protocols.json
WriteAuxiliaryFile /Users/admin/builder/spi-builder-workspace/.derivedData/Build/Intermediates.noindex/YComponentBrowser.build/Debug-appletvos/YComponentBrowser-t.build/Objects-normal/arm64/YComponentBrowser.LinkFileList (in target 'YComponentBrowser' from project 'YComponentBrowser')
cd /Users/admin/builder/spi-builder-workspace
write-file /Users/admin/builder/spi-builder-workspace/.derivedData/Build/Intermediates.noindex/YComponentBrowser.build/Debug-appletvos/YComponentBrowser-t.build/Objects-normal/arm64/YComponentBrowser.LinkFileList
WriteAuxiliaryFile /Users/admin/builder/spi-builder-workspace/.derivedData/Build/Intermediates.noindex/YComponentBrowser.build/Debug-appletvos/YComponentBrowser-t.build/Objects-normal/arm64/YComponentBrowser-OutputFileMap.json (in target 'YComponentBrowser' from project 'YComponentBrowser')
cd /Users/admin/builder/spi-builder-workspace
write-file /Users/admin/builder/spi-builder-workspace/.derivedData/Build/Intermediates.noindex/YComponentBrowser.build/Debug-appletvos/YComponentBrowser-t.build/Objects-normal/arm64/YComponentBrowser-OutputFileMap.json
Copy /Users/admin/builder/spi-builder-workspace/.derivedData/Build/Intermediates.noindex/GeneratedModuleMaps-appletvos/YComponentBrowser.modulemap /Users/admin/builder/spi-builder-workspace/.derivedData/Build/Intermediates.noindex/YComponentBrowser.build/Debug-appletvos/YComponentBrowser-t.build/YComponentBrowser.modulemap (in target 'YComponentBrowser' from project 'YComponentBrowser')
cd /Users/admin/builder/spi-builder-workspace
builtin-copy -exclude .DS_Store -exclude CVS -exclude .svn -exclude .git -exclude .hg -resolve-src-symlinks /Users/admin/builder/spi-builder-workspace/.derivedData/Build/Intermediates.noindex/YComponentBrowser.build/Debug-appletvos/YComponentBrowser-t.build/YComponentBrowser.modulemap /Users/admin/builder/spi-builder-workspace/.derivedData/Build/Intermediates.noindex/GeneratedModuleMaps-appletvos
MkDir /Users/admin/builder/spi-builder-workspace/.derivedData/Build/Products/Debug-appletvos/YComponentBrowserTests.xctest (in target 'YComponentBrowserTests-product' from project 'YComponentBrowser')
cd /Users/admin/builder/spi-builder-workspace
/bin/mkdir -p /Users/admin/builder/spi-builder-workspace/.derivedData/Build/Products/Debug-appletvos/YComponentBrowserTests.xctest
SwiftDriver YComponentBrowser normal arm64 com.apple.xcode.tools.swift.compiler (in target 'YComponentBrowser' from project 'YComponentBrowser')
cd /Users/admin/builder/spi-builder-workspace/.swiftpm/xcode
builtin-SwiftDriver -- /Applications/Xcode-27.0.0-Release.Candidate.app/Contents/Developer/Toolchains/XcodeDefault.xctoolchain/usr/bin/swiftc -parse-as-library -module-name YComponentBrowser -Onone @/Users/admin/builder/spi-builder-workspace/.derivedData/Build/Intermediates.noindex/YComponentBrowser.build/Debug-appletvos/YComponentBrowser-t.build/Objects-normal/arm64/YComponentBrowser.SwiftFileList -DSWIFT_PACKAGE -DDEBUG -DSWIFT_MODULE_RESOURCE_BUNDLE_UNAVAILABLE -DXcode -plugin-path /Applications/Xcode-27.0.0-Release.Candidate.app/Contents/Developer/Toolchains/XcodeDefault.xctoolchain/usr/lib/swift/host/plugins/testing -enable-experimental-feature DebugDescriptionMacro -sdk /Applications/Xcode-27.0.0-Release.Candidate.app/Contents/Developer/Platforms/AppleTVOS.platform/Developer/SDKs/AppleTVOS27.0.sdk -target arm64-apple-tvos15.0 -g -module-cache-path /Users/admin/builder/spi-builder-workspace/.derivedData/ModuleCache.noindex -Xfrontend -serialize-debugging-options -profile-coverage-mapping -profile-generate -enable-testing -index-store-path /Users/admin/builder/spi-builder-workspace/.derivedData/Index.noindex/DataStore -Xcc -D_LIBCPP_HARDENING_MODE\=_LIBCPP_HARDENING_MODE_DEBUG -swift-version 5 -I /Users/admin/builder/spi-builder-workspace/.derivedData/Build/Products/Debug-appletvos -Isystem /Applications/Xcode-27.0.0-Release.Candidate.app/Contents/Developer/Platforms/AppleTVOS.platform/Developer/usr/lib -F /Users/admin/builder/spi-builder-workspace/.derivedData/Build/Products/Debug-appletvos -F /Applications/Xcode-27.0.0-Release.Candidate.app/Contents/Developer/Platforms/AppleTVOS.platform/Developer/Library/Frameworks -F /Applications/Xcode-27.0.0-Release.Candidate.app/Contents/Developer/Platforms/AppleTVOS.platform/Developer/SDKs/AppleTVOS27.0.sdk/Developer/Library/Frameworks -c -j10 -enable-batch-mode -incremental -Xcc -ivfsstatcache -Xcc /Users/admin/builder/spi-builder-workspace/.derivedData/SDKStatCaches.noindex/appletvos27.0-24J360-e829b21a6f8c9b70876ba0858053c044b32bfd8d43560033f8d89884cdb90028.sdkstatcache -output-file-map /Users/admin/builder/spi-builder-workspace/.derivedData/Build/Intermediates.noindex/YComponentBrowser.build/Debug-appletvos/YComponentBrowser-t.build/Objects-normal/arm64/YComponentBrowser-OutputFileMap.json -save-temps -no-color-diagnostics -explicit-module-build -module-cache-path /Users/admin/builder/spi-builder-workspace/.derivedData/Build/Intermediates.noindex/SwiftExplicitPrecompiledModules -clang-scanner-module-cache-path /Users/admin/builder/spi-builder-workspace/.derivedData/ModuleCache.noindex -sdk-module-cache-path /Users/admin/builder/spi-builder-workspace/.derivedData/SDKExplicitPrecompiledModules -emit-dependencies -emit-module -emit-module-path /Users/admin/builder/spi-builder-workspace/.derivedData/Build/Intermediates.noindex/YComponentBrowser.build/Debug-appletvos/YComponentBrowser-t.build/Objects-normal/arm64/YComponentBrowser.swiftmodule -serialize-diagnostics -dependency-scan-serialize-diagnostics-path /Users/admin/builder/spi-builder-workspace/.derivedData/Build/Intermediates.noindex/YComponentBrowser.build/Debug-appletvos/YComponentBrowser-t.build/Objects-normal/arm64/YComponentBrowser-dependency-scan.dia -validate-clang-modules-once -clang-build-session-file /Users/admin/builder/spi-builder-workspace/.derivedData/ModuleCache.noindex/Session.modulevalidation -Xcc -fmodules-prune-interval\=86400 -Xcc -fmodules-prune-after\=345600 -emit-const-values -const-gather-protocols-list /Users/admin/builder/spi-builder-workspace/.derivedData/Build/Intermediates.noindex/YComponentBrowser.build/Debug-appletvos/YComponentBrowser-t.build/Objects-normal/arm64/YComponentBrowser_const_extract_protocols.json -Xcc -I/Users/admin/builder/spi-builder-workspace/.derivedData/Build/Products/Debug-appletvos/include -Xcc -I/Users/admin/builder/spi-builder-workspace/.derivedData/Build/Intermediates.noindex/YComponentBrowser.build/Debug-appletvos/YComponentBrowser-t.build/DerivedSources-normal/arm64 -Xcc -I/Users/admin/builder/spi-builder-workspace/.derivedData/Build/Intermediates.noindex/YComponentBrowser.build/Debug-appletvos/YComponentBrowser-t.build/DerivedSources/arm64 -Xcc -I/Users/admin/builder/spi-builder-workspace/.derivedData/Build/Intermediates.noindex/YComponentBrowser.build/Debug-appletvos/YComponentBrowser-t.build/DerivedSources -Xcc -DSWIFT_PACKAGE -Xcc -DDEBUG\=1 -emit-objc-header -emit-objc-header-path /Users/admin/builder/spi-builder-workspace/.derivedData/Build/Intermediates.noindex/YComponentBrowser.build/Debug-appletvos/YComponentBrowser-t.build/Objects-normal/arm64/YComponentBrowser-Swift.h -working-directory /Users/admin/builder/spi-builder-workspace/.swiftpm/xcode -experimental-emit-module-separately -disable-cmo
SwiftExplicitDependencyGeneratePcm arm64 /Users/admin/builder/spi-builder-workspace/.derivedData/SDKExplicitPrecompiledModules/_Builtin_stddef-9ZJZ6FDEZNKTZU8YLPMFT9RAQ.pcm
SwiftExplicitDependencyGeneratePcm arm64 /Users/admin/builder/spi-builder-workspace/.derivedData/SDKExplicitPrecompiledModules/DeveloperToolsSupport-B1X8RI63V48AJRTH2RK6JAARV.pcm
SwiftExplicitDependencyGeneratePcm arm64 /Users/admin/builder/spi-builder-workspace/.derivedData/SDKExplicitPrecompiledModules/SwiftShims-8N4EXJ4RUJTR8K9OO3CMOH1EP.pcm
SwiftExplicitDependencyGeneratePcm arm64 /Users/admin/builder/spi-builder-workspace/.derivedData/SDKExplicitPrecompiledModules/ptrcheck-2AZ6B5IBYD3RRRTFWN2ONASY3.pcm
SwiftExplicitDependencyGeneratePcm arm64 /Users/admin/builder/spi-builder-workspace/.derivedData/SDKExplicitPrecompiledModules/_SwiftConcurrencyShims-BY5PD8KF1L5KF6F4Q69HE3TJ4.pcm
SwiftExplicitDependencyGeneratePcm arm64 /Users/admin/builder/spi-builder-workspace/.derivedData/SDKExplicitPrecompiledModules/_Builtin_stdbool-AHRDH5EKLY6D04C5E42F3VCQI.pcm
SwiftExplicitDependencyGeneratePcm arm64 /Users/admin/builder/spi-builder-workspace/.derivedData/SDKExplicitPrecompiledModules/ptrauth-8X2KEPL7CTRPS40TUB9APHPK6.pcm
SwiftExplicitDependencyGeneratePcm arm64 /Users/admin/builder/spi-builder-workspace/.derivedData/SDKExplicitPrecompiledModules/_Builtin_float-8ZJAYZ85YBOAOP52Y9H6IUNP3.pcm
SwiftExplicitDependencyGeneratePcm arm64 /Users/admin/builder/spi-builder-workspace/.derivedData/SDKExplicitPrecompiledModules/_AvailabilityInternal-BV2EDDP0MI5QJDDPEEV4D9D3V.pcm
SwiftExplicitDependencyGeneratePcm arm64 /Users/admin/builder/spi-builder-workspace/.derivedData/SDKExplicitPrecompiledModules/_Builtin_stdarg-BO2OCAUYVAXDRVQWQ8ISKGNUQ.pcm
SwiftExplicitDependencyGeneratePcm arm64 /Users/admin/builder/spi-builder-workspace/.derivedData/SDKExplicitPrecompiledModules/_DarwinFoundation1-JOTYMOA1YZCIJ2NON6FQ848O.pcm
SwiftExplicitDependencyGeneratePcm arm64 /Users/admin/builder/spi-builder-workspace/.derivedData/SDKExplicitPrecompiledModules/_Builtin_limits-7JU2HP127LIT1X9E2V3D8WZ1.pcm
SwiftExplicitDependencyGeneratePcm arm64 /Users/admin/builder/spi-builder-workspace/.derivedData/SDKExplicitPrecompiledModules/_DarwinFoundation2-AOGAN1O02NKXRJN5V73AV3V3M.pcm
SwiftExplicitDependencyGeneratePcm arm64 /Users/admin/builder/spi-builder-workspace/.derivedData/SDKExplicitPrecompiledModules/string_h-6EVHP7A717OUS5DMC78F79HWO.pcm
SwiftExplicitDependencyGeneratePcm arm64 /Users/admin/builder/spi-builder-workspace/.derivedData/SDKExplicitPrecompiledModules/_Builtin_stdint-6NFTB6IBKS143IVPGT1EKB7HO.pcm
SwiftExplicitDependencyGeneratePcm arm64 /Users/admin/builder/spi-builder-workspace/.derivedData/SDKExplicitPrecompiledModules/sys_types-8GCAV1YMG5UUGHUID3CA20TCH.pcm
SwiftExplicitDependencyGeneratePcm arm64 /Users/admin/builder/spi-builder-workspace/.derivedData/SDKExplicitPrecompiledModules/_Builtin_tgmath-7ULT1EUHDHW4OZPSTT33H6QGE.pcm
SwiftExplicitDependencyGeneratePcm arm64 /Users/admin/builder/spi-builder-workspace/.derivedData/SDKExplicitPrecompiledModules/_Builtin_intrinsics-437O2R2NID4WAQVENR63GR82C.pcm
SwiftExplicitDependencyGeneratePcm arm64 /Users/admin/builder/spi-builder-workspace/.derivedData/SDKExplicitPrecompiledModules/_Builtin_stdatomic-3YXHN678NGYM3NL9POJ2HVEIF.pcm
SwiftExplicitDependencyGeneratePcm arm64 /Users/admin/builder/spi-builder-workspace/.derivedData/SDKExplicitPrecompiledModules/_DarwinFoundation3-8SR3855WDFHQPR6G9GHOI2C07.pcm
SwiftExplicitDependencyGeneratePcm arm64 /Users/admin/builder/spi-builder-workspace/.derivedData/SDKExplicitPrecompiledModules/_Builtin_inttypes-6X1IQ3QK9KEVKXOK9Y79EW7J3.pcm
SwiftExplicitDependencyGeneratePcm arm64 /Users/admin/builder/spi-builder-workspace/.derivedData/SDKExplicitPrecompiledModules/Darwin-DBSQAVBBPC3D2OMU5ZI2RXMST.pcm
SwiftExplicitDependencyGeneratePcm arm64 /Users/admin/builder/spi-builder-workspace/.derivedData/SDKExplicitPrecompiledModules/simd-117QUXEUT3Z7UQCUYWV2UA228.pcm
SwiftExplicitDependencyGeneratePcm arm64 /Users/admin/builder/spi-builder-workspace/.derivedData/SDKExplicitPrecompiledModules/MachO-EH3F5PJCIZG05NO51CEFSZYPW.pcm
SwiftExplicitDependencyGeneratePcm arm64 /Users/admin/builder/spi-builder-workspace/.derivedData/SDKExplicitPrecompiledModules/ObjectiveC-5250FDCE56N8508OR6XUYDKZM.pcm
SwiftExplicitDependencyGeneratePcm arm64 /Users/admin/builder/spi-builder-workspace/.derivedData/SDKExplicitPrecompiledModules/os_object-E2DGZ0SX0TULQHULZRPO6OKNW.pcm
SwiftExplicitDependencyGeneratePcm arm64 /Users/admin/builder/spi-builder-workspace/.derivedData/SDKExplicitPrecompiledModules/os_workgroup-DBUFF7811DKMX7VPBOJPGGF1U.pcm
SwiftExplicitDependencyGeneratePcm arm64 /Users/admin/builder/spi-builder-workspace/.derivedData/SDKExplicitPrecompiledModules/Dispatch-1QL58A0V50C39KVAIC6C38SHL.pcm
SwiftExplicitDependencyGeneratePcm arm64 /Users/admin/builder/spi-builder-workspace/.derivedData/SDKExplicitPrecompiledModules/Spatial-7U8NLEFXSB8BR7PJQGVMF5A4Q.pcm
SwiftExplicitDependencyGeneratePcm arm64 /Users/admin/builder/spi-builder-workspace/.derivedData/SDKExplicitPrecompiledModules/CoreFoundation-7TPJ7ENDC4L1A1ESHYI9TXS0D.pcm
SwiftExplicitDependencyGeneratePcm arm64 /Users/admin/builder/spi-builder-workspace/.derivedData/SDKExplicitPrecompiledModules/XPC-6O2DJFT3QUJ7QKTD3SNUB6PCR.pcm
SwiftExplicitDependencyGeneratePcm arm64 /Users/admin/builder/spi-builder-workspace/.derivedData/SDKExplicitPrecompiledModules/os-3GJI8H0BNAEZPQPQ1V0VVY3FY.pcm
SwiftExplicitDependencyGeneratePcm arm64 /Users/admin/builder/spi-builder-workspace/.derivedData/SDKExplicitPrecompiledModules/CoreGraphics-CWSP3J98S2658BYCVL6RP99T3.pcm
SwiftExplicitDependencyGeneratePcm arm64 /Users/admin/builder/spi-builder-workspace/.derivedData/SDKExplicitPrecompiledModules/CFNetwork-2CUR2VK9S3S3WPFXPNXNUWYGN.pcm
SwiftExplicitDependencyGeneratePcm arm64 /Users/admin/builder/spi-builder-workspace/.derivedData/SDKExplicitPrecompiledModules/Security-8VMXEKVDA3MHUH9AOTP905DID.pcm
SwiftExplicitDependencyGeneratePcm arm64 /Users/admin/builder/spi-builder-workspace/.derivedData/SDKExplicitPrecompiledModules/Foundation-BSSIP64DIGUKMAYJOG1WPQ78X.pcm
SwiftExplicitDependencyGeneratePcm arm64 /Users/admin/builder/spi-builder-workspace/.derivedData/SDKExplicitPrecompiledModules/CoreText-59NY7PABM0I4V978161FOC04A.pcm
SwiftExplicitDependencyGeneratePcm arm64 /Users/admin/builder/spi-builder-workspace/.derivedData/SDKExplicitPrecompiledModules/ImageIO-88D4CLEBD4CLWQKT78PZ6H1O8.pcm
SwiftExplicitDependencyGeneratePcm arm64 /Users/admin/builder/spi-builder-workspace/.derivedData/SDKExplicitPrecompiledModules/UserNotifications-E9ZW5TH066WIJWH9080RC5NG4.pcm
SwiftExplicitDependencyGeneratePcm arm64 /Users/admin/builder/spi-builder-workspace/.derivedData/SDKExplicitPrecompiledModules/CoreTransferable-7V4O8DATEQ9F7SDNTCW8YWLG3.pcm
SwiftExplicitDependencyGeneratePcm arm64 /Users/admin/builder/spi-builder-workspace/.derivedData/SDKExplicitPrecompiledModules/_LocationEssentials-ETSJ65FELPWR8WH8G49R1DF2E.pcm
SwiftExplicitDependencyGeneratePcm arm64 /Users/admin/builder/spi-builder-workspace/.derivedData/SDKExplicitPrecompiledModules/UIUtilities-6ZFJ1AK4H8IBGEBMYQBWGBYLK.pcm
SwiftExplicitDependencyGeneratePcm arm64 /Users/admin/builder/spi-builder-workspace/.derivedData/SDKExplicitPrecompiledModules/DataDetection-37JIYZ2GWDA1L166PP1D9JKAF.pcm
SwiftExplicitDependencyGeneratePcm arm64 /Users/admin/builder/spi-builder-workspace/.derivedData/SDKExplicitPrecompiledModules/OSLog-7OT6HHTMY0ZFEQJ095LJZ6NLC.pcm
SwiftExplicitDependencyGeneratePcm arm64 /Users/admin/builder/spi-builder-workspace/.derivedData/SDKExplicitPrecompiledModules/Accessibility-B6BODGZ4MQQTY0PBC4SHRP009.pcm
SwiftExplicitDependencyGeneratePcm arm64 /Users/admin/builder/spi-builder-workspace/.derivedData/SDKExplicitPrecompiledModules/Symbols-B5AU9VM9Y7NU79RLMH13Z4IFM.pcm
SwiftExplicitDependencyGeneratePcm arm64 /Users/admin/builder/spi-builder-workspace/.derivedData/SDKExplicitPrecompiledModules/IOSurface-38FJ1CKX9FV2RD97O64Z7QB17.pcm
SwiftExplicitDependencyGeneratePcm arm64 /Users/admin/builder/spi-builder-workspace/.derivedData/SDKExplicitPrecompiledModules/UniformTypeIdentifiers-95CC8U42ZA9STP5K6GP9ZVJS5.pcm
SwiftExplicitDependencyGeneratePcm arm64 /Users/admin/builder/spi-builder-workspace/.derivedData/SDKExplicitPrecompiledModules/CoreLocation-YVXXAOMVX0JH2KO1XTTKTY51.pcm
SwiftExplicitDependencyGeneratePcm arm64 /Users/admin/builder/spi-builder-workspace/.derivedData/SDKExplicitPrecompiledModules/OpenGLES-4NY99CNDU9WUNUYEIXSS1QFGE.pcm
SwiftExplicitDependencyGeneratePcm arm64 /Users/admin/builder/spi-builder-workspace/.derivedData/SDKExplicitPrecompiledModules/Metal-2KYBS7IML1SD788M91YV7Q0CC.pcm
SwiftExplicitDependencyGeneratePcm arm64 /Users/admin/builder/spi-builder-workspace/.derivedData/SDKExplicitPrecompiledModules/CoreVideo-DPU0PB5X0XLSVA2ETRGI6FJBM.pcm
SwiftExplicitDependencyGeneratePcm arm64 /Users/admin/builder/spi-builder-workspace/.derivedData/SDKExplicitPrecompiledModules/CoreImage-7S2AFJ8EIY3DUFYLEAX1JR1QV.pcm
SwiftExplicitDependencyGeneratePcm arm64 /Users/admin/builder/spi-builder-workspace/.derivedData/SDKExplicitPrecompiledModules/QuartzCore-DJSYAWKXFGVSAK5CQMOB3JSR.pcm
SwiftExplicitDependencyGeneratePcm arm64 /Users/admin/builder/spi-builder-workspace/.derivedData/SDKExplicitPrecompiledModules/SwiftUICore-543QU5V2NHKUFCYFJDKUJ7NYG.pcm
SwiftExplicitDependencyGeneratePcm arm64 /Users/admin/builder/spi-builder-workspace/.derivedData/SDKExplicitPrecompiledModules/UIKit-1TKWN7VC2X6N3ITMRVA2G0EB2.pcm
SwiftEmitModule normal arm64 Emitting\ module\ for\ YComponentBrowser (in target 'YComponentBrowser' from project 'YComponentBrowser')
SwiftCompile normal arm64 (in target 'YComponentBrowser' from project 'YComponentBrowser')
cd /Users/admin/builder/spi-builder-workspace/.swiftpm/xcode
SwiftCompile normal arm64 Compiling\ ColorView.swift,\ ContentView.swift /Users/admin/builder/spi-builder-workspace/Sources/YComponentBrowser/UI\ Components/Generic\ Views/ColorView.swift /Users/admin/builder/spi-builder-workspace/Sources/YComponentBrowser/UI\ Components/Generic\ Views/ContentView.swift (in target 'YComponentBrowser' from project 'YComponentBrowser')
SwiftCompile normal arm64 /Users/admin/builder/spi-builder-workspace/Sources/YComponentBrowser/UI\ Components/Generic\ Views/ColorView.swift (in target 'YComponentBrowser' from project 'YComponentBrowser')
cd /Users/admin/builder/spi-builder-workspace/.swiftpm/xcode
builtin-SwiftPerFileCompile ColorView.swift
SwiftCompile normal arm64 /Users/admin/builder/spi-builder-workspace/Sources/YComponentBrowser/UI\ Components/Generic\ Views/ContentView.swift (in target 'YComponentBrowser' from project 'YComponentBrowser')
cd /Users/admin/builder/spi-builder-workspace/.swiftpm/xcode
builtin-SwiftPerFileCompile ContentView.swift
SwiftCompile normal arm64 Compiling\ Selectable.swift,\ GenericCollectionViewCell.swift,\ GenericTableViewCell.swift /Users/admin/builder/spi-builder-workspace/Sources/YComponentBrowser/Protocols/Selectable.swift /Users/admin/builder/spi-builder-workspace/Sources/YComponentBrowser/UI\ Components/Generic\ Cells/GenericCollectionViewCell.swift /Users/admin/builder/spi-builder-workspace/Sources/YComponentBrowser/UI\ Components/Generic\ Cells/GenericTableViewCell.swift (in target 'YComponentBrowser' from project 'YComponentBrowser')
SwiftCompile normal arm64 /Users/admin/builder/spi-builder-workspace/Sources/YComponentBrowser/Protocols/Selectable.swift (in target 'YComponentBrowser' from project 'YComponentBrowser')
cd /Users/admin/builder/spi-builder-workspace/.swiftpm/xcode
builtin-SwiftPerFileCompile Selectable.swift
SwiftCompile normal arm64 /Users/admin/builder/spi-builder-workspace/Sources/YComponentBrowser/UI\ Components/Generic\ Cells/GenericCollectionViewCell.swift (in target 'YComponentBrowser' from project 'YComponentBrowser')
cd /Users/admin/builder/spi-builder-workspace/.swiftpm/xcode
builtin-SwiftPerFileCompile GenericCollectionViewCell.swift
SwiftCompile normal arm64 /Users/admin/builder/spi-builder-workspace/Sources/YComponentBrowser/UI\ Components/Generic\ Cells/GenericTableViewCell.swift (in target 'YComponentBrowser' from project 'YComponentBrowser')
cd /Users/admin/builder/spi-builder-workspace/.swiftpm/xcode
builtin-SwiftPerFileCompile GenericTableViewCell.swift
SwiftCompile normal arm64 Compiling\ Identifiable.swift,\ Populatable.swift,\ Reusable.swift /Users/admin/builder/spi-builder-workspace/Sources/YComponentBrowser/Protocols/Identifiable.swift /Users/admin/builder/spi-builder-workspace/Sources/YComponentBrowser/Protocols/Populatable.swift /Users/admin/builder/spi-builder-workspace/Sources/YComponentBrowser/Protocols/Reusable.swift (in target 'YComponentBrowser' from project 'YComponentBrowser')
SwiftCompile normal arm64 /Users/admin/builder/spi-builder-workspace/Sources/YComponentBrowser/Protocols/Identifiable.swift (in target 'YComponentBrowser' from project 'YComponentBrowser')
cd /Users/admin/builder/spi-builder-workspace/.swiftpm/xcode
builtin-SwiftPerFileCompile Identifiable.swift
SwiftCompile normal arm64 /Users/admin/builder/spi-builder-workspace/Sources/YComponentBrowser/Protocols/Populatable.swift (in target 'YComponentBrowser' from project 'YComponentBrowser')
cd /Users/admin/builder/spi-builder-workspace/.swiftpm/xcode
builtin-SwiftPerFileCompile Populatable.swift
SwiftCompile normal arm64 /Users/admin/builder/spi-builder-workspace/Sources/YComponentBrowser/Protocols/Reusable.swift (in target 'YComponentBrowser' from project 'YComponentBrowser')
cd /Users/admin/builder/spi-builder-workspace/.swiftpm/xcode
builtin-SwiftPerFileCompile Reusable.swift
SwiftCompile normal arm64 Compiling\ GenericCollectionViewController.swift,\ GenericTableViewController.swift,\ CatalogDisplayView.swift /Users/admin/builder/spi-builder-workspace/Sources/YComponentBrowser/UI\ Components/Generic\ Controllers/GenericCollectionViewController.swift /Users/admin/builder/spi-builder-workspace/Sources/YComponentBrowser/UI\ Components/Generic\ Controllers/GenericTableViewController.swift /Users/admin/builder/spi-builder-workspace/Sources/YComponentBrowser/UI\ Components/Generic\ Views/CatalogDisplayView.swift (in target 'YComponentBrowser' from project 'YComponentBrowser')
/Users/admin/builder/spi-builder-workspace/Sources/YComponentBrowser/UI Components/Generic Views/CatalogDisplayView.swift:117:28: error: 'systemBackground' is unavailable in tvOS
115 |
116 | private func setUpView() {
117 | backgroundColor = .systemBackground
| `- error: 'systemBackground' is unavailable in tvOS
118 | displayView.translatesAutoresizingMaskIntoConstraints = false
119 | outerStackView.translatesAutoresizingMaskIntoConstraints = false
/Applications/Xcode-27.0.0-Release.Candidate.app/Contents/Developer/Platforms/AppleTVOS.platform/Developer/SDKs/AppleTVOS27.0.sdk/System/Library/Frameworks/UIKit.framework/Headers/UIInterface.h:208:49: note: 'systemBackground' has been explicitly marked unavailable here
206 | * primary background in light mode.
207 | */
208 | @property (class, nonatomic, readonly) UIColor *systemBackgroundColor API_AVAILABLE(ios(13.0)) API_UNAVAILABLE(tvos, watchos);
| `- note: 'systemBackground' has been explicitly marked unavailable here
209 | @property (class, nonatomic, readonly) UIColor *secondarySystemBackgroundColor API_AVAILABLE(ios(13.0)) API_UNAVAILABLE(tvos, watchos);
210 | @property (class, nonatomic, readonly) UIColor *tertiarySystemBackgroundColor API_AVAILABLE(ios(13.0)) API_UNAVAILABLE(tvos, watchos);
Failed frontend command:
/Applications/Xcode-27.0.0-Release.Candidate.app/Contents/Developer/Toolchains/XcodeDefault.xctoolchain/usr/bin/swift-frontend -frontend -c /Users/admin/builder/spi-builder-workspace/Sources/YComponentBrowser/CatalogFactory.swift /Users/admin/builder/spi-builder-workspace/Sources/YComponentBrowser/ClassificationScene/ClassificationDataSource.swift /Users/admin/builder/spi-builder-workspace/Sources/YComponentBrowser/ClassificationScene/ClassificationViewController.swift /Users/admin/builder/spi-builder-workspace/Sources/YComponentBrowser/Models/Categories/CatalogCategory.swift /Users/admin/builder/spi-builder-workspace/Sources/YComponentBrowser/Models/Categories/ColorCategory.swift /Users/admin/builder/spi-builder-workspace/Sources/YComponentBrowser/Models/Categories/ComponentCategory.swift /Users/admin/builder/spi-builder-workspace/Sources/YComponentBrowser/Models/Categories/CustomCategory.swift /Users/admin/builder/spi-builder-workspace/Sources/YComponentBrowser/Models/Categories/FontCategory.swift /Users/admin/builder/spi-builder-workspace/Sources/YComponentBrowser/Models/Categories/IconCategory.swift /Users/admin/builder/spi-builder-workspace/Sources/YComponentBrowser/Models/Destinations/CatalogDetailDestination.swift /Users/admin/builder/spi-builder-workspace/Sources/YComponentBrowser/Models/Destinations/SubcategoryDetailDestination.swift /Users/admin/builder/spi-builder-workspace/Sources/YComponentBrowser/Protocols/CatalogDataSource.swift /Users/admin/builder/spi-builder-workspace/Sources/YComponentBrowser/Protocols/Classification.swift /Users/admin/builder/spi-builder-workspace/Sources/YComponentBrowser/Protocols/Destination.swift /Users/admin/builder/spi-builder-workspace/Sources/YComponentBrowser/Protocols/Highlightable.swift /Users/admin/builder/spi-builder-workspace/Sources/YComponentBrowser/Protocols/Identifiable.swift /Users/admin/builder/spi-builder-workspace/Sources/YComponentBrowser/Protocols/Populatable.swift /Users/admin/builder/spi-builder-workspace/Sources/YComponentBrowser/Protocols/Reusable.swift /Users/admin/builder/spi-builder-workspace/Sources/YComponentBrowser/Protocols/Selectable.swift /Users/admin/builder/spi-builder-workspace/Sources/YComponentBrowser/UI\ Components/Generic\ Cells/GenericCollectionViewCell.swift /Users/admin/builder/spi-builder-workspace/Sources/YComponentBrowser/UI\ Components/Generic\ Cells/GenericTableViewCell.swift -primary-file /Users/admin/builder/spi-builder-workspace/Sources/YComponentBrowser/UI\ Components/Generic\ Controllers/GenericCollectionViewController.swift -primary-file /Users/admin/builder/spi-builder-workspace/Sources/YComponentBrowser/UI\ Components/Generic\ Controllers/GenericTableViewController.swift -primary-file /Users/admin/builder/spi-builder-workspace/Sources/YComponentBrowser/UI\ Components/Generic\ Views/CatalogDisplayView.swift /Users/admin/builder/spi-builder-workspace/Sources/YComponentBrowser/UI\ Components/Generic\ Views/ColorView.swift /Users/admin/builder/spi-builder-workspace/Sources/YComponentBrowser/UI\ Components/Generic\ Views/ContentView.swift /Users/admin/builder/spi-builder-workspace/Sources/YComponentBrowser/UI\ Components/Generic\ Views/FontView.swift /Users/admin/builder/spi-builder-workspace/Sources/YComponentBrowser/UI\ Components/Generic\ Views/IconView.swift -supplementary-output-file-map /Users/admin/builder/spi-builder-workspace/.derivedData/Build/Intermediates.noindex/YComponentBrowser.build/Debug-appletvos/YComponentBrowser-t.build/Objects-normal/arm64/supplementaryOutputs-8 -target arm64-apple-tvos15.0 -disable-cross-import-overlay-search -load-resolved-plugin /Applications/Xcode-27.0.0-Release.Candidate.app/Contents/Developer/Platforms/AppleTVOS.platform/Developer/usr/lib/swift/host/plugins/libFoundationMacros.dylib\#/Applications/Xcode-27.0.0-Release.Candidate.app/Contents/Developer/Platforms/AppleTVOS.platform/Developer/usr/bin/swift-plugin-server\#FoundationMacros -load-resolved-plugin /Applications/Xcode-27.0.0-Release.Candidate.app/Contents/Developer/Platforms/AppleTVOS.platform/Developer/usr/lib/swift/host/plugins/libObservationMacros.dylib\#/Applications/Xcode-27.0.0-Release.Candidate.app/Contents/Developer/Platforms/AppleTVOS.platform/Developer/usr/bin/swift-plugin-server\#ObservationMacros -load-resolved-plugin /Applications/Xcode-27.0.0-Release.Candidate.app/Contents/Developer/Platforms/AppleTVOS.platform/Developer/usr/lib/swift/host/plugins/libPreviewsMacros.dylib\#/Applications/Xcode-27.0.0-Release.Candidate.app/Contents/Developer/Platforms/AppleTVOS.platform/Developer/usr/bin/swift-plugin-server\#PreviewsMacros -load-resolved-plugin /Applications/Xcode-27.0.0-Release.Candidate.app/Contents/Developer/Platforms/AppleTVOS.platform/Developer/usr/lib/swift/host/plugins/libSwiftMacros.dylib\#/Applications/Xcode-27.0.0-Release.Candidate.app/Contents/Developer/Platforms/AppleTVOS.platform/Developer/usr/bin/swift-plugin-server\#SwiftMacros -load-resolved-plugin /Applications/Xcode-27.0.0-Release.Candidate.app/Contents/Developer/Platforms/AppleTVOS.platform/Developer/usr/lib/swift/host/plugins/libSwiftUIMacros.dylib\#/Applications/Xcode-27.0.0-Release.Candidate.app/Contents/Developer/Platforms/AppleTVOS.platform/Developer/usr/bin/swift-plugin-server\#SwiftUIMacros -disable-implicit-swift-modules -Xcc -fno-implicit-modules -Xcc -fno-implicit-module-maps -explicit-swift-module-map-file /Users/admin/builder/spi-builder-workspace/.derivedData/Build/Intermediates.noindex/YComponentBrowser.build/Debug-appletvos/YComponentBrowser-t.build/Objects-normal/arm64/YComponentBrowser-dependencies-1.json -Xllvm -aarch64-use-tbi -enable-objc-interop -stack-check -sdk /Applications/Xcode-27.0.0-Release.Candidate.app/Contents/Developer/Platforms/AppleTVOS.platform/Developer/SDKs/AppleTVOS27.0.sdk -I /Users/admin/builder/spi-builder-workspace/.derivedData/Build/Products/Debug-appletvos -Isystem /Applications/Xcode-27.0.0-Release.Candidate.app/Contents/Developer/Platforms/AppleTVOS.platform/Developer/usr/lib -F /Users/admin/builder/spi-builder-workspace/.derivedData/Build/Products/Debug-appletvos -F /Applications/Xcode-27.0.0-Release.Candidate.app/Contents/Developer/Platforms/AppleTVOS.platform/Developer/Library/Frameworks -F /Applications/Xcode-27.0.0-Release.Candidate.app/Contents/Developer/Platforms/AppleTVOS.platform/Developer/SDKs/AppleTVOS27.0.sdk/Developer/Library/Frameworks -module-cache-path /Users/admin/builder/spi-builder-workspace/.derivedData/Build/Intermediates.noindex/SwiftExplicitPrecompiledModules -no-color-diagnostics -Xcc -fno-color-diagnostics -enable-testing -g -debug-info-format\=dwarf -dwarf-version\=4 -profile-generate -profile-coverage-mapping -swift-version 5 -Onone -D SWIFT_PACKAGE -D DEBUG -D SWIFT_MODULE_RESOURCE_BUNDLE_UNAVAILABLE -D Xcode -serialize-debugging-options -enable-experimental-feature DebugDescriptionMacro -empty-abi-descriptor -validate-clang-modules-once -clang-build-session-file /Users/admin/builder/spi-builder-workspace/.derivedData/ModuleCache.noindex/Session.modulevalidation -Xcc -working-directory -Xcc /Users/admin/builder/spi-builder-workspace/.swiftpm/xcode -enable-anonymous-context-mangled-names -file-compilation-dir /Users/admin/builder/spi-builder-workspace/.swiftpm/xcode -Xcc -D_LIBCPP_HARDENING_MODE\=_LIBCPP_HARDENING_MODE_DEBUG -Xcc -ivfsstatcache -Xcc /Users/admin/builder/spi-builder-workspace/.derivedData/SDKStatCaches.noindex/appletvos27.0-24J360-e829b21a6f8c9b70876ba0858053c044b32bfd8d43560033f8d89884cdb90028.sdkstatcache -Xcc -fmodules-prune-interval\=86400 -Xcc -fmodules-prune-after\=345600 -Xcc -I/Users/admin/builder/spi-builder-workspace/.derivedData/Build/Products/Debug-appletvos/include -Xcc -I/Users/admin/builder/spi-builder-workspace/.derivedData/Build/Intermediates.noindex/YComponentBrowser.build/Debug-appletvos/YComponentBrowser-t.build/DerivedSources-normal/arm64 -Xcc -I/Users/admin/builder/spi-builder-workspace/.derivedData/Build/Intermediates.noindex/YComponentBrowser.build/Debug-appletvos/YComponentBrowser-t.build/DerivedSources/arm64 -Xcc -I/Users/admin/builder/spi-builder-workspace/.derivedData/Build/Intermediates.noindex/YComponentBrowser.build/Debug-appletvos/YComponentBrowser-t.build/DerivedSources -Xcc -DSWIFT_PACKAGE -Xcc -DDEBUG\=1 -no-auto-bridging-header-chaining -module-name YComponentBrowser -const-gather-protocols-file /Users/admin/builder/spi-builder-workspace/.derivedData/Build/Intermediates.noindex/YComponentBrowser.build/Debug-appletvos/YComponentBrowser-t.build/Objects-normal/arm64/YComponentBrowser_const_extract_protocols.json -disable-clang-spi -clang-target arm64-apple-tvos27.0 -target-sdk-version 27.0 -target-sdk-name appletvos27.0 -in-process-plugin-server-path /Applications/Xcode-27.0.0-Release.Candidate.app/Contents/Developer/Toolchains/XcodeDefault.xctoolchain/usr/lib/swift/host/libSwiftInProcPluginServer.dylib -parse-as-library -o /Users/admin/builder/spi-builder-workspace/.derivedData/Build/Intermediates.noindex/YComponentBrowser.build/Debug-appletvos/YComponentBrowser-t.build/Objects-normal/arm64/GenericCollectionViewController.o -o /Users/admin/builder/spi-builder-workspace/.derivedData/Build/Intermediates.noindex/YComponentBrowser.build/Debug-appletvos/YComponentBrowser-t.build/Objects-normal/arm64/GenericTableViewController.o -o /Users/admin/builder/spi-builder-workspace/.derivedData/Build/Intermediates.noindex/YComponentBrowser.build/Debug-appletvos/YComponentBrowser-t.build/Objects-normal/arm64/CatalogDisplayView.o -debug-module-path /Users/admin/builder/spi-builder-workspace/.derivedData/Build/Intermediates.noindex/YComponentBrowser.build/Debug-appletvos/YComponentBrowser-t.build/Objects-normal/arm64/YComponentBrowser.swiftmodule -index-unit-output-path /YComponentBrowser.build/Debug-appletvos/YComponentBrowser-t.build/Objects-normal/arm64/GenericCollectionViewController.o -index-unit-output-path /YComponentBrowser.build/Debug-appletvos/YComponentBrowser-t.build/Objects-normal/arm64/GenericTableViewController.o -index-unit-output-path /YComponentBrowser.build/Debug-appletvos/YComponentBrowser-t.build/Objects-normal/arm64/CatalogDisplayView.o -index-store-path /Users/admin/builder/spi-builder-workspace/.derivedData/Index.noindex/DataStore -index-system-modules
SwiftCompile normal arm64 /Users/admin/builder/spi-builder-workspace/Sources/YComponentBrowser/UI\ Components/Generic\ Controllers/GenericCollectionViewController.swift (in target 'YComponentBrowser' from project 'YComponentBrowser')
cd /Users/admin/builder/spi-builder-workspace/.swiftpm/xcode
builtin-SwiftPerFileCompile GenericCollectionViewController.swift
SwiftCompile normal arm64 /Users/admin/builder/spi-builder-workspace/Sources/YComponentBrowser/UI\ Components/Generic\ Controllers/GenericTableViewController.swift (in target 'YComponentBrowser' from project 'YComponentBrowser')
cd /Users/admin/builder/spi-builder-workspace/.swiftpm/xcode
builtin-SwiftPerFileCompile GenericTableViewController.swift
SwiftCompile normal arm64 /Users/admin/builder/spi-builder-workspace/Sources/YComponentBrowser/UI\ Components/Generic\ Views/CatalogDisplayView.swift (in target 'YComponentBrowser' from project 'YComponentBrowser')
cd /Users/admin/builder/spi-builder-workspace/.swiftpm/xcode
builtin-SwiftPerFileCompile CatalogDisplayView.swift
SwiftCompile normal arm64 Compiling\ CustomCategory.swift,\ FontCategory.swift,\ IconCategory.swift /Users/admin/builder/spi-builder-workspace/Sources/YComponentBrowser/Models/Categories/CustomCategory.swift /Users/admin/builder/spi-builder-workspace/Sources/YComponentBrowser/Models/Categories/FontCategory.swift /Users/admin/builder/spi-builder-workspace/Sources/YComponentBrowser/Models/Categories/IconCategory.swift (in target 'YComponentBrowser' from project 'YComponentBrowser')
SwiftCompile normal arm64 /Users/admin/builder/spi-builder-workspace/Sources/YComponentBrowser/Models/Categories/CustomCategory.swift (in target 'YComponentBrowser' from project 'YComponentBrowser')
cd /Users/admin/builder/spi-builder-workspace/.swiftpm/xcode
builtin-SwiftPerFileCompile CustomCategory.swift
SwiftCompile normal arm64 /Users/admin/builder/spi-builder-workspace/Sources/YComponentBrowser/Models/Categories/FontCategory.swift (in target 'YComponentBrowser' from project 'YComponentBrowser')
cd /Users/admin/builder/spi-builder-workspace/.swiftpm/xcode
builtin-SwiftPerFileCompile FontCategory.swift
SwiftCompile normal arm64 /Users/admin/builder/spi-builder-workspace/Sources/YComponentBrowser/Models/Categories/IconCategory.swift (in target 'YComponentBrowser' from project 'YComponentBrowser')
cd /Users/admin/builder/spi-builder-workspace/.swiftpm/xcode
builtin-SwiftPerFileCompile IconCategory.swift
SwiftCompile normal arm64 Compiling\ FontView.swift,\ IconView.swift /Users/admin/builder/spi-builder-workspace/Sources/YComponentBrowser/UI\ Components/Generic\ Views/FontView.swift /Users/admin/builder/spi-builder-workspace/Sources/YComponentBrowser/UI\ Components/Generic\ Views/IconView.swift (in target 'YComponentBrowser' from project 'YComponentBrowser')
SwiftCompile normal arm64 /Users/admin/builder/spi-builder-workspace/Sources/YComponentBrowser/UI\ Components/Generic\ Views/FontView.swift (in target 'YComponentBrowser' from project 'YComponentBrowser')
cd /Users/admin/builder/spi-builder-workspace/.swiftpm/xcode
builtin-SwiftPerFileCompile FontView.swift
SwiftCompile normal arm64 /Users/admin/builder/spi-builder-workspace/Sources/YComponentBrowser/UI\ Components/Generic\ Views/IconView.swift (in target 'YComponentBrowser' from project 'YComponentBrowser')
cd /Users/admin/builder/spi-builder-workspace/.swiftpm/xcode
builtin-SwiftPerFileCompile IconView.swift
SwiftCompile normal arm64 Compiling\ Classification.swift,\ Destination.swift,\ Highlightable.swift /Users/admin/builder/spi-builder-workspace/Sources/YComponentBrowser/Protocols/Classification.swift /Users/admin/builder/spi-builder-workspace/Sources/YComponentBrowser/Protocols/Destination.swift /Users/admin/builder/spi-builder-workspace/Sources/YComponentBrowser/Protocols/Highlightable.swift (in target 'YComponentBrowser' from project 'YComponentBrowser')
SwiftCompile normal arm64 /Users/admin/builder/spi-builder-workspace/Sources/YComponentBrowser/Protocols/Classification.swift (in target 'YComponentBrowser' from project 'YComponentBrowser')
cd /Users/admin/builder/spi-builder-workspace/.swiftpm/xcode
builtin-SwiftPerFileCompile Classification.swift
SwiftCompile normal arm64 /Users/admin/builder/spi-builder-workspace/Sources/YComponentBrowser/Protocols/Destination.swift (in target 'YComponentBrowser' from project 'YComponentBrowser')
cd /Users/admin/builder/spi-builder-workspace/.swiftpm/xcode
builtin-SwiftPerFileCompile Destination.swift
SwiftCompile normal arm64 /Users/admin/builder/spi-builder-workspace/Sources/YComponentBrowser/Protocols/Highlightable.swift (in target 'YComponentBrowser' from project 'YComponentBrowser')
cd /Users/admin/builder/spi-builder-workspace/.swiftpm/xcode
builtin-SwiftPerFileCompile Highlightable.swift
SwiftCompile normal arm64 Compiling\ CatalogFactory.swift,\ ClassificationDataSource.swift,\ ClassificationViewController.swift /Users/admin/builder/spi-builder-workspace/Sources/YComponentBrowser/CatalogFactory.swift /Users/admin/builder/spi-builder-workspace/Sources/YComponentBrowser/ClassificationScene/ClassificationDataSource.swift /Users/admin/builder/spi-builder-workspace/Sources/YComponentBrowser/ClassificationScene/ClassificationViewController.swift (in target 'YComponentBrowser' from project 'YComponentBrowser')
SwiftCompile normal arm64 /Users/admin/builder/spi-builder-workspace/Sources/YComponentBrowser/CatalogFactory.swift (in target 'YComponentBrowser' from project 'YComponentBrowser')
cd /Users/admin/builder/spi-builder-workspace/.swiftpm/xcode
builtin-SwiftPerFileCompile CatalogFactory.swift
SwiftCompile normal arm64 /Users/admin/builder/spi-builder-workspace/Sources/YComponentBrowser/ClassificationScene/ClassificationDataSource.swift (in target 'YComponentBrowser' from project 'YComponentBrowser')
cd /Users/admin/builder/spi-builder-workspace/.swiftpm/xcode
builtin-SwiftPerFileCompile ClassificationDataSource.swift
SwiftCompile normal arm64 /Users/admin/builder/spi-builder-workspace/Sources/YComponentBrowser/ClassificationScene/ClassificationViewController.swift (in target 'YComponentBrowser' from project 'YComponentBrowser')
cd /Users/admin/builder/spi-builder-workspace/.swiftpm/xcode
builtin-SwiftPerFileCompile ClassificationViewController.swift
SwiftCompile normal arm64 Compiling\ CatalogCategory.swift,\ ColorCategory.swift,\ ComponentCategory.swift /Users/admin/builder/spi-builder-workspace/Sources/YComponentBrowser/Models/Categories/CatalogCategory.swift /Users/admin/builder/spi-builder-workspace/Sources/YComponentBrowser/Models/Categories/ColorCategory.swift /Users/admin/builder/spi-builder-workspace/Sources/YComponentBrowser/Models/Categories/ComponentCategory.swift (in target 'YComponentBrowser' from project 'YComponentBrowser')
SwiftCompile normal arm64 /Users/admin/builder/spi-builder-workspace/Sources/YComponentBrowser/Models/Categories/CatalogCategory.swift (in target 'YComponentBrowser' from project 'YComponentBrowser')
cd /Users/admin/builder/spi-builder-workspace/.swiftpm/xcode
builtin-SwiftPerFileCompile CatalogCategory.swift
SwiftCompile normal arm64 /Users/admin/builder/spi-builder-workspace/Sources/YComponentBrowser/Models/Categories/ColorCategory.swift (in target 'YComponentBrowser' from project 'YComponentBrowser')
cd /Users/admin/builder/spi-builder-workspace/.swiftpm/xcode
builtin-SwiftPerFileCompile ColorCategory.swift
SwiftCompile normal arm64 /Users/admin/builder/spi-builder-workspace/Sources/YComponentBrowser/Models/Categories/ComponentCategory.swift (in target 'YComponentBrowser' from project 'YComponentBrowser')
cd /Users/admin/builder/spi-builder-workspace/.swiftpm/xcode
builtin-SwiftPerFileCompile ComponentCategory.swift
SwiftCompile normal arm64 Compiling\ CatalogDetailDestination.swift,\ SubcategoryDetailDestination.swift,\ CatalogDataSource.swift /Users/admin/builder/spi-builder-workspace/Sources/YComponentBrowser/Models/Destinations/CatalogDetailDestination.swift /Users/admin/builder/spi-builder-workspace/Sources/YComponentBrowser/Models/Destinations/SubcategoryDetailDestination.swift /Users/admin/builder/spi-builder-workspace/Sources/YComponentBrowser/Protocols/CatalogDataSource.swift (in target 'YComponentBrowser' from project 'YComponentBrowser')
SwiftCompile normal arm64 /Users/admin/builder/spi-builder-workspace/Sources/YComponentBrowser/Models/Destinations/CatalogDetailDestination.swift (in target 'YComponentBrowser' from project 'YComponentBrowser')
cd /Users/admin/builder/spi-builder-workspace/.swiftpm/xcode
builtin-SwiftPerFileCompile CatalogDetailDestination.swift
SwiftCompile normal arm64 /Users/admin/builder/spi-builder-workspace/Sources/YComponentBrowser/Models/Destinations/SubcategoryDetailDestination.swift (in target 'YComponentBrowser' from project 'YComponentBrowser')
cd /Users/admin/builder/spi-builder-workspace/.swiftpm/xcode
builtin-SwiftPerFileCompile SubcategoryDetailDestination.swift
SwiftCompile normal arm64 /Users/admin/builder/spi-builder-workspace/Sources/YComponentBrowser/Protocols/CatalogDataSource.swift (in target 'YComponentBrowser' from project 'YComponentBrowser')
cd /Users/admin/builder/spi-builder-workspace/.swiftpm/xcode
builtin-SwiftPerFileCompile CatalogDataSource.swift
SwiftDriverJobDiscovery normal arm64 Emitting module for YComponentBrowser (in target 'YComponentBrowser' from project 'YComponentBrowser')
SwiftDriver\ Compilation\ Requirements YComponentBrowser normal arm64 com.apple.xcode.tools.swift.compiler (in target 'YComponentBrowser' from project 'YComponentBrowser')
cd /Users/admin/builder/spi-builder-workspace/.swiftpm/xcode
builtin-Swift-Compilation-Requirements -- /Applications/Xcode-27.0.0-Release.Candidate.app/Contents/Developer/Toolchains/XcodeDefault.xctoolchain/usr/bin/swiftc -parse-as-library -module-name YComponentBrowser -Onone @/Users/admin/builder/spi-builder-workspace/.derivedData/Build/Intermediates.noindex/YComponentBrowser.build/Debug-appletvos/YComponentBrowser-t.build/Objects-normal/arm64/YComponentBrowser.SwiftFileList -DSWIFT_PACKAGE -DDEBUG -DSWIFT_MODULE_RESOURCE_BUNDLE_UNAVAILABLE -DXcode -plugin-path /Applications/Xcode-27.0.0-Release.Candidate.app/Contents/Developer/Toolchains/XcodeDefault.xctoolchain/usr/lib/swift/host/plugins/testing -enable-experimental-feature DebugDescriptionMacro -sdk /Applications/Xcode-27.0.0-Release.Candidate.app/Contents/Developer/Platforms/AppleTVOS.platform/Developer/SDKs/AppleTVOS27.0.sdk -target arm64-apple-tvos15.0 -g -module-cache-path /Users/admin/builder/spi-builder-workspace/.derivedData/ModuleCache.noindex -Xfrontend -serialize-debugging-options -profile-coverage-mapping -profile-generate -enable-testing -index-store-path /Users/admin/builder/spi-builder-workspace/.derivedData/Index.noindex/DataStore -Xcc -D_LIBCPP_HARDENING_MODE\=_LIBCPP_HARDENING_MODE_DEBUG -swift-version 5 -I /Users/admin/builder/spi-builder-workspace/.derivedData/Build/Products/Debug-appletvos -Isystem /Applications/Xcode-27.0.0-Release.Candidate.app/Contents/Developer/Platforms/AppleTVOS.platform/Developer/usr/lib -F /Users/admin/builder/spi-builder-workspace/.derivedData/Build/Products/Debug-appletvos -F /Applications/Xcode-27.0.0-Release.Candidate.app/Contents/Developer/Platforms/AppleTVOS.platform/Developer/Library/Frameworks -F /Applications/Xcode-27.0.0-Release.Candidate.app/Contents/Developer/Platforms/AppleTVOS.platform/Developer/SDKs/AppleTVOS27.0.sdk/Developer/Library/Frameworks -c -j10 -enable-batch-mode -incremental -Xcc -ivfsstatcache -Xcc /Users/admin/builder/spi-builder-workspace/.derivedData/SDKStatCaches.noindex/appletvos27.0-24J360-e829b21a6f8c9b70876ba0858053c044b32bfd8d43560033f8d89884cdb90028.sdkstatcache -output-file-map /Users/admin/builder/spi-builder-workspace/.derivedData/Build/Intermediates.noindex/YComponentBrowser.build/Debug-appletvos/YComponentBrowser-t.build/Objects-normal/arm64/YComponentBrowser-OutputFileMap.json -save-temps -no-color-diagnostics -explicit-module-build -module-cache-path /Users/admin/builder/spi-builder-workspace/.derivedData/Build/Intermediates.noindex/SwiftExplicitPrecompiledModules -clang-scanner-module-cache-path /Users/admin/builder/spi-builder-workspace/.derivedData/ModuleCache.noindex -sdk-module-cache-path /Users/admin/builder/spi-builder-workspace/.derivedData/SDKExplicitPrecompiledModules -emit-dependencies -emit-module -emit-module-path /Users/admin/builder/spi-builder-workspace/.derivedData/Build/Intermediates.noindex/YComponentBrowser.build/Debug-appletvos/YComponentBrowser-t.build/Objects-normal/arm64/YComponentBrowser.swiftmodule -serialize-diagnostics -dependency-scan-serialize-diagnostics-path /Users/admin/builder/spi-builder-workspace/.derivedData/Build/Intermediates.noindex/YComponentBrowser.build/Debug-appletvos/YComponentBrowser-t.build/Objects-normal/arm64/YComponentBrowser-dependency-scan.dia -validate-clang-modules-once -clang-build-session-file /Users/admin/builder/spi-builder-workspace/.derivedData/ModuleCache.noindex/Session.modulevalidation -Xcc -fmodules-prune-interval\=86400 -Xcc -fmodules-prune-after\=345600 -emit-const-values -const-gather-protocols-list /Users/admin/builder/spi-builder-workspace/.derivedData/Build/Intermediates.noindex/YComponentBrowser.build/Debug-appletvos/YComponentBrowser-t.build/Objects-normal/arm64/YComponentBrowser_const_extract_protocols.json -Xcc -I/Users/admin/builder/spi-builder-workspace/.derivedData/Build/Products/Debug-appletvos/include -Xcc -I/Users/admin/builder/spi-builder-workspace/.derivedData/Build/Intermediates.noindex/YComponentBrowser.build/Debug-appletvos/YComponentBrowser-t.build/DerivedSources-normal/arm64 -Xcc -I/Users/admin/builder/spi-builder-workspace/.derivedData/Build/Intermediates.noindex/YComponentBrowser.build/Debug-appletvos/YComponentBrowser-t.build/DerivedSources/arm64 -Xcc -I/Users/admin/builder/spi-builder-workspace/.derivedData/Build/Intermediates.noindex/YComponentBrowser.build/Debug-appletvos/YComponentBrowser-t.build/DerivedSources -Xcc -DSWIFT_PACKAGE -Xcc -DDEBUG\=1 -emit-objc-header -emit-objc-header-path /Users/admin/builder/spi-builder-workspace/.derivedData/Build/Intermediates.noindex/YComponentBrowser.build/Debug-appletvos/YComponentBrowser-t.build/Objects-normal/arm64/YComponentBrowser-Swift.h -working-directory /Users/admin/builder/spi-builder-workspace/.swiftpm/xcode -experimental-emit-module-separately -disable-cmo
SwiftDriverJobDiscovery normal arm64 Compiling CatalogCategory.swift, ColorCategory.swift, ComponentCategory.swift (in target 'YComponentBrowser' from project 'YComponentBrowser')
SwiftDriverJobDiscovery normal arm64 Compiling Identifiable.swift, Populatable.swift, Reusable.swift (in target 'YComponentBrowser' from project 'YComponentBrowser')
SwiftDriverJobDiscovery normal arm64 Compiling CustomCategory.swift, FontCategory.swift, IconCategory.swift (in target 'YComponentBrowser' from project 'YComponentBrowser')
SwiftMergeGeneratedHeaders /Users/admin/builder/spi-builder-workspace/.derivedData/Build/Intermediates.noindex/GeneratedModuleMaps-appletvos/YComponentBrowser-Swift.h /Users/admin/builder/spi-builder-workspace/.derivedData/Build/Intermediates.noindex/YComponentBrowser.build/Debug-appletvos/YComponentBrowser-t.build/Objects-normal/arm64/YComponentBrowser-Swift.h (in target 'YComponentBrowser' from project 'YComponentBrowser')
cd /Users/admin/builder/spi-builder-workspace
builtin-swiftHeaderTool -arch arm64 /Users/admin/builder/spi-builder-workspace/.derivedData/Build/Intermediates.noindex/YComponentBrowser.build/Debug-appletvos/YComponentBrowser-t.build/Objects-normal/arm64/YComponentBrowser-Swift.h -o /Users/admin/builder/spi-builder-workspace/.derivedData/Build/Intermediates.noindex/GeneratedModuleMaps-appletvos/YComponentBrowser-Swift.h
Copy /Users/admin/builder/spi-builder-workspace/.derivedData/Build/Products/Debug-appletvos/YComponentBrowser.swiftmodule/arm64-apple-tvos.swiftmodule /Users/admin/builder/spi-builder-workspace/.derivedData/Build/Intermediates.noindex/YComponentBrowser.build/Debug-appletvos/YComponentBrowser-t.build/Objects-normal/arm64/YComponentBrowser.swiftmodule (in target 'YComponentBrowser' from project 'YComponentBrowser')
cd /Users/admin/builder/spi-builder-workspace
builtin-copy -exclude .DS_Store -exclude CVS -exclude .svn -exclude .git -exclude .hg -resolve-src-symlinks -rename /Users/admin/builder/spi-builder-workspace/.derivedData/Build/Intermediates.noindex/YComponentBrowser.build/Debug-appletvos/YComponentBrowser-t.build/Objects-normal/arm64/YComponentBrowser.swiftmodule /Users/admin/builder/spi-builder-workspace/.derivedData/Build/Products/Debug-appletvos/YComponentBrowser.swiftmodule/arm64-apple-tvos.swiftmodule
Copy /Users/admin/builder/spi-builder-workspace/.derivedData/Build/Products/Debug-appletvos/YComponentBrowser.swiftmodule/arm64-apple-tvos.swiftdoc /Users/admin/builder/spi-builder-workspace/.derivedData/Build/Intermediates.noindex/YComponentBrowser.build/Debug-appletvos/YComponentBrowser-t.build/Objects-normal/arm64/YComponentBrowser.swiftdoc (in target 'YComponentBrowser' from project 'YComponentBrowser')
cd /Users/admin/builder/spi-builder-workspace
builtin-copy -exclude .DS_Store -exclude CVS -exclude .svn -exclude .git -exclude .hg -resolve-src-symlinks -rename /Users/admin/builder/spi-builder-workspace/.derivedData/Build/Intermediates.noindex/YComponentBrowser.build/Debug-appletvos/YComponentBrowser-t.build/Objects-normal/arm64/YComponentBrowser.swiftdoc /Users/admin/builder/spi-builder-workspace/.derivedData/Build/Products/Debug-appletvos/YComponentBrowser.swiftmodule/arm64-apple-tvos.swiftdoc
Copy /Users/admin/builder/spi-builder-workspace/.derivedData/Build/Products/Debug-appletvos/YComponentBrowser.swiftmodule/arm64-apple-tvos.abi.json /Users/admin/builder/spi-builder-workspace/.derivedData/Build/Intermediates.noindex/YComponentBrowser.build/Debug-appletvos/YComponentBrowser-t.build/Objects-normal/arm64/YComponentBrowser.abi.json (in target 'YComponentBrowser' from project 'YComponentBrowser')
cd /Users/admin/builder/spi-builder-workspace
builtin-copy -exclude .DS_Store -exclude CVS -exclude .svn -exclude .git -exclude .hg -resolve-src-symlinks -rename /Users/admin/builder/spi-builder-workspace/.derivedData/Build/Intermediates.noindex/YComponentBrowser.build/Debug-appletvos/YComponentBrowser-t.build/Objects-normal/arm64/YComponentBrowser.abi.json /Users/admin/builder/spi-builder-workspace/.derivedData/Build/Products/Debug-appletvos/YComponentBrowser.swiftmodule/arm64-apple-tvos.abi.json
Copy /Users/admin/builder/spi-builder-workspace/.derivedData/Build/Products/Debug-appletvos/YComponentBrowser.swiftmodule/Project/arm64-apple-tvos.swiftsourceinfo /Users/admin/builder/spi-builder-workspace/.derivedData/Build/Intermediates.noindex/YComponentBrowser.build/Debug-appletvos/YComponentBrowser-t.build/Objects-normal/arm64/YComponentBrowser.swiftsourceinfo (in target 'YComponentBrowser' from project 'YComponentBrowser')
cd /Users/admin/builder/spi-builder-workspace
builtin-copy -exclude .DS_Store -exclude CVS -exclude .svn -exclude .git -exclude .hg -resolve-src-symlinks -rename /Users/admin/builder/spi-builder-workspace/.derivedData/Build/Intermediates.noindex/YComponentBrowser.build/Debug-appletvos/YComponentBrowser-t.build/Objects-normal/arm64/YComponentBrowser.swiftsourceinfo /Users/admin/builder/spi-builder-workspace/.derivedData/Build/Products/Debug-appletvos/YComponentBrowser.swiftmodule/Project/arm64-apple-tvos.swiftsourceinfo
SwiftDriver YComponentBrowserTests normal arm64 com.apple.xcode.tools.swift.compiler (in target 'YComponentBrowserTests-product' from project 'YComponentBrowser')
cd /Users/admin/builder/spi-builder-workspace/.swiftpm/xcode
builtin-SwiftDriver -- /Applications/Xcode-27.0.0-Release.Candidate.app/Contents/Developer/Toolchains/XcodeDefault.xctoolchain/usr/bin/swiftc -parse-as-library -module-name YComponentBrowserTests -Onone @/Users/admin/builder/spi-builder-workspace/.derivedData/Build/Intermediates.noindex/YComponentBrowser.build/Debug-appletvos/YComponentBrowserTests-p.build/Objects-normal/arm64/YComponentBrowserTests.SwiftFileList -DSWIFT_PACKAGE -DDEBUG -DXcode -plugin-path /Applications/Xcode-27.0.0-Release.Candidate.app/Contents/Developer/Toolchains/XcodeDefault.xctoolchain/usr/lib/swift/host/plugins/testing -enable-experimental-feature DebugDescriptionMacro -sdk /Applications/Xcode-27.0.0-Release.Candidate.app/Contents/Developer/Platforms/AppleTVOS.platform/Developer/SDKs/AppleTVOS27.0.sdk -target arm64-apple-tvos17.0 -g -module-cache-path /Users/admin/builder/spi-builder-workspace/.derivedData/ModuleCache.noindex -Xfrontend -serialize-debugging-options -profile-coverage-mapping -profile-generate -enable-testing -index-store-path /Users/admin/builder/spi-builder-workspace/.derivedData/Index.noindex/DataStore -Xcc -D_LIBCPP_HARDENING_MODE\=_LIBCPP_HARDENING_MODE_DEBUG -swift-version 5 -I /Users/admin/builder/spi-builder-workspace/.derivedData/Build/Products/Debug-appletvos -Isystem /Applications/Xcode-27.0.0-Release.Candidate.app/Contents/Developer/Platforms/AppleTVOS.platform/Developer/usr/lib -F /Users/admin/builder/spi-builder-workspace/.derivedData/Build/Products/Debug-appletvos/PackageFrameworks -F /Users/admin/builder/spi-builder-workspace/.derivedData/Build/Products/Debug-appletvos -F /Applications/Xcode-27.0.0-Release.Candidate.app/Contents/Developer/Platforms/AppleTVOS.platform/Developer/Library/Frameworks -F /Applications/Xcode-27.0.0-Release.Candidate.app/Contents/Developer/Platforms/AppleTVOS.platform/Developer/SDKs/AppleTVOS27.0.sdk/Developer/Library/Frameworks -c -j10 -enable-batch-mode -incremental -Xcc -ivfsstatcache -Xcc /Users/admin/builder/spi-builder-workspace/.derivedData/SDKStatCaches.noindex/appletvos27.0-24J360-e829b21a6f8c9b70876ba0858053c044b32bfd8d43560033f8d89884cdb90028.sdkstatcache -output-file-map /Users/admin/builder/spi-builder-workspace/.derivedData/Build/Intermediates.noindex/YComponentBrowser.build/Debug-appletvos/YComponentBrowserTests-p.build/Objects-normal/arm64/YComponentBrowserTests-OutputFileMap.json -save-temps -no-color-diagnostics -explicit-module-build -module-cache-path /Users/admin/builder/spi-builder-workspace/.derivedData/Build/Intermediates.noindex/SwiftExplicitPrecompiledModules -clang-scanner-module-cache-path /Users/admin/builder/spi-builder-workspace/.derivedData/ModuleCache.noindex -sdk-module-cache-path /Users/admin/builder/spi-builder-workspace/.derivedData/SDKExplicitPrecompiledModules -emit-dependencies -emit-module -emit-module-path /Users/admin/builder/spi-builder-workspace/.derivedData/Build/Intermediates.noindex/YComponentBrowser.build/Debug-appletvos/YComponentBrowserTests-p.build/Objects-normal/arm64/YComponentBrowserTests.swiftmodule -serialize-diagnostics -dependency-scan-serialize-diagnostics-path /Users/admin/builder/spi-builder-workspace/.derivedData/Build/Intermediates.noindex/YComponentBrowser.build/Debug-appletvos/YComponentBrowserTests-p.build/Objects-normal/arm64/YComponentBrowserTests-dependency-scan.dia -validate-clang-modules-once -clang-build-session-file /Users/admin/builder/spi-builder-workspace/.derivedData/ModuleCache.noindex/Session.modulevalidation -Xcc -fmodules-prune-interval\=86400 -Xcc -fmodules-prune-after\=345600 -emit-const-values -const-gather-protocols-list /Users/admin/builder/spi-builder-workspace/.derivedData/Build/Intermediates.noindex/YComponentBrowser.build/Debug-appletvos/YComponentBrowserTests-p.build/Objects-normal/arm64/YComponentBrowserTests_const_extract_protocols.json -Xcc -I/Users/admin/builder/spi-builder-workspace/.derivedData/Build/Products/Debug-appletvos/include -Xcc -I/Users/admin/builder/spi-builder-workspace/.derivedData/Build/Intermediates.noindex/YComponentBrowser.build/Debug-appletvos/YComponentBrowserTests-p.build/DerivedSources-normal/arm64 -Xcc -I/Users/admin/builder/spi-builder-workspace/.derivedData/Build/Intermediates.noindex/YComponentBrowser.build/Debug-appletvos/YComponentBrowserTests-p.build/DerivedSources/arm64 -Xcc -I/Users/admin/builder/spi-builder-workspace/.derivedData/Build/Intermediates.noindex/YComponentBrowser.build/Debug-appletvos/YComponentBrowserTests-p.build/DerivedSources -Xcc -DSWIFT_PACKAGE -Xcc -DDEBUG\=1 -working-directory /Users/admin/builder/spi-builder-workspace/.swiftpm/xcode -experimental-emit-module-separately -disable-cmo
SwiftExplicitDependencyGeneratePcm arm64 /Users/admin/builder/spi-builder-workspace/.derivedData/Build/Intermediates.noindex/SwiftExplicitPrecompiledModules/XCUIAutomation-FJBJYHY5O0CJFAW58X6D04WA.pcm
SwiftExplicitDependencyGeneratePcm arm64 /Users/admin/builder/spi-builder-workspace/.derivedData/Build/Intermediates.noindex/SwiftExplicitPrecompiledModules/XCTest-7MV3G0KAJR9WCI4ZIQ137RH2R.pcm
SwiftExplicitDependencyCompileModuleFromInterface arm64 /Users/admin/builder/spi-builder-workspace/.derivedData/Build/Intermediates.noindex/SwiftExplicitPrecompiledModules/XCUIAutomation-11FHAB26TZA0P.swiftmodule
SwiftExplicitDependencyCompileModuleFromInterface arm64 /Users/admin/builder/spi-builder-workspace/.derivedData/Build/Intermediates.noindex/SwiftExplicitPrecompiledModules/XCTest-2NSBG261FIVW9.swiftmodule
SwiftEmitModule normal arm64 Emitting\ module\ for\ YComponentBrowserTests (in target 'YComponentBrowserTests-product' from project 'YComponentBrowser')
SwiftCompile normal arm64 (in target 'YComponentBrowserTests-product' from project 'YComponentBrowser')
cd /Users/admin/builder/spi-builder-workspace/.swiftpm/xcode
SwiftCompile normal arm64 Compiling\ SubcategoryDestinationTests.swift,\ IdentifiableProtocolTest.swift /Users/admin/builder/spi-builder-workspace/Tests/YComponentBrowserTests/Models/Destinations/SubcategoryDestinationTests.swift /Users/admin/builder/spi-builder-workspace/Tests/YComponentBrowserTests/Protocols/IdentifiableProtocolTest.swift (in target 'YComponentBrowserTests-product' from project 'YComponentBrowser')
SwiftCompile normal arm64 /Users/admin/builder/spi-builder-workspace/Tests/YComponentBrowserTests/Models/Destinations/SubcategoryDestinationTests.swift (in target 'YComponentBrowserTests-product' from project 'YComponentBrowser')
cd /Users/admin/builder/spi-builder-workspace/.swiftpm/xcode
builtin-SwiftPerFileCompile SubcategoryDestinationTests.swift
SwiftCompile normal arm64 /Users/admin/builder/spi-builder-workspace/Tests/YComponentBrowserTests/Protocols/IdentifiableProtocolTest.swift (in target 'YComponentBrowserTests-product' from project 'YComponentBrowser')
cd /Users/admin/builder/spi-builder-workspace/.swiftpm/xcode
builtin-SwiftPerFileCompile IdentifiableProtocolTest.swift
SwiftCompile normal arm64 Compiling\ XCTestCase+makeCoder.swift,\ CatalogCategoryTest.swift /Users/admin/builder/spi-builder-workspace/Tests/YComponentBrowserTests/Extensions/XCTestCase+makeCoder.swift /Users/admin/builder/spi-builder-workspace/Tests/YComponentBrowserTests/Models/Categories/CatalogCategoryTest.swift (in target 'YComponentBrowserTests-product' from project 'YComponentBrowser')
SwiftCompile normal arm64 /Users/admin/builder/spi-builder-workspace/Tests/YComponentBrowserTests/Extensions/XCTestCase+makeCoder.swift (in target 'YComponentBrowserTests-product' from project 'YComponentBrowser')
cd /Users/admin/builder/spi-builder-workspace/.swiftpm/xcode
builtin-SwiftPerFileCompile XCTestCase+makeCoder.swift
SwiftCompile normal arm64 /Users/admin/builder/spi-builder-workspace/Tests/YComponentBrowserTests/Models/Categories/CatalogCategoryTest.swift (in target 'YComponentBrowserTests-product' from project 'YComponentBrowser')
cd /Users/admin/builder/spi-builder-workspace/.swiftpm/xcode
builtin-SwiftPerFileCompile CatalogCategoryTest.swift
SwiftCompile normal arm64 Compiling\ ClassificationViewControllerTest.swift,\ XCTestCase+MemoryLeakTracking.swift /Users/admin/builder/spi-builder-workspace/Tests/YComponentBrowserTests/ClassificationScene/ClassificationViewControllerTest.swift /Users/admin/builder/spi-builder-workspace/Tests/YComponentBrowserTests/Extensions/XCTestCase+MemoryLeakTracking.swift (in target 'YComponentBrowserTests-product' from project 'YComponentBrowser')
SwiftCompile normal arm64 /Users/admin/builder/spi-builder-workspace/Tests/YComponentBrowserTests/ClassificationScene/ClassificationViewControllerTest.swift (in target 'YComponentBrowserTests-product' from project 'YComponentBrowser')
cd /Users/admin/builder/spi-builder-workspace/.swiftpm/xcode
builtin-SwiftPerFileCompile ClassificationViewControllerTest.swift
SwiftCompile normal arm64 /Users/admin/builder/spi-builder-workspace/Tests/YComponentBrowserTests/Extensions/XCTestCase+MemoryLeakTracking.swift (in target 'YComponentBrowserTests-product' from project 'YComponentBrowser')
cd /Users/admin/builder/spi-builder-workspace/.swiftpm/xcode
builtin-SwiftPerFileCompile XCTestCase+MemoryLeakTracking.swift
SwiftDriverJobDiscovery normal arm64 Emitting module for YComponentBrowserTests (in target 'YComponentBrowserTests-product' from project 'YComponentBrowser')
SwiftDriver\ Compilation\ Requirements YComponentBrowserTests normal arm64 com.apple.xcode.tools.swift.compiler (in target 'YComponentBrowserTests-product' from project 'YComponentBrowser')
cd /Users/admin/builder/spi-builder-workspace/.swiftpm/xcode
builtin-Swift-Compilation-Requirements -- /Applications/Xcode-27.0.0-Release.Candidate.app/Contents/Developer/Toolchains/XcodeDefault.xctoolchain/usr/bin/swiftc -parse-as-library -module-name YComponentBrowserTests -Onone @/Users/admin/builder/spi-builder-workspace/.derivedData/Build/Intermediates.noindex/YComponentBrowser.build/Debug-appletvos/YComponentBrowserTests-p.build/Objects-normal/arm64/YComponentBrowserTests.SwiftFileList -DSWIFT_PACKAGE -DDEBUG -DXcode -plugin-path /Applications/Xcode-27.0.0-Release.Candidate.app/Contents/Developer/Toolchains/XcodeDefault.xctoolchain/usr/lib/swift/host/plugins/testing -enable-experimental-feature DebugDescriptionMacro -sdk /Applications/Xcode-27.0.0-Release.Candidate.app/Contents/Developer/Platforms/AppleTVOS.platform/Developer/SDKs/AppleTVOS27.0.sdk -target arm64-apple-tvos17.0 -g -module-cache-path /Users/admin/builder/spi-builder-workspace/.derivedData/ModuleCache.noindex -Xfrontend -serialize-debugging-options -profile-coverage-mapping -profile-generate -enable-testing -index-store-path /Users/admin/builder/spi-builder-workspace/.derivedData/Index.noindex/DataStore -Xcc -D_LIBCPP_HARDENING_MODE\=_LIBCPP_HARDENING_MODE_DEBUG -swift-version 5 -I /Users/admin/builder/spi-builder-workspace/.derivedData/Build/Products/Debug-appletvos -Isystem /Applications/Xcode-27.0.0-Release.Candidate.app/Contents/Developer/Platforms/AppleTVOS.platform/Developer/usr/lib -F /Users/admin/builder/spi-builder-workspace/.derivedData/Build/Products/Debug-appletvos/PackageFrameworks -F /Users/admin/builder/spi-builder-workspace/.derivedData/Build/Products/Debug-appletvos -F /Applications/Xcode-27.0.0-Release.Candidate.app/Contents/Developer/Platforms/AppleTVOS.platform/Developer/Library/Frameworks -F /Applications/Xcode-27.0.0-Release.Candidate.app/Contents/Developer/Platforms/AppleTVOS.platform/Developer/SDKs/AppleTVOS27.0.sdk/Developer/Library/Frameworks -c -j10 -enable-batch-mode -incremental -Xcc -ivfsstatcache -Xcc /Users/admin/builder/spi-builder-workspace/.derivedData/SDKStatCaches.noindex/appletvos27.0-24J360-e829b21a6f8c9b70876ba0858053c044b32bfd8d43560033f8d89884cdb90028.sdkstatcache -output-file-map /Users/admin/builder/spi-builder-workspace/.derivedData/Build/Intermediates.noindex/YComponentBrowser.build/Debug-appletvos/YComponentBrowserTests-p.build/Objects-normal/arm64/YComponentBrowserTests-OutputFileMap.json -save-temps -no-color-diagnostics -explicit-module-build -module-cache-path /Users/admin/builder/spi-builder-workspace/.derivedData/Build/Intermediates.noindex/SwiftExplicitPrecompiledModules -clang-scanner-module-cache-path /Users/admin/builder/spi-builder-workspace/.derivedData/ModuleCache.noindex -sdk-module-cache-path /Users/admin/builder/spi-builder-workspace/.derivedData/SDKExplicitPrecompiledModules -emit-dependencies -emit-module -emit-module-path /Users/admin/builder/spi-builder-workspace/.derivedData/Build/Intermediates.noindex/YComponentBrowser.build/Debug-appletvos/YComponentBrowserTests-p.build/Objects-normal/arm64/YComponentBrowserTests.swiftmodule -serialize-diagnostics -dependency-scan-serialize-diagnostics-path /Users/admin/builder/spi-builder-workspace/.derivedData/Build/Intermediates.noindex/YComponentBrowser.build/Debug-appletvos/YComponentBrowserTests-p.build/Objects-normal/arm64/YComponentBrowserTests-dependency-scan.dia -validate-clang-modules-once -clang-build-session-file /Users/admin/builder/spi-builder-workspace/.derivedData/ModuleCache.noindex/Session.modulevalidation -Xcc -fmodules-prune-interval\=86400 -Xcc -fmodules-prune-after\=345600 -emit-const-values -const-gather-protocols-list /Users/admin/builder/spi-builder-workspace/.derivedData/Build/Intermediates.noindex/YComponentBrowser.build/Debug-appletvos/YComponentBrowserTests-p.build/Objects-normal/arm64/YComponentBrowserTests_const_extract_protocols.json -Xcc -I/Users/admin/builder/spi-builder-workspace/.derivedData/Build/Products/Debug-appletvos/include -Xcc -I/Users/admin/builder/spi-builder-workspace/.derivedData/Build/Intermediates.noindex/YComponentBrowser.build/Debug-appletvos/YComponentBrowserTests-p.build/DerivedSources-normal/arm64 -Xcc -I/Users/admin/builder/spi-builder-workspace/.derivedData/Build/Intermediates.noindex/YComponentBrowser.build/Debug-appletvos/YComponentBrowserTests-p.build/DerivedSources/arm64 -Xcc -I/Users/admin/builder/spi-builder-workspace/.derivedData/Build/Intermediates.noindex/YComponentBrowser.build/Debug-appletvos/YComponentBrowserTests-p.build/DerivedSources -Xcc -DSWIFT_PACKAGE -Xcc -DDEBUG\=1 -working-directory /Users/admin/builder/spi-builder-workspace/.swiftpm/xcode -experimental-emit-module-separately -disable-cmo
SwiftDriverJobDiscovery normal arm64 Compiling Classification.swift, Destination.swift, Highlightable.swift (in target 'YComponentBrowser' from project 'YComponentBrowser')
SwiftCompile normal arm64 Compiling\ FontViewTest.swift /Users/admin/builder/spi-builder-workspace/Tests/YComponentBrowserTests/UI\ Components/Generic\ Views/FontViewTest.swift (in target 'YComponentBrowserTests-product' from project 'YComponentBrowser')
SwiftCompile normal arm64 /Users/admin/builder/spi-builder-workspace/Tests/YComponentBrowserTests/UI\ Components/Generic\ Views/FontViewTest.swift (in target 'YComponentBrowserTests-product' from project 'YComponentBrowser')
cd /Users/admin/builder/spi-builder-workspace/.swiftpm/xcode
builtin-SwiftPerFileCompile FontViewTest.swift
SwiftDriverJobDiscovery normal arm64 Compiling CatalogDetailDestination.swift, SubcategoryDetailDestination.swift, CatalogDataSource.swift (in target 'YComponentBrowser' from project 'YComponentBrowser')
Copy /Users/admin/builder/spi-builder-workspace/.derivedData/Build/Products/Debug-appletvos/YComponentBrowserTests.swiftmodule/arm64-apple-tvos.swiftmodule /Users/admin/builder/spi-builder-workspace/.derivedData/Build/Intermediates.noindex/YComponentBrowser.build/Debug-appletvos/YComponentBrowserTests-p.build/Objects-normal/arm64/YComponentBrowserTests.swiftmodule (in target 'YComponentBrowserTests-product' from project 'YComponentBrowser')
cd /Users/admin/builder/spi-builder-workspace
builtin-copy -exclude .DS_Store -exclude CVS -exclude .svn -exclude .git -exclude .hg -resolve-src-symlinks -rename /Users/admin/builder/spi-builder-workspace/.derivedData/Build/Intermediates.noindex/YComponentBrowser.build/Debug-appletvos/YComponentBrowserTests-p.build/Objects-normal/arm64/YComponentBrowserTests.swiftmodule /Users/admin/builder/spi-builder-workspace/.derivedData/Build/Products/Debug-appletvos/YComponentBrowserTests.swiftmodule/arm64-apple-tvos.swiftmodule
Copy /Users/admin/builder/spi-builder-workspace/.derivedData/Build/Products/Debug-appletvos/YComponentBrowserTests.swiftmodule/arm64-apple-tvos.swiftdoc /Users/admin/builder/spi-builder-workspace/.derivedData/Build/Intermediates.noindex/YComponentBrowser.build/Debug-appletvos/YComponentBrowserTests-p.build/Objects-normal/arm64/YComponentBrowserTests.swiftdoc (in target 'YComponentBrowserTests-product' from project 'YComponentBrowser')
cd /Users/admin/builder/spi-builder-workspace
builtin-copy -exclude .DS_Store -exclude CVS -exclude .svn -exclude .git -exclude .hg -resolve-src-symlinks -rename /Users/admin/builder/spi-builder-workspace/.derivedData/Build/Intermediates.noindex/YComponentBrowser.build/Debug-appletvos/YComponentBrowserTests-p.build/Objects-normal/arm64/YComponentBrowserTests.swiftdoc /Users/admin/builder/spi-builder-workspace/.derivedData/Build/Products/Debug-appletvos/YComponentBrowserTests.swiftmodule/arm64-apple-tvos.swiftdoc
SwiftDriverJobDiscovery normal arm64 Compiling FontView.swift, IconView.swift (in target 'YComponentBrowser' from project 'YComponentBrowser')
Copy /Users/admin/builder/spi-builder-workspace/.derivedData/Build/Products/Debug-appletvos/YComponentBrowserTests.swiftmodule/arm64-apple-tvos.abi.json /Users/admin/builder/spi-builder-workspace/.derivedData/Build/Intermediates.noindex/YComponentBrowser.build/Debug-appletvos/YComponentBrowserTests-p.build/Objects-normal/arm64/YComponentBrowserTests.abi.json (in target 'YComponentBrowserTests-product' from project 'YComponentBrowser')
cd /Users/admin/builder/spi-builder-workspace
builtin-copy -exclude .DS_Store -exclude CVS -exclude .svn -exclude .git -exclude .hg -resolve-src-symlinks -rename /Users/admin/builder/spi-builder-workspace/.derivedData/Build/Intermediates.noindex/YComponentBrowser.build/Debug-appletvos/YComponentBrowserTests-p.build/Objects-normal/arm64/YComponentBrowserTests.abi.json /Users/admin/builder/spi-builder-workspace/.derivedData/Build/Products/Debug-appletvos/YComponentBrowserTests.swiftmodule/arm64-apple-tvos.abi.json
Copy /Users/admin/builder/spi-builder-workspace/.derivedData/Build/Products/Debug-appletvos/YComponentBrowserTests.swiftmodule/Project/arm64-apple-tvos.swiftsourceinfo /Users/admin/builder/spi-builder-workspace/.derivedData/Build/Intermediates.noindex/YComponentBrowser.build/Debug-appletvos/YComponentBrowserTests-p.build/Objects-normal/arm64/YComponentBrowserTests.swiftsourceinfo (in target 'YComponentBrowserTests-product' from project 'YComponentBrowser')
cd /Users/admin/builder/spi-builder-workspace
builtin-copy -exclude .DS_Store -exclude CVS -exclude .svn -exclude .git -exclude .hg -resolve-src-symlinks -rename /Users/admin/builder/spi-builder-workspace/.derivedData/Build/Intermediates.noindex/YComponentBrowser.build/Debug-appletvos/YComponentBrowserTests-p.build/Objects-normal/arm64/YComponentBrowserTests.swiftsourceinfo /Users/admin/builder/spi-builder-workspace/.derivedData/Build/Products/Debug-appletvos/YComponentBrowserTests.swiftmodule/Project/arm64-apple-tvos.swiftsourceinfo
SwiftCompile normal arm64 Compiling\ CategoriesTest.swift,\ CatalogDestinationTests.swift /Users/admin/builder/spi-builder-workspace/Tests/YComponentBrowserTests/Models/Categories/CategoriesTest.swift /Users/admin/builder/spi-builder-workspace/Tests/YComponentBrowserTests/Models/Destinations/CatalogDestinationTests.swift (in target 'YComponentBrowserTests-product' from project 'YComponentBrowser')
SwiftCompile normal arm64 /Users/admin/builder/spi-builder-workspace/Tests/YComponentBrowserTests/Models/Categories/CategoriesTest.swift (in target 'YComponentBrowserTests-product' from project 'YComponentBrowser')
cd /Users/admin/builder/spi-builder-workspace/.swiftpm/xcode
builtin-SwiftPerFileCompile CategoriesTest.swift
SwiftCompile normal arm64 /Users/admin/builder/spi-builder-workspace/Tests/YComponentBrowserTests/Models/Destinations/CatalogDestinationTests.swift (in target 'YComponentBrowserTests-product' from project 'YComponentBrowser')
cd /Users/admin/builder/spi-builder-workspace/.swiftpm/xcode
builtin-SwiftPerFileCompile CatalogDestinationTests.swift
SwiftCompile normal arm64 Compiling\ CatalogFactoryTest.swift,\ ClassificationDataSourceTests.swift /Users/admin/builder/spi-builder-workspace/Tests/YComponentBrowserTests/CatalogFactoryTest.swift /Users/admin/builder/spi-builder-workspace/Tests/YComponentBrowserTests/ClassificationScene/ClassificationDataSourceTests.swift (in target 'YComponentBrowserTests-product' from project 'YComponentBrowser')
SwiftCompile normal arm64 /Users/admin/builder/spi-builder-workspace/Tests/YComponentBrowserTests/CatalogFactoryTest.swift (in target 'YComponentBrowserTests-product' from project 'YComponentBrowser')
cd /Users/admin/builder/spi-builder-workspace/.swiftpm/xcode
builtin-SwiftPerFileCompile CatalogFactoryTest.swift
SwiftCompile normal arm64 /Users/admin/builder/spi-builder-workspace/Tests/YComponentBrowserTests/ClassificationScene/ClassificationDataSourceTests.swift (in target 'YComponentBrowserTests-product' from project 'YComponentBrowser')
cd /Users/admin/builder/spi-builder-workspace/.swiftpm/xcode
builtin-SwiftPerFileCompile ClassificationDataSourceTests.swift
SwiftDriverJobDiscovery normal arm64 Compiling ColorView.swift, ContentView.swift (in target 'YComponentBrowser' from project 'YComponentBrowser')
SwiftCompile normal arm64 Compiling\ IconViewTest.swift /Users/admin/builder/spi-builder-workspace/Tests/YComponentBrowserTests/UI\ Components/Generic\ Views/IconViewTest.swift (in target 'YComponentBrowserTests-product' from project 'YComponentBrowser')
SwiftCompile normal arm64 /Users/admin/builder/spi-builder-workspace/Tests/YComponentBrowserTests/UI\ Components/Generic\ Views/IconViewTest.swift (in target 'YComponentBrowserTests-product' from project 'YComponentBrowser')
cd /Users/admin/builder/spi-builder-workspace/.swiftpm/xcode
builtin-SwiftPerFileCompile IconViewTest.swift
SwiftCompile normal arm64 Compiling\ GenericCollectionViewControllerTest.swift,\ GenericTableViewControllerTest.swift /Users/admin/builder/spi-builder-workspace/Tests/YComponentBrowserTests/UI\ Components/Generic\ Controllers/GenericCollectionViewControllerTest.swift /Users/admin/builder/spi-builder-workspace/Tests/YComponentBrowserTests/UI\ Components/Generic\ Controllers/GenericTableViewControllerTest.swift (in target 'YComponentBrowserTests-product' from project 'YComponentBrowser')
SwiftCompile normal arm64 /Users/admin/builder/spi-builder-workspace/Tests/YComponentBrowserTests/UI\ Components/Generic\ Controllers/GenericCollectionViewControllerTest.swift (in target 'YComponentBrowserTests-product' from project 'YComponentBrowser')
cd /Users/admin/builder/spi-builder-workspace/.swiftpm/xcode
builtin-SwiftPerFileCompile GenericCollectionViewControllerTest.swift
SwiftCompile normal arm64 /Users/admin/builder/spi-builder-workspace/Tests/YComponentBrowserTests/UI\ Components/Generic\ Controllers/GenericTableViewControllerTest.swift (in target 'YComponentBrowserTests-product' from project 'YComponentBrowser')
cd /Users/admin/builder/spi-builder-workspace/.swiftpm/xcode
builtin-SwiftPerFileCompile GenericTableViewControllerTest.swift
SwiftDriverJobDiscovery normal arm64 Compiling SubcategoryDestinationTests.swift, IdentifiableProtocolTest.swift (in target 'YComponentBrowserTests-product' from project 'YComponentBrowser')
SwiftCompile normal arm64 Compiling\ GenericCollectionViewCellTest.swift,\ GenericTableViewCellTest.swift /Users/admin/builder/spi-builder-workspace/Tests/YComponentBrowserTests/UI\ Components/Generic\ Cells/GenericCollectionViewCellTest.swift /Users/admin/builder/spi-builder-workspace/Tests/YComponentBrowserTests/UI\ Components/Generic\ Cells/GenericTableViewCellTest.swift (in target 'YComponentBrowserTests-product' from project 'YComponentBrowser')
SwiftCompile normal arm64 /Users/admin/builder/spi-builder-workspace/Tests/YComponentBrowserTests/UI\ Components/Generic\ Cells/GenericCollectionViewCellTest.swift (in target 'YComponentBrowserTests-product' from project 'YComponentBrowser')
cd /Users/admin/builder/spi-builder-workspace/.swiftpm/xcode
builtin-SwiftPerFileCompile GenericCollectionViewCellTest.swift
SwiftCompile normal arm64 /Users/admin/builder/spi-builder-workspace/Tests/YComponentBrowserTests/UI\ Components/Generic\ Cells/GenericTableViewCellTest.swift (in target 'YComponentBrowserTests-product' from project 'YComponentBrowser')
cd /Users/admin/builder/spi-builder-workspace/.swiftpm/xcode
builtin-SwiftPerFileCompile GenericTableViewCellTest.swift
SwiftDriverJobDiscovery normal arm64 Compiling XCTestCase+makeCoder.swift, CatalogCategoryTest.swift (in target 'YComponentBrowserTests-product' from project 'YComponentBrowser')
SwiftCompile normal arm64 Compiling\ CatalogDisplayViewTest.swift,\ ColorViewTest.swift /Users/admin/builder/spi-builder-workspace/Tests/YComponentBrowserTests/UI\ Components/Generic\ Views/CatalogDisplayViewTest.swift /Users/admin/builder/spi-builder-workspace/Tests/YComponentBrowserTests/UI\ Components/Generic\ Views/ColorViewTest.swift (in target 'YComponentBrowserTests-product' from project 'YComponentBrowser')
SwiftCompile normal arm64 /Users/admin/builder/spi-builder-workspace/Tests/YComponentBrowserTests/UI\ Components/Generic\ Views/CatalogDisplayViewTest.swift (in target 'YComponentBrowserTests-product' from project 'YComponentBrowser')
cd /Users/admin/builder/spi-builder-workspace/.swiftpm/xcode
builtin-SwiftPerFileCompile CatalogDisplayViewTest.swift
SwiftCompile normal arm64 /Users/admin/builder/spi-builder-workspace/Tests/YComponentBrowserTests/UI\ Components/Generic\ Views/ColorViewTest.swift (in target 'YComponentBrowserTests-product' from project 'YComponentBrowser')
cd /Users/admin/builder/spi-builder-workspace/.swiftpm/xcode
builtin-SwiftPerFileCompile ColorViewTest.swift
SwiftDriverJobDiscovery normal arm64 Compiling CatalogFactory.swift, ClassificationDataSource.swift, ClassificationViewController.swift (in target 'YComponentBrowser' from project 'YComponentBrowser')
PruneExplicitPrecompiledModules /Users/admin/builder/spi-builder-workspace/.derivedData/Build/Intermediates.noindex/ExplicitPrecompiledModules
PruneExplicitPrecompiledModules /Users/admin/builder/spi-builder-workspace/.derivedData/SDKExplicitPrecompiledModules
PruneExplicitPrecompiledModules /Users/admin/builder/spi-builder-workspace/.derivedData/Build/Intermediates.noindex/SwiftExplicitPrecompiledModules
2026-09-19 13:52:26.809 xcodebuild[646:4168] [MT] IDERunDestination: Supported platforms for the buildables in the current scheme is empty.
2026-09-19 13:52:26.952 xcodebuild[646:4168] [MT] IDERunDestination: Supported platforms for the buildables in the current scheme is empty.
** BUILD FAILED **
The following build commands failed:
SwiftCompile normal arm64 Compiling\ GenericCollectionViewController.swift,\ GenericTableViewController.swift,\ CatalogDisplayView.swift /Users/admin/builder/spi-builder-workspace/Sources/YComponentBrowser/UI\ Components/Generic\ Controllers/GenericCollectionViewController.swift /Users/admin/builder/spi-builder-workspace/Sources/YComponentBrowser/UI\ Components/Generic\ Controllers/GenericTableViewController.swift /Users/admin/builder/spi-builder-workspace/Sources/YComponentBrowser/UI\ Components/Generic\ Views/CatalogDisplayView.swift (in target 'YComponentBrowser' from project 'YComponentBrowser')
SwiftCompile normal arm64 /Users/admin/builder/spi-builder-workspace/Sources/YComponentBrowser/UI\ Components/Generic\ Views/CatalogDisplayView.swift (in target 'YComponentBrowser' from project 'YComponentBrowser')
Building workspace YComponentBrowser with scheme YComponentBrowser
(3 failures)
Command line invocation:
/Applications/Xcode-27.0.0-Release.Candidate.app/Contents/Developer/usr/bin/xcodebuild -IDEClonedSourcePackagesDirPathOverride=/Users/admin/builder/spi-builder-workspace/.dependencies -resolvePackageDependencies
Resolve Package Graph
Resolved source packages:
YComponentBrowser: /Users/admin/builder/spi-builder-workspace
resolved source packages: YComponentBrowser
2026-09-19 13:52:36.868 xcodebuild[743:4653] [MT] IDERunDestination: Supported platforms for the buildables in the current scheme is empty.
2026-09-19 13:52:36.968 xcodebuild[743:4653] [MT] IDERunDestination: Supported platforms for the buildables in the current scheme is empty.
{
"dependencies" : [
],
"manifest_display_name" : "YComponentBrowser",
"name" : "YComponentBrowser",
"path" : "/Users/admin/builder/spi-builder-workspace",
"platforms" : [
{
"name" : "ios",
"version" : "14.0"
}
],
"products" : [
{
"name" : "YComponentBrowser",
"targets" : [
"YComponentBrowser"
],
"type" : {
"library" : [
"automatic"
]
}
}
],
"targets" : [
{
"c99name" : "YComponentBrowserTests",
"module_type" : "SwiftTarget",
"name" : "YComponentBrowserTests",
"path" : "Tests/YComponentBrowserTests",
"sources" : [
"CatalogFactoryTest.swift",
"ClassificationScene/ClassificationDataSourceTests.swift",
"ClassificationScene/ClassificationViewControllerTest.swift",
"Extensions/XCTestCase+MemoryLeakTracking.swift",
"Extensions/XCTestCase+makeCoder.swift",
"Models/Categories/CatalogCategoryTest.swift",
"Models/Categories/CategoriesTest.swift",
"Models/Destinations/CatalogDestinationTests.swift",
"Models/Destinations/SubcategoryDestinationTests.swift",
"Protocols/IdentifiableProtocolTest.swift",
"UI Components/Generic Cells/GenericCollectionViewCellTest.swift",
"UI Components/Generic Cells/GenericTableViewCellTest.swift",
"UI Components/Generic Controllers/GenericCollectionViewControllerTest.swift",
"UI Components/Generic Controllers/GenericTableViewControllerTest.swift",
"UI Components/Generic Views/CatalogDisplayViewTest.swift",
"UI Components/Generic Views/ColorViewTest.swift",
"UI Components/Generic Views/FontViewTest.swift",
"UI Components/Generic Views/IconViewTest.swift"
],
"target_dependencies" : [
"YComponentBrowser"
],
"type" : "test"
},
{
"c99name" : "YComponentBrowser",
"module_type" : "SwiftTarget",
"name" : "YComponentBrowser",
"path" : "Sources/YComponentBrowser",
"product_memberships" : [
"YComponentBrowser"
],
"sources" : [
"CatalogFactory.swift",
"ClassificationScene/ClassificationDataSource.swift",
"ClassificationScene/ClassificationViewController.swift",
"Models/Categories/CatalogCategory.swift",
"Models/Categories/ColorCategory.swift",
"Models/Categories/ComponentCategory.swift",
"Models/Categories/CustomCategory.swift",
"Models/Categories/FontCategory.swift",
"Models/Categories/IconCategory.swift",
"Models/Destinations/CatalogDetailDestination.swift",
"Models/Destinations/SubcategoryDetailDestination.swift",
"Protocols/CatalogDataSource.swift",
"Protocols/Classification.swift",
"Protocols/Destination.swift",
"Protocols/Highlightable.swift",
"Protocols/Identifiable.swift",
"Protocols/Populatable.swift",
"Protocols/Reusable.swift",
"Protocols/Selectable.swift",
"UI Components/Generic Cells/GenericCollectionViewCell.swift",
"UI Components/Generic Cells/GenericTableViewCell.swift",
"UI Components/Generic Controllers/GenericCollectionViewController.swift",
"UI Components/Generic Controllers/GenericTableViewController.swift",
"UI Components/Generic Views/CatalogDisplayView.swift",
"UI Components/Generic Views/ColorView.swift",
"UI Components/Generic Views/ContentView.swift",
"UI Components/Generic Views/FontView.swift",
"UI Components/Generic Views/IconView.swift"
],
"type" : "library"
}
],
"tools_version" : "5.5"
}
{
"workspace" : {
"name" : "YComponentBrowser",
"schemes" : [
"YCatalogViewer",
"YComponentBrowser"
]
}
}
2026-09-19 13:52:38.074 xcodebuild[751:4725] [MT] IDERunDestination: Supported platforms for the buildables in the current scheme is empty.
2026-09-19 13:52:38.178 xcodebuild[751:4725] [MT] IDERunDestination: Supported platforms for the buildables in the current scheme is empty.
{
"workspace" : {
"name" : "YComponentBrowser",
"schemes" : [
"YCatalogViewer",
"YComponentBrowser"
]
}
}
2026-09-19 13:52:39.051 xcodebuild[753:4755] [MT] IDERunDestination: Supported platforms for the buildables in the current scheme is empty.
2026-09-19 13:52:39.151 xcodebuild[753:4755] [MT] IDERunDestination: Supported platforms for the buildables in the current scheme is empty.
Running build ...
env DEVELOPER_DIR=/Applications/Xcode-27.0.0-Release.Candidate.app xcrun xcodebuild -IDEClonedSourcePackagesDirPathOverride=$PWD/.dependencies -skipMacroValidation -skipPackagePluginValidation -derivedDataPath $PWD/.derivedData build -scheme YComponentBrowser -destination generic/platform=tvOS
Command line invocation:
/Applications/Xcode-27.0.0-Release.Candidate.app/Contents/Developer/usr/bin/xcodebuild -IDEClonedSourcePackagesDirPathOverride=/Users/admin/builder/spi-builder-workspace/.dependencies -skipMacroValidation -skipPackagePluginValidation -derivedDataPath /Users/admin/builder/spi-builder-workspace/.derivedData build -scheme YComponentBrowser -destination generic/platform=tvOS
Resolve Package Graph
Resolved source packages:
YComponentBrowser: /Users/admin/builder/spi-builder-workspace
ComputePackagePrebuildTargetDependencyGraph
Prepare packages
CreateBuildRequest
SendProjectDescription
CreateBuildOperation
ComputeTargetDependencyGraph
note: Building targets in dependency order
note: Target dependency graph (3 targets)
Target 'YComponentBrowserTests-product' in project 'YComponentBrowser'
➜ Explicit dependency on target 'YComponentBrowser' in project 'YComponentBrowser'
Target 'YComponentBrowser-product' in project 'YComponentBrowser'
➜ Explicit dependency on target 'YComponentBrowser' in project 'YComponentBrowser'
Target 'YComponentBrowser' in project 'YComponentBrowser' (no dependencies)
GatherProvisioningInputs
CreateBuildDescription
ClangStatCache /Applications/Xcode-27.0.0-Release.Candidate.app/Contents/Developer/Toolchains/XcodeDefault.xctoolchain/usr/bin/clang-stat-cache /Applications/Xcode-27.0.0-Release.Candidate.app/Contents/Developer/Platforms/AppleTVOS.platform/Developer/SDKs/AppleTVOS27.0.sdk /Users/admin/builder/spi-builder-workspace/.derivedData/SDKStatCaches.noindex/appletvos27.0-24J360-e829b21a6f8c9b70876ba0858053c044b32bfd8d43560033f8d89884cdb90028.sdkstatcache
cd /Users/admin/builder/spi-builder-workspace/.swiftpm/xcode
/Applications/Xcode-27.0.0-Release.Candidate.app/Contents/Developer/Toolchains/XcodeDefault.xctoolchain/usr/bin/clang-stat-cache /Applications/Xcode-27.0.0-Release.Candidate.app/Contents/Developer/Platforms/AppleTVOS.platform/Developer/SDKs/AppleTVOS27.0.sdk -o /Users/admin/builder/spi-builder-workspace/.derivedData/SDKStatCaches.noindex/appletvos27.0-24J360-e829b21a6f8c9b70876ba0858053c044b32bfd8d43560033f8d89884cdb90028.sdkstatcache
SwiftDriver YComponentBrowser normal arm64 com.apple.xcode.tools.swift.compiler (in target 'YComponentBrowser' from project 'YComponentBrowser')
cd /Users/admin/builder/spi-builder-workspace/.swiftpm/xcode
builtin-SwiftDriver -- /Applications/Xcode-27.0.0-Release.Candidate.app/Contents/Developer/Toolchains/XcodeDefault.xctoolchain/usr/bin/swiftc -parse-as-library -module-name YComponentBrowser -Onone @/Users/admin/builder/spi-builder-workspace/.derivedData/Build/Intermediates.noindex/YComponentBrowser.build/Debug-appletvos/YComponentBrowser-t.build/Objects-normal/arm64/YComponentBrowser.SwiftFileList -DSWIFT_PACKAGE -DDEBUG -DSWIFT_MODULE_RESOURCE_BUNDLE_UNAVAILABLE -DXcode -plugin-path /Applications/Xcode-27.0.0-Release.Candidate.app/Contents/Developer/Toolchains/XcodeDefault.xctoolchain/usr/lib/swift/host/plugins/testing -enable-experimental-feature DebugDescriptionMacro -sdk /Applications/Xcode-27.0.0-Release.Candidate.app/Contents/Developer/Platforms/AppleTVOS.platform/Developer/SDKs/AppleTVOS27.0.sdk -target arm64-apple-tvos15.0 -g -module-cache-path /Users/admin/builder/spi-builder-workspace/.derivedData/ModuleCache.noindex -Xfrontend -serialize-debugging-options -profile-coverage-mapping -profile-generate -enable-testing -index-store-path /Users/admin/builder/spi-builder-workspace/.derivedData/Index.noindex/DataStore -Xcc -D_LIBCPP_HARDENING_MODE\=_LIBCPP_HARDENING_MODE_DEBUG -swift-version 5 -I /Users/admin/builder/spi-builder-workspace/.derivedData/Build/Products/Debug-appletvos -Isystem /Applications/Xcode-27.0.0-Release.Candidate.app/Contents/Developer/Platforms/AppleTVOS.platform/Developer/usr/lib -F /Users/admin/builder/spi-builder-workspace/.derivedData/Build/Products/Debug-appletvos -F /Applications/Xcode-27.0.0-Release.Candidate.app/Contents/Developer/Platforms/AppleTVOS.platform/Developer/Library/Frameworks -F /Applications/Xcode-27.0.0-Release.Candidate.app/Contents/Developer/Platforms/AppleTVOS.platform/Developer/SDKs/AppleTVOS27.0.sdk/Developer/Library/Frameworks -c -j10 -enable-batch-mode -incremental -Xcc -ivfsstatcache -Xcc /Users/admin/builder/spi-builder-workspace/.derivedData/SDKStatCaches.noindex/appletvos27.0-24J360-e829b21a6f8c9b70876ba0858053c044b32bfd8d43560033f8d89884cdb90028.sdkstatcache -output-file-map /Users/admin/builder/spi-builder-workspace/.derivedData/Build/Intermediates.noindex/YComponentBrowser.build/Debug-appletvos/YComponentBrowser-t.build/Objects-normal/arm64/YComponentBrowser-OutputFileMap.json -save-temps -no-color-diagnostics -explicit-module-build -module-cache-path /Users/admin/builder/spi-builder-workspace/.derivedData/Build/Intermediates.noindex/SwiftExplicitPrecompiledModules -clang-scanner-module-cache-path /Users/admin/builder/spi-builder-workspace/.derivedData/ModuleCache.noindex -sdk-module-cache-path /Users/admin/builder/spi-builder-workspace/.derivedData/SDKExplicitPrecompiledModules -emit-dependencies -emit-module -emit-module-path /Users/admin/builder/spi-builder-workspace/.derivedData/Build/Intermediates.noindex/YComponentBrowser.build/Debug-appletvos/YComponentBrowser-t.build/Objects-normal/arm64/YComponentBrowser.swiftmodule -serialize-diagnostics -dependency-scan-serialize-diagnostics-path /Users/admin/builder/spi-builder-workspace/.derivedData/Build/Intermediates.noindex/YComponentBrowser.build/Debug-appletvos/YComponentBrowser-t.build/Objects-normal/arm64/YComponentBrowser-dependency-scan.dia -validate-clang-modules-once -clang-build-session-file /Users/admin/builder/spi-builder-workspace/.derivedData/ModuleCache.noindex/Session.modulevalidation -Xcc -fmodules-prune-interval\=86400 -Xcc -fmodules-prune-after\=345600 -emit-const-values -const-gather-protocols-list /Users/admin/builder/spi-builder-workspace/.derivedData/Build/Intermediates.noindex/YComponentBrowser.build/Debug-appletvos/YComponentBrowser-t.build/Objects-normal/arm64/YComponentBrowser_const_extract_protocols.json -Xcc -I/Users/admin/builder/spi-builder-workspace/.derivedData/Build/Products/Debug-appletvos/include -Xcc -I/Users/admin/builder/spi-builder-workspace/.derivedData/Build/Intermediates.noindex/YComponentBrowser.build/Debug-appletvos/YComponentBrowser-t.build/DerivedSources-normal/arm64 -Xcc -I/Users/admin/builder/spi-builder-workspace/.derivedData/Build/Intermediates.noindex/YComponentBrowser.build/Debug-appletvos/YComponentBrowser-t.build/DerivedSources/arm64 -Xcc -I/Users/admin/builder/spi-builder-workspace/.derivedData/Build/Intermediates.noindex/YComponentBrowser.build/Debug-appletvos/YComponentBrowser-t.build/DerivedSources -Xcc -DSWIFT_PACKAGE -Xcc -DDEBUG\=1 -emit-objc-header -emit-objc-header-path /Users/admin/builder/spi-builder-workspace/.derivedData/Build/Intermediates.noindex/YComponentBrowser.build/Debug-appletvos/YComponentBrowser-t.build/Objects-normal/arm64/YComponentBrowser-Swift.h -working-directory /Users/admin/builder/spi-builder-workspace/.swiftpm/xcode -experimental-emit-module-separately -disable-cmo
SwiftDriver YComponentBrowserTests normal arm64 com.apple.xcode.tools.swift.compiler (in target 'YComponentBrowserTests-product' from project 'YComponentBrowser')
cd /Users/admin/builder/spi-builder-workspace/.swiftpm/xcode
builtin-SwiftDriver -- /Applications/Xcode-27.0.0-Release.Candidate.app/Contents/Developer/Toolchains/XcodeDefault.xctoolchain/usr/bin/swiftc -parse-as-library -module-name YComponentBrowserTests -Onone @/Users/admin/builder/spi-builder-workspace/.derivedData/Build/Intermediates.noindex/YComponentBrowser.build/Debug-appletvos/YComponentBrowserTests-p.build/Objects-normal/arm64/YComponentBrowserTests.SwiftFileList -DSWIFT_PACKAGE -DDEBUG -DXcode -plugin-path /Applications/Xcode-27.0.0-Release.Candidate.app/Contents/Developer/Toolchains/XcodeDefault.xctoolchain/usr/lib/swift/host/plugins/testing -enable-experimental-feature DebugDescriptionMacro -sdk /Applications/Xcode-27.0.0-Release.Candidate.app/Contents/Developer/Platforms/AppleTVOS.platform/Developer/SDKs/AppleTVOS27.0.sdk -target arm64-apple-tvos17.0 -g -module-cache-path /Users/admin/builder/spi-builder-workspace/.derivedData/ModuleCache.noindex -Xfrontend -serialize-debugging-options -profile-coverage-mapping -profile-generate -enable-testing -index-store-path /Users/admin/builder/spi-builder-workspace/.derivedData/Index.noindex/DataStore -Xcc -D_LIBCPP_HARDENING_MODE\=_LIBCPP_HARDENING_MODE_DEBUG -swift-version 5 -I /Users/admin/builder/spi-builder-workspace/.derivedData/Build/Products/Debug-appletvos -Isystem /Applications/Xcode-27.0.0-Release.Candidate.app/Contents/Developer/Platforms/AppleTVOS.platform/Developer/usr/lib -F /Users/admin/builder/spi-builder-workspace/.derivedData/Build/Products/Debug-appletvos/PackageFrameworks -F /Users/admin/builder/spi-builder-workspace/.derivedData/Build/Products/Debug-appletvos -F /Applications/Xcode-27.0.0-Release.Candidate.app/Contents/Developer/Platforms/AppleTVOS.platform/Developer/Library/Frameworks -F /Applications/Xcode-27.0.0-Release.Candidate.app/Contents/Developer/Platforms/AppleTVOS.platform/Developer/SDKs/AppleTVOS27.0.sdk/Developer/Library/Frameworks -c -j10 -enable-batch-mode -incremental -Xcc -ivfsstatcache -Xcc /Users/admin/builder/spi-builder-workspace/.derivedData/SDKStatCaches.noindex/appletvos27.0-24J360-e829b21a6f8c9b70876ba0858053c044b32bfd8d43560033f8d89884cdb90028.sdkstatcache -output-file-map /Users/admin/builder/spi-builder-workspace/.derivedData/Build/Intermediates.noindex/YComponentBrowser.build/Debug-appletvos/YComponentBrowserTests-p.build/Objects-normal/arm64/YComponentBrowserTests-OutputFileMap.json -save-temps -no-color-diagnostics -explicit-module-build -module-cache-path /Users/admin/builder/spi-builder-workspace/.derivedData/Build/Intermediates.noindex/SwiftExplicitPrecompiledModules -clang-scanner-module-cache-path /Users/admin/builder/spi-builder-workspace/.derivedData/ModuleCache.noindex -sdk-module-cache-path /Users/admin/builder/spi-builder-workspace/.derivedData/SDKExplicitPrecompiledModules -emit-dependencies -emit-module -emit-module-path /Users/admin/builder/spi-builder-workspace/.derivedData/Build/Intermediates.noindex/YComponentBrowser.build/Debug-appletvos/YComponentBrowserTests-p.build/Objects-normal/arm64/YComponentBrowserTests.swiftmodule -serialize-diagnostics -dependency-scan-serialize-diagnostics-path /Users/admin/builder/spi-builder-workspace/.derivedData/Build/Intermediates.noindex/YComponentBrowser.build/Debug-appletvos/YComponentBrowserTests-p.build/Objects-normal/arm64/YComponentBrowserTests-dependency-scan.dia -validate-clang-modules-once -clang-build-session-file /Users/admin/builder/spi-builder-workspace/.derivedData/ModuleCache.noindex/Session.modulevalidation -Xcc -fmodules-prune-interval\=86400 -Xcc -fmodules-prune-after\=345600 -emit-const-values -const-gather-protocols-list /Users/admin/builder/spi-builder-workspace/.derivedData/Build/Intermediates.noindex/YComponentBrowser.build/Debug-appletvos/YComponentBrowserTests-p.build/Objects-normal/arm64/YComponentBrowserTests_const_extract_protocols.json -Xcc -I/Users/admin/builder/spi-builder-workspace/.derivedData/Build/Products/Debug-appletvos/include -Xcc -I/Users/admin/builder/spi-builder-workspace/.derivedData/Build/Intermediates.noindex/YComponentBrowser.build/Debug-appletvos/YComponentBrowserTests-p.build/DerivedSources-normal/arm64 -Xcc -I/Users/admin/builder/spi-builder-workspace/.derivedData/Build/Intermediates.noindex/YComponentBrowser.build/Debug-appletvos/YComponentBrowserTests-p.build/DerivedSources/arm64 -Xcc -I/Users/admin/builder/spi-builder-workspace/.derivedData/Build/Intermediates.noindex/YComponentBrowser.build/Debug-appletvos/YComponentBrowserTests-p.build/DerivedSources -Xcc -DSWIFT_PACKAGE -Xcc -DDEBUG\=1 -working-directory /Users/admin/builder/spi-builder-workspace/.swiftpm/xcode -experimental-emit-module-separately -disable-cmo
SwiftCompile normal arm64 Compiling\ GenericTableViewCell.swift /Users/admin/builder/spi-builder-workspace/Sources/YComponentBrowser/UI\ Components/Generic\ Cells/GenericTableViewCell.swift (in target 'YComponentBrowser' from project 'YComponentBrowser')
SwiftCompile normal arm64 /Users/admin/builder/spi-builder-workspace/Sources/YComponentBrowser/UI\ Components/Generic\ Cells/GenericTableViewCell.swift (in target 'YComponentBrowser' from project 'YComponentBrowser')
cd /Users/admin/builder/spi-builder-workspace/.swiftpm/xcode
builtin-SwiftPerFileCompile GenericTableViewCell.swift
SwiftCompile normal arm64 Compiling\ GenericCollectionViewCell.swift /Users/admin/builder/spi-builder-workspace/Sources/YComponentBrowser/UI\ Components/Generic\ Cells/GenericCollectionViewCell.swift (in target 'YComponentBrowser' from project 'YComponentBrowser')
SwiftCompile normal arm64 /Users/admin/builder/spi-builder-workspace/Sources/YComponentBrowser/UI\ Components/Generic\ Cells/GenericCollectionViewCell.swift (in target 'YComponentBrowser' from project 'YComponentBrowser')
cd /Users/admin/builder/spi-builder-workspace/.swiftpm/xcode
builtin-SwiftPerFileCompile GenericCollectionViewCell.swift
SwiftCompile normal arm64 Compiling\ Selectable.swift /Users/admin/builder/spi-builder-workspace/Sources/YComponentBrowser/Protocols/Selectable.swift (in target 'YComponentBrowser' from project 'YComponentBrowser')
SwiftCompile normal arm64 /Users/admin/builder/spi-builder-workspace/Sources/YComponentBrowser/Protocols/Selectable.swift (in target 'YComponentBrowser' from project 'YComponentBrowser')
cd /Users/admin/builder/spi-builder-workspace/.swiftpm/xcode
builtin-SwiftPerFileCompile Selectable.swift
SwiftCompile normal arm64 Compiling\ GenericCollectionViewController.swift /Users/admin/builder/spi-builder-workspace/Sources/YComponentBrowser/UI\ Components/Generic\ Controllers/GenericCollectionViewController.swift (in target 'YComponentBrowser' from project 'YComponentBrowser')
SwiftCompile normal arm64 /Users/admin/builder/spi-builder-workspace/Sources/YComponentBrowser/UI\ Components/Generic\ Controllers/GenericCollectionViewController.swift (in target 'YComponentBrowser' from project 'YComponentBrowser')
cd /Users/admin/builder/spi-builder-workspace/.swiftpm/xcode
builtin-SwiftPerFileCompile GenericCollectionViewController.swift
SwiftEmitModule normal arm64 Emitting\ module\ for\ YComponentBrowser (in target 'YComponentBrowser' from project 'YComponentBrowser')
SwiftCompile normal arm64 (in target 'YComponentBrowser' from project 'YComponentBrowser')
cd /Users/admin/builder/spi-builder-workspace/.swiftpm/xcode
SwiftCompile normal arm64 Compiling\ CatalogDisplayView.swift /Users/admin/builder/spi-builder-workspace/Sources/YComponentBrowser/UI\ Components/Generic\ Views/CatalogDisplayView.swift (in target 'YComponentBrowser' from project 'YComponentBrowser')
/Users/admin/builder/spi-builder-workspace/Sources/YComponentBrowser/UI Components/Generic Views/CatalogDisplayView.swift:117:28: error: 'systemBackground' is unavailable in tvOS
115 |
116 | private func setUpView() {
117 | backgroundColor = .systemBackground
| `- error: 'systemBackground' is unavailable in tvOS
118 | displayView.translatesAutoresizingMaskIntoConstraints = false
119 | outerStackView.translatesAutoresizingMaskIntoConstraints = false
/Applications/Xcode-27.0.0-Release.Candidate.app/Contents/Developer/Platforms/AppleTVOS.platform/Developer/SDKs/AppleTVOS27.0.sdk/System/Library/Frameworks/UIKit.framework/Headers/UIInterface.h:208:49: note: 'systemBackground' has been explicitly marked unavailable here
206 | * primary background in light mode.
207 | */
208 | @property (class, nonatomic, readonly) UIColor *systemBackgroundColor API_AVAILABLE(ios(13.0)) API_UNAVAILABLE(tvos, watchos);
| `- note: 'systemBackground' has been explicitly marked unavailable here
209 | @property (class, nonatomic, readonly) UIColor *secondarySystemBackgroundColor API_AVAILABLE(ios(13.0)) API_UNAVAILABLE(tvos, watchos);
210 | @property (class, nonatomic, readonly) UIColor *tertiarySystemBackgroundColor API_AVAILABLE(ios(13.0)) API_UNAVAILABLE(tvos, watchos);
Failed frontend command:
/Applications/Xcode-27.0.0-Release.Candidate.app/Contents/Developer/Toolchains/XcodeDefault.xctoolchain/usr/bin/swift-frontend -frontend -c /Users/admin/builder/spi-builder-workspace/Sources/YComponentBrowser/CatalogFactory.swift /Users/admin/builder/spi-builder-workspace/Sources/YComponentBrowser/ClassificationScene/ClassificationDataSource.swift /Users/admin/builder/spi-builder-workspace/Sources/YComponentBrowser/ClassificationScene/ClassificationViewController.swift /Users/admin/builder/spi-builder-workspace/Sources/YComponentBrowser/Models/Categories/CatalogCategory.swift /Users/admin/builder/spi-builder-workspace/Sources/YComponentBrowser/Models/Categories/ColorCategory.swift /Users/admin/builder/spi-builder-workspace/Sources/YComponentBrowser/Models/Categories/ComponentCategory.swift /Users/admin/builder/spi-builder-workspace/Sources/YComponentBrowser/Models/Categories/CustomCategory.swift /Users/admin/builder/spi-builder-workspace/Sources/YComponentBrowser/Models/Categories/FontCategory.swift /Users/admin/builder/spi-builder-workspace/Sources/YComponentBrowser/Models/Categories/IconCategory.swift /Users/admin/builder/spi-builder-workspace/Sources/YComponentBrowser/Models/Destinations/CatalogDetailDestination.swift /Users/admin/builder/spi-builder-workspace/Sources/YComponentBrowser/Models/Destinations/SubcategoryDetailDestination.swift /Users/admin/builder/spi-builder-workspace/Sources/YComponentBrowser/Protocols/CatalogDataSource.swift /Users/admin/builder/spi-builder-workspace/Sources/YComponentBrowser/Protocols/Classification.swift /Users/admin/builder/spi-builder-workspace/Sources/YComponentBrowser/Protocols/Destination.swift /Users/admin/builder/spi-builder-workspace/Sources/YComponentBrowser/Protocols/Highlightable.swift /Users/admin/builder/spi-builder-workspace/Sources/YComponentBrowser/Protocols/Identifiable.swift /Users/admin/builder/spi-builder-workspace/Sources/YComponentBrowser/Protocols/Populatable.swift /Users/admin/builder/spi-builder-workspace/Sources/YComponentBrowser/Protocols/Reusable.swift /Users/admin/builder/spi-builder-workspace/Sources/YComponentBrowser/Protocols/Selectable.swift /Users/admin/builder/spi-builder-workspace/Sources/YComponentBrowser/UI\ Components/Generic\ Cells/GenericCollectionViewCell.swift /Users/admin/builder/spi-builder-workspace/Sources/YComponentBrowser/UI\ Components/Generic\ Cells/GenericTableViewCell.swift /Users/admin/builder/spi-builder-workspace/Sources/YComponentBrowser/UI\ Components/Generic\ Controllers/GenericCollectionViewController.swift /Users/admin/builder/spi-builder-workspace/Sources/YComponentBrowser/UI\ Components/Generic\ Controllers/GenericTableViewController.swift -primary-file /Users/admin/builder/spi-builder-workspace/Sources/YComponentBrowser/UI\ Components/Generic\ Views/CatalogDisplayView.swift /Users/admin/builder/spi-builder-workspace/Sources/YComponentBrowser/UI\ Components/Generic\ Views/ColorView.swift /Users/admin/builder/spi-builder-workspace/Sources/YComponentBrowser/UI\ Components/Generic\ Views/ContentView.swift /Users/admin/builder/spi-builder-workspace/Sources/YComponentBrowser/UI\ Components/Generic\ Views/FontView.swift /Users/admin/builder/spi-builder-workspace/Sources/YComponentBrowser/UI\ Components/Generic\ Views/IconView.swift -emit-dependencies-path /Users/admin/builder/spi-builder-workspace/.derivedData/Build/Intermediates.noindex/YComponentBrowser.build/Debug-appletvos/YComponentBrowser-t.build/Objects-normal/arm64/CatalogDisplayView.d -emit-const-values-path /Users/admin/builder/spi-builder-workspace/.derivedData/Build/Intermediates.noindex/YComponentBrowser.build/Debug-appletvos/YComponentBrowser-t.build/Objects-normal/arm64/CatalogDisplayView.swiftconstvalues -emit-reference-dependencies-path /Users/admin/builder/spi-builder-workspace/.derivedData/Build/Intermediates.noindex/YComponentBrowser.build/Debug-appletvos/YComponentBrowser-t.build/Objects-normal/arm64/CatalogDisplayView.swiftdeps -serialize-diagnostics-path /Users/admin/builder/spi-builder-workspace/.derivedData/Build/Intermediates.noindex/YComponentBrowser.build/Debug-appletvos/YComponentBrowser-t.build/Objects-normal/arm64/CatalogDisplayView.dia -target arm64-apple-tvos15.0 -disable-cross-import-overlay-search -load-resolved-plugin /Applications/Xcode-27.0.0-Release.Candidate.app/Contents/Developer/Platforms/AppleTVOS.platform/Developer/usr/lib/swift/host/plugins/libFoundationMacros.dylib\#/Applications/Xcode-27.0.0-Release.Candidate.app/Contents/Developer/Platforms/AppleTVOS.platform/Developer/usr/bin/swift-plugin-server\#FoundationMacros -load-resolved-plugin /Applications/Xcode-27.0.0-Release.Candidate.app/Contents/Developer/Platforms/AppleTVOS.platform/Developer/usr/lib/swift/host/plugins/libObservationMacros.dylib\#/Applications/Xcode-27.0.0-Release.Candidate.app/Contents/Developer/Platforms/AppleTVOS.platform/Developer/usr/bin/swift-plugin-server\#ObservationMacros -load-resolved-plugin /Applications/Xcode-27.0.0-Release.Candidate.app/Contents/Developer/Platforms/AppleTVOS.platform/Developer/usr/lib/swift/host/plugins/libPreviewsMacros.dylib\#/Applications/Xcode-27.0.0-Release.Candidate.app/Contents/Developer/Platforms/AppleTVOS.platform/Developer/usr/bin/swift-plugin-server\#PreviewsMacros -load-resolved-plugin /Applications/Xcode-27.0.0-Release.Candidate.app/Contents/Developer/Platforms/AppleTVOS.platform/Developer/usr/lib/swift/host/plugins/libSwiftMacros.dylib\#/Applications/Xcode-27.0.0-Release.Candidate.app/Contents/Developer/Platforms/AppleTVOS.platform/Developer/usr/bin/swift-plugin-server\#SwiftMacros -load-resolved-plugin /Applications/Xcode-27.0.0-Release.Candidate.app/Contents/Developer/Platforms/AppleTVOS.platform/Developer/usr/lib/swift/host/plugins/libSwiftUIMacros.dylib\#/Applications/Xcode-27.0.0-Release.Candidate.app/Contents/Developer/Platforms/AppleTVOS.platform/Developer/usr/bin/swift-plugin-server\#SwiftUIMacros -disable-implicit-swift-modules -Xcc -fno-implicit-modules -Xcc -fno-implicit-module-maps -explicit-swift-module-map-file /Users/admin/builder/spi-builder-workspace/.derivedData/Build/Intermediates.noindex/YComponentBrowser.build/Debug-appletvos/YComponentBrowser-t.build/Objects-normal/arm64/YComponentBrowser-dependencies-1.json -Xllvm -aarch64-use-tbi -enable-objc-interop -stack-check -sdk /Applications/Xcode-27.0.0-Release.Candidate.app/Contents/Developer/Platforms/AppleTVOS.platform/Developer/SDKs/AppleTVOS27.0.sdk -I /Users/admin/builder/spi-builder-workspace/.derivedData/Build/Products/Debug-appletvos -Isystem /Applications/Xcode-27.0.0-Release.Candidate.app/Contents/Developer/Platforms/AppleTVOS.platform/Developer/usr/lib -F /Users/admin/builder/spi-builder-workspace/.derivedData/Build/Products/Debug-appletvos -F /Applications/Xcode-27.0.0-Release.Candidate.app/Contents/Developer/Platforms/AppleTVOS.platform/Developer/Library/Frameworks -F /Applications/Xcode-27.0.0-Release.Candidate.app/Contents/Developer/Platforms/AppleTVOS.platform/Developer/SDKs/AppleTVOS27.0.sdk/Developer/Library/Frameworks -module-cache-path /Users/admin/builder/spi-builder-workspace/.derivedData/Build/Intermediates.noindex/SwiftExplicitPrecompiledModules -no-color-diagnostics -Xcc -fno-color-diagnostics -enable-testing -g -debug-info-format\=dwarf -dwarf-version\=4 -profile-generate -profile-coverage-mapping -swift-version 5 -Onone -D SWIFT_PACKAGE -D DEBUG -D SWIFT_MODULE_RESOURCE_BUNDLE_UNAVAILABLE -D Xcode -serialize-debugging-options -enable-experimental-feature DebugDescriptionMacro -empty-abi-descriptor -validate-clang-modules-once -clang-build-session-file /Users/admin/builder/spi-builder-workspace/.derivedData/ModuleCache.noindex/Session.modulevalidation -Xcc -working-directory -Xcc /Users/admin/builder/spi-builder-workspace/.swiftpm/xcode -enable-anonymous-context-mangled-names -file-compilation-dir /Users/admin/builder/spi-builder-workspace/.swiftpm/xcode -Xcc -D_LIBCPP_HARDENING_MODE\=_LIBCPP_HARDENING_MODE_DEBUG -Xcc -ivfsstatcache -Xcc /Users/admin/builder/spi-builder-workspace/.derivedData/SDKStatCaches.noindex/appletvos27.0-24J360-e829b21a6f8c9b70876ba0858053c044b32bfd8d43560033f8d89884cdb90028.sdkstatcache -Xcc -fmodules-prune-interval\=86400 -Xcc -fmodules-prune-after\=345600 -Xcc -I/Users/admin/builder/spi-builder-workspace/.derivedData/Build/Products/Debug-appletvos/include -Xcc -I/Users/admin/builder/spi-builder-workspace/.derivedData/Build/Intermediates.noindex/YComponentBrowser.build/Debug-appletvos/YComponentBrowser-t.build/DerivedSources-normal/arm64 -Xcc -I/Users/admin/builder/spi-builder-workspace/.derivedData/Build/Intermediates.noindex/YComponentBrowser.build/Debug-appletvos/YComponentBrowser-t.build/DerivedSources/arm64 -Xcc -I/Users/admin/builder/spi-builder-workspace/.derivedData/Build/Intermediates.noindex/YComponentBrowser.build/Debug-appletvos/YComponentBrowser-t.build/DerivedSources -Xcc -DSWIFT_PACKAGE -Xcc -DDEBUG\=1 -no-auto-bridging-header-chaining -module-name YComponentBrowser -const-gather-protocols-file /Users/admin/builder/spi-builder-workspace/.derivedData/Build/Intermediates.noindex/YComponentBrowser.build/Debug-appletvos/YComponentBrowser-t.build/Objects-normal/arm64/YComponentBrowser_const_extract_protocols.json -disable-clang-spi -clang-target arm64-apple-tvos27.0 -target-sdk-version 27.0 -target-sdk-name appletvos27.0 -in-process-plugin-server-path /Applications/Xcode-27.0.0-Release.Candidate.app/Contents/Developer/Toolchains/XcodeDefault.xctoolchain/usr/lib/swift/host/libSwiftInProcPluginServer.dylib -parse-as-library -o /Users/admin/builder/spi-builder-workspace/.derivedData/Build/Intermediates.noindex/YComponentBrowser.build/Debug-appletvos/YComponentBrowser-t.build/Objects-normal/arm64/CatalogDisplayView.o -debug-module-path /Users/admin/builder/spi-builder-workspace/.derivedData/Build/Intermediates.noindex/YComponentBrowser.build/Debug-appletvos/YComponentBrowser-t.build/Objects-normal/arm64/YComponentBrowser.swiftmodule -index-unit-output-path /YComponentBrowser.build/Debug-appletvos/YComponentBrowser-t.build/Objects-normal/arm64/CatalogDisplayView.o -index-store-path /Users/admin/builder/spi-builder-workspace/.derivedData/Index.noindex/DataStore -index-system-modules
SwiftCompile normal arm64 /Users/admin/builder/spi-builder-workspace/Sources/YComponentBrowser/UI\ Components/Generic\ Views/CatalogDisplayView.swift (in target 'YComponentBrowser' from project 'YComponentBrowser')
cd /Users/admin/builder/spi-builder-workspace/.swiftpm/xcode
builtin-SwiftPerFileCompile CatalogDisplayView.swift
SwiftCompile normal arm64 Compiling\ GenericTableViewController.swift /Users/admin/builder/spi-builder-workspace/Sources/YComponentBrowser/UI\ Components/Generic\ Controllers/GenericTableViewController.swift (in target 'YComponentBrowser' from project 'YComponentBrowser')
SwiftCompile normal arm64 /Users/admin/builder/spi-builder-workspace/Sources/YComponentBrowser/UI\ Components/Generic\ Controllers/GenericTableViewController.swift (in target 'YComponentBrowser' from project 'YComponentBrowser')
cd /Users/admin/builder/spi-builder-workspace/.swiftpm/xcode
builtin-SwiftPerFileCompile GenericTableViewController.swift
SwiftCompile normal arm64 Compiling\ CatalogFactoryTest.swift,\ ClassificationDataSourceTests.swift /Users/admin/builder/spi-builder-workspace/Tests/YComponentBrowserTests/CatalogFactoryTest.swift /Users/admin/builder/spi-builder-workspace/Tests/YComponentBrowserTests/ClassificationScene/ClassificationDataSourceTests.swift (in target 'YComponentBrowserTests-product' from project 'YComponentBrowser')
SwiftCompile normal arm64 /Users/admin/builder/spi-builder-workspace/Tests/YComponentBrowserTests/CatalogFactoryTest.swift (in target 'YComponentBrowserTests-product' from project 'YComponentBrowser')
cd /Users/admin/builder/spi-builder-workspace/.swiftpm/xcode
builtin-SwiftPerFileCompile CatalogFactoryTest.swift
SwiftCompile normal arm64 /Users/admin/builder/spi-builder-workspace/Tests/YComponentBrowserTests/ClassificationScene/ClassificationDataSourceTests.swift (in target 'YComponentBrowserTests-product' from project 'YComponentBrowser')
cd /Users/admin/builder/spi-builder-workspace/.swiftpm/xcode
builtin-SwiftPerFileCompile ClassificationDataSourceTests.swift
SwiftEmitModule normal arm64 Emitting\ module\ for\ YComponentBrowserTests (in target 'YComponentBrowserTests-product' from project 'YComponentBrowser')
SwiftCompile normal arm64 (in target 'YComponentBrowserTests-product' from project 'YComponentBrowser')
cd /Users/admin/builder/spi-builder-workspace/.swiftpm/xcode
SwiftCompile normal arm64 Compiling\ GenericCollectionViewCellTest.swift,\ GenericTableViewCellTest.swift /Users/admin/builder/spi-builder-workspace/Tests/YComponentBrowserTests/UI\ Components/Generic\ Cells/GenericCollectionViewCellTest.swift /Users/admin/builder/spi-builder-workspace/Tests/YComponentBrowserTests/UI\ Components/Generic\ Cells/GenericTableViewCellTest.swift (in target 'YComponentBrowserTests-product' from project 'YComponentBrowser')
SwiftCompile normal arm64 /Users/admin/builder/spi-builder-workspace/Tests/YComponentBrowserTests/UI\ Components/Generic\ Cells/GenericCollectionViewCellTest.swift (in target 'YComponentBrowserTests-product' from project 'YComponentBrowser')
cd /Users/admin/builder/spi-builder-workspace/.swiftpm/xcode
builtin-SwiftPerFileCompile GenericCollectionViewCellTest.swift
SwiftCompile normal arm64 /Users/admin/builder/spi-builder-workspace/Tests/YComponentBrowserTests/UI\ Components/Generic\ Cells/GenericTableViewCellTest.swift (in target 'YComponentBrowserTests-product' from project 'YComponentBrowser')
cd /Users/admin/builder/spi-builder-workspace/.swiftpm/xcode
builtin-SwiftPerFileCompile GenericTableViewCellTest.swift
SwiftCompile normal arm64 Compiling\ IconViewTest.swift /Users/admin/builder/spi-builder-workspace/Tests/YComponentBrowserTests/UI\ Components/Generic\ Views/IconViewTest.swift (in target 'YComponentBrowserTests-product' from project 'YComponentBrowser')
SwiftCompile normal arm64 /Users/admin/builder/spi-builder-workspace/Tests/YComponentBrowserTests/UI\ Components/Generic\ Views/IconViewTest.swift (in target 'YComponentBrowserTests-product' from project 'YComponentBrowser')
cd /Users/admin/builder/spi-builder-workspace/.swiftpm/xcode
builtin-SwiftPerFileCompile IconViewTest.swift
SwiftDriverJobDiscovery normal arm64 Compiling Selectable.swift (in target 'YComponentBrowser' from project 'YComponentBrowser')
SwiftCompile normal arm64 Compiling\ CatalogDisplayViewTest.swift /Users/admin/builder/spi-builder-workspace/Tests/YComponentBrowserTests/UI\ Components/Generic\ Views/CatalogDisplayViewTest.swift (in target 'YComponentBrowserTests-product' from project 'YComponentBrowser')
SwiftCompile normal arm64 /Users/admin/builder/spi-builder-workspace/Tests/YComponentBrowserTests/UI\ Components/Generic\ Views/CatalogDisplayViewTest.swift (in target 'YComponentBrowserTests-product' from project 'YComponentBrowser')
cd /Users/admin/builder/spi-builder-workspace/.swiftpm/xcode
builtin-SwiftPerFileCompile CatalogDisplayViewTest.swift
SwiftDriverJobDiscovery normal arm64 Compiling GenericCollectionViewCell.swift (in target 'YComponentBrowser' from project 'YComponentBrowser')
SwiftCompile normal arm64 Compiling\ ColorViewTest.swift /Users/admin/builder/spi-builder-workspace/Tests/YComponentBrowserTests/UI\ Components/Generic\ Views/ColorViewTest.swift (in target 'YComponentBrowserTests-product' from project 'YComponentBrowser')
SwiftCompile normal arm64 /Users/admin/builder/spi-builder-workspace/Tests/YComponentBrowserTests/UI\ Components/Generic\ Views/ColorViewTest.swift (in target 'YComponentBrowserTests-product' from project 'YComponentBrowser')
cd /Users/admin/builder/spi-builder-workspace/.swiftpm/xcode
builtin-SwiftPerFileCompile ColorViewTest.swift
SwiftDriverJobDiscovery normal arm64 Compiling GenericTableViewCell.swift (in target 'YComponentBrowser' from project 'YComponentBrowser')
SwiftCompile normal arm64 Compiling\ CategoriesTest.swift,\ CatalogDestinationTests.swift /Users/admin/builder/spi-builder-workspace/Tests/YComponentBrowserTests/Models/Categories/CategoriesTest.swift /Users/admin/builder/spi-builder-workspace/Tests/YComponentBrowserTests/Models/Destinations/CatalogDestinationTests.swift (in target 'YComponentBrowserTests-product' from project 'YComponentBrowser')
SwiftCompile normal arm64 /Users/admin/builder/spi-builder-workspace/Tests/YComponentBrowserTests/Models/Categories/CategoriesTest.swift (in target 'YComponentBrowserTests-product' from project 'YComponentBrowser')
cd /Users/admin/builder/spi-builder-workspace/.swiftpm/xcode
builtin-SwiftPerFileCompile CategoriesTest.swift
SwiftCompile normal arm64 /Users/admin/builder/spi-builder-workspace/Tests/YComponentBrowserTests/Models/Destinations/CatalogDestinationTests.swift (in target 'YComponentBrowserTests-product' from project 'YComponentBrowser')
cd /Users/admin/builder/spi-builder-workspace/.swiftpm/xcode
builtin-SwiftPerFileCompile CatalogDestinationTests.swift
SwiftCompile normal arm64 Compiling\ GenericTableViewControllerTest.swift /Users/admin/builder/spi-builder-workspace/Tests/YComponentBrowserTests/UI\ Components/Generic\ Controllers/GenericTableViewControllerTest.swift (in target 'YComponentBrowserTests-product' from project 'YComponentBrowser')
SwiftCompile normal arm64 /Users/admin/builder/spi-builder-workspace/Tests/YComponentBrowserTests/UI\ Components/Generic\ Controllers/GenericTableViewControllerTest.swift (in target 'YComponentBrowserTests-product' from project 'YComponentBrowser')
cd /Users/admin/builder/spi-builder-workspace/.swiftpm/xcode
builtin-SwiftPerFileCompile GenericTableViewControllerTest.swift
PruneExplicitPrecompiledModules /Users/admin/builder/spi-builder-workspace/.derivedData/Build/Intermediates.noindex/SwiftExplicitPrecompiledModules
PruneExplicitPrecompiledModules /Users/admin/builder/spi-builder-workspace/.derivedData/SDKExplicitPrecompiledModules
PruneExplicitPrecompiledModules /Users/admin/builder/spi-builder-workspace/.derivedData/Build/Intermediates.noindex/ExplicitPrecompiledModules
2026-09-19 13:52:40.043 xcodebuild[754:4782] [MT] IDERunDestination: Supported platforms for the buildables in the current scheme is empty.
2026-09-19 13:52:40.143 xcodebuild[754:4782] [MT] IDERunDestination: Supported platforms for the buildables in the current scheme is empty.
** BUILD FAILED **
The following build commands failed:
SwiftCompile normal arm64 Compiling\ CatalogDisplayView.swift /Users/admin/builder/spi-builder-workspace/Sources/YComponentBrowser/UI\ Components/Generic\ Views/CatalogDisplayView.swift (in target 'YComponentBrowser' from project 'YComponentBrowser')
SwiftCompile normal arm64 /Users/admin/builder/spi-builder-workspace/Sources/YComponentBrowser/UI\ Components/Generic\ Views/CatalogDisplayView.swift (in target 'YComponentBrowser' from project 'YComponentBrowser')
Building workspace YComponentBrowser with scheme YComponentBrowser
(3 failures)
BUILD FAILURE 6.4 tvOS