Build Information
Failed to build HotwireNative, reference 1.3.1 (dbc4fc), with Swift 6.2 for visionOS using Xcode 26.3 on 15 Aug 2026 10:49:48 UTC.
Build Command
env DEVELOPER_DIR=/Applications/Xcode-26.3.0.app xcrun xcodebuild -IDEClonedSourcePackagesDirPathOverride=$PWD/.dependencies -skipMacroValidation -skipPackagePluginValidation -derivedDataPath $PWD/.derivedData build -scheme HotwireNative -destination generic/platform=xrOSBuild Log
========================================
RunAll
========================================
Builder version: undefined version: run 'make version' to update
Interrupt handler set up.
========================================
Checkout
========================================
Clone URL: https://github.com/hotwired/hotwire-native-ios.git
Reference: 1.3.1
Initialized empty Git repository in /Users/admin/builder/spi-builder-workspace/.git/
From https://github.com/hotwired/hotwire-native-ios
* tag 1.3.1 -> FETCH_HEAD
HEAD is now at dbc4fc0 Merge pull request #261 from hotwired/fix-modal-redirect-order
Cloned https://github.com/hotwired/hotwire-native-ios.git
Revision (git rev-parse @):
dbc4fc0fec0d2401f0be46015793bfcb29ec07a4
SUCCESS checkout https://github.com/hotwired/hotwire-native-ios.git at 1.3.1
========================================
Build
========================================
Selected platform: visionOS
Swift version: 6.2
Building package at path: $PWD
https://github.com/hotwired/hotwire-native-ios.git
Command line invocation:
/Applications/Xcode-26.3.0.app/Contents/Developer/usr/bin/xcodebuild -IDEClonedSourcePackagesDirPathOverride=/Users/admin/builder/spi-builder-workspace/.dependencies -resolvePackageDependencies
Resolve Package Graph
Fetching from https://github.com/AliSoftware/OHHTTPStubs
Fetching from https://github.com/envoy/Embassy.git
Creating working copy of package ‘OHHTTPStubs’
Checking out 9.1.0 of package ‘OHHTTPStubs’
Creating working copy of package ‘Embassy’
Checking out 4.1.6 of package ‘Embassy’
Resolve Package Graph
Resolved source packages:
HotwireNative: /Users/admin/builder/spi-builder-workspace
OHHTTPStubs: https://github.com/AliSoftware/OHHTTPStubs @ 9.1.0
Embassy: https://github.com/envoy/Embassy.git @ 4.1.6
resolved source packages: HotwireNative, OHHTTPStubs, Embassy
2026-08-15 06:49:12.146 xcodebuild[537:3103] [MT] IDERunDestination: Supported platforms for the buildables in the current scheme is empty.
{
"dependencies" : [
{
"identity" : "ohhttpstubs",
"requirement" : {
"range" : [
{
"lower_bound" : "9.0.0",
"upper_bound" : "10.0.0"
}
]
},
"type" : "sourceControl",
"url" : "https://github.com/AliSoftware/OHHTTPStubs"
},
{
"identity" : "embassy",
"requirement" : {
"range" : [
{
"lower_bound" : "4.1.4",
"upper_bound" : "5.0.0"
}
]
},
"type" : "sourceControl",
"url" : "https://github.com/envoy/Embassy.git"
}
],
"manifest_display_name" : "HotwireNative",
"name" : "HotwireNative",
"path" : "/Users/admin/builder/spi-builder-workspace",
"platforms" : [
{
"name" : "ios",
"version" : "14.0"
}
],
"products" : [
{
"name" : "HotwireNative",
"targets" : [
"HotwireNative"
],
"type" : {
"library" : [
"automatic"
]
}
}
],
"targets" : [
{
"c99name" : "HotwireNativeTests",
"module_type" : "SwiftTarget",
"name" : "HotwireNativeTests",
"path" : "Tests",
"product_dependencies" : [
"OHHTTPStubsSwift",
"Embassy"
],
"resources" : [
{
"path" : "/Users/admin/builder/spi-builder-workspace/Tests/Turbo/Fixtures",
"rule" : {
"copy" : {
}
}
},
{
"path" : "/Users/admin/builder/spi-builder-workspace/Tests/Turbo/Server",
"rule" : {
"copy" : {
}
}
}
],
"sources" : [
"Bridge/BridgeComponentAsyncAPITests.swift",
"Bridge/BridgeComponentTests.swift",
"Bridge/BridgeDelegate+DestinationTests.swift",
"Bridge/BridgeDelegateTests.swift",
"Bridge/BridgeTests.swift",
"Bridge/ComponentTestExample/ComposerComponent.swift",
"Bridge/ComponentTestExample/ComposerComponentTests.swift",
"Bridge/Extensions/TimeInterval+ExpectationTimeout.swift",
"Bridge/InternalMessageTests.swift",
"Bridge/JavaScriptTests.swift",
"Bridge/MessageTests.swift",
"Bridge/Spies/BridgeComponentSpy.swift",
"Bridge/Spies/BridgeDelegateSpy.swift",
"Bridge/Spies/BridgeSpy.swift",
"Bridge/TestData.swift",
"Bridge/UserAgentTests.swift",
"Turbo/ColdBootVisitTests.swift",
"Turbo/CustomLoggerTests.swift",
"Turbo/HotwireConfigTests.swift",
"Turbo/HotwireNativeErrorTests.swift",
"Turbo/HttpErrorTests.swift",
"Turbo/JSFetchRecoveryHandlerTests.swift",
"Turbo/JavaScriptExpressionTests.swift",
"Turbo/LoadErrorTests.swift",
"Turbo/Navigator/NavigationDelegateTests.swift",
"Turbo/Navigator/NavigationHierarchyControllerHistoricalLocationTests.swift",
"Turbo/Navigator/NavigationHierarchyControllerTests.swift",
"Turbo/Navigator/NavigatorRetryHandlerTests.swift",
"Turbo/Navigator/TestableNavigationController.swift",
"Turbo/PathConfigurationLoaderTests.swift",
"Turbo/PathConfigurationModalStyleTests.swift",
"Turbo/PathConfigurationTests.swift",
"Turbo/PathRuleTests.swift",
"Turbo/Routing/AppNavigationRouteDecisionHandlerTest.swift",
"Turbo/Routing/RouterTests.swift",
"Turbo/Routing/SafariViewControllerRouteDecisionHandlerTests.swift",
"Turbo/Routing/SystemNavigationRouteDecisionHandlerTest.swift",
"Turbo/ScriptMessageTests.swift",
"Turbo/Server.swift",
"Turbo/SessionTests.swift",
"Turbo/Spies/SessionSpy.swift",
"Turbo/Test.swift",
"Turbo/Utils/URL+UtilsTests.swift",
"Turbo/VisitOptionsTests.swift",
"Turbo/VisitableViewControllerTests.swift",
"Turbo/WebErrorTests.swift",
"Turbo/WebViewPolicy/BaseWebViewPolicyDecisionHandlerTests.swift",
"Turbo/WebViewPolicy/ExternalNavigationWebViewPolicyDecisionHandlerTests.swift",
"Turbo/WebViewPolicy/LinkActivatedWebViewPolicyDecisionHandlerTests.swift",
"Turbo/WebViewPolicy/NavigationPolicyHTML.swift",
"Turbo/WebViewPolicy/NewWindowWebViewPolicyDecisionHandlerTests.swift",
"Turbo/WebViewPolicy/ReloadWebViewPolicyDecisionHandlerTests.swift",
"Turbo/WebViewPolicy/Spies/NavigationSpy.swift",
"Turbo/WebViewPolicy/WebViewPolicyManagerTests.swift",
"Turbo/WebViewPolicy/WebViewPolicyNavigationSimulator.swift"
],
"target_dependencies" : [
"HotwireNative"
],
"type" : "test"
},
{
"c99name" : "HotwireNative",
"module_type" : "SwiftTarget",
"name" : "HotwireNative",
"path" : "Source",
"product_memberships" : [
"HotwireNative"
],
"resources" : [
{
"path" : "/Users/admin/builder/spi-builder-workspace/Source/Bridge/bridge.js",
"rule" : {
"copy" : {
}
}
},
{
"path" : "/Users/admin/builder/spi-builder-workspace/Source/Turbo/WebView/turbo.js",
"rule" : {
"copy" : {
}
}
}
],
"sources" : [
"Bridge/Bridge.swift",
"Bridge/BridgeComponent.swift",
"Bridge/BridgeDelegate.swift",
"Bridge/Extensions/Data+Utils.swift",
"Bridge/Extensions/Dictionary+JSON.swift",
"Bridge/Extensions/Encodable+Utils.swift",
"Bridge/Extensions/String+JSON.swift",
"Bridge/InternalMessage.swift",
"Bridge/JavaScript.swift",
"Bridge/Message.swift",
"Bridge/UserAgent.swift",
"Hotwire.swift",
"HotwireConfig.swift",
"Logging/HotwireLogger.swift",
"Logging/LogLevel.swift",
"Logging/Logger.swift",
"Logging/OSLogWrapper.swift",
"NavigationHandler.swift",
"ScriptMessageHandler.swift",
"Turbo/Errors/HTTPError.swift",
"Turbo/Errors/HotwireNativeError.swift",
"Turbo/Errors/LoadError.swift",
"Turbo/Errors/TurboError.swift",
"Turbo/Errors/WebError.swift",
"Turbo/Models/HotwireTab+UITab.swift",
"Turbo/Models/HotwireTab+UITabBarItem.swift",
"Turbo/Models/HotwireTab.swift",
"Turbo/Navigator/Extensions/PathPropertiesExtensions.swift",
"Turbo/Navigator/Extensions/UINavigationControllerExtension.swift",
"Turbo/Navigator/Extensions/UIViewController+ModalBehaviour.swift",
"Turbo/Navigator/Extensions/UIViewController+RoutedLocation.swift",
"Turbo/Navigator/Extensions/URL+Compare.swift",
"Turbo/Navigator/Extensions/VisitProposalExtension.swift",
"Turbo/Navigator/Extensions/VisitableViewControllerExtension.swift",
"Turbo/Navigator/Extensions/WKNavigationAction+Utils.swift",
"Turbo/Navigator/Extensions/WKWebView+ebContentProcess.swift",
"Turbo/Navigator/Helpers/ErrorHandling/DefaultErrorView.swift",
"Turbo/Navigator/Helpers/ErrorHandling/ErrorPresentableView.swift",
"Turbo/Navigator/Helpers/ErrorHandling/ErrorPresenter.swift",
"Turbo/Navigator/Helpers/Navigation+QueryStringPresentation.swift",
"Turbo/Navigator/Helpers/Navigation.swift",
"Turbo/Navigator/Helpers/PathConfigurationIdentifiable.swift",
"Turbo/Navigator/Helpers/ProposalResult.swift",
"Turbo/Navigator/Navigating.swift",
"Turbo/Navigator/NavigationHierarchyController.swift",
"Turbo/Navigator/NavigationHierarchyControllerDelegate.swift",
"Turbo/Navigator/Navigator+Configuration.swift",
"Turbo/Navigator/Navigator.swift",
"Turbo/Navigator/NavigatorDelegate.swift",
"Turbo/Navigator/Routing/Handlers/AppNavigationRouteDecisionHandler.swift",
"Turbo/Navigator/Routing/Handlers/SafariViewControllerRouteDecisionHandler.swift",
"Turbo/Navigator/Routing/Handlers/SystemNavigationRouteDecisionHandler.swift",
"Turbo/Navigator/Routing/RouteDecisionHandler.swift",
"Turbo/Navigator/Routing/Router.swift",
"Turbo/Navigator/WKUIController.swift",
"Turbo/Navigator/WebViewPolicy/Handlers/ExternalNavigationWebViewPolicyDecisionHandler.swift",
"Turbo/Navigator/WebViewPolicy/Handlers/LinkActivatedWebViewPolicyDecisionHandler.swift",
"Turbo/Navigator/WebViewPolicy/Handlers/NewWindowWebViewPolicyDecisionHandler.swift",
"Turbo/Navigator/WebViewPolicy/Handlers/ReloadWebViewPolicyDecisionHandler.swift",
"Turbo/Navigator/WebViewPolicy/WebViewPolicyManager.swift",
"Turbo/Navigator/WebViewPolicy/WebViewRouteDecisionHandler.swift",
"Turbo/Networking/JSFetchRecoveryHandler.swift",
"Turbo/Path Configuration/PathConfiguration.swift",
"Turbo/Path Configuration/PathConfigurationDecoder.swift",
"Turbo/Path Configuration/PathConfigurationLoader.swift",
"Turbo/Path Configuration/PathRule+ServerRoutes.swift",
"Turbo/Path Configuration/PathRule.swift",
"Turbo/Session/Session.swift",
"Turbo/Session/SessionDelegate.swift",
"Turbo/Utils/AppLifecycleObserver.swift",
"Turbo/Utils/URL+Utils.swift",
"Turbo/ViewControllers/HotwireNavigationController.swift",
"Turbo/ViewControllers/HotwireTabBarController.swift",
"Turbo/ViewControllers/HotwireWebViewController.swift",
"Turbo/Visit/ColdBootVisit.swift",
"Turbo/Visit/JavaScriptVisit.swift",
"Turbo/Visit/Visit.swift",
"Turbo/Visit/VisitAction.swift",
"Turbo/Visit/VisitDelegate.swift",
"Turbo/Visit/VisitOptions.swift",
"Turbo/Visit/VisitProposal.swift",
"Turbo/Visit/VisitResponse.swift",
"Turbo/Visitable/Visitable.swift",
"Turbo/Visitable/VisitableView.swift",
"Turbo/Visitable/VisitableViewController.swift",
"Turbo/WebView/JSON.swift",
"Turbo/WebView/JavaScriptExpression.swift",
"Turbo/WebView/ScriptMessage.swift",
"Turbo/WebView/WebViewBridge.swift",
"WebView.swift"
],
"type" : "library"
}
],
"tools_version" : "5.9"
}
{
"workspace" : {
"name" : "spi-builder-workspace",
"schemes" : [
"HotwireNative"
]
}
}
2026-08-15 06:49:30.404 xcodebuild[743:4548] [MT] IDERunDestination: Supported platforms for the buildables in the current scheme is empty.
Running build ...
env DEVELOPER_DIR=/Applications/Xcode-26.3.0.app xcrun xcodebuild -IDEClonedSourcePackagesDirPathOverride=$PWD/.dependencies -skipMacroValidation -skipPackagePluginValidation -derivedDataPath $PWD/.derivedData build -scheme HotwireNative -destination generic/platform=xrOS
Command line invocation:
/Applications/Xcode-26.3.0.app/Contents/Developer/usr/bin/xcodebuild -IDEClonedSourcePackagesDirPathOverride=/Users/admin/builder/spi-builder-workspace/.dependencies -skipMacroValidation -skipPackagePluginValidation -derivedDataPath /Users/admin/builder/spi-builder-workspace/.derivedData build -scheme HotwireNative -destination generic/platform=xrOS
Resolve Package Graph
Resolve Package Graph
Resolved source packages:
Embassy: https://github.com/envoy/Embassy.git @ 4.1.6
HotwireNative: /Users/admin/builder/spi-builder-workspace
OHHTTPStubs: https://github.com/AliSoftware/OHHTTPStubs @ 9.1.0
ComputePackagePrebuildTargetDependencyGraph
Prepare packages
CreateBuildRequest
SendProjectDescription
CreateBuildOperation
ComputeTargetDependencyGraph
note: Building targets in dependency order
note: Target dependency graph (3 targets)
Target 'HotwireNative' in project 'HotwireNative'
➜ Explicit dependency on target 'HotwireNative' in project 'HotwireNative'
➜ Explicit dependency on target 'HotwireNative_HotwireNative' in project 'HotwireNative'
Target 'HotwireNative' in project 'HotwireNative'
➜ Explicit dependency on target 'HotwireNative_HotwireNative' in project 'HotwireNative'
Target 'HotwireNative_HotwireNative' in project 'HotwireNative' (no dependencies)
GatherProvisioningInputs
CreateBuildDescription
ExecuteExternalTool /Applications/Xcode-26.3.0.app/Contents/Developer/Toolchains/XcodeDefault.xctoolchain/usr/bin/clang -v -E -dM -isysroot /Applications/Xcode-26.3.0.app/Contents/Developer/Platforms/XROS.platform/Developer/SDKs/XROS26.2.sdk -x c -c /dev/null
ExecuteExternalTool /Applications/Xcode-26.3.0.app/Contents/Developer/Toolchains/XcodeDefault.xctoolchain/usr/bin/swiftc --version
ExecuteExternalTool /Applications/Xcode-26.3.0.app/Contents/Developer/Toolchains/XcodeDefault.xctoolchain/usr/bin/ld -version_details
Build description signature: e66691c451504fc3f1652f70eb54570c
Build description path: /Users/admin/builder/spi-builder-workspace/.derivedData/Build/Intermediates.noindex/XCBuildData/e66691c451504fc3f1652f70eb54570c.xcbuilddata
ClangStatCache /Applications/Xcode-26.3.0.app/Contents/Developer/Toolchains/XcodeDefault.xctoolchain/usr/bin/clang-stat-cache /Applications/Xcode-26.3.0.app/Contents/Developer/Platforms/XROS.platform/Developer/SDKs/XROS26.2.sdk /Users/admin/builder/spi-builder-workspace/.derivedData/SDKStatCaches.noindex/xros26.2-23N301-dc75598d0054f22ec865fa860f139d72f5e64962d3ee001da1d77d1957dffdab.sdkstatcache
cd /Users/admin/builder/spi-builder-workspace/.swiftpm/xcode
/Applications/Xcode-26.3.0.app/Contents/Developer/Toolchains/XcodeDefault.xctoolchain/usr/bin/clang-stat-cache /Applications/Xcode-26.3.0.app/Contents/Developer/Platforms/XROS.platform/Developer/SDKs/XROS26.2.sdk -o /Users/admin/builder/spi-builder-workspace/.derivedData/SDKStatCaches.noindex/xros26.2-23N301-dc75598d0054f22ec865fa860f139d72f5e64962d3ee001da1d77d1957dffdab.sdkstatcache
CreateBuildDirectory /Users/admin/builder/spi-builder-workspace/.derivedData/Build/Products
cd /Users/admin/builder/spi-builder-workspace/.swiftpm/xcode
builtin-create-build-directory /Users/admin/builder/spi-builder-workspace/.derivedData/Build/Products
CreateBuildDirectory /Users/admin/builder/spi-builder-workspace/.derivedData/Build/Intermediates.noindex
cd /Users/admin/builder/spi-builder-workspace/.swiftpm/xcode
builtin-create-build-directory /Users/admin/builder/spi-builder-workspace/.derivedData/Build/Intermediates.noindex
CreateBuildDirectory /Users/admin/builder/spi-builder-workspace/.derivedData/Build/Intermediates.noindex/SwiftExplicitPrecompiledModules
cd /Users/admin/builder/spi-builder-workspace/.swiftpm/xcode
builtin-create-build-directory /Users/admin/builder/spi-builder-workspace/.derivedData/Build/Intermediates.noindex/SwiftExplicitPrecompiledModules
CreateBuildDirectory /Users/admin/builder/spi-builder-workspace/.derivedData/Build/Intermediates.noindex/ExplicitPrecompiledModules
cd /Users/admin/builder/spi-builder-workspace/.swiftpm/xcode
builtin-create-build-directory /Users/admin/builder/spi-builder-workspace/.derivedData/Build/Intermediates.noindex/ExplicitPrecompiledModules
CreateBuildDirectory /Users/admin/builder/spi-builder-workspace/.derivedData/Build/Intermediates.noindex/EagerLinkingTBDs/Debug-xros
cd /Users/admin/builder/spi-builder-workspace/.swiftpm/xcode
builtin-create-build-directory /Users/admin/builder/spi-builder-workspace/.derivedData/Build/Intermediates.noindex/EagerLinkingTBDs/Debug-xros
CreateBuildDirectory /Users/admin/builder/spi-builder-workspace/.derivedData/Build/Products/Debug-xros
cd /Users/admin/builder/spi-builder-workspace/.swiftpm/xcode
builtin-create-build-directory /Users/admin/builder/spi-builder-workspace/.derivedData/Build/Products/Debug-xros
CreateBuildDirectory /Users/admin/builder/spi-builder-workspace/.derivedData/Build/Products/Debug-xros/PackageFrameworks
cd /Users/admin/builder/spi-builder-workspace/.swiftpm/xcode
builtin-create-build-directory /Users/admin/builder/spi-builder-workspace/.derivedData/Build/Products/Debug-xros/PackageFrameworks
WriteAuxiliaryFile /Users/admin/builder/spi-builder-workspace/.derivedData/Build/Intermediates.noindex/HotwireNative.build/Debug-xros/HotwireNative_HotwireNative.build/HotwireNative_HotwireNative.DependencyStaticMetadataFileList (in target 'HotwireNative_HotwireNative' from project 'HotwireNative')
cd /Users/admin/builder/spi-builder-workspace
write-file /Users/admin/builder/spi-builder-workspace/.derivedData/Build/Intermediates.noindex/HotwireNative.build/Debug-xros/HotwireNative_HotwireNative.build/HotwireNative_HotwireNative.DependencyStaticMetadataFileList
WriteAuxiliaryFile /Users/admin/builder/spi-builder-workspace/.derivedData/Build/Intermediates.noindex/HotwireNative.build/Debug-xros/HotwireNative.build/HotwireNative.modulemap (in target 'HotwireNative' from project 'HotwireNative')
cd /Users/admin/builder/spi-builder-workspace
write-file /Users/admin/builder/spi-builder-workspace/.derivedData/Build/Intermediates.noindex/HotwireNative.build/Debug-xros/HotwireNative.build/HotwireNative.modulemap
WriteAuxiliaryFile /Users/admin/builder/spi-builder-workspace/.derivedData/Build/Intermediates.noindex/HotwireNative.build/Debug-xros/HotwireNative_HotwireNative.build/HotwireNative_HotwireNative.DependencyMetadataFileList (in target 'HotwireNative_HotwireNative' from project 'HotwireNative')
cd /Users/admin/builder/spi-builder-workspace
write-file /Users/admin/builder/spi-builder-workspace/.derivedData/Build/Intermediates.noindex/HotwireNative.build/Debug-xros/HotwireNative_HotwireNative.build/HotwireNative_HotwireNative.DependencyMetadataFileList
WriteAuxiliaryFile /Users/admin/builder/spi-builder-workspace/.derivedData/Build/Intermediates.noindex/HotwireNative.build/Debug-xros/HotwireNative_HotwireNative.build/empty-HotwireNative_HotwireNative.plist (in target 'HotwireNative_HotwireNative' from project 'HotwireNative')
cd /Users/admin/builder/spi-builder-workspace
write-file /Users/admin/builder/spi-builder-workspace/.derivedData/Build/Intermediates.noindex/HotwireNative.build/Debug-xros/HotwireNative_HotwireNative.build/empty-HotwireNative_HotwireNative.plist
WriteAuxiliaryFile /Users/admin/builder/spi-builder-workspace/.derivedData/Build/Intermediates.noindex/HotwireNative.build/Debug-xros/HotwireNative.build/Objects-normal/arm64/HotwireNative-OutputFileMap.json (in target 'HotwireNative' from project 'HotwireNative')
cd /Users/admin/builder/spi-builder-workspace
write-file /Users/admin/builder/spi-builder-workspace/.derivedData/Build/Intermediates.noindex/HotwireNative.build/Debug-xros/HotwireNative.build/Objects-normal/arm64/HotwireNative-OutputFileMap.json
WriteAuxiliaryFile /Users/admin/builder/spi-builder-workspace/.derivedData/Build/Intermediates.noindex/HotwireNative.build/Debug-xros/HotwireNative.build/Objects-normal/arm64/HotwireNative.SwiftConstValuesFileList (in target 'HotwireNative' from project 'HotwireNative')
cd /Users/admin/builder/spi-builder-workspace
write-file /Users/admin/builder/spi-builder-workspace/.derivedData/Build/Intermediates.noindex/HotwireNative.build/Debug-xros/HotwireNative.build/Objects-normal/arm64/HotwireNative.SwiftConstValuesFileList
WriteAuxiliaryFile /Users/admin/builder/spi-builder-workspace/.derivedData/Build/Intermediates.noindex/HotwireNative.build/Debug-xros/HotwireNative.build/Objects-normal/arm64/HotwireNative_const_extract_protocols.json (in target 'HotwireNative' from project 'HotwireNative')
cd /Users/admin/builder/spi-builder-workspace
write-file /Users/admin/builder/spi-builder-workspace/.derivedData/Build/Intermediates.noindex/HotwireNative.build/Debug-xros/HotwireNative.build/Objects-normal/arm64/HotwireNative_const_extract_protocols.json
WriteAuxiliaryFile /Users/admin/builder/spi-builder-workspace/.derivedData/Build/Intermediates.noindex/HotwireNative.build/Debug-xros/HotwireNative.build/Objects-normal/arm64/HotwireNative.SwiftFileList (in target 'HotwireNative' from project 'HotwireNative')
cd /Users/admin/builder/spi-builder-workspace
write-file /Users/admin/builder/spi-builder-workspace/.derivedData/Build/Intermediates.noindex/HotwireNative.build/Debug-xros/HotwireNative.build/Objects-normal/arm64/HotwireNative.SwiftFileList
WriteAuxiliaryFile /Users/admin/builder/spi-builder-workspace/.derivedData/Build/Intermediates.noindex/HotwireNative.build/Debug-xros/HotwireNative.build/Objects-normal/arm64/HotwireNative.LinkFileList (in target 'HotwireNative' from project 'HotwireNative')
cd /Users/admin/builder/spi-builder-workspace
write-file /Users/admin/builder/spi-builder-workspace/.derivedData/Build/Intermediates.noindex/HotwireNative.build/Debug-xros/HotwireNative.build/Objects-normal/arm64/HotwireNative.LinkFileList
WriteAuxiliaryFile /Users/admin/builder/spi-builder-workspace/.derivedData/Build/Intermediates.noindex/HotwireNative.build/Debug-xros/HotwireNative.build/HotwireNative.DependencyStaticMetadataFileList (in target 'HotwireNative' from project 'HotwireNative')
cd /Users/admin/builder/spi-builder-workspace
write-file /Users/admin/builder/spi-builder-workspace/.derivedData/Build/Intermediates.noindex/HotwireNative.build/Debug-xros/HotwireNative.build/HotwireNative.DependencyStaticMetadataFileList
WriteAuxiliaryFile /Users/admin/builder/spi-builder-workspace/.derivedData/Build/Intermediates.noindex/HotwireNative.build/Debug-xros/HotwireNative.build/HotwireNative.DependencyMetadataFileList (in target 'HotwireNative' from project 'HotwireNative')
cd /Users/admin/builder/spi-builder-workspace
write-file /Users/admin/builder/spi-builder-workspace/.derivedData/Build/Intermediates.noindex/HotwireNative.build/Debug-xros/HotwireNative.build/HotwireNative.DependencyMetadataFileList
MkDir /Users/admin/builder/spi-builder-workspace/.derivedData/Build/Products/Debug-xros/HotwireNative_HotwireNative.bundle (in target 'HotwireNative_HotwireNative' from project 'HotwireNative')
cd /Users/admin/builder/spi-builder-workspace
/bin/mkdir -p /Users/admin/builder/spi-builder-workspace/.derivedData/Build/Products/Debug-xros/HotwireNative_HotwireNative.bundle
WriteAuxiliaryFile /Users/admin/builder/spi-builder-workspace/.derivedData/Build/Intermediates.noindex/HotwireNative.build/Debug-xros/HotwireNative.build/DerivedSources/resource_bundle_accessor.swift (in target 'HotwireNative' from project 'HotwireNative')
cd /Users/admin/builder/spi-builder-workspace
write-file /Users/admin/builder/spi-builder-workspace/.derivedData/Build/Intermediates.noindex/HotwireNative.build/Debug-xros/HotwireNative.build/DerivedSources/resource_bundle_accessor.swift
Copy /Users/admin/builder/spi-builder-workspace/.derivedData/Build/Intermediates.noindex/GeneratedModuleMaps-xros/HotwireNative.modulemap /Users/admin/builder/spi-builder-workspace/.derivedData/Build/Intermediates.noindex/HotwireNative.build/Debug-xros/HotwireNative.build/HotwireNative.modulemap (in target 'HotwireNative' from project 'HotwireNative')
cd /Users/admin/builder/spi-builder-workspace
builtin-copy -exclude .DS_Store -exclude CVS -exclude .svn -exclude .git -exclude .hg -resolve-src-symlinks /Users/admin/builder/spi-builder-workspace/.derivedData/Build/Intermediates.noindex/HotwireNative.build/Debug-xros/HotwireNative.build/HotwireNative.modulemap /Users/admin/builder/spi-builder-workspace/.derivedData/Build/Intermediates.noindex/GeneratedModuleMaps-xros
ProcessInfoPlistFile /Users/admin/builder/spi-builder-workspace/.derivedData/Build/Products/Debug-xros/HotwireNative_HotwireNative.bundle/Info.plist /Users/admin/builder/spi-builder-workspace/.derivedData/Build/Intermediates.noindex/HotwireNative.build/Debug-xros/HotwireNative_HotwireNative.build/empty-HotwireNative_HotwireNative.plist (in target 'HotwireNative_HotwireNative' from project 'HotwireNative')
cd /Users/admin/builder/spi-builder-workspace
builtin-infoPlistUtility /Users/admin/builder/spi-builder-workspace/.derivedData/Build/Intermediates.noindex/HotwireNative.build/Debug-xros/HotwireNative_HotwireNative.build/empty-HotwireNative_HotwireNative.plist -producttype com.apple.product-type.bundle -expandbuildsettings -format binary -platform xros -o /Users/admin/builder/spi-builder-workspace/.derivedData/Build/Products/Debug-xros/HotwireNative_HotwireNative.bundle/Info.plist
CpResource /Users/admin/builder/spi-builder-workspace/.derivedData/Build/Products/Debug-xros/HotwireNative_HotwireNative.bundle/turbo.js /Users/admin/builder/spi-builder-workspace/Source/Turbo/WebView/turbo.js (in target 'HotwireNative_HotwireNative' from project 'HotwireNative')
cd /Users/admin/builder/spi-builder-workspace
builtin-copy -exclude .DS_Store -exclude CVS -exclude .svn -exclude .git -exclude .hg -resolve-src-symlinks /Users/admin/builder/spi-builder-workspace/Source/Turbo/WebView/turbo.js /Users/admin/builder/spi-builder-workspace/.derivedData/Build/Products/Debug-xros/HotwireNative_HotwireNative.bundle
CpResource /Users/admin/builder/spi-builder-workspace/.derivedData/Build/Products/Debug-xros/HotwireNative_HotwireNative.bundle/bridge.js /Users/admin/builder/spi-builder-workspace/Source/Bridge/bridge.js (in target 'HotwireNative_HotwireNative' from project 'HotwireNative')
cd /Users/admin/builder/spi-builder-workspace
builtin-copy -exclude .DS_Store -exclude CVS -exclude .svn -exclude .git -exclude .hg -resolve-src-symlinks /Users/admin/builder/spi-builder-workspace/Source/Bridge/bridge.js /Users/admin/builder/spi-builder-workspace/.derivedData/Build/Products/Debug-xros/HotwireNative_HotwireNative.bundle
RegisterExecutionPolicyException /Users/admin/builder/spi-builder-workspace/.derivedData/Build/Products/Debug-xros/HotwireNative_HotwireNative.bundle (in target 'HotwireNative_HotwireNative' from project 'HotwireNative')
cd /Users/admin/builder/spi-builder-workspace
builtin-RegisterExecutionPolicyException /Users/admin/builder/spi-builder-workspace/.derivedData/Build/Products/Debug-xros/HotwireNative_HotwireNative.bundle
Touch /Users/admin/builder/spi-builder-workspace/.derivedData/Build/Products/Debug-xros/HotwireNative_HotwireNative.bundle (in target 'HotwireNative_HotwireNative' from project 'HotwireNative')
cd /Users/admin/builder/spi-builder-workspace
/usr/bin/touch -c /Users/admin/builder/spi-builder-workspace/.derivedData/Build/Products/Debug-xros/HotwireNative_HotwireNative.bundle
SwiftDriver HotwireNative normal arm64 com.apple.xcode.tools.swift.compiler (in target 'HotwireNative' from project 'HotwireNative')
cd /Users/admin/builder/spi-builder-workspace/.swiftpm/xcode
builtin-SwiftDriver -- /Applications/Xcode-26.3.0.app/Contents/Developer/Toolchains/XcodeDefault.xctoolchain/usr/bin/swiftc -module-name HotwireNative -Onone -enforce-exclusivity\=checked @/Users/admin/builder/spi-builder-workspace/.derivedData/Build/Intermediates.noindex/HotwireNative.build/Debug-xros/HotwireNative.build/Objects-normal/arm64/HotwireNative.SwiftFileList -DSWIFT_PACKAGE -DDEBUG -DSWIFT_MODULE_RESOURCE_BUNDLE_AVAILABLE -DXcode -plugin-path /Applications/Xcode-26.3.0.app/Contents/Developer/Toolchains/XcodeDefault.xctoolchain/usr/lib/swift/host/plugins/testing -enable-experimental-feature DebugDescriptionMacro -sdk /Applications/Xcode-26.3.0.app/Contents/Developer/Platforms/XROS.platform/Developer/SDKs/XROS26.2.sdk -target arm64-apple-xros1.0 -g -module-cache-path /Users/admin/builder/spi-builder-workspace/.derivedData/ModuleCache.noindex -Xfrontend -serialize-debugging-options -profile-coverage-mapping -profile-generate -enable-testing -index-store-path /Users/admin/builder/spi-builder-workspace/.derivedData/Index.noindex/DataStore -Xcc -D_LIBCPP_HARDENING_MODE\=_LIBCPP_HARDENING_MODE_DEBUG -swift-version 5 -I /Users/admin/builder/spi-builder-workspace/.derivedData/Build/Products/Debug-xros -Isystem /Applications/Xcode-26.3.0.app/Contents/Developer/Platforms/XROS.platform/Developer/usr/lib -F /Users/admin/builder/spi-builder-workspace/.derivedData/Build/Products/Debug-xros -F /Applications/Xcode-26.3.0.app/Contents/Developer/Platforms/XROS.platform/Developer/Library/Frameworks -F /Applications/Xcode-26.3.0.app/Contents/Developer/Platforms/XROS.platform/Developer/SDKs/XROS26.2.sdk/Developer/Library/Frameworks -c -j10 -enable-batch-mode -incremental -Xcc -ivfsstatcache -Xcc /Users/admin/builder/spi-builder-workspace/.derivedData/SDKStatCaches.noindex/xros26.2-23N301-dc75598d0054f22ec865fa860f139d72f5e64962d3ee001da1d77d1957dffdab.sdkstatcache -output-file-map /Users/admin/builder/spi-builder-workspace/.derivedData/Build/Intermediates.noindex/HotwireNative.build/Debug-xros/HotwireNative.build/Objects-normal/arm64/HotwireNative-OutputFileMap.json -use-frontend-parseable-output -save-temps -no-color-diagnostics -explicit-module-build -module-cache-path /Users/admin/builder/spi-builder-workspace/.derivedData/Build/Intermediates.noindex/SwiftExplicitPrecompiledModules -clang-scanner-module-cache-path /Users/admin/builder/spi-builder-workspace/.derivedData/ModuleCache.noindex -sdk-module-cache-path /Users/admin/builder/spi-builder-workspace/.derivedData/ModuleCache.noindex -serialize-diagnostics -emit-dependencies -emit-module -emit-module-path /Users/admin/builder/spi-builder-workspace/.derivedData/Build/Intermediates.noindex/HotwireNative.build/Debug-xros/HotwireNative.build/Objects-normal/arm64/HotwireNative.swiftmodule -validate-clang-modules-once -clang-build-session-file /Users/admin/builder/spi-builder-workspace/.derivedData/ModuleCache.noindex/Session.modulevalidation -package-name spi_builder_workspace -Xcc -I/Users/admin/builder/spi-builder-workspace/.derivedData/Build/Intermediates.noindex/HotwireNative.build/Debug-xros/HotwireNative.build/swift-overrides.hmap -emit-const-values -Xfrontend -const-gather-protocols-file -Xfrontend /Users/admin/builder/spi-builder-workspace/.derivedData/Build/Intermediates.noindex/HotwireNative.build/Debug-xros/HotwireNative.build/Objects-normal/arm64/HotwireNative_const_extract_protocols.json -Xcc -I/Users/admin/builder/spi-builder-workspace/.derivedData/Build/Products/Debug-xros/include -Xcc -I/Users/admin/builder/spi-builder-workspace/.derivedData/Build/Intermediates.noindex/HotwireNative.build/Debug-xros/HotwireNative.build/DerivedSources-normal/arm64 -Xcc -I/Users/admin/builder/spi-builder-workspace/.derivedData/Build/Intermediates.noindex/HotwireNative.build/Debug-xros/HotwireNative.build/DerivedSources/arm64 -Xcc -I/Users/admin/builder/spi-builder-workspace/.derivedData/Build/Intermediates.noindex/HotwireNative.build/Debug-xros/HotwireNative.build/DerivedSources -Xcc -DSWIFT_PACKAGE -Xcc -DDEBUG\=1 -emit-objc-header -emit-objc-header-path /Users/admin/builder/spi-builder-workspace/.derivedData/Build/Intermediates.noindex/HotwireNative.build/Debug-xros/HotwireNative.build/Objects-normal/arm64/HotwireNative-Swift.h -working-directory /Users/admin/builder/spi-builder-workspace/.swiftpm/xcode -experimental-emit-module-separately -disable-cmo
SwiftExplicitDependencyGeneratePcm arm64 /Users/admin/builder/spi-builder-workspace/.derivedData/ModuleCache.noindex/_Builtin_stdbool-BY9SH1ZLURHIZF4O8W9N7X51.pcm
SwiftExplicitDependencyGeneratePcm arm64 /Users/admin/builder/spi-builder-workspace/.derivedData/ModuleCache.noindex/ptrcheck-5R017QINEW262H7RW8YQHZUWW.pcm
SwiftExplicitDependencyGeneratePcm arm64 /Users/admin/builder/spi-builder-workspace/.derivedData/ModuleCache.noindex/_Builtin_float-B1VX477YXD7CAGEWY0R0RU846.pcm
SwiftExplicitDependencyGeneratePcm arm64 /Users/admin/builder/spi-builder-workspace/.derivedData/ModuleCache.noindex/SwiftShims-F1WHVHT30PN08BRIB1TFVE6Q6.pcm
SwiftExplicitDependencyGeneratePcm arm64 /Users/admin/builder/spi-builder-workspace/.derivedData/ModuleCache.noindex/_SwiftConcurrencyShims-BRV30TBVZVZGDTY5ZKQTNXO6Y.pcm
SwiftExplicitDependencyGeneratePcm arm64 /Users/admin/builder/spi-builder-workspace/.derivedData/ModuleCache.noindex/DeveloperToolsSupport-7FGXDEXP946ZMR28U71JEDN34.pcm
SwiftExplicitDependencyGeneratePcm arm64 /Users/admin/builder/spi-builder-workspace/.derivedData/ModuleCache.noindex/_AvailabilityInternal-59RKLAH367BCLMA4BP9X29RA0.pcm
SwiftExplicitDependencyGeneratePcm arm64 /Users/admin/builder/spi-builder-workspace/.derivedData/ModuleCache.noindex/ptrauth-8IP7O960ZPRTWV7MFFJHTJAZ8.pcm
SwiftExplicitDependencyGeneratePcm arm64 /Users/admin/builder/spi-builder-workspace/.derivedData/ModuleCache.noindex/_Builtin_stddef-7J8I4D747RUWBIYVTCUP6XCDQ.pcm
SwiftExplicitDependencyGeneratePcm arm64 /Users/admin/builder/spi-builder-workspace/.derivedData/ModuleCache.noindex/_Builtin_stdarg-1UFLOIXY4PP9XJ7I5XRYGIGRS.pcm
SwiftExplicitDependencyGeneratePcm arm64 /Users/admin/builder/spi-builder-workspace/.derivedData/ModuleCache.noindex/_DarwinFoundation1-32JUI9BVMTB1YIPG3DOX0HVHZ.pcm
SwiftExplicitDependencyGeneratePcm arm64 /Users/admin/builder/spi-builder-workspace/.derivedData/ModuleCache.noindex/_DarwinFoundation2-BYCQT40TEPV9J5K8KWFTPAFBQ.pcm
SwiftExplicitDependencyGeneratePcm arm64 /Users/admin/builder/spi-builder-workspace/.derivedData/ModuleCache.noindex/_Builtin_limits-40TJW4LRH20Q0USFC9VI62SX3.pcm
SwiftExplicitDependencyGeneratePcm arm64 /Users/admin/builder/spi-builder-workspace/.derivedData/ModuleCache.noindex/sys_types-2RBMKWGX3KVNQAIS5A77GJ81P.pcm
SwiftExplicitDependencyGeneratePcm arm64 /Users/admin/builder/spi-builder-workspace/.derivedData/ModuleCache.noindex/_Builtin_stdint-9C6XW0G82BUFJ68L6816BB9W4.pcm
SwiftExplicitDependencyGeneratePcm arm64 /Users/admin/builder/spi-builder-workspace/.derivedData/ModuleCache.noindex/_Builtin_tgmath-16PR4BOA5HVH9E9TU1RFF9EP2.pcm
SwiftExplicitDependencyGeneratePcm arm64 /Users/admin/builder/spi-builder-workspace/.derivedData/ModuleCache.noindex/_Builtin_intrinsics-A91VAR85FCLL7KONVKW3WGUUJ.pcm
SwiftExplicitDependencyGeneratePcm arm64 /Users/admin/builder/spi-builder-workspace/.derivedData/ModuleCache.noindex/_DarwinFoundation3-2GOIISS4AFLSIAOGO3NG5XFRN.pcm
SwiftExplicitDependencyGeneratePcm arm64 /Users/admin/builder/spi-builder-workspace/.derivedData/ModuleCache.noindex/_Builtin_stdatomic-1G1ZNP8U0J2EAHIGG83MSWVVP.pcm
SwiftExplicitDependencyGeneratePcm arm64 /Users/admin/builder/spi-builder-workspace/.derivedData/ModuleCache.noindex/_Builtin_inttypes-AX2VW6P2YUECOPD1DXSYLDNAL.pcm
SwiftExplicitDependencyGeneratePcm arm64 /Users/admin/builder/spi-builder-workspace/.derivedData/ModuleCache.noindex/CommonCrypto-CB60BCAXWCYECNEOXXY1YJFE7.pcm
SwiftExplicitDependencyGeneratePcm arm64 /Users/admin/builder/spi-builder-workspace/.derivedData/ModuleCache.noindex/Darwin-DGMDGD780M9PGTWDQ2ZHPWKVC.pcm
SwiftExplicitDependencyGeneratePcm arm64 /Users/admin/builder/spi-builder-workspace/.derivedData/ModuleCache.noindex/simd-EZR9XJ258NNIJGDUZ5Z86J61L.pcm
SwiftExplicitDependencyGeneratePcm arm64 /Users/admin/builder/spi-builder-workspace/.derivedData/ModuleCache.noindex/MachO-3AEXNPG0FW33NERH0F96PEJE8.pcm
SwiftExplicitDependencyGeneratePcm arm64 /Users/admin/builder/spi-builder-workspace/.derivedData/ModuleCache.noindex/ObjectiveC-5IE2NAQWIQZYXAS7GMQPDAP5X.pcm
SwiftExplicitDependencyGeneratePcm arm64 /Users/admin/builder/spi-builder-workspace/.derivedData/ModuleCache.noindex/os_object-87HFI5MW2NOKIT7AW3SKUGI8W.pcm
SwiftExplicitDependencyGeneratePcm arm64 /Users/admin/builder/spi-builder-workspace/.derivedData/ModuleCache.noindex/os_workgroup-946IR1QRT3J1QJVRSRCDIQNGH.pcm
SwiftExplicitDependencyGeneratePcm arm64 /Users/admin/builder/spi-builder-workspace/.derivedData/ModuleCache.noindex/os-U3TAXVGJ5WCXIZ73C7O3SCGY.pcm
SwiftExplicitDependencyGeneratePcm arm64 /Users/admin/builder/spi-builder-workspace/.derivedData/ModuleCache.noindex/Dispatch-9SSI48T36E4UKPKWAMPH7FTVK.pcm
SwiftExplicitDependencyGeneratePcm arm64 /Users/admin/builder/spi-builder-workspace/.derivedData/ModuleCache.noindex/Spatial-77RKTCUFYIIV3TPIB3OPOWOWC.pcm
SwiftExplicitDependencyGeneratePcm arm64 /Users/admin/builder/spi-builder-workspace/.derivedData/ModuleCache.noindex/CoreFoundation-AZXFXDAQOZ2FMK833LKA0FCZT.pcm
SwiftExplicitDependencyGeneratePcm arm64 /Users/admin/builder/spi-builder-workspace/.derivedData/ModuleCache.noindex/dnssd-11O3YSPIHEQB8ZT9AIAVEVCLW.pcm
SwiftExplicitDependencyGeneratePcm arm64 /Users/admin/builder/spi-builder-workspace/.derivedData/ModuleCache.noindex/CFNetwork-2PVJQSMOBIMJZIWJRRDBRGFO8.pcm
SwiftExplicitDependencyGeneratePcm arm64 /Users/admin/builder/spi-builder-workspace/.derivedData/ModuleCache.noindex/Security-7RHAZ9AIDG6Y9PXFA46VEDBWJ.pcm
SwiftExplicitDependencyGeneratePcm arm64 /Users/admin/builder/spi-builder-workspace/.derivedData/ModuleCache.noindex/CoreServices-B0J8FLMV8BRQJ9O3LA2DR636C.pcm
SwiftExplicitDependencyGeneratePcm arm64 /Users/admin/builder/spi-builder-workspace/.derivedData/ModuleCache.noindex/CoreGraphics-87BV8MR1KEWO9S37RQ4KYEGMX.pcm
SwiftExplicitDependencyGeneratePcm arm64 /Users/admin/builder/spi-builder-workspace/.derivedData/ModuleCache.noindex/CoreAudioTypes-8NA5VWETJSHW09LHKGHFB5EKK.pcm
SwiftExplicitDependencyGeneratePcm arm64 /Users/admin/builder/spi-builder-workspace/.derivedData/ModuleCache.noindex/CoreAudio-BRKI26KZVLL4GLK7VJFMQOZWQ.pcm
SwiftExplicitDependencyGeneratePcm arm64 /Users/admin/builder/spi-builder-workspace/.derivedData/ModuleCache.noindex/Foundation-8D93TLXSLWLRJSGD0CVKGYZCN.pcm
SwiftExplicitDependencyGeneratePcm arm64 /Users/admin/builder/spi-builder-workspace/.derivedData/ModuleCache.noindex/ImageIO-B23M1CRQH1DN5M7A2N8LIBBVG.pcm
SwiftExplicitDependencyGeneratePcm arm64 /Users/admin/builder/spi-builder-workspace/.derivedData/ModuleCache.noindex/CoreText-UUHPV04ABKZTDIB4S4ZQ921G.pcm
SwiftExplicitDependencyGeneratePcm arm64 /Users/admin/builder/spi-builder-workspace/.derivedData/ModuleCache.noindex/Symbols-8Z1HTFDLM7F1NNUEZVAVL0YDB.pcm
SwiftExplicitDependencyGeneratePcm arm64 /Users/admin/builder/spi-builder-workspace/.derivedData/ModuleCache.noindex/CoreData-AOA6QN8ZCIO3YY1S1IU5QDVIR.pcm
SwiftExplicitDependencyGeneratePcm arm64 /Users/admin/builder/spi-builder-workspace/.derivedData/ModuleCache.noindex/UIUtilities-9Y92GATX11Y4TGZ9JCTYBTE92.pcm
SwiftExplicitDependencyGeneratePcm arm64 /Users/admin/builder/spi-builder-workspace/.derivedData/ModuleCache.noindex/FileProvider-DDRE031DXVX9VYTI9SPT4YW1R.pcm
SwiftExplicitDependencyGeneratePcm arm64 /Users/admin/builder/spi-builder-workspace/.derivedData/ModuleCache.noindex/DataDetection-5VCEH93R6ZP2GNKD5NSBQKYZ2.pcm
SwiftExplicitDependencyGeneratePcm arm64 /Users/admin/builder/spi-builder-workspace/.derivedData/ModuleCache.noindex/LocalAuthentication-BDPJQUHWG9ANHBOERC3EPFKJ5.pcm
SwiftExplicitDependencyGeneratePcm arm64 /Users/admin/builder/spi-builder-workspace/.derivedData/ModuleCache.noindex/_LocationEssentials-7PZKYFUI4444RR60N1TQ480QI.pcm
SwiftExplicitDependencyGeneratePcm arm64 /Users/admin/builder/spi-builder-workspace/.derivedData/ModuleCache.noindex/CoreTransferable-DB5M637CO9U81KGZDEUGZXDT9.pcm
SwiftExplicitDependencyGeneratePcm arm64 /Users/admin/builder/spi-builder-workspace/.derivedData/ModuleCache.noindex/UserNotifications-ETAW7G2ZUYKR712LYFYQET72C.pcm
SwiftExplicitDependencyGeneratePcm arm64 /Users/admin/builder/spi-builder-workspace/.derivedData/ModuleCache.noindex/Accessibility-AZ7CB6BZPLK2ZOWWV6G6XQO13.pcm
SwiftExplicitDependencyGeneratePcm arm64 /Users/admin/builder/spi-builder-workspace/.derivedData/ModuleCache.noindex/CoreMIDI-71P9M7XN0OCMW4ISPUPF6EKMO.pcm
SwiftExplicitDependencyGeneratePcm arm64 /Users/admin/builder/spi-builder-workspace/.derivedData/ModuleCache.noindex/OSLog-A7JJE7CWHJHG46O5K8NAJEP6W.pcm
SwiftExplicitDependencyGeneratePcm arm64 /Users/admin/builder/spi-builder-workspace/.derivedData/ModuleCache.noindex/UniformTypeIdentifiers-84BXIGKCVBL69XAK3UHZYQQS1.pcm
SwiftExplicitDependencyGeneratePcm arm64 /Users/admin/builder/spi-builder-workspace/.derivedData/ModuleCache.noindex/Network-8O2X1CQE0WGQJ8A222PDGJN4B.pcm
SwiftExplicitDependencyGeneratePcm arm64 /Users/admin/builder/spi-builder-workspace/.derivedData/ModuleCache.noindex/IOSurface-4A8CJ38HFCLJSENUXVIYEGU9B.pcm
SwiftExplicitDependencyGeneratePcm arm64 /Users/admin/builder/spi-builder-workspace/.derivedData/ModuleCache.noindex/CoreLocation-4U4GL1LD12QM787IHGKL0DBFS.pcm
SwiftExplicitDependencyGeneratePcm arm64 /Users/admin/builder/spi-builder-workspace/.derivedData/ModuleCache.noindex/OpenGLES-BM6WSM9QP4V0P6V4JTSY7WD8A.pcm
SwiftExplicitDependencyGeneratePcm arm64 /Users/admin/builder/spi-builder-workspace/.derivedData/ModuleCache.noindex/Metal-ATCN4KBVIJ4BC8FRKV1FJSBJZ.pcm
SwiftExplicitDependencyGeneratePcm arm64 /Users/admin/builder/spi-builder-workspace/.derivedData/ModuleCache.noindex/AudioToolbox-NG03CGG34N72UZ1FKWLNT8K7.pcm
SwiftExplicitDependencyGeneratePcm arm64 /Users/admin/builder/spi-builder-workspace/.derivedData/ModuleCache.noindex/CoreMotion-DX07HEPBPVR2PGF9YC72RUN2Y.pcm
SwiftExplicitDependencyGeneratePcm arm64 /Users/admin/builder/spi-builder-workspace/.derivedData/ModuleCache.noindex/AVRouting-AAPG9DPTAZCQU7222JKNGT81O.pcm
SwiftExplicitDependencyGeneratePcm arm64 /Users/admin/builder/spi-builder-workspace/.derivedData/ModuleCache.noindex/CoreVideo-2RSMJKVNS6O0NFQB1VVYOTYGI.pcm
SwiftExplicitDependencyGeneratePcm arm64 /Users/admin/builder/spi-builder-workspace/.derivedData/ModuleCache.noindex/ARKit-7T6KG25VJ72KJY3USZM7CVJRR.pcm
SwiftExplicitDependencyGeneratePcm arm64 /Users/admin/builder/spi-builder-workspace/.derivedData/ModuleCache.noindex/CoreImage-AKYZW7R7PR5WPBKJIEUDAPXOU.pcm
SwiftExplicitDependencyGeneratePcm arm64 /Users/admin/builder/spi-builder-workspace/.derivedData/ModuleCache.noindex/Accelerate-9F2H11KEL806CMD3KOFNAF728.pcm
SwiftExplicitDependencyGeneratePcm arm64 /Users/admin/builder/spi-builder-workspace/.derivedData/ModuleCache.noindex/CoreMedia-3P1DY0GL0XIXMCU8KEEHQF287.pcm
SwiftExplicitDependencyGeneratePcm arm64 /Users/admin/builder/spi-builder-workspace/.derivedData/ModuleCache.noindex/QuartzCore-8K40EB0UZ88K92K25WHS206V5.pcm
SwiftExplicitDependencyGeneratePcm arm64 /Users/admin/builder/spi-builder-workspace/.derivedData/ModuleCache.noindex/CoreML-5M928VR5YBIY3KU553UXWE06I.pcm
SwiftExplicitDependencyGeneratePcm arm64 /Users/admin/builder/spi-builder-workspace/.derivedData/ModuleCache.noindex/SwiftUICore-6TO8TDFXAJCONGY037WZV80SU.pcm
SwiftExplicitDependencyGeneratePcm arm64 /Users/admin/builder/spi-builder-workspace/.derivedData/ModuleCache.noindex/UIKit-981VUMI7QKC34FATQGLBUZH2M.pcm
SwiftExplicitDependencyGeneratePcm arm64 /Users/admin/builder/spi-builder-workspace/.derivedData/ModuleCache.noindex/AVFAudio-3NGL9I0BD68CLCSG3AAL82YB2.pcm
SwiftExplicitDependencyGeneratePcm arm64 /Users/admin/builder/spi-builder-workspace/.derivedData/ModuleCache.noindex/MediaToolbox-DZHGXRY3CSKUNYQ26QFGNVAE7.pcm
SwiftExplicitDependencyGeneratePcm arm64 /Users/admin/builder/spi-builder-workspace/.derivedData/ModuleCache.noindex/Vision-4NLGXQBJ4SW5SBKAQ7A0CE3G7.pcm
SwiftExplicitDependencyGeneratePcm arm64 /Users/admin/builder/spi-builder-workspace/.derivedData/ModuleCache.noindex/AVFoundation-50P1DOK7AC3XQE888KU7CPG0P.pcm
SwiftExplicitDependencyGeneratePcm arm64 /Users/admin/builder/spi-builder-workspace/.derivedData/ModuleCache.noindex/SwiftUI-EQSULN33OXRRBVHOPLYX2VTQ4.pcm
SwiftExplicitDependencyGeneratePcm arm64 /Users/admin/builder/spi-builder-workspace/.derivedData/ModuleCache.noindex/AuthenticationServices-3EXWS82BIIK3K1GNI4WAWR1WA.pcm
SwiftExplicitDependencyGeneratePcm arm64 /Users/admin/builder/spi-builder-workspace/.derivedData/ModuleCache.noindex/WebKit-F3VAT8OUDO27PD7DVSE6CECLJ.pcm
SwiftExplicitDependencyGeneratePcm arm64 /Users/admin/builder/spi-builder-workspace/.derivedData/ModuleCache.noindex/SafariServices-D4MGZ3RK39QMLE7IKL0ZH48N4.pcm
SwiftExplicitDependencyGeneratePcm arm64 /Users/admin/builder/spi-builder-workspace/.derivedData/ModuleCache.noindex/GameController-XQB8WPZ0061OP5MY8DWXO7JK.pcm
SwiftCompile normal arm64 Compiling\ PathConfigurationDecoder.swift,\ PathConfigurationLoader.swift,\ PathRule+ServerRoutes.swift,\ PathRule.swift,\ Session.swift,\ SessionDelegate.swift,\ AppLifecycleObserver.swift,\ URL+Utils.swift,\ HotwireNavigationController.swift /Users/admin/builder/spi-builder-workspace/Source/Turbo/Path\ Configuration/PathConfigurationDecoder.swift /Users/admin/builder/spi-builder-workspace/Source/Turbo/Path\ Configuration/PathConfigurationLoader.swift /Users/admin/builder/spi-builder-workspace/Source/Turbo/Path\ Configuration/PathRule+ServerRoutes.swift /Users/admin/builder/spi-builder-workspace/Source/Turbo/Path\ Configuration/PathRule.swift /Users/admin/builder/spi-builder-workspace/Source/Turbo/Session/Session.swift /Users/admin/builder/spi-builder-workspace/Source/Turbo/Session/SessionDelegate.swift /Users/admin/builder/spi-builder-workspace/Source/Turbo/Utils/AppLifecycleObserver.swift /Users/admin/builder/spi-builder-workspace/Source/Turbo/Utils/URL+Utils.swift /Users/admin/builder/spi-builder-workspace/Source/Turbo/ViewControllers/HotwireNavigationController.swift (in target 'HotwireNative' from project 'HotwireNative')
SwiftCompile normal arm64 /Users/admin/builder/spi-builder-workspace/Source/Turbo/Path\ Configuration/PathConfigurationDecoder.swift (in target 'HotwireNative' from project 'HotwireNative')
cd /Users/admin/builder/spi-builder-workspace/.swiftpm/xcode
/Users/admin/builder/spi-builder-workspace/Source/HotwireConfig.swift:122:37: warning: 'WKProcessPool' was deprecated in visionOS 1.0: Creating and using multiple instances of WKProcessPool no longer has any effect.
private let sharedProcessPool = WKProcessPool()
^
SwiftCompile normal arm64 /Users/admin/builder/spi-builder-workspace/Source/Turbo/Path\ Configuration/PathConfigurationLoader.swift (in target 'HotwireNative' from project 'HotwireNative')
cd /Users/admin/builder/spi-builder-workspace/.swiftpm/xcode
/Users/admin/builder/spi-builder-workspace/Source/HotwireConfig.swift:122:37: warning: 'WKProcessPool' was deprecated in visionOS 1.0: Creating and using multiple instances of WKProcessPool no longer has any effect.
private let sharedProcessPool = WKProcessPool()
^
SwiftCompile normal arm64 /Users/admin/builder/spi-builder-workspace/Source/Turbo/Path\ Configuration/PathRule+ServerRoutes.swift (in target 'HotwireNative' from project 'HotwireNative')
cd /Users/admin/builder/spi-builder-workspace/.swiftpm/xcode
/Users/admin/builder/spi-builder-workspace/Source/HotwireConfig.swift:122:37: warning: 'WKProcessPool' was deprecated in visionOS 1.0: Creating and using multiple instances of WKProcessPool no longer has any effect.
private let sharedProcessPool = WKProcessPool()
^
SwiftCompile normal arm64 /Users/admin/builder/spi-builder-workspace/Source/Turbo/Path\ Configuration/PathRule.swift (in target 'HotwireNative' from project 'HotwireNative')
cd /Users/admin/builder/spi-builder-workspace/.swiftpm/xcode
/Users/admin/builder/spi-builder-workspace/Source/HotwireConfig.swift:122:37: warning: 'WKProcessPool' was deprecated in visionOS 1.0: Creating and using multiple instances of WKProcessPool no longer has any effect.
private let sharedProcessPool = WKProcessPool()
^
SwiftCompile normal arm64 /Users/admin/builder/spi-builder-workspace/Source/Turbo/Session/Session.swift (in target 'HotwireNative' from project 'HotwireNative')
cd /Users/admin/builder/spi-builder-workspace/.swiftpm/xcode
/Users/admin/builder/spi-builder-workspace/Source/HotwireConfig.swift:122:37: warning: 'WKProcessPool' was deprecated in visionOS 1.0: Creating and using multiple instances of WKProcessPool no longer has any effect.
private let sharedProcessPool = WKProcessPool()
^
SwiftCompile normal arm64 /Users/admin/builder/spi-builder-workspace/Source/Turbo/Session/SessionDelegate.swift (in target 'HotwireNative' from project 'HotwireNative')
cd /Users/admin/builder/spi-builder-workspace/.swiftpm/xcode
/Users/admin/builder/spi-builder-workspace/Source/HotwireConfig.swift:122:37: warning: 'WKProcessPool' was deprecated in visionOS 1.0: Creating and using multiple instances of WKProcessPool no longer has any effect.
private let sharedProcessPool = WKProcessPool()
^
SwiftCompile normal arm64 /Users/admin/builder/spi-builder-workspace/Source/Turbo/Utils/AppLifecycleObserver.swift (in target 'HotwireNative' from project 'HotwireNative')
cd /Users/admin/builder/spi-builder-workspace/.swiftpm/xcode
/Users/admin/builder/spi-builder-workspace/Source/HotwireConfig.swift:122:37: warning: 'WKProcessPool' was deprecated in visionOS 1.0: Creating and using multiple instances of WKProcessPool no longer has any effect.
private let sharedProcessPool = WKProcessPool()
^
SwiftCompile normal arm64 /Users/admin/builder/spi-builder-workspace/Source/Turbo/Utils/URL+Utils.swift (in target 'HotwireNative' from project 'HotwireNative')
cd /Users/admin/builder/spi-builder-workspace/.swiftpm/xcode
/Users/admin/builder/spi-builder-workspace/Source/HotwireConfig.swift:122:37: warning: 'WKProcessPool' was deprecated in visionOS 1.0: Creating and using multiple instances of WKProcessPool no longer has any effect.
private let sharedProcessPool = WKProcessPool()
^
SwiftCompile normal arm64 /Users/admin/builder/spi-builder-workspace/Source/Turbo/ViewControllers/HotwireNavigationController.swift (in target 'HotwireNative' from project 'HotwireNative')
cd /Users/admin/builder/spi-builder-workspace/.swiftpm/xcode
/Users/admin/builder/spi-builder-workspace/Source/HotwireConfig.swift:122:37: warning: 'WKProcessPool' was deprecated in visionOS 1.0: Creating and using multiple instances of WKProcessPool no longer has any effect.
private let sharedProcessPool = WKProcessPool()
^
SwiftEmitModule normal arm64 Emitting\ module\ for\ HotwireNative (in target 'HotwireNative' from project 'HotwireNative')
EmitSwiftModule normal arm64 (in target 'HotwireNative' from project 'HotwireNative')
cd /Users/admin/builder/spi-builder-workspace/.swiftpm/xcode
/Users/admin/builder/spi-builder-workspace/Source/Bridge/Bridge.swift:174:19: warning: conformance of 'Bridge' to protocol 'ScriptMessageHandlerDelegate' crosses into main actor-isolated code and can cause data races; this is an error in the Swift 6 language mode
extension Bridge: ScriptMessageHandlerDelegate {
^
/Users/admin/builder/spi-builder-workspace/Source/Bridge/Bridge.swift:174:19: note: isolate this conformance to the main actor with '@MainActor'
extension Bridge: ScriptMessageHandlerDelegate {
^
@MainActor
/Users/admin/builder/spi-builder-workspace/Source/Bridge/Bridge.swift:174:19: note: turn data races into runtime errors with '@preconcurrency'
extension Bridge: ScriptMessageHandlerDelegate {
^
@preconcurrency
/Users/admin/builder/spi-builder-workspace/Source/Bridge/Bridge.swift:176:10: note: main actor-isolated instance method 'scriptMessageHandlerDidReceiveMessage' cannot satisfy nonisolated requirement
func scriptMessageHandlerDidReceiveMessage(_ scriptMessage: WKScriptMessage) {
^
/Users/admin/builder/spi-builder-workspace/Source/HotwireConfig.swift:122:37: warning: 'WKProcessPool' was deprecated in visionOS 1.0: Creating and using multiple instances of WKProcessPool no longer has any effect.
private let sharedProcessPool = WKProcessPool()
^
SwiftCompile normal arm64 Compiling\ WKUIController.swift,\ ExternalNavigationWebViewPolicyDecisionHandler.swift,\ LinkActivatedWebViewPolicyDecisionHandler.swift,\ NewWindowWebViewPolicyDecisionHandler.swift,\ ReloadWebViewPolicyDecisionHandler.swift,\ WebViewPolicyManager.swift,\ WebViewRouteDecisionHandler.swift,\ JSFetchRecoveryHandler.swift,\ PathConfiguration.swift /Users/admin/builder/spi-builder-workspace/Source/Turbo/Navigator/WKUIController.swift /Users/admin/builder/spi-builder-workspace/Source/Turbo/Navigator/WebViewPolicy/Handlers/ExternalNavigationWebViewPolicyDecisionHandler.swift /Users/admin/builder/spi-builder-workspace/Source/Turbo/Navigator/WebViewPolicy/Handlers/LinkActivatedWebViewPolicyDecisionHandler.swift /Users/admin/builder/spi-builder-workspace/Source/Turbo/Navigator/WebViewPolicy/Handlers/NewWindowWebViewPolicyDecisionHandler.swift /Users/admin/builder/spi-builder-workspace/Source/Turbo/Navigator/WebViewPolicy/Handlers/ReloadWebViewPolicyDecisionHandler.swift /Users/admin/builder/spi-builder-workspace/Source/Turbo/Navigator/WebViewPolicy/WebViewPolicyManager.swift /Users/admin/builder/spi-builder-workspace/Source/Turbo/Navigator/WebViewPolicy/WebViewRouteDecisionHandler.swift /Users/admin/builder/spi-builder-workspace/Source/Turbo/Networking/JSFetchRecoveryHandler.swift /Users/admin/builder/spi-builder-workspace/Source/Turbo/Path\ Configuration/PathConfiguration.swift (in target 'HotwireNative' from project 'HotwireNative')
SwiftCompile normal arm64 /Users/admin/builder/spi-builder-workspace/Source/Turbo/Navigator/WKUIController.swift (in target 'HotwireNative' from project 'HotwireNative')
cd /Users/admin/builder/spi-builder-workspace/.swiftpm/xcode
/Users/admin/builder/spi-builder-workspace/Source/HotwireConfig.swift:122:37: warning: 'WKProcessPool' was deprecated in visionOS 1.0: Creating and using multiple instances of WKProcessPool no longer has any effect.
private let sharedProcessPool = WKProcessPool()
^
SwiftCompile normal arm64 /Users/admin/builder/spi-builder-workspace/Source/Turbo/Navigator/WebViewPolicy/Handlers/ExternalNavigationWebViewPolicyDecisionHandler.swift (in target 'HotwireNative' from project 'HotwireNative')
cd /Users/admin/builder/spi-builder-workspace/.swiftpm/xcode
/Users/admin/builder/spi-builder-workspace/Source/HotwireConfig.swift:122:37: warning: 'WKProcessPool' was deprecated in visionOS 1.0: Creating and using multiple instances of WKProcessPool no longer has any effect.
private let sharedProcessPool = WKProcessPool()
^
SwiftCompile normal arm64 /Users/admin/builder/spi-builder-workspace/Source/Turbo/Navigator/WebViewPolicy/Handlers/LinkActivatedWebViewPolicyDecisionHandler.swift (in target 'HotwireNative' from project 'HotwireNative')
cd /Users/admin/builder/spi-builder-workspace/.swiftpm/xcode
/Users/admin/builder/spi-builder-workspace/Source/HotwireConfig.swift:122:37: warning: 'WKProcessPool' was deprecated in visionOS 1.0: Creating and using multiple instances of WKProcessPool no longer has any effect.
private let sharedProcessPool = WKProcessPool()
^
SwiftCompile normal arm64 /Users/admin/builder/spi-builder-workspace/Source/Turbo/Navigator/WebViewPolicy/Handlers/NewWindowWebViewPolicyDecisionHandler.swift (in target 'HotwireNative' from project 'HotwireNative')
cd /Users/admin/builder/spi-builder-workspace/.swiftpm/xcode
/Users/admin/builder/spi-builder-workspace/Source/HotwireConfig.swift:122:37: warning: 'WKProcessPool' was deprecated in visionOS 1.0: Creating and using multiple instances of WKProcessPool no longer has any effect.
private let sharedProcessPool = WKProcessPool()
^
SwiftCompile normal arm64 /Users/admin/builder/spi-builder-workspace/Source/Turbo/Navigator/WebViewPolicy/Handlers/ReloadWebViewPolicyDecisionHandler.swift (in target 'HotwireNative' from project 'HotwireNative')
cd /Users/admin/builder/spi-builder-workspace/.swiftpm/xcode
/Users/admin/builder/spi-builder-workspace/Source/HotwireConfig.swift:122:37: warning: 'WKProcessPool' was deprecated in visionOS 1.0: Creating and using multiple instances of WKProcessPool no longer has any effect.
private let sharedProcessPool = WKProcessPool()
^
SwiftCompile normal arm64 /Users/admin/builder/spi-builder-workspace/Source/Turbo/Navigator/WebViewPolicy/WebViewPolicyManager.swift (in target 'HotwireNative' from project 'HotwireNative')
cd /Users/admin/builder/spi-builder-workspace/.swiftpm/xcode
/Users/admin/builder/spi-builder-workspace/Source/HotwireConfig.swift:122:37: warning: 'WKProcessPool' was deprecated in visionOS 1.0: Creating and using multiple instances of WKProcessPool no longer has any effect.
private let sharedProcessPool = WKProcessPool()
^
SwiftCompile normal arm64 /Users/admin/builder/spi-builder-workspace/Source/Turbo/Navigator/WebViewPolicy/WebViewRouteDecisionHandler.swift (in target 'HotwireNative' from project 'HotwireNative')
cd /Users/admin/builder/spi-builder-workspace/.swiftpm/xcode
/Users/admin/builder/spi-builder-workspace/Source/HotwireConfig.swift:122:37: warning: 'WKProcessPool' was deprecated in visionOS 1.0: Creating and using multiple instances of WKProcessPool no longer has any effect.
private let sharedProcessPool = WKProcessPool()
^
SwiftCompile normal arm64 /Users/admin/builder/spi-builder-workspace/Source/Turbo/Networking/JSFetchRecoveryHandler.swift (in target 'HotwireNative' from project 'HotwireNative')
cd /Users/admin/builder/spi-builder-workspace/.swiftpm/xcode
/Users/admin/builder/spi-builder-workspace/Source/HotwireConfig.swift:122:37: warning: 'WKProcessPool' was deprecated in visionOS 1.0: Creating and using multiple instances of WKProcessPool no longer has any effect.
private let sharedProcessPool = WKProcessPool()
^
SwiftCompile normal arm64 /Users/admin/builder/spi-builder-workspace/Source/Turbo/Path\ Configuration/PathConfiguration.swift (in target 'HotwireNative' from project 'HotwireNative')
cd /Users/admin/builder/spi-builder-workspace/.swiftpm/xcode
/Users/admin/builder/spi-builder-workspace/Source/HotwireConfig.swift:122:37: warning: 'WKProcessPool' was deprecated in visionOS 1.0: Creating and using multiple instances of WKProcessPool no longer has any effect.
private let sharedProcessPool = WKProcessPool()
^
SwiftCompile normal arm64 Compiling\ HotwireTabBarController.swift,\ HotwireWebViewController.swift,\ ColdBootVisit.swift,\ JavaScriptVisit.swift,\ Visit.swift,\ VisitAction.swift,\ VisitDelegate.swift,\ VisitOptions.swift,\ VisitProposal.swift /Users/admin/builder/spi-builder-workspace/Source/Turbo/ViewControllers/HotwireTabBarController.swift /Users/admin/builder/spi-builder-workspace/Source/Turbo/ViewControllers/HotwireWebViewController.swift /Users/admin/builder/spi-builder-workspace/Source/Turbo/Visit/ColdBootVisit.swift /Users/admin/builder/spi-builder-workspace/Source/Turbo/Visit/JavaScriptVisit.swift /Users/admin/builder/spi-builder-workspace/Source/Turbo/Visit/Visit.swift /Users/admin/builder/spi-builder-workspace/Source/Turbo/Visit/VisitAction.swift /Users/admin/builder/spi-builder-workspace/Source/Turbo/Visit/VisitDelegate.swift /Users/admin/builder/spi-builder-workspace/Source/Turbo/Visit/VisitOptions.swift /Users/admin/builder/spi-builder-workspace/Source/Turbo/Visit/VisitProposal.swift (in target 'HotwireNative' from project 'HotwireNative')
SwiftCompile normal arm64 /Users/admin/builder/spi-builder-workspace/Source/Turbo/ViewControllers/HotwireTabBarController.swift (in target 'HotwireNative' from project 'HotwireNative')
cd /Users/admin/builder/spi-builder-workspace/.swiftpm/xcode
/Users/admin/builder/spi-builder-workspace/Source/Turbo/ViewControllers/HotwireTabBarController.swift:98:13: error: 'tabs' is only available in visionOS 2.0 or newer
tabs = contexts.map { makeTab(from: $0) }
^
/Users/admin/builder/spi-builder-workspace/Source/Turbo/ViewControllers/HotwireTabBarController.swift:98:13: note: add 'if #available' version check
tabs = contexts.map { makeTab(from: $0) }
^
/Users/admin/builder/spi-builder-workspace/Source/Turbo/ViewControllers/HotwireTabBarController.swift:93:18: note: add '@available' attribute to enclosing instance method
private func setupTabs() {
^
/Users/admin/builder/spi-builder-workspace/Source/Turbo/ViewControllers/HotwireTabBarController.swift:11:12: note: add '@available' attribute to enclosing class
open class HotwireTabBarController: UITabBarController, NavigationHandler {
^
/Users/admin/builder/spi-builder-workspace/Source/Turbo/ViewControllers/HotwireTabBarController.swift:98:35: error: 'makeTab(from:)' is only available in visionOS 2.0 or newer
tabs = contexts.map { makeTab(from: $0) }
^
/Users/admin/builder/spi-builder-workspace/Source/Turbo/ViewControllers/HotwireTabBarController.swift:98:35: note: add 'if #available' version check
tabs = contexts.map { makeTab(from: $0) }
^
/Users/admin/builder/spi-builder-workspace/Source/Turbo/ViewControllers/HotwireTabBarController.swift:93:18: note: add '@available' attribute to enclosing instance method
private func setupTabs() {
^
/Users/admin/builder/spi-builder-workspace/Source/Turbo/ViewControllers/HotwireTabBarController.swift:11:12: note: add '@available' attribute to enclosing class
open class HotwireTabBarController: UITabBarController, NavigationHandler {
^
/Users/admin/builder/spi-builder-workspace/Source/Turbo/ViewControllers/HotwireTabBarController.swift:100:16: error: 'selectedTab' is only available in visionOS 2.0 or newer
if selectedTab == nil, let firstTab = tabs.first {
^
/Users/admin/builder/spi-builder-workspace/Source/Turbo/ViewControllers/HotwireTabBarController.swift:100:16: note: add 'if #available' version check
if selectedTab == nil, let firstTab = tabs.first {
^
/Users/admin/builder/spi-builder-workspace/Source/Turbo/ViewControllers/HotwireTabBarController.swift:93:18: note: add '@available' attribute to enclosing instance method
private func setupTabs() {
^
/Users/admin/builder/spi-builder-workspace/Source/Turbo/ViewControllers/HotwireTabBarController.swift:11:12: note: add '@available' attribute to enclosing class
open class HotwireTabBarController: UITabBarController, NavigationHandler {
^
/Users/admin/builder/spi-builder-workspace/Source/Turbo/ViewControllers/HotwireTabBarController.swift:100:51: error: 'tabs' is only available in visionOS 2.0 or newer
if selectedTab == nil, let firstTab = tabs.first {
^
/Users/admin/builder/spi-builder-workspace/Source/Turbo/ViewControllers/HotwireTabBarController.swift:100:51: note: add 'if #available' version check
if selectedTab == nil, let firstTab = tabs.first {
^
/Users/admin/builder/spi-builder-workspace/Source/Turbo/ViewControllers/HotwireTabBarController.swift:93:18: note: add '@available' attribute to enclosing instance method
private func setupTabs() {
^
/Users/admin/builder/spi-builder-workspace/Source/Turbo/ViewControllers/HotwireTabBarController.swift:11:12: note: add '@available' attribute to enclosing class
open class HotwireTabBarController: UITabBarController, NavigationHandler {
^
/Users/admin/builder/spi-builder-workspace/Source/Turbo/ViewControllers/HotwireTabBarController.swift:101:17: error: 'selectedTab' is only available in visionOS 2.0 or newer
selectedTab = firstTab
^
/Users/admin/builder/spi-builder-workspace/Source/Turbo/ViewControllers/HotwireTabBarController.swift:101:17: note: add 'if #available' version check
selectedTab = firstTab
^
/Users/admin/builder/spi-builder-workspace/Source/Turbo/ViewControllers/HotwireTabBarController.swift:93:18: note: add '@available' attribute to enclosing instance method
private func setupTabs() {
^
/Users/admin/builder/spi-builder-workspace/Source/Turbo/ViewControllers/HotwireTabBarController.swift:11:12: note: add '@available' attribute to enclosing class
open class HotwireTabBarController: UITabBarController, NavigationHandler {
^
/Users/admin/builder/spi-builder-workspace/Source/Turbo/ViewControllers/HotwireTabBarController.swift:150:29: error: 'selectedTab' is only available in visionOS 2.0 or newer
let identifier = selectedTab?.identifier,
^
/Users/admin/builder/spi-builder-workspace/Source/Turbo/ViewControllers/HotwireTabBarController.swift:150:29: note: add 'if #available' version check
let identifier = selectedTab?.identifier,
^
/Users/admin/builder/spi-builder-workspace/Source/Turbo/ViewControllers/HotwireTabBarController.swift:148:10: note: add '@available' attribute to enclosing instance method
func currentHotwireTab() -> HotwireTab {
^
/Users/admin/builder/spi-builder-workspace/Source/Turbo/ViewControllers/HotwireTabBarController.swift:11:12: note: add '@available' attribute to enclosing class
open class HotwireTabBarController: UITabBarController, NavigationHandler {
^
SwiftCompile normal arm64 /Users/admin/builder/spi-builder-workspace/Source/Turbo/ViewControllers/HotwireWebViewController.swift (in target 'HotwireNative' from project 'HotwireNative')
cd /Users/admin/builder/spi-builder-workspace/.swiftpm/xcode
SwiftCompile normal arm64 /Users/admin/builder/spi-builder-workspace/Source/Turbo/Visit/ColdBootVisit.swift (in target 'HotwireNative' from project 'HotwireNative')
cd /Users/admin/builder/spi-builder-workspace/.swiftpm/xcode
SwiftCompile normal arm64 /Users/admin/builder/spi-builder-workspace/Source/Turbo/Visit/JavaScriptVisit.swift (in target 'HotwireNative' from project 'HotwireNative')
cd /Users/admin/builder/spi-builder-workspace/.swiftpm/xcode
SwiftCompile normal arm64 /Users/admin/builder/spi-builder-workspace/Source/Turbo/Visit/Visit.swift (in target 'HotwireNative' from project 'HotwireNative')
cd /Users/admin/builder/spi-builder-workspace/.swiftpm/xcode
SwiftCompile normal arm64 /Users/admin/builder/spi-builder-workspace/Source/Turbo/Visit/VisitAction.swift (in target 'HotwireNative' from project 'HotwireNative')
cd /Users/admin/builder/spi-builder-workspace/.swiftpm/xcode
SwiftCompile normal arm64 /Users/admin/builder/spi-builder-workspace/Source/Turbo/Visit/VisitDelegate.swift (in target 'HotwireNative' from project 'HotwireNative')
cd /Users/admin/builder/spi-builder-workspace/.swiftpm/xcode
SwiftCompile normal arm64 /Users/admin/builder/spi-builder-workspace/Source/Turbo/Visit/VisitOptions.swift (in target 'HotwireNative' from project 'HotwireNative')
cd /Users/admin/builder/spi-builder-workspace/.swiftpm/xcode
SwiftCompile normal arm64 /Users/admin/builder/spi-builder-workspace/Source/Turbo/Visit/VisitProposal.swift (in target 'HotwireNative' from project 'HotwireNative')
cd /Users/admin/builder/spi-builder-workspace/.swiftpm/xcode
SwiftCompile normal arm64 Compiling\ VisitResponse.swift,\ Visitable.swift,\ VisitableView.swift,\ VisitableViewController.swift,\ JSON.swift,\ JavaScriptExpression.swift,\ ScriptMessage.swift,\ WebViewBridge.swift,\ WebView.swift /Users/admin/builder/spi-builder-workspace/Source/Turbo/Visit/VisitResponse.swift /Users/admin/builder/spi-builder-workspace/Source/Turbo/Visitable/Visitable.swift /Users/admin/builder/spi-builder-workspace/Source/Turbo/Visitable/VisitableView.swift /Users/admin/builder/spi-builder-workspace/Source/Turbo/Visitable/VisitableViewController.swift /Users/admin/builder/spi-builder-workspace/Source/Turbo/WebView/JSON.swift /Users/admin/builder/spi-builder-workspace/Source/Turbo/WebView/JavaScriptExpression.swift /Users/admin/builder/spi-builder-workspace/Source/Turbo/WebView/ScriptMessage.swift /Users/admin/builder/spi-builder-workspace/Source/Turbo/WebView/WebViewBridge.swift /Users/admin/builder/spi-builder-workspace/Source/WebView.swift (in target 'HotwireNative' from project 'HotwireNative')
SwiftCompile normal arm64 /Users/admin/builder/spi-builder-workspace/Source/Turbo/Visit/VisitResponse.swift (in target 'HotwireNative' from project 'HotwireNative')
cd /Users/admin/builder/spi-builder-workspace/.swiftpm/xcode
SwiftCompile normal arm64 /Users/admin/builder/spi-builder-workspace/Source/Turbo/Visitable/Visitable.swift (in target 'HotwireNative' from project 'HotwireNative')
cd /Users/admin/builder/spi-builder-workspace/.swiftpm/xcode
SwiftCompile normal arm64 /Users/admin/builder/spi-builder-workspace/Source/Turbo/Visitable/VisitableView.swift (in target 'HotwireNative' from project 'HotwireNative')
cd /Users/admin/builder/spi-builder-workspace/.swiftpm/xcode
SwiftCompile normal arm64 /Users/admin/builder/spi-builder-workspace/Source/Turbo/Visitable/VisitableViewController.swift (in target 'HotwireNative' from project 'HotwireNative')
cd /Users/admin/builder/spi-builder-workspace/.swiftpm/xcode
SwiftCompile normal arm64 /Users/admin/builder/spi-builder-workspace/Source/Turbo/WebView/JSON.swift (in target 'HotwireNative' from project 'HotwireNative')
cd /Users/admin/builder/spi-builder-workspace/.swiftpm/xcode
SwiftCompile normal arm64 /Users/admin/builder/spi-builder-workspace/Source/Turbo/WebView/JavaScriptExpression.swift (in target 'HotwireNative' from project 'HotwireNative')
cd /Users/admin/builder/spi-builder-workspace/.swiftpm/xcode
SwiftCompile normal arm64 /Users/admin/builder/spi-builder-workspace/Source/Turbo/WebView/ScriptMessage.swift (in target 'HotwireNative' from project 'HotwireNative')
cd /Users/admin/builder/spi-builder-workspace/.swiftpm/xcode
SwiftCompile normal arm64 /Users/admin/builder/spi-builder-workspace/Source/Turbo/WebView/WebViewBridge.swift (in target 'HotwireNative' from project 'HotwireNative')
cd /Users/admin/builder/spi-builder-workspace/.swiftpm/xcode
SwiftCompile normal arm64 /Users/admin/builder/spi-builder-workspace/Source/WebView.swift (in target 'HotwireNative' from project 'HotwireNative')
cd /Users/admin/builder/spi-builder-workspace/.swiftpm/xcode
SwiftCompile normal arm64 Compiling\ NavigationHierarchyControllerDelegate.swift,\ Navigator+Configuration.swift,\ Navigator.swift,\ NavigatorDelegate.swift,\ AppNavigationRouteDecisionHandler.swift,\ SafariViewControllerRouteDecisionHandler.swift,\ SystemNavigationRouteDecisionHandler.swift,\ RouteDecisionHandler.swift,\ Router.swift /Users/admin/builder/spi-builder-workspace/Source/Turbo/Navigator/NavigationHierarchyControllerDelegate.swift /Users/admin/builder/spi-builder-workspace/Source/Turbo/Navigator/Navigator+Configuration.swift /Users/admin/builder/spi-builder-workspace/Source/Turbo/Navigator/Navigator.swift /Users/admin/builder/spi-builder-workspace/Source/Turbo/Navigator/NavigatorDelegate.swift /Users/admin/builder/spi-builder-workspace/Source/Turbo/Navigator/Routing/Handlers/AppNavigationRouteDecisionHandler.swift /Users/admin/builder/spi-builder-workspace/Source/Turbo/Navigator/Routing/Handlers/SafariViewControllerRouteDecisionHandler.swift /Users/admin/builder/spi-builder-workspace/Source/Turbo/Navigator/Routing/Handlers/SystemNavigationRouteDecisionHandler.swift /Users/admin/builder/spi-builder-workspace/Source/Turbo/Navigator/Routing/RouteDecisionHandler.swift /Users/admin/builder/spi-builder-workspace/Source/Turbo/Navigator/Routing/Router.swift (in target 'HotwireNative' from project 'HotwireNative')
SwiftCompile normal arm64 /Users/admin/builder/spi-builder-workspace/Source/Turbo/Navigator/NavigationHierarchyControllerDelegate.swift (in target 'HotwireNative' from project 'HotwireNative')
cd /Users/admin/builder/spi-builder-workspace/.swiftpm/xcode
SwiftCompile normal arm64 /Users/admin/builder/spi-builder-workspace/Source/Turbo/Navigator/Navigator+Configuration.swift (in target 'HotwireNative' from project 'HotwireNative')
cd /Users/admin/builder/spi-builder-workspace/.swiftpm/xcode
SwiftCompile normal arm64 /Users/admin/builder/spi-builder-workspace/Source/Turbo/Navigator/Navigator.swift (in target 'HotwireNative' from project 'HotwireNative')
cd /Users/admin/builder/spi-builder-workspace/.swiftpm/xcode
SwiftCompile normal arm64 /Users/admin/builder/spi-builder-workspace/Source/Turbo/Navigator/NavigatorDelegate.swift (in target 'HotwireNative' from project 'HotwireNative')
cd /Users/admin/builder/spi-builder-workspace/.swiftpm/xcode
SwiftCompile normal arm64 /Users/admin/builder/spi-builder-workspace/Source/Turbo/Navigator/Routing/Handlers/AppNavigationRouteDecisionHandler.swift (in target 'HotwireNative' from project 'HotwireNative')
cd /Users/admin/builder/spi-builder-workspace/.swiftpm/xcode
SwiftCompile normal arm64 /Users/admin/builder/spi-builder-workspace/Source/Turbo/Navigator/Routing/Handlers/SafariViewControllerRouteDecisionHandler.swift (in target 'HotwireNative' from project 'HotwireNative')
cd /Users/admin/builder/spi-builder-workspace/.swiftpm/xcode
/Users/admin/builder/spi-builder-workspace/Source/Turbo/Navigator/Routing/Handlers/SafariViewControllerRouteDecisionHandler.swift:70:34: error: 'preferredControlTintColor' is unavailable in visionOS
safariViewController.preferredControlTintColor = .tintColor
^~~~~~~~~~~~~~~~~~~~~~~~~
/Applications/Xcode-26.3.0.app/Contents/Developer/Platforms/XROS.platform/Developer/SDKs/XROS26.2.sdk/System/Library/Frameworks/SafariServices.framework/Headers/SFSafariViewController.h:73:42: note: 'preferredControlTintColor' has been explicitly marked unavailable here
@property (nonatomic, nullable) UIColor *preferredControlTintColor API_DEPRECATED("Tinting the controls interferes with background effects that the system provides.", ios(10.0, 26.0)) API_UNAVAILABLE(visionos);
^
SwiftCompile normal arm64 /Users/admin/builder/spi-builder-workspace/Source/Turbo/Navigator/Routing/Handlers/SystemNavigationRouteDecisionHandler.swift (in target 'HotwireNative' from project 'HotwireNative')
cd /Users/admin/builder/spi-builder-workspace/.swiftpm/xcode
SwiftCompile normal arm64 /Users/admin/builder/spi-builder-workspace/Source/Turbo/Navigator/Routing/RouteDecisionHandler.swift (in target 'HotwireNative' from project 'HotwireNative')
cd /Users/admin/builder/spi-builder-workspace/.swiftpm/xcode
SwiftCompile normal arm64 /Users/admin/builder/spi-builder-workspace/Source/Turbo/Navigator/Routing/Router.swift (in target 'HotwireNative' from project 'HotwireNative')
cd /Users/admin/builder/spi-builder-workspace/.swiftpm/xcode
SwiftCompile normal arm64 Compiling\ PathPropertiesExtensions.swift,\ UINavigationControllerExtension.swift,\ UIViewController+ModalBehaviour.swift,\ UIViewController+RoutedLocation.swift,\ URL+Compare.swift,\ VisitProposalExtension.swift,\ VisitableViewControllerExtension.swift,\ WKNavigationAction+Utils.swift,\ WKWebView+ebContentProcess.swift /Users/admin/builder/spi-builder-workspace/Source/Turbo/Navigator/Extensions/PathPropertiesExtensions.swift /Users/admin/builder/spi-builder-workspace/Source/Turbo/Navigator/Extensions/UINavigationControllerExtension.swift /Users/admin/builder/spi-builder-workspace/Source/Turbo/Navigator/Extensions/UIViewController+ModalBehaviour.swift /Users/admin/builder/spi-builder-workspace/Source/Turbo/Navigator/Extensions/UIViewController+RoutedLocation.swift /Users/admin/builder/spi-builder-workspace/Source/Turbo/Navigator/Extensions/URL+Compare.swift /Users/admin/builder/spi-builder-workspace/Source/Turbo/Navigator/Extensions/VisitProposalExtension.swift /Users/admin/builder/spi-builder-workspace/Source/Turbo/Navigator/Extensions/VisitableViewControllerExtension.swift /Users/admin/builder/spi-builder-workspace/Source/Turbo/Navigator/Extensions/WKNavigationAction+Utils.swift /Users/admin/builder/spi-builder-workspace/Source/Turbo/Navigator/Extensions/WKWebView+ebContentProcess.swift (in target 'HotwireNative' from project 'HotwireNative')
Failed frontend command:
/Applications/Xcode-26.3.0.app/Contents/Developer/Toolchains/XcodeDefault.xctoolchain/usr/bin/swift-frontend -frontend -c /Users/admin/builder/spi-builder-workspace/.derivedData/Build/Intermediates.noindex/HotwireNative.build/Debug-xros/HotwireNative.build/DerivedSources/resource_bundle_accessor.swift /Users/admin/builder/spi-builder-workspace/Source/Bridge/Bridge.swift /Users/admin/builder/spi-builder-workspace/Source/Bridge/BridgeComponent.swift /Users/admin/builder/spi-builder-workspace/Source/Bridge/BridgeDelegate.swift /Users/admin/builder/spi-builder-workspace/Source/Bridge/Extensions/Data+Utils.swift /Users/admin/builder/spi-builder-workspace/Source/Bridge/Extensions/Dictionary+JSON.swift /Users/admin/builder/spi-builder-workspace/Source/Bridge/Extensions/Encodable+Utils.swift /Users/admin/builder/spi-builder-workspace/Source/Bridge/Extensions/String+JSON.swift /Users/admin/builder/spi-builder-workspace/Source/Bridge/InternalMessage.swift /Users/admin/builder/spi-builder-workspace/Source/Bridge/JavaScript.swift /Users/admin/builder/spi-builder-workspace/Source/Bridge/Message.swift /Users/admin/builder/spi-builder-workspace/Source/Bridge/UserAgent.swift /Users/admin/builder/spi-builder-workspace/Source/Hotwire.swift /Users/admin/builder/spi-builder-workspace/Source/HotwireConfig.swift /Users/admin/builder/spi-builder-workspace/Source/Logging/HotwireLogger.swift /Users/admin/builder/spi-builder-workspace/Source/Logging/LogLevel.swift /Users/admin/builder/spi-builder-workspace/Source/Logging/Logger.swift /Users/admin/builder/spi-builder-workspace/Source/Logging/OSLogWrapper.swift /Users/admin/builder/spi-builder-workspace/Source/NavigationHandler.swift /Users/admin/builder/spi-builder-workspace/Source/ScriptMessageHandler.swift /Users/admin/builder/spi-builder-workspace/Source/Turbo/Errors/HTTPError.swift /Users/admin/builder/spi-builder-workspace/Source/Turbo/Errors/HotwireNativeError.swift /Users/admin/builder/spi-builder-workspace/Source/Turbo/Errors/LoadError.swift /Users/admin/builder/spi-builder-workspace/Source/Turbo/Errors/TurboError.swift /Users/admin/builder/spi-builder-workspace/Source/Turbo/Errors/WebError.swift /Users/admin/builder/spi-builder-workspace/Source/Turbo/Models/HotwireTab+UITab.swift /Users/admin/builder/spi-builder-workspace/Source/Turbo/Models/HotwireTab+UITabBarItem.swift /Users/admin/builder/spi-builder-workspace/Source/Turbo/Models/HotwireTab.swift -primary-file /Users/admin/builder/spi-builder-workspace/Source/Turbo/Navigator/Extensions/PathPropertiesExtensions.swift -primary-file /Users/admin/builder/spi-builder-workspace/Source/Turbo/Navigator/Extensions/UINavigationControllerExtension.swift -primary-file /Users/admin/builder/spi-builder-workspace/Source/Turbo/Navigator/Extensions/UIViewController+ModalBehaviour.swift -primary-file /Users/admin/builder/spi-builder-workspace/Source/Turbo/Navigator/Extensions/UIViewController+RoutedLocation.swift -primary-file /Users/admin/builder/spi-builder-workspace/Source/Turbo/Navigator/Extensions/URL+Compare.swift -primary-file /Users/admin/builder/spi-builder-workspace/Source/Turbo/Navigator/Extensions/VisitProposalExtension.swift -primary-file /Users/admin/builder/spi-builder-workspace/Source/Turbo/Navigator/Extensions/VisitableViewControllerExtension.swift -primary-file /Users/admin/builder/spi-builder-workspace/Source/Turbo/Navigator/Extensions/WKNavigationAction+Utils.swift -primary-file /Users/admin/builder/spi-builder-workspace/Source/Turbo/Navigator/Extensions/WKWebView+ebContentProcess.swift /Users/admin/builder/spi-builder-workspace/Source/Turbo/Navigator/Helpers/ErrorHandling/DefaultErrorView.swift /Users/admin/builder/spi-builder-workspace/Source/Turbo/Navigator/Helpers/ErrorHandling/ErrorPresentableView.swift /Users/admin/builder/spi-builder-workspace/Source/Turbo/Navigator/Helpers/ErrorHandling/ErrorPresenter.swift /Users/admin/builder/spi-builder-workspace/Source/Turbo/Navigator/Helpers/Navigation+QueryStringPresentation.swift /Users/admin/builder/spi-builder-workspace/Source/Turbo/Navigator/Helpers/Navigation.swift /Users/admin/builder/spi-builder-workspace/Source/Turbo/Navigator/Helpers/PathConfigurationIdentifiable.swift /Users/admin/builder/spi-builder-workspace/Source/Turbo/Navigator/Helpers/ProposalResult.swift /Users/admin/builder/spi-builder-workspace/Source/Turbo/Navigator/Navigating.swift /Users/admin/builder/spi-builder-workspace/Source/Turbo/Navigator/NavigationHierarchyController.swift /Users/admin/builder/spi-builder-workspace/Source/Turbo/Navigator/NavigationHierarchyControllerDelegate.swift /Users/admin/builder/spi-builder-workspace/Source/Turbo/Navigator/Navigator+Configuration.swift /Users/admin/builder/spi-builder-workspace/Source/Turbo/Navigator/Navigator.swift /Users/admin/builder/spi-builder-workspace/Source/Turbo/Navigator/NavigatorDelegate.swift /Users/admin/builder/spi-builder-workspace/Source/Turbo/Navigator/Routing/Handlers/AppNavigationRouteDecisionHandler.swift /Users/admin/builder/spi-builder-workspace/Source/Turbo/Navigator/Routing/Handlers/SafariViewControllerRouteDecisionHandler.swift /Users/admin/builder/spi-builder-workspace/Source/Turbo/Navigator/Routing/Handlers/SystemNavigationRouteDecisionHandler.swift /Users/admin/builder/spi-builder-workspace/Source/Turbo/Navigator/Routing/RouteDecisionHandler.swift /Users/admin/builder/spi-builder-workspace/Source/Turbo/Navigator/Routing/Router.swift /Users/admin/builder/spi-builder-workspace/Source/Turbo/Navigator/WKUIController.swift /Users/admin/builder/spi-builder-workspace/Source/Turbo/Navigator/WebViewPolicy/Handlers/ExternalNavigationWebViewPolicyDecisionHandler.swift /Users/admin/builder/spi-builder-workspace/Source/Turbo/Navigator/WebViewPolicy/Handlers/LinkActivatedWebViewPolicyDecisionHandler.swift /Users/admin/builder/spi-builder-workspace/Source/Turbo/Navigator/WebViewPolicy/Handlers/NewWindowWebViewPolicyDecisionHandler.swift /Users/admin/builder/spi-builder-workspace/Source/Turbo/Navigator/WebViewPolicy/Handlers/ReloadWebViewPolicyDecisionHandler.swift /Users/admin/builder/spi-builder-workspace/Source/Turbo/Navigator/WebViewPolicy/WebViewPolicyManager.swift /Users/admin/builder/spi-builder-workspace/Source/Turbo/Navigator/WebViewPolicy/WebViewRouteDecisionHandler.swift /Users/admin/builder/spi-builder-workspace/Source/Turbo/Networking/JSFetchRecoveryHandler.swift /Users/admin/builder/spi-builder-workspace/Source/Turbo/Path\ Configuration/PathConfiguration.swift /Users/admin/builder/spi-builder-workspace/Source/Turbo/Path\ Configuration/PathConfigurationDecoder.swift /Users/admin/builder/spi-builder-workspace/Source/Turbo/Path\ Configuration/PathConfigurationLoader.swift /Users/admin/builder/spi-builder-workspace/Source/Turbo/Path\ Configuration/PathRule+ServerRoutes.swift /Users/admin/builder/spi-builder-workspace/Source/Turbo/Path\ Configuration/PathRule.swift /Users/admin/builder/spi-builder-workspace/Source/Turbo/Session/Session.swift /Users/admin/builder/spi-builder-workspace/Source/Turbo/Session/SessionDelegate.swift /Users/admin/builder/spi-builder-workspace/Source/Turbo/Utils/AppLifecycleObserver.swift /Users/admin/builder/spi-builder-workspace/Source/Turbo/Utils/URL+Utils.swift /Users/admin/builder/spi-builder-workspace/Source/Turbo/ViewControllers/HotwireNavigationController.swift /Users/admin/builder/spi-builder-workspace/Source/Turbo/ViewControllers/HotwireTabBarController.swift /Users/admin/builder/spi-builder-workspace/Source/Turbo/ViewControllers/HotwireWebViewController.swift /Users/admin/builder/spi-builder-workspace/Source/Turbo/Visit/ColdBootVisit.swift /Users/admin/builder/spi-builder-workspace/Source/Turbo/Visit/JavaScriptVisit.swift /Users/admin/builder/spi-builder-workspace/Source/Turbo/Visit/Visit.swift /Users/admin/builder/spi-builder-workspace/Source/Turbo/Visit/VisitAction.swift /Users/admin/builder/spi-builder-workspace/Source/Turbo/Visit/VisitDelegate.swift /Users/admin/builder/spi-builder-workspace/Source/Turbo/Visit/VisitOptions.swift /Users/admin/builder/spi-builder-workspace/Source/Turbo/Visit/VisitProposal.swift /Users/admin/builder/spi-builder-workspace/Source/Turbo/Visit/VisitResponse.swift /Users/admin/builder/spi-builder-workspace/Source/Turbo/Visitable/Visitable.swift /Users/admin/builder/spi-builder-workspace/Source/Turbo/Visitable/VisitableView.swift /Users/admin/builder/spi-builder-workspace/Source/Turbo/Visitable/VisitableViewController.swift /Users/admin/builder/spi-builder-workspace/Source/Turbo/WebView/JSON.swift /Users/admin/builder/spi-builder-workspace/Source/Turbo/WebView/JavaScriptExpression.swift /Users/admin/builder/spi-builder-workspace/Source/Turbo/WebView/ScriptMessage.swift /Users/admin/builder/spi-builder-workspace/Source/Turbo/WebView/WebViewBridge.swift /Users/admin/builder/spi-builder-workspace/Source/WebView.swift -supplementary-output-file-map /Users/admin/builder/spi-builder-workspace/.derivedData/Build/Intermediates.noindex/HotwireNative.build/Debug-xros/HotwireNative.build/Objects-normal/arm64/supplementaryOutputs-4 -target arm64-apple-xros1.0 -disable-cross-import-overlay-search -swift-module-cross-import WebKit /Applications/Xcode-26.3.0.app/Contents/Developer/Platforms/XROS.platform/Developer/SDKs/XROS.sdk/System/Library/Frameworks/WebKit.framework/Modules/WebKit.swiftcrossimport/SwiftUI.swiftoverlay -swift-module-cross-import WebKit /Applications/Xcode-26.3.0.app/Contents/Developer/Platforms/XROS.platform/Developer/SDKs/XROS26.2.sdk/System/Library/Frameworks/WebKit.framework/Modules/WebKit.swiftcrossimport/SwiftUI.swiftoverlay -load-resolved-plugin /Applications/Xcode-26.3.0.app/Contents/Developer/Platforms/XROS.platform/Developer/usr/lib/swift/host/plugins/libFoundationMacros.dylib\#/Applications/Xcode-26.3.0.app/Contents/Developer/Platforms/XROS.platform/Developer/usr/bin/swift-plugin-server\#FoundationMacros -load-resolved-plugin /Applications/Xcode-26.3.0.app/Contents/Developer/Platforms/XROS.platform/Developer/usr/lib/swift/host/plugins/libObservationMacros.dylib\#/Applications/Xcode-26.3.0.app/Contents/Developer/Platforms/XROS.platform/Developer/usr/bin/swift-plugin-server\#ObservationMacros -load-resolved-plugin /Applications/Xcode-26.3.0.app/Contents/Developer/Platforms/XROS.platform/Developer/usr/lib/swift/host/plugins/libPreviewsMacros.dylib\#/Applications/Xcode-26.3.0.app/Contents/Developer/Platforms/XROS.platform/Developer/usr/bin/swift-plugin-server\#PreviewsMacros -load-resolved-plugin /Applications/Xcode-26.3.0.app/Contents/Developer/Platforms/XROS.platform/Developer/usr/lib/swift/host/plugins/libSwiftMacros.dylib\#/Applications/Xcode-26.3.0.app/Contents/Developer/Platforms/XROS.platform/Developer/usr/bin/swift-plugin-server\#SwiftMacros -load-resolved-plugin /Applications/Xcode-26.3.0.app/Contents/Developer/Platforms/XROS.platform/Developer/usr/lib/swift/host/plugins/libSwiftUIMacros.dylib\#/Applications/Xcode-26.3.0.app/Contents/Developer/Platforms/XROS.platform/Developer/usr/bin/swift-plugin-server\#SwiftUIMacros -disable-implicit-swift-modules -Xcc -fno-implicit-modules -Xcc -fno-implicit-module-maps -explicit-swift-module-map-file /Users/admin/builder/spi-builder-workspace/.derivedData/Build/Intermediates.noindex/HotwireNative.build/Debug-xros/HotwireNative.build/Objects-normal/arm64/HotwireNative-dependencies-1.json -Xllvm -aarch64-use-tbi -enable-objc-interop -stack-check -sdk /Applications/Xcode-26.3.0.app/Contents/Developer/Platforms/XROS.platform/Developer/SDKs/XROS26.2.sdk -I /Users/admin/builder/spi-builder-workspace/.derivedData/Build/Products/Debug-xros -Isystem /Applications/Xcode-26.3.0.app/Contents/Developer/Platforms/XROS.platform/Developer/usr/lib -F /Users/admin/builder/spi-builder-workspace/.derivedData/Build/Products/Debug-xros -F /Applications/Xcode-26.3.0.app/Contents/Developer/Platforms/XROS.platform/Developer/Library/Frameworks -F /Applications/Xcode-26.3.0.app/Contents/Developer/Platforms/XROS.platform/Developer/SDKs/XROS26.2.sdk/Developer/Library/Frameworks -no-color-diagnostics -Xcc -fno-color-diagnostics -enable-testing -g -debug-info-format\=dwarf -dwarf-version\=4 -module-cache-path /Users/admin/builder/spi-builder-workspace/.derivedData/Build/Intermediates.noindex/SwiftExplicitPrecompiledModules -profile-generate -profile-coverage-mapping -swift-version 5 -enforce-exclusivity\=checked -Onone -D SWIFT_PACKAGE -D DEBUG -D SWIFT_MODULE_RESOURCE_BUNDLE_AVAILABLE -D Xcode -serialize-debugging-options -const-gather-protocols-file /Users/admin/builder/spi-builder-workspace/.derivedData/Build/Intermediates.noindex/HotwireNative.build/Debug-xros/HotwireNative.build/Objects-normal/arm64/HotwireNative_const_extract_protocols.json -enable-experimental-feature DebugDescriptionMacro -empty-abi-descriptor -validate-clang-modules-once -clang-build-session-file /Users/admin/builder/spi-builder-workspace/.derivedData/ModuleCache.noindex/Session.modulevalidation -Xcc -working-directory -Xcc /Users/admin/builder/spi-builder-workspace/.swiftpm/xcode -enable-anonymous-context-mangled-names -file-compilation-dir /Users/admin/builder/spi-builder-workspace/.swiftpm/xcode -Xcc -D_LIBCPP_HARDENING_MODE\=_LIBCPP_HARDENING_MODE_DEBUG -Xcc -ivfsstatcache -Xcc /Users/admin/builder/spi-builder-workspace/.derivedData/SDKStatCaches.noindex/xros26.2-23N301-dc75598d0054f22ec865fa860f139d72f5e64962d3ee001da1d77d1957dffdab.sdkstatcache -Xcc -I/Users/admin/builder/spi-builder-workspace/.derivedData/Build/Intermediates.noindex/HotwireNative.build/Debug-xros/HotwireNative.build/swift-overrides.hmap -Xcc -I/Users/admin/builder/spi-builder-workspace/.derivedData/Build/Products/Debug-xros/include -Xcc -I/Users/admin/builder/spi-builder-workspace/.derivedData/Build/Intermediates.noindex/HotwireNative.build/Debug-xros/HotwireNative.build/DerivedSources-normal/arm64 -Xcc -I/Users/admin/builder/spi-builder-workspace/.derivedData/Build/Intermediates.noindex/HotwireNative.build/Debug-xros/HotwireNative.build/DerivedSources/arm64 -Xcc -I/Users/admin/builder/spi-builder-workspace/.derivedData/Build/Intermediates.noindex/HotwireNative.build/Debug-xros/HotwireNative.build/DerivedSources -Xcc -DSWIFT_PACKAGE -Xcc -DDEBUG\=1 -no-auto-bridging-header-chaining -module-name HotwireNative -package-name spi_builder_workspace -frontend-parseable-output -disable-clang-spi -target-sdk-version 26.2 -target-sdk-name xros26.2 -clang-target arm64-apple-xros26.2 -in-process-plugin-server-path /Applications/Xcode-26.3.0.app/Contents/Developer/Toolchains/XcodeDefault.xctoolchain/usr/lib/swift/host/libSwiftInProcPluginServer.dylib -o /Users/admin/builder/spi-builder-workspace/.derivedData/Build/Intermediates.noindex/HotwireNative.build/Debug-xros/HotwireNative.build/Objects-normal/arm64/PathPropertiesExtensions.o -o /Users/admin/builder/spi-builder-workspace/.derivedData/Build/Intermediates.noindex/HotwireNative.build/Debug-xros/HotwireNative.build/Objects-normal/arm64/UINavigationControllerExtension.o -o /Users/admin/builder/spi-builder-workspace/.derivedData/Build/Intermediates.noindex/HotwireNative.build/Debug-xros/HotwireNative.build/Objects-normal/arm64/UIViewController+ModalBehaviour.o -o /Users/admin/builder/spi-builder-workspace/.derivedData/Build/Intermediates.noindex/HotwireNative.build/Debug-xros/HotwireNative.build/Objects-normal/arm64/UIViewController+RoutedLocation.o -o /Users/admin/builder/spi-builder-workspace/.derivedData/Build/Intermediates.noindex/HotwireNative.build/Debug-xros/HotwireNative.build/Objects-normal/arm64/URL+Compare.o -o /Users/admin/builder/spi-builder-workspace/.derivedData/Build/Intermediates.noindex/HotwireNative.build/Debug-xros/HotwireNative.build/Objects-normal/arm64/VisitProposalExtension.o -o /Users/admin/builder/spi-builder-workspace/.derivedData/Build/Intermediates.noindex/HotwireNative.build/Debug-xros/HotwireNative.build/Objects-normal/arm64/VisitableViewControllerExtension.o -o /Users/admin/builder/spi-builder-workspace/.derivedData/Build/Intermediates.noindex/HotwireNative.build/Debug-xros/HotwireNative.build/Objects-normal/arm64/WKNavigationAction+Utils.o -o /Users/admin/builder/spi-builder-workspace/.derivedData/Build/Intermediates.noindex/HotwireNative.build/Debug-xros/HotwireNative.build/Objects-normal/arm64/WKWebView+ebContentProcess.o -index-unit-output-path /HotwireNative.build/Debug-xros/HotwireNative.build/Objects-normal/arm64/PathPropertiesExtensions.o -index-unit-output-path /HotwireNative.build/Debug-xros/HotwireNative.build/Objects-normal/arm64/UINavigationControllerExtension.o -index-unit-output-path /HotwireNative.build/Debug-xros/HotwireNative.build/Objects-normal/arm64/UIViewController+ModalBehaviour.o -index-unit-output-path /HotwireNative.build/Debug-xros/HotwireNative.build/Objects-normal/arm64/UIViewController+RoutedLocation.o -index-unit-output-path /HotwireNative.build/Debug-xros/HotwireNative.build/Objects-normal/arm64/URL+Compare.o -index-unit-output-path /HotwireNative.build/Debug-xros/HotwireNative.build/Objects-normal/arm64/VisitProposalExtension.o -index-unit-output-path /HotwireNative.build/Debug-xros/HotwireNative.build/Objects-normal/arm64/VisitableViewControllerExtension.o -index-unit-output-path /HotwireNative.build/Debug-xros/HotwireNative.build/Objects-normal/arm64/WKNavigationAction+Utils.o -index-unit-output-path /HotwireNative.build/Debug-xros/HotwireNative.build/Objects-normal/arm64/WKWebView+ebContentProcess.o -index-store-path /Users/admin/builder/spi-builder-workspace/.derivedData/Index.noindex/DataStore -index-system-modules
SwiftCompile normal arm64 /Users/admin/builder/spi-builder-workspace/Source/Turbo/Navigator/Extensions/PathPropertiesExtensions.swift (in target 'HotwireNative' from project 'HotwireNative')
cd /Users/admin/builder/spi-builder-workspace/.swiftpm/xcode
SwiftCompile normal arm64 /Users/admin/builder/spi-builder-workspace/Source/Turbo/Navigator/Extensions/UINavigationControllerExtension.swift (in target 'HotwireNative' from project 'HotwireNative')
cd /Users/admin/builder/spi-builder-workspace/.swiftpm/xcode
/Users/admin/builder/spi-builder-workspace/Source/Turbo/Navigator/Extensions/UINavigationControllerExtension.swift:19:27: error: 'detents' is unavailable in visionOS
sheet.detents = [.medium(), .large()]
^~~~~~~
/Applications/Xcode-26.3.0.app/Contents/Developer/Platforms/XROS.platform/Developer/SDKs/XROS26.2.sdk/System/Library/Frameworks/UIKit.framework/Headers/UISheetPresentationController.h:134:77: note: 'detents' has been explicitly marked unavailable here
@property (nonatomic, copy) NSArray<UISheetPresentationControllerDetent *> *detents API_UNAVAILABLE(visionos);
^
SwiftCompile normal arm64 /Users/admin/builder/spi-builder-workspace/Source/Turbo/Navigator/Extensions/UIViewController+ModalBehaviour.swift (in target 'HotwireNative' from project 'HotwireNative')
cd /Users/admin/builder/spi-builder-workspace/.swiftpm/xcode
SwiftCompile normal arm64 /Users/admin/builder/spi-builder-workspace/Source/Turbo/Navigator/Extensions/UIViewController+RoutedLocation.swift (in target 'HotwireNative' from project 'HotwireNative')
cd /Users/admin/builder/spi-builder-workspace/.swiftpm/xcode
SwiftCompile normal arm64 /Users/admin/builder/spi-builder-workspace/Source/Turbo/Navigator/Extensions/URL+Compare.swift (in target 'HotwireNative' from project 'HotwireNative')
cd /Users/admin/builder/spi-builder-workspace/.swiftpm/xcode
SwiftCompile normal arm64 /Users/admin/builder/spi-builder-workspace/Source/Turbo/Navigator/Extensions/VisitProposalExtension.swift (in target 'HotwireNative' from project 'HotwireNative')
cd /Users/admin/builder/spi-builder-workspace/.swiftpm/xcode
SwiftCompile normal arm64 /Users/admin/builder/spi-builder-workspace/Source/Turbo/Navigator/Extensions/VisitableViewControllerExtension.swift (in target 'HotwireNative' from project 'HotwireNative')
cd /Users/admin/builder/spi-builder-workspace/.swiftpm/xcode
SwiftCompile normal arm64 /Users/admin/builder/spi-builder-workspace/Source/Turbo/Navigator/Extensions/WKNavigationAction+Utils.swift (in target 'HotwireNative' from project 'HotwireNative')
cd /Users/admin/builder/spi-builder-workspace/.swiftpm/xcode
SwiftCompile normal arm64 /Users/admin/builder/spi-builder-workspace/Source/Turbo/Navigator/Extensions/WKWebView+ebContentProcess.swift (in target 'HotwireNative' from project 'HotwireNative')
cd /Users/admin/builder/spi-builder-workspace/.swiftpm/xcode
SwiftCompile normal arm64 Compiling\ DefaultErrorView.swift,\ ErrorPresentableView.swift,\ ErrorPresenter.swift,\ Navigation+QueryStringPresentation.swift,\ Navigation.swift,\ PathConfigurationIdentifiable.swift,\ ProposalResult.swift,\ Navigating.swift,\ NavigationHierarchyController.swift /Users/admin/builder/spi-builder-workspace/Source/Turbo/Navigator/Helpers/ErrorHandling/DefaultErrorView.swift /Users/admin/builder/spi-builder-workspace/Source/Turbo/Navigator/Helpers/ErrorHandling/ErrorPresentableView.swift /Users/admin/builder/spi-builder-workspace/Source/Turbo/Navigator/Helpers/ErrorHandling/ErrorPresenter.swift /Users/admin/builder/spi-builder-workspace/Source/Turbo/Navigator/Helpers/Navigation+QueryStringPresentation.swift /Users/admin/builder/spi-builder-workspace/Source/Turbo/Navigator/Helpers/Navigation.swift /Users/admin/builder/spi-builder-workspace/Source/Turbo/Navigator/Helpers/PathConfigurationIdentifiable.swift /Users/admin/builder/spi-builder-workspace/Source/Turbo/Navigator/Helpers/ProposalResult.swift /Users/admin/builder/spi-builder-workspace/Source/Turbo/Navigator/Navigating.swift /Users/admin/builder/spi-builder-workspace/Source/Turbo/Navigator/NavigationHierarchyController.swift (in target 'HotwireNative' from project 'HotwireNative')
SwiftCompile normal arm64 /Users/admin/builder/spi-builder-workspace/Source/Turbo/Navigator/Helpers/ErrorHandling/DefaultErrorView.swift (in target 'HotwireNative' from project 'HotwireNative')
cd /Users/admin/builder/spi-builder-workspace/.swiftpm/xcode
/Users/admin/builder/spi-builder-workspace/Source/HotwireConfig.swift:122:37: warning: 'WKProcessPool' was deprecated in visionOS 1.0: Creating and using multiple instances of WKProcessPool no longer has any effect.
private let sharedProcessPool = WKProcessPool()
^
SwiftCompile normal arm64 /Users/admin/builder/spi-builder-workspace/Source/Turbo/Navigator/Helpers/ErrorHandling/ErrorPresentableView.swift (in target 'HotwireNative' from project 'HotwireNative')
cd /Users/admin/builder/spi-builder-workspace/.swiftpm/xcode
/Users/admin/builder/spi-builder-workspace/Source/HotwireConfig.swift:122:37: warning: 'WKProcessPool' was deprecated in visionOS 1.0: Creating and using multiple instances of WKProcessPool no longer has any effect.
private let sharedProcessPool = WKProcessPool()
^
SwiftCompile normal arm64 /Users/admin/builder/spi-builder-workspace/Source/Turbo/Navigator/Helpers/ErrorHandling/ErrorPresenter.swift (in target 'HotwireNative' from project 'HotwireNative')
cd /Users/admin/builder/spi-builder-workspace/.swiftpm/xcode
/Users/admin/builder/spi-builder-workspace/Source/HotwireConfig.swift:122:37: warning: 'WKProcessPool' was deprecated in visionOS 1.0: Creating and using multiple instances of WKProcessPool no longer has any effect.
private let sharedProcessPool = WKProcessPool()
^
SwiftCompile normal arm64 /Users/admin/builder/spi-builder-workspace/Source/Turbo/Navigator/Helpers/Navigation+QueryStringPresentation.swift (in target 'HotwireNative' from project 'HotwireNative')
cd /Users/admin/builder/spi-builder-workspace/.swiftpm/xcode
/Users/admin/builder/spi-builder-workspace/Source/HotwireConfig.swift:122:37: warning: 'WKProcessPool' was deprecated in visionOS 1.0: Creating and using multiple instances of WKProcessPool no longer has any effect.
private let sharedProcessPool = WKProcessPool()
^
SwiftCompile normal arm64 /Users/admin/builder/spi-builder-workspace/Source/Turbo/Navigator/Helpers/Navigation.swift (in target 'HotwireNative' from project 'HotwireNative')
cd /Users/admin/builder/spi-builder-workspace/.swiftpm/xcode
/Users/admin/builder/spi-builder-workspace/Source/HotwireConfig.swift:122:37: warning: 'WKProcessPool' was deprecated in visionOS 1.0: Creating and using multiple instances of WKProcessPool no longer has any effect.
private let sharedProcessPool = WKProcessPool()
^
SwiftCompile normal arm64 /Users/admin/builder/spi-builder-workspace/Source/Turbo/Navigator/Helpers/PathConfigurationIdentifiable.swift (in target 'HotwireNative' from project 'HotwireNative')
cd /Users/admin/builder/spi-builder-workspace/.swiftpm/xcode
/Users/admin/builder/spi-builder-workspace/Source/HotwireConfig.swift:122:37: warning: 'WKProcessPool' was deprecated in visionOS 1.0: Creating and using multiple instances of WKProcessPool no longer has any effect.
private let sharedProcessPool = WKProcessPool()
^
SwiftCompile normal arm64 /Users/admin/builder/spi-builder-workspace/Source/Turbo/Navigator/Helpers/ProposalResult.swift (in target 'HotwireNative' from project 'HotwireNative')
cd /Users/admin/builder/spi-builder-workspace/.swiftpm/xcode
/Users/admin/builder/spi-builder-workspace/Source/HotwireConfig.swift:122:37: warning: 'WKProcessPool' was deprecated in visionOS 1.0: Creating and using multiple instances of WKProcessPool no longer has any effect.
private let sharedProcessPool = WKProcessPool()
^
SwiftCompile normal arm64 /Users/admin/builder/spi-builder-workspace/Source/Turbo/Navigator/Navigating.swift (in target 'HotwireNative' from project 'HotwireNative')
cd /Users/admin/builder/spi-builder-workspace/.swiftpm/xcode
/Users/admin/builder/spi-builder-workspace/Source/HotwireConfig.swift:122:37: warning: 'WKProcessPool' was deprecated in visionOS 1.0: Creating and using multiple instances of WKProcessPool no longer has any effect.
private let sharedProcessPool = WKProcessPool()
^
SwiftCompile normal arm64 /Users/admin/builder/spi-builder-workspace/Source/Turbo/Navigator/NavigationHierarchyController.swift (in target 'HotwireNative' from project 'HotwireNative')
cd /Users/admin/builder/spi-builder-workspace/.swiftpm/xcode
/Users/admin/builder/spi-builder-workspace/Source/HotwireConfig.swift:122:37: warning: 'WKProcessPool' was deprecated in visionOS 1.0: Creating and using multiple instances of WKProcessPool no longer has any effect.
private let sharedProcessPool = WKProcessPool()
^
SwiftCompile normal arm64 Compiling\ resource_bundle_accessor.swift,\ Bridge.swift,\ BridgeComponent.swift,\ BridgeDelegate.swift,\ Data+Utils.swift,\ Dictionary+JSON.swift,\ Encodable+Utils.swift,\ String+JSON.swift,\ InternalMessage.swift,\ JavaScript.swift /Users/admin/builder/spi-builder-workspace/.derivedData/Build/Intermediates.noindex/HotwireNative.build/Debug-xros/HotwireNative.build/DerivedSources/resource_bundle_accessor.swift /Users/admin/builder/spi-builder-workspace/Source/Bridge/Bridge.swift /Users/admin/builder/spi-builder-workspace/Source/Bridge/BridgeComponent.swift /Users/admin/builder/spi-builder-workspace/Source/Bridge/BridgeDelegate.swift /Users/admin/builder/spi-builder-workspace/Source/Bridge/Extensions/Data+Utils.swift /Users/admin/builder/spi-builder-workspace/Source/Bridge/Extensions/Dictionary+JSON.swift /Users/admin/builder/spi-builder-workspace/Source/Bridge/Extensions/Encodable+Utils.swift /Users/admin/builder/spi-builder-workspace/Source/Bridge/Extensions/String+JSON.swift /Users/admin/builder/spi-builder-workspace/Source/Bridge/InternalMessage.swift /Users/admin/builder/spi-builder-workspace/Source/Bridge/JavaScript.swift (in target 'HotwireNative' from project 'HotwireNative')
SwiftCompile normal arm64 /Users/admin/builder/spi-builder-workspace/.derivedData/Build/Intermediates.noindex/HotwireNative.build/Debug-xros/HotwireNative.build/DerivedSources/resource_bundle_accessor.swift (in target 'HotwireNative' from project 'HotwireNative')
cd /Users/admin/builder/spi-builder-workspace/.swiftpm/xcode
SwiftCompile normal arm64 /Users/admin/builder/spi-builder-workspace/Source/Bridge/Bridge.swift (in target 'HotwireNative' from project 'HotwireNative')
cd /Users/admin/builder/spi-builder-workspace/.swiftpm/xcode
/Users/admin/builder/spi-builder-workspace/Source/Bridge/Bridge.swift:174:19: warning: conformance of 'Bridge' to protocol 'ScriptMessageHandlerDelegate' crosses into main actor-isolated code and can cause data races; this is an error in the Swift 6 language mode
extension Bridge: ScriptMessageHandlerDelegate {
^
/Users/admin/builder/spi-builder-workspace/Source/Bridge/Bridge.swift:174:19: note: isolate this conformance to the main actor with '@MainActor'
extension Bridge: ScriptMessageHandlerDelegate {
^
@MainActor
/Users/admin/builder/spi-builder-workspace/Source/Bridge/Bridge.swift:174:19: note: turn data races into runtime errors with '@preconcurrency'
extension Bridge: ScriptMessageHandlerDelegate {
^
@preconcurrency
/Users/admin/builder/spi-builder-workspace/Source/Bridge/Bridge.swift:176:10: note: main actor-isolated instance method 'scriptMessageHandlerDidReceiveMessage' cannot satisfy nonisolated requirement
func scriptMessageHandlerDidReceiveMessage(_ scriptMessage: WKScriptMessage) {
^
SwiftCompile normal arm64 /Users/admin/builder/spi-builder-workspace/Source/Bridge/BridgeComponent.swift (in target 'HotwireNative' from project 'HotwireNative')
cd /Users/admin/builder/spi-builder-workspace/.swiftpm/xcode
SwiftCompile normal arm64 /Users/admin/builder/spi-builder-workspace/Source/Bridge/BridgeDelegate.swift (in target 'HotwireNative' from project 'HotwireNative')
cd /Users/admin/builder/spi-builder-workspace/.swiftpm/xcode
SwiftCompile normal arm64 /Users/admin/builder/spi-builder-workspace/Source/Bridge/Extensions/Data+Utils.swift (in target 'HotwireNative' from project 'HotwireNative')
cd /Users/admin/builder/spi-builder-workspace/.swiftpm/xcode
SwiftCompile normal arm64 /Users/admin/builder/spi-builder-workspace/Source/Bridge/Extensions/Dictionary+JSON.swift (in target 'HotwireNative' from project 'HotwireNative')
cd /Users/admin/builder/spi-builder-workspace/.swiftpm/xcode
SwiftCompile normal arm64 /Users/admin/builder/spi-builder-workspace/Source/Bridge/Extensions/Encodable+Utils.swift (in target 'HotwireNative' from project 'HotwireNative')
cd /Users/admin/builder/spi-builder-workspace/.swiftpm/xcode
SwiftCompile normal arm64 /Users/admin/builder/spi-builder-workspace/Source/Bridge/Extensions/String+JSON.swift (in target 'HotwireNative' from project 'HotwireNative')
cd /Users/admin/builder/spi-builder-workspace/.swiftpm/xcode
SwiftCompile normal arm64 /Users/admin/builder/spi-builder-workspace/Source/Bridge/InternalMessage.swift (in target 'HotwireNative' from project 'HotwireNative')
cd /Users/admin/builder/spi-builder-workspace/.swiftpm/xcode
SwiftCompile normal arm64 /Users/admin/builder/spi-builder-workspace/Source/Bridge/JavaScript.swift (in target 'HotwireNative' from project 'HotwireNative')
cd /Users/admin/builder/spi-builder-workspace/.swiftpm/xcode
SwiftCompile normal arm64 Compiling\ ScriptMessageHandler.swift,\ HTTPError.swift,\ HotwireNativeError.swift,\ LoadError.swift,\ TurboError.swift,\ WebError.swift,\ HotwireTab+UITab.swift,\ HotwireTab+UITabBarItem.swift,\ HotwireTab.swift /Users/admin/builder/spi-builder-workspace/Source/ScriptMessageHandler.swift /Users/admin/builder/spi-builder-workspace/Source/Turbo/Errors/HTTPError.swift /Users/admin/builder/spi-builder-workspace/Source/Turbo/Errors/HotwireNativeError.swift /Users/admin/builder/spi-builder-workspace/Source/Turbo/Errors/LoadError.swift /Users/admin/builder/spi-builder-workspace/Source/Turbo/Errors/TurboError.swift /Users/admin/builder/spi-builder-workspace/Source/Turbo/Errors/WebError.swift /Users/admin/builder/spi-builder-workspace/Source/Turbo/Models/HotwireTab+UITab.swift /Users/admin/builder/spi-builder-workspace/Source/Turbo/Models/HotwireTab+UITabBarItem.swift /Users/admin/builder/spi-builder-workspace/Source/Turbo/Models/HotwireTab.swift (in target 'HotwireNative' from project 'HotwireNative')
SwiftCompile normal arm64 /Users/admin/builder/spi-builder-workspace/Source/ScriptMessageHandler.swift (in target 'HotwireNative' from project 'HotwireNative')
cd /Users/admin/builder/spi-builder-workspace/.swiftpm/xcode
SwiftCompile normal arm64 /Users/admin/builder/spi-builder-workspace/Source/Turbo/Errors/HTTPError.swift (in target 'HotwireNative' from project 'HotwireNative')
cd /Users/admin/builder/spi-builder-workspace/.swiftpm/xcode
SwiftCompile normal arm64 /Users/admin/builder/spi-builder-workspace/Source/Turbo/Errors/HotwireNativeError.swift (in target 'HotwireNative' from project 'HotwireNative')
cd /Users/admin/builder/spi-builder-workspace/.swiftpm/xcode
SwiftCompile normal arm64 /Users/admin/builder/spi-builder-workspace/Source/Turbo/Errors/LoadError.swift (in target 'HotwireNative' from project 'HotwireNative')
cd /Users/admin/builder/spi-builder-workspace/.swiftpm/xcode
SwiftCompile normal arm64 /Users/admin/builder/spi-builder-workspace/Source/Turbo/Errors/TurboError.swift (in target 'HotwireNative' from project 'HotwireNative')
cd /Users/admin/builder/spi-builder-workspace/.swiftpm/xcode
SwiftCompile normal arm64 /Users/admin/builder/spi-builder-workspace/Source/Turbo/Errors/WebError.swift (in target 'HotwireNative' from project 'HotwireNative')
cd /Users/admin/builder/spi-builder-workspace/.swiftpm/xcode
SwiftCompile normal arm64 /Users/admin/builder/spi-builder-workspace/Source/Turbo/Models/HotwireTab+UITab.swift (in target 'HotwireNative' from project 'HotwireNative')
cd /Users/admin/builder/spi-builder-workspace/.swiftpm/xcode
SwiftCompile normal arm64 /Users/admin/builder/spi-builder-workspace/Source/Turbo/Models/HotwireTab+UITabBarItem.swift (in target 'HotwireNative' from project 'HotwireNative')
cd /Users/admin/builder/spi-builder-workspace/.swiftpm/xcode
SwiftCompile normal arm64 /Users/admin/builder/spi-builder-workspace/Source/Turbo/Models/HotwireTab.swift (in target 'HotwireNative' from project 'HotwireNative')
cd /Users/admin/builder/spi-builder-workspace/.swiftpm/xcode
SwiftCompile normal arm64 Compiling\ Message.swift,\ UserAgent.swift,\ Hotwire.swift,\ HotwireConfig.swift,\ HotwireLogger.swift,\ LogLevel.swift,\ Logger.swift,\ OSLogWrapper.swift,\ NavigationHandler.swift /Users/admin/builder/spi-builder-workspace/Source/Bridge/Message.swift /Users/admin/builder/spi-builder-workspace/Source/Bridge/UserAgent.swift /Users/admin/builder/spi-builder-workspace/Source/Hotwire.swift /Users/admin/builder/spi-builder-workspace/Source/HotwireConfig.swift /Users/admin/builder/spi-builder-workspace/Source/Logging/HotwireLogger.swift /Users/admin/builder/spi-builder-workspace/Source/Logging/LogLevel.swift /Users/admin/builder/spi-builder-workspace/Source/Logging/Logger.swift /Users/admin/builder/spi-builder-workspace/Source/Logging/OSLogWrapper.swift /Users/admin/builder/spi-builder-workspace/Source/NavigationHandler.swift (in target 'HotwireNative' from project 'HotwireNative')
SwiftCompile normal arm64 /Users/admin/builder/spi-builder-workspace/Source/Bridge/Message.swift (in target 'HotwireNative' from project 'HotwireNative')
cd /Users/admin/builder/spi-builder-workspace/.swiftpm/xcode
SwiftCompile normal arm64 /Users/admin/builder/spi-builder-workspace/Source/Bridge/UserAgent.swift (in target 'HotwireNative' from project 'HotwireNative')
cd /Users/admin/builder/spi-builder-workspace/.swiftpm/xcode
SwiftCompile normal arm64 /Users/admin/builder/spi-builder-workspace/Source/Hotwire.swift (in target 'HotwireNative' from project 'HotwireNative')
cd /Users/admin/builder/spi-builder-workspace/.swiftpm/xcode
SwiftCompile normal arm64 /Users/admin/builder/spi-builder-workspace/Source/HotwireConfig.swift (in target 'HotwireNative' from project 'HotwireNative')
cd /Users/admin/builder/spi-builder-workspace/.swiftpm/xcode
/Users/admin/builder/spi-builder-workspace/Source/HotwireConfig.swift:122:37: warning: 'WKProcessPool' was deprecated in visionOS 1.0: Creating and using multiple instances of WKProcessPool no longer has any effect.
private let sharedProcessPool = WKProcessPool()
^
/Users/admin/builder/spi-builder-workspace/Source/HotwireConfig.swift:146:23: warning: 'processPool' was deprecated in visionOS 1.0: Creating and using multiple instances of WKProcessPool no longer has any effect.
configuration.processPool = sharedProcessPool
^
SwiftCompile normal arm64 /Users/admin/builder/spi-builder-workspace/Source/Logging/HotwireLogger.swift (in target 'HotwireNative' from project 'HotwireNative')
cd /Users/admin/builder/spi-builder-workspace/.swiftpm/xcode
SwiftCompile normal arm64 /Users/admin/builder/spi-builder-workspace/Source/Logging/LogLevel.swift (in target 'HotwireNative' from project 'HotwireNative')
cd /Users/admin/builder/spi-builder-workspace/.swiftpm/xcode
SwiftCompile normal arm64 /Users/admin/builder/spi-builder-workspace/Source/Logging/Logger.swift (in target 'HotwireNative' from project 'HotwireNative')
cd /Users/admin/builder/spi-builder-workspace/.swiftpm/xcode
SwiftCompile normal arm64 /Users/admin/builder/spi-builder-workspace/Source/Logging/OSLogWrapper.swift (in target 'HotwireNative' from project 'HotwireNative')
cd /Users/admin/builder/spi-builder-workspace/.swiftpm/xcode
SwiftCompile normal arm64 /Users/admin/builder/spi-builder-workspace/Source/NavigationHandler.swift (in target 'HotwireNative' from project 'HotwireNative')
cd /Users/admin/builder/spi-builder-workspace/.swiftpm/xcode
SwiftDriverJobDiscovery normal arm64 Emitting module for HotwireNative (in target 'HotwireNative' from project 'HotwireNative')
SwiftDriver\ Compilation\ Requirements HotwireNative normal arm64 com.apple.xcode.tools.swift.compiler (in target 'HotwireNative' from project 'HotwireNative')
cd /Users/admin/builder/spi-builder-workspace/.swiftpm/xcode
builtin-Swift-Compilation-Requirements -- /Applications/Xcode-26.3.0.app/Contents/Developer/Toolchains/XcodeDefault.xctoolchain/usr/bin/swiftc -module-name HotwireNative -Onone -enforce-exclusivity\=checked @/Users/admin/builder/spi-builder-workspace/.derivedData/Build/Intermediates.noindex/HotwireNative.build/Debug-xros/HotwireNative.build/Objects-normal/arm64/HotwireNative.SwiftFileList -DSWIFT_PACKAGE -DDEBUG -DSWIFT_MODULE_RESOURCE_BUNDLE_AVAILABLE -DXcode -plugin-path /Applications/Xcode-26.3.0.app/Contents/Developer/Toolchains/XcodeDefault.xctoolchain/usr/lib/swift/host/plugins/testing -enable-experimental-feature DebugDescriptionMacro -sdk /Applications/Xcode-26.3.0.app/Contents/Developer/Platforms/XROS.platform/Developer/SDKs/XROS26.2.sdk -target arm64-apple-xros1.0 -g -module-cache-path /Users/admin/builder/spi-builder-workspace/.derivedData/ModuleCache.noindex -Xfrontend -serialize-debugging-options -profile-coverage-mapping -profile-generate -enable-testing -index-store-path /Users/admin/builder/spi-builder-workspace/.derivedData/Index.noindex/DataStore -Xcc -D_LIBCPP_HARDENING_MODE\=_LIBCPP_HARDENING_MODE_DEBUG -swift-version 5 -I /Users/admin/builder/spi-builder-workspace/.derivedData/Build/Products/Debug-xros -Isystem /Applications/Xcode-26.3.0.app/Contents/Developer/Platforms/XROS.platform/Developer/usr/lib -F /Users/admin/builder/spi-builder-workspace/.derivedData/Build/Products/Debug-xros -F /Applications/Xcode-26.3.0.app/Contents/Developer/Platforms/XROS.platform/Developer/Library/Frameworks -F /Applications/Xcode-26.3.0.app/Contents/Developer/Platforms/XROS.platform/Developer/SDKs/XROS26.2.sdk/Developer/Library/Frameworks -c -j10 -enable-batch-mode -incremental -Xcc -ivfsstatcache -Xcc /Users/admin/builder/spi-builder-workspace/.derivedData/SDKStatCaches.noindex/xros26.2-23N301-dc75598d0054f22ec865fa860f139d72f5e64962d3ee001da1d77d1957dffdab.sdkstatcache -output-file-map /Users/admin/builder/spi-builder-workspace/.derivedData/Build/Intermediates.noindex/HotwireNative.build/Debug-xros/HotwireNative.build/Objects-normal/arm64/HotwireNative-OutputFileMap.json -use-frontend-parseable-output -save-temps -no-color-diagnostics -explicit-module-build -module-cache-path /Users/admin/builder/spi-builder-workspace/.derivedData/Build/Intermediates.noindex/SwiftExplicitPrecompiledModules -clang-scanner-module-cache-path /Users/admin/builder/spi-builder-workspace/.derivedData/ModuleCache.noindex -sdk-module-cache-path /Users/admin/builder/spi-builder-workspace/.derivedData/ModuleCache.noindex -serialize-diagnostics -emit-dependencies -emit-module -emit-module-path /Users/admin/builder/spi-builder-workspace/.derivedData/Build/Intermediates.noindex/HotwireNative.build/Debug-xros/HotwireNative.build/Objects-normal/arm64/HotwireNative.swiftmodule -validate-clang-modules-once -clang-build-session-file /Users/admin/builder/spi-builder-workspace/.derivedData/ModuleCache.noindex/Session.modulevalidation -package-name spi_builder_workspace -Xcc -I/Users/admin/builder/spi-builder-workspace/.derivedData/Build/Intermediates.noindex/HotwireNative.build/Debug-xros/HotwireNative.build/swift-overrides.hmap -emit-const-values -Xfrontend -const-gather-protocols-file -Xfrontend /Users/admin/builder/spi-builder-workspace/.derivedData/Build/Intermediates.noindex/HotwireNative.build/Debug-xros/HotwireNative.build/Objects-normal/arm64/HotwireNative_const_extract_protocols.json -Xcc -I/Users/admin/builder/spi-builder-workspace/.derivedData/Build/Products/Debug-xros/include -Xcc -I/Users/admin/builder/spi-builder-workspace/.derivedData/Build/Intermediates.noindex/HotwireNative.build/Debug-xros/HotwireNative.build/DerivedSources-normal/arm64 -Xcc -I/Users/admin/builder/spi-builder-workspace/.derivedData/Build/Intermediates.noindex/HotwireNative.build/Debug-xros/HotwireNative.build/DerivedSources/arm64 -Xcc -I/Users/admin/builder/spi-builder-workspace/.derivedData/Build/Intermediates.noindex/HotwireNative.build/Debug-xros/HotwireNative.build/DerivedSources -Xcc -DSWIFT_PACKAGE -Xcc -DDEBUG\=1 -emit-objc-header -emit-objc-header-path /Users/admin/builder/spi-builder-workspace/.derivedData/Build/Intermediates.noindex/HotwireNative.build/Debug-xros/HotwireNative.build/Objects-normal/arm64/HotwireNative-Swift.h -working-directory /Users/admin/builder/spi-builder-workspace/.swiftpm/xcode -experimental-emit-module-separately -disable-cmo
2026-08-15 06:49:32.823 xcodebuild[745:4606] [MT] IDERunDestination: Supported platforms for the buildables in the current scheme is empty.
** BUILD FAILED **
The following build commands failed:
SwiftCompile normal arm64 /Users/admin/builder/spi-builder-workspace/Source/Turbo/ViewControllers/HotwireTabBarController.swift (in target 'HotwireNative' from project 'HotwireNative')
SwiftCompile normal arm64 /Users/admin/builder/spi-builder-workspace/Source/Turbo/Navigator/Routing/Handlers/SafariViewControllerRouteDecisionHandler.swift (in target 'HotwireNative' from project 'HotwireNative')
SwiftCompile normal arm64 Compiling\ PathPropertiesExtensions.swift,\ UINavigationControllerExtension.swift,\ UIViewController+ModalBehaviour.swift,\ UIViewController+RoutedLocation.swift,\ URL+Compare.swift,\ VisitProposalExtension.swift,\ VisitableViewControllerExtension.swift,\ WKNavigationAction+Utils.swift,\ WKWebView+ebContentProcess.swift /Users/admin/builder/spi-builder-workspace/Source/Turbo/Navigator/Extensions/PathPropertiesExtensions.swift /Users/admin/builder/spi-builder-workspace/Source/Turbo/Navigator/Extensions/UINavigationControllerExtension.swift /Users/admin/builder/spi-builder-workspace/Source/Turbo/Navigator/Extensions/UIViewController+ModalBehaviour.swift /Users/admin/builder/spi-builder-workspace/Source/Turbo/Navigator/Extensions/UIViewController+RoutedLocation.swift /Users/admin/builder/spi-builder-workspace/Source/Turbo/Navigator/Extensions/URL+Compare.swift /Users/admin/builder/spi-builder-workspace/Source/Turbo/Navigator/Extensions/VisitProposalExtension.swift /Users/admin/builder/spi-builder-workspace/Source/Turbo/Navigator/Extensions/VisitableViewControllerExtension.swift /Users/admin/builder/spi-builder-workspace/Source/Turbo/Navigator/Extensions/WKNavigationAction+Utils.swift /Users/admin/builder/spi-builder-workspace/Source/Turbo/Navigator/Extensions/WKWebView+ebContentProcess.swift (in target 'HotwireNative' from project 'HotwireNative')
SwiftCompile normal arm64 /Users/admin/builder/spi-builder-workspace/Source/Turbo/Navigator/Extensions/UINavigationControllerExtension.swift (in target 'HotwireNative' from project 'HotwireNative')
Building workspace spi-builder-workspace with scheme HotwireNative
(5 failures)
Command line invocation:
/Applications/Xcode-26.3.0.app/Contents/Developer/usr/bin/xcodebuild -IDEClonedSourcePackagesDirPathOverride=/Users/admin/builder/spi-builder-workspace/.dependencies -resolvePackageDependencies
Resolve Package Graph
Resolved source packages:
OHHTTPStubs: https://github.com/AliSoftware/OHHTTPStubs @ 9.1.0
Embassy: https://github.com/envoy/Embassy.git @ 4.1.6
HotwireNative: /Users/admin/builder/spi-builder-workspace
resolved source packages: OHHTTPStubs, Embassy, HotwireNative
2026-08-15 06:49:44.924 xcodebuild[878:5209] [MT] IDERunDestination: Supported platforms for the buildables in the current scheme is empty.
{
"dependencies" : [
{
"identity" : "ohhttpstubs",
"requirement" : {
"range" : [
{
"lower_bound" : "9.0.0",
"upper_bound" : "10.0.0"
}
]
},
"type" : "sourceControl",
"url" : "https://github.com/AliSoftware/OHHTTPStubs"
},
{
"identity" : "embassy",
"requirement" : {
"range" : [
{
"lower_bound" : "4.1.4",
"upper_bound" : "5.0.0"
}
]
},
"type" : "sourceControl",
"url" : "https://github.com/envoy/Embassy.git"
}
],
"manifest_display_name" : "HotwireNative",
"name" : "HotwireNative",
"path" : "/Users/admin/builder/spi-builder-workspace",
"platforms" : [
{
"name" : "ios",
"version" : "14.0"
}
],
"products" : [
{
"name" : "HotwireNative",
"targets" : [
"HotwireNative"
],
"type" : {
"library" : [
"automatic"
]
}
}
],
"targets" : [
{
"c99name" : "HotwireNativeTests",
"module_type" : "SwiftTarget",
"name" : "HotwireNativeTests",
"path" : "Tests",
"product_dependencies" : [
"OHHTTPStubsSwift",
"Embassy"
],
"resources" : [
{
"path" : "/Users/admin/builder/spi-builder-workspace/Tests/Turbo/Fixtures",
"rule" : {
"copy" : {
}
}
},
{
"path" : "/Users/admin/builder/spi-builder-workspace/Tests/Turbo/Server",
"rule" : {
"copy" : {
}
}
}
],
"sources" : [
"Bridge/BridgeComponentAsyncAPITests.swift",
"Bridge/BridgeComponentTests.swift",
"Bridge/BridgeDelegate+DestinationTests.swift",
"Bridge/BridgeDelegateTests.swift",
"Bridge/BridgeTests.swift",
"Bridge/ComponentTestExample/ComposerComponent.swift",
"Bridge/ComponentTestExample/ComposerComponentTests.swift",
"Bridge/Extensions/TimeInterval+ExpectationTimeout.swift",
"Bridge/InternalMessageTests.swift",
"Bridge/JavaScriptTests.swift",
"Bridge/MessageTests.swift",
"Bridge/Spies/BridgeComponentSpy.swift",
"Bridge/Spies/BridgeDelegateSpy.swift",
"Bridge/Spies/BridgeSpy.swift",
"Bridge/TestData.swift",
"Bridge/UserAgentTests.swift",
"Turbo/ColdBootVisitTests.swift",
"Turbo/CustomLoggerTests.swift",
"Turbo/HotwireConfigTests.swift",
"Turbo/HotwireNativeErrorTests.swift",
"Turbo/HttpErrorTests.swift",
"Turbo/JSFetchRecoveryHandlerTests.swift",
"Turbo/JavaScriptExpressionTests.swift",
"Turbo/LoadErrorTests.swift",
"Turbo/Navigator/NavigationDelegateTests.swift",
"Turbo/Navigator/NavigationHierarchyControllerHistoricalLocationTests.swift",
"Turbo/Navigator/NavigationHierarchyControllerTests.swift",
"Turbo/Navigator/NavigatorRetryHandlerTests.swift",
"Turbo/Navigator/TestableNavigationController.swift",
"Turbo/PathConfigurationLoaderTests.swift",
"Turbo/PathConfigurationModalStyleTests.swift",
"Turbo/PathConfigurationTests.swift",
"Turbo/PathRuleTests.swift",
"Turbo/Routing/AppNavigationRouteDecisionHandlerTest.swift",
"Turbo/Routing/RouterTests.swift",
"Turbo/Routing/SafariViewControllerRouteDecisionHandlerTests.swift",
"Turbo/Routing/SystemNavigationRouteDecisionHandlerTest.swift",
"Turbo/ScriptMessageTests.swift",
"Turbo/Server.swift",
"Turbo/SessionTests.swift",
"Turbo/Spies/SessionSpy.swift",
"Turbo/Test.swift",
"Turbo/Utils/URL+UtilsTests.swift",
"Turbo/VisitOptionsTests.swift",
"Turbo/VisitableViewControllerTests.swift",
"Turbo/WebErrorTests.swift",
"Turbo/WebViewPolicy/BaseWebViewPolicyDecisionHandlerTests.swift",
"Turbo/WebViewPolicy/ExternalNavigationWebViewPolicyDecisionHandlerTests.swift",
"Turbo/WebViewPolicy/LinkActivatedWebViewPolicyDecisionHandlerTests.swift",
"Turbo/WebViewPolicy/NavigationPolicyHTML.swift",
"Turbo/WebViewPolicy/NewWindowWebViewPolicyDecisionHandlerTests.swift",
"Turbo/WebViewPolicy/ReloadWebViewPolicyDecisionHandlerTests.swift",
"Turbo/WebViewPolicy/Spies/NavigationSpy.swift",
"Turbo/WebViewPolicy/WebViewPolicyManagerTests.swift",
"Turbo/WebViewPolicy/WebViewPolicyNavigationSimulator.swift"
],
"target_dependencies" : [
"HotwireNative"
],
"type" : "test"
},
{
"c99name" : "HotwireNative",
"module_type" : "SwiftTarget",
"name" : "HotwireNative",
"path" : "Source",
"product_memberships" : [
"HotwireNative"
],
"resources" : [
{
"path" : "/Users/admin/builder/spi-builder-workspace/Source/Bridge/bridge.js",
"rule" : {
"copy" : {
}
}
},
{
"path" : "/Users/admin/builder/spi-builder-workspace/Source/Turbo/WebView/turbo.js",
"rule" : {
"copy" : {
}
}
}
],
"sources" : [
"Bridge/Bridge.swift",
"Bridge/BridgeComponent.swift",
"Bridge/BridgeDelegate.swift",
"Bridge/Extensions/Data+Utils.swift",
"Bridge/Extensions/Dictionary+JSON.swift",
"Bridge/Extensions/Encodable+Utils.swift",
"Bridge/Extensions/String+JSON.swift",
"Bridge/InternalMessage.swift",
"Bridge/JavaScript.swift",
"Bridge/Message.swift",
"Bridge/UserAgent.swift",
"Hotwire.swift",
"HotwireConfig.swift",
"Logging/HotwireLogger.swift",
"Logging/LogLevel.swift",
"Logging/Logger.swift",
"Logging/OSLogWrapper.swift",
"NavigationHandler.swift",
"ScriptMessageHandler.swift",
"Turbo/Errors/HTTPError.swift",
"Turbo/Errors/HotwireNativeError.swift",
"Turbo/Errors/LoadError.swift",
"Turbo/Errors/TurboError.swift",
"Turbo/Errors/WebError.swift",
"Turbo/Models/HotwireTab+UITab.swift",
"Turbo/Models/HotwireTab+UITabBarItem.swift",
"Turbo/Models/HotwireTab.swift",
"Turbo/Navigator/Extensions/PathPropertiesExtensions.swift",
"Turbo/Navigator/Extensions/UINavigationControllerExtension.swift",
"Turbo/Navigator/Extensions/UIViewController+ModalBehaviour.swift",
"Turbo/Navigator/Extensions/UIViewController+RoutedLocation.swift",
"Turbo/Navigator/Extensions/URL+Compare.swift",
"Turbo/Navigator/Extensions/VisitProposalExtension.swift",
"Turbo/Navigator/Extensions/VisitableViewControllerExtension.swift",
"Turbo/Navigator/Extensions/WKNavigationAction+Utils.swift",
"Turbo/Navigator/Extensions/WKWebView+ebContentProcess.swift",
"Turbo/Navigator/Helpers/ErrorHandling/DefaultErrorView.swift",
"Turbo/Navigator/Helpers/ErrorHandling/ErrorPresentableView.swift",
"Turbo/Navigator/Helpers/ErrorHandling/ErrorPresenter.swift",
"Turbo/Navigator/Helpers/Navigation+QueryStringPresentation.swift",
"Turbo/Navigator/Helpers/Navigation.swift",
"Turbo/Navigator/Helpers/PathConfigurationIdentifiable.swift",
"Turbo/Navigator/Helpers/ProposalResult.swift",
"Turbo/Navigator/Navigating.swift",
"Turbo/Navigator/NavigationHierarchyController.swift",
"Turbo/Navigator/NavigationHierarchyControllerDelegate.swift",
"Turbo/Navigator/Navigator+Configuration.swift",
"Turbo/Navigator/Navigator.swift",
"Turbo/Navigator/NavigatorDelegate.swift",
"Turbo/Navigator/Routing/Handlers/AppNavigationRouteDecisionHandler.swift",
"Turbo/Navigator/Routing/Handlers/SafariViewControllerRouteDecisionHandler.swift",
"Turbo/Navigator/Routing/Handlers/SystemNavigationRouteDecisionHandler.swift",
"Turbo/Navigator/Routing/RouteDecisionHandler.swift",
"Turbo/Navigator/Routing/Router.swift",
"Turbo/Navigator/WKUIController.swift",
"Turbo/Navigator/WebViewPolicy/Handlers/ExternalNavigationWebViewPolicyDecisionHandler.swift",
"Turbo/Navigator/WebViewPolicy/Handlers/LinkActivatedWebViewPolicyDecisionHandler.swift",
"Turbo/Navigator/WebViewPolicy/Handlers/NewWindowWebViewPolicyDecisionHandler.swift",
"Turbo/Navigator/WebViewPolicy/Handlers/ReloadWebViewPolicyDecisionHandler.swift",
"Turbo/Navigator/WebViewPolicy/WebViewPolicyManager.swift",
"Turbo/Navigator/WebViewPolicy/WebViewRouteDecisionHandler.swift",
"Turbo/Networking/JSFetchRecoveryHandler.swift",
"Turbo/Path Configuration/PathConfiguration.swift",
"Turbo/Path Configuration/PathConfigurationDecoder.swift",
"Turbo/Path Configuration/PathConfigurationLoader.swift",
"Turbo/Path Configuration/PathRule+ServerRoutes.swift",
"Turbo/Path Configuration/PathRule.swift",
"Turbo/Session/Session.swift",
"Turbo/Session/SessionDelegate.swift",
"Turbo/Utils/AppLifecycleObserver.swift",
"Turbo/Utils/URL+Utils.swift",
"Turbo/ViewControllers/HotwireNavigationController.swift",
"Turbo/ViewControllers/HotwireTabBarController.swift",
"Turbo/ViewControllers/HotwireWebViewController.swift",
"Turbo/Visit/ColdBootVisit.swift",
"Turbo/Visit/JavaScriptVisit.swift",
"Turbo/Visit/Visit.swift",
"Turbo/Visit/VisitAction.swift",
"Turbo/Visit/VisitDelegate.swift",
"Turbo/Visit/VisitOptions.swift",
"Turbo/Visit/VisitProposal.swift",
"Turbo/Visit/VisitResponse.swift",
"Turbo/Visitable/Visitable.swift",
"Turbo/Visitable/VisitableView.swift",
"Turbo/Visitable/VisitableViewController.swift",
"Turbo/WebView/JSON.swift",
"Turbo/WebView/JavaScriptExpression.swift",
"Turbo/WebView/ScriptMessage.swift",
"Turbo/WebView/WebViewBridge.swift",
"WebView.swift"
],
"type" : "library"
}
],
"tools_version" : "5.9"
}
{
"workspace" : {
"name" : "spi-builder-workspace",
"schemes" : [
"HotwireNative"
]
}
}
2026-08-15 06:49:46.117 xcodebuild[886:5285] [MT] IDERunDestination: Supported platforms for the buildables in the current scheme is empty.
Running build ...
env DEVELOPER_DIR=/Applications/Xcode-26.3.0.app xcrun xcodebuild -IDEClonedSourcePackagesDirPathOverride=$PWD/.dependencies -skipMacroValidation -skipPackagePluginValidation -derivedDataPath $PWD/.derivedData build -scheme HotwireNative -destination generic/platform=xrOS
Command line invocation:
/Applications/Xcode-26.3.0.app/Contents/Developer/usr/bin/xcodebuild -IDEClonedSourcePackagesDirPathOverride=/Users/admin/builder/spi-builder-workspace/.dependencies -skipMacroValidation -skipPackagePluginValidation -derivedDataPath /Users/admin/builder/spi-builder-workspace/.derivedData build -scheme HotwireNative -destination generic/platform=xrOS
Resolve Package Graph
Resolved source packages:
HotwireNative: /Users/admin/builder/spi-builder-workspace
Embassy: https://github.com/envoy/Embassy.git @ 4.1.6
OHHTTPStubs: https://github.com/AliSoftware/OHHTTPStubs @ 9.1.0
ComputePackagePrebuildTargetDependencyGraph
Prepare packages
CreateBuildRequest
SendProjectDescription
CreateBuildOperation
ComputeTargetDependencyGraph
note: Building targets in dependency order
note: Target dependency graph (3 targets)
Target 'HotwireNative' in project 'HotwireNative'
➜ Explicit dependency on target 'HotwireNative' in project 'HotwireNative'
➜ Explicit dependency on target 'HotwireNative_HotwireNative' in project 'HotwireNative'
Target 'HotwireNative' in project 'HotwireNative'
➜ Explicit dependency on target 'HotwireNative_HotwireNative' in project 'HotwireNative'
Target 'HotwireNative_HotwireNative' in project 'HotwireNative' (no dependencies)
GatherProvisioningInputs
CreateBuildDescription
ClangStatCache /Applications/Xcode-26.3.0.app/Contents/Developer/Toolchains/XcodeDefault.xctoolchain/usr/bin/clang-stat-cache /Applications/Xcode-26.3.0.app/Contents/Developer/Platforms/XROS.platform/Developer/SDKs/XROS26.2.sdk /Users/admin/builder/spi-builder-workspace/.derivedData/SDKStatCaches.noindex/xros26.2-23N301-dc75598d0054f22ec865fa860f139d72f5e64962d3ee001da1d77d1957dffdab.sdkstatcache
cd /Users/admin/builder/spi-builder-workspace/.swiftpm/xcode
/Applications/Xcode-26.3.0.app/Contents/Developer/Toolchains/XcodeDefault.xctoolchain/usr/bin/clang-stat-cache /Applications/Xcode-26.3.0.app/Contents/Developer/Platforms/XROS.platform/Developer/SDKs/XROS26.2.sdk -o /Users/admin/builder/spi-builder-workspace/.derivedData/SDKStatCaches.noindex/xros26.2-23N301-dc75598d0054f22ec865fa860f139d72f5e64962d3ee001da1d77d1957dffdab.sdkstatcache
SwiftDriver HotwireNative normal arm64 com.apple.xcode.tools.swift.compiler (in target 'HotwireNative' from project 'HotwireNative')
cd /Users/admin/builder/spi-builder-workspace/.swiftpm/xcode
builtin-SwiftDriver -- /Applications/Xcode-26.3.0.app/Contents/Developer/Toolchains/XcodeDefault.xctoolchain/usr/bin/swiftc -module-name HotwireNative -Onone -enforce-exclusivity\=checked @/Users/admin/builder/spi-builder-workspace/.derivedData/Build/Intermediates.noindex/HotwireNative.build/Debug-xros/HotwireNative.build/Objects-normal/arm64/HotwireNative.SwiftFileList -DSWIFT_PACKAGE -DDEBUG -DSWIFT_MODULE_RESOURCE_BUNDLE_AVAILABLE -DXcode -plugin-path /Applications/Xcode-26.3.0.app/Contents/Developer/Toolchains/XcodeDefault.xctoolchain/usr/lib/swift/host/plugins/testing -enable-experimental-feature DebugDescriptionMacro -sdk /Applications/Xcode-26.3.0.app/Contents/Developer/Platforms/XROS.platform/Developer/SDKs/XROS26.2.sdk -target arm64-apple-xros1.0 -g -module-cache-path /Users/admin/builder/spi-builder-workspace/.derivedData/ModuleCache.noindex -Xfrontend -serialize-debugging-options -profile-coverage-mapping -profile-generate -enable-testing -index-store-path /Users/admin/builder/spi-builder-workspace/.derivedData/Index.noindex/DataStore -Xcc -D_LIBCPP_HARDENING_MODE\=_LIBCPP_HARDENING_MODE_DEBUG -swift-version 5 -I /Users/admin/builder/spi-builder-workspace/.derivedData/Build/Products/Debug-xros -Isystem /Applications/Xcode-26.3.0.app/Contents/Developer/Platforms/XROS.platform/Developer/usr/lib -F /Users/admin/builder/spi-builder-workspace/.derivedData/Build/Products/Debug-xros -F /Applications/Xcode-26.3.0.app/Contents/Developer/Platforms/XROS.platform/Developer/Library/Frameworks -F /Applications/Xcode-26.3.0.app/Contents/Developer/Platforms/XROS.platform/Developer/SDKs/XROS26.2.sdk/Developer/Library/Frameworks -c -j10 -enable-batch-mode -incremental -Xcc -ivfsstatcache -Xcc /Users/admin/builder/spi-builder-workspace/.derivedData/SDKStatCaches.noindex/xros26.2-23N301-dc75598d0054f22ec865fa860f139d72f5e64962d3ee001da1d77d1957dffdab.sdkstatcache -output-file-map /Users/admin/builder/spi-builder-workspace/.derivedData/Build/Intermediates.noindex/HotwireNative.build/Debug-xros/HotwireNative.build/Objects-normal/arm64/HotwireNative-OutputFileMap.json -use-frontend-parseable-output -save-temps -no-color-diagnostics -explicit-module-build -module-cache-path /Users/admin/builder/spi-builder-workspace/.derivedData/Build/Intermediates.noindex/SwiftExplicitPrecompiledModules -clang-scanner-module-cache-path /Users/admin/builder/spi-builder-workspace/.derivedData/ModuleCache.noindex -sdk-module-cache-path /Users/admin/builder/spi-builder-workspace/.derivedData/ModuleCache.noindex -serialize-diagnostics -emit-dependencies -emit-module -emit-module-path /Users/admin/builder/spi-builder-workspace/.derivedData/Build/Intermediates.noindex/HotwireNative.build/Debug-xros/HotwireNative.build/Objects-normal/arm64/HotwireNative.swiftmodule -validate-clang-modules-once -clang-build-session-file /Users/admin/builder/spi-builder-workspace/.derivedData/ModuleCache.noindex/Session.modulevalidation -package-name spi_builder_workspace -Xcc -I/Users/admin/builder/spi-builder-workspace/.derivedData/Build/Intermediates.noindex/HotwireNative.build/Debug-xros/HotwireNative.build/swift-overrides.hmap -emit-const-values -Xfrontend -const-gather-protocols-file -Xfrontend /Users/admin/builder/spi-builder-workspace/.derivedData/Build/Intermediates.noindex/HotwireNative.build/Debug-xros/HotwireNative.build/Objects-normal/arm64/HotwireNative_const_extract_protocols.json -Xcc -I/Users/admin/builder/spi-builder-workspace/.derivedData/Build/Products/Debug-xros/include -Xcc -I/Users/admin/builder/spi-builder-workspace/.derivedData/Build/Intermediates.noindex/HotwireNative.build/Debug-xros/HotwireNative.build/DerivedSources-normal/arm64 -Xcc -I/Users/admin/builder/spi-builder-workspace/.derivedData/Build/Intermediates.noindex/HotwireNative.build/Debug-xros/HotwireNative.build/DerivedSources/arm64 -Xcc -I/Users/admin/builder/spi-builder-workspace/.derivedData/Build/Intermediates.noindex/HotwireNative.build/Debug-xros/HotwireNative.build/DerivedSources -Xcc -DSWIFT_PACKAGE -Xcc -DDEBUG\=1 -emit-objc-header -emit-objc-header-path /Users/admin/builder/spi-builder-workspace/.derivedData/Build/Intermediates.noindex/HotwireNative.build/Debug-xros/HotwireNative.build/Objects-normal/arm64/HotwireNative-Swift.h -working-directory /Users/admin/builder/spi-builder-workspace/.swiftpm/xcode -experimental-emit-module-separately -disable-cmo
SwiftCompile normal arm64 Compiling\ PathPropertiesExtensions.swift,\ UINavigationControllerExtension.swift,\ UIViewController+ModalBehaviour.swift,\ UIViewController+RoutedLocation.swift,\ URL+Compare.swift,\ VisitProposalExtension.swift,\ VisitableViewControllerExtension.swift,\ WKNavigationAction+Utils.swift,\ WKWebView+ebContentProcess.swift /Users/admin/builder/spi-builder-workspace/Source/Turbo/Navigator/Extensions/PathPropertiesExtensions.swift /Users/admin/builder/spi-builder-workspace/Source/Turbo/Navigator/Extensions/UINavigationControllerExtension.swift /Users/admin/builder/spi-builder-workspace/Source/Turbo/Navigator/Extensions/UIViewController+ModalBehaviour.swift /Users/admin/builder/spi-builder-workspace/Source/Turbo/Navigator/Extensions/UIViewController+RoutedLocation.swift /Users/admin/builder/spi-builder-workspace/Source/Turbo/Navigator/Extensions/URL+Compare.swift /Users/admin/builder/spi-builder-workspace/Source/Turbo/Navigator/Extensions/VisitProposalExtension.swift /Users/admin/builder/spi-builder-workspace/Source/Turbo/Navigator/Extensions/VisitableViewControllerExtension.swift /Users/admin/builder/spi-builder-workspace/Source/Turbo/Navigator/Extensions/WKNavigationAction+Utils.swift /Users/admin/builder/spi-builder-workspace/Source/Turbo/Navigator/Extensions/WKWebView+ebContentProcess.swift (in target 'HotwireNative' from project 'HotwireNative')
SwiftCompile normal arm64 /Users/admin/builder/spi-builder-workspace/Source/Turbo/Navigator/Extensions/PathPropertiesExtensions.swift (in target 'HotwireNative' from project 'HotwireNative')
cd /Users/admin/builder/spi-builder-workspace/.swiftpm/xcode
SwiftCompile normal arm64 /Users/admin/builder/spi-builder-workspace/Source/Turbo/Navigator/Extensions/UINavigationControllerExtension.swift (in target 'HotwireNative' from project 'HotwireNative')
cd /Users/admin/builder/spi-builder-workspace/.swiftpm/xcode
/Users/admin/builder/spi-builder-workspace/Source/Turbo/Navigator/Extensions/UINavigationControllerExtension.swift:19:27: error: 'detents' is unavailable in visionOS
sheet.detents = [.medium(), .large()]
^~~~~~~
/Applications/Xcode-26.3.0.app/Contents/Developer/Platforms/XROS.platform/Developer/SDKs/XROS26.2.sdk/System/Library/Frameworks/UIKit.framework/Headers/UISheetPresentationController.h:134:77: note: 'detents' has been explicitly marked unavailable here
@property (nonatomic, copy) NSArray<UISheetPresentationControllerDetent *> *detents API_UNAVAILABLE(visionos);
^
SwiftCompile normal arm64 /Users/admin/builder/spi-builder-workspace/Source/Turbo/Navigator/Extensions/UIViewController+ModalBehaviour.swift (in target 'HotwireNative' from project 'HotwireNative')
cd /Users/admin/builder/spi-builder-workspace/.swiftpm/xcode
SwiftCompile normal arm64 /Users/admin/builder/spi-builder-workspace/Source/Turbo/Navigator/Extensions/UIViewController+RoutedLocation.swift (in target 'HotwireNative' from project 'HotwireNative')
cd /Users/admin/builder/spi-builder-workspace/.swiftpm/xcode
SwiftCompile normal arm64 /Users/admin/builder/spi-builder-workspace/Source/Turbo/Navigator/Extensions/URL+Compare.swift (in target 'HotwireNative' from project 'HotwireNative')
cd /Users/admin/builder/spi-builder-workspace/.swiftpm/xcode
SwiftCompile normal arm64 /Users/admin/builder/spi-builder-workspace/Source/Turbo/Navigator/Extensions/VisitProposalExtension.swift (in target 'HotwireNative' from project 'HotwireNative')
cd /Users/admin/builder/spi-builder-workspace/.swiftpm/xcode
SwiftCompile normal arm64 /Users/admin/builder/spi-builder-workspace/Source/Turbo/Navigator/Extensions/VisitableViewControllerExtension.swift (in target 'HotwireNative' from project 'HotwireNative')
cd /Users/admin/builder/spi-builder-workspace/.swiftpm/xcode
SwiftCompile normal arm64 /Users/admin/builder/spi-builder-workspace/Source/Turbo/Navigator/Extensions/WKNavigationAction+Utils.swift (in target 'HotwireNative' from project 'HotwireNative')
cd /Users/admin/builder/spi-builder-workspace/.swiftpm/xcode
SwiftCompile normal arm64 /Users/admin/builder/spi-builder-workspace/Source/Turbo/Navigator/Extensions/WKWebView+ebContentProcess.swift (in target 'HotwireNative' from project 'HotwireNative')
cd /Users/admin/builder/spi-builder-workspace/.swiftpm/xcode
Failed frontend command:
/Applications/Xcode-26.3.0.app/Contents/Developer/Toolchains/XcodeDefault.xctoolchain/usr/bin/swift-frontend -frontend -c /Users/admin/builder/spi-builder-workspace/.derivedData/Build/Intermediates.noindex/HotwireNative.build/Debug-xros/HotwireNative.build/DerivedSources/resource_bundle_accessor.swift /Users/admin/builder/spi-builder-workspace/Source/Bridge/Bridge.swift /Users/admin/builder/spi-builder-workspace/Source/Bridge/BridgeComponent.swift /Users/admin/builder/spi-builder-workspace/Source/Bridge/BridgeDelegate.swift /Users/admin/builder/spi-builder-workspace/Source/Bridge/Extensions/Data+Utils.swift /Users/admin/builder/spi-builder-workspace/Source/Bridge/Extensions/Dictionary+JSON.swift /Users/admin/builder/spi-builder-workspace/Source/Bridge/Extensions/Encodable+Utils.swift /Users/admin/builder/spi-builder-workspace/Source/Bridge/Extensions/String+JSON.swift /Users/admin/builder/spi-builder-workspace/Source/Bridge/InternalMessage.swift /Users/admin/builder/spi-builder-workspace/Source/Bridge/JavaScript.swift /Users/admin/builder/spi-builder-workspace/Source/Bridge/Message.swift /Users/admin/builder/spi-builder-workspace/Source/Bridge/UserAgent.swift /Users/admin/builder/spi-builder-workspace/Source/Hotwire.swift /Users/admin/builder/spi-builder-workspace/Source/HotwireConfig.swift /Users/admin/builder/spi-builder-workspace/Source/Logging/HotwireLogger.swift /Users/admin/builder/spi-builder-workspace/Source/Logging/LogLevel.swift /Users/admin/builder/spi-builder-workspace/Source/Logging/Logger.swift /Users/admin/builder/spi-builder-workspace/Source/Logging/OSLogWrapper.swift /Users/admin/builder/spi-builder-workspace/Source/NavigationHandler.swift /Users/admin/builder/spi-builder-workspace/Source/ScriptMessageHandler.swift /Users/admin/builder/spi-builder-workspace/Source/Turbo/Errors/HTTPError.swift /Users/admin/builder/spi-builder-workspace/Source/Turbo/Errors/HotwireNativeError.swift /Users/admin/builder/spi-builder-workspace/Source/Turbo/Errors/LoadError.swift /Users/admin/builder/spi-builder-workspace/Source/Turbo/Errors/TurboError.swift /Users/admin/builder/spi-builder-workspace/Source/Turbo/Errors/WebError.swift /Users/admin/builder/spi-builder-workspace/Source/Turbo/Models/HotwireTab+UITab.swift /Users/admin/builder/spi-builder-workspace/Source/Turbo/Models/HotwireTab+UITabBarItem.swift /Users/admin/builder/spi-builder-workspace/Source/Turbo/Models/HotwireTab.swift -primary-file /Users/admin/builder/spi-builder-workspace/Source/Turbo/Navigator/Extensions/PathPropertiesExtensions.swift -primary-file /Users/admin/builder/spi-builder-workspace/Source/Turbo/Navigator/Extensions/UINavigationControllerExtension.swift -primary-file /Users/admin/builder/spi-builder-workspace/Source/Turbo/Navigator/Extensions/UIViewController+ModalBehaviour.swift -primary-file /Users/admin/builder/spi-builder-workspace/Source/Turbo/Navigator/Extensions/UIViewController+RoutedLocation.swift -primary-file /Users/admin/builder/spi-builder-workspace/Source/Turbo/Navigator/Extensions/URL+Compare.swift -primary-file /Users/admin/builder/spi-builder-workspace/Source/Turbo/Navigator/Extensions/VisitProposalExtension.swift -primary-file /Users/admin/builder/spi-builder-workspace/Source/Turbo/Navigator/Extensions/VisitableViewControllerExtension.swift -primary-file /Users/admin/builder/spi-builder-workspace/Source/Turbo/Navigator/Extensions/WKNavigationAction+Utils.swift -primary-file /Users/admin/builder/spi-builder-workspace/Source/Turbo/Navigator/Extensions/WKWebView+ebContentProcess.swift /Users/admin/builder/spi-builder-workspace/Source/Turbo/Navigator/Helpers/ErrorHandling/DefaultErrorView.swift /Users/admin/builder/spi-builder-workspace/Source/Turbo/Navigator/Helpers/ErrorHandling/ErrorPresentableView.swift /Users/admin/builder/spi-builder-workspace/Source/Turbo/Navigator/Helpers/ErrorHandling/ErrorPresenter.swift /Users/admin/builder/spi-builder-workspace/Source/Turbo/Navigator/Helpers/Navigation+QueryStringPresentation.swift /Users/admin/builder/spi-builder-workspace/Source/Turbo/Navigator/Helpers/Navigation.swift /Users/admin/builder/spi-builder-workspace/Source/Turbo/Navigator/Helpers/PathConfigurationIdentifiable.swift /Users/admin/builder/spi-builder-workspace/Source/Turbo/Navigator/Helpers/ProposalResult.swift /Users/admin/builder/spi-builder-workspace/Source/Turbo/Navigator/Navigating.swift /Users/admin/builder/spi-builder-workspace/Source/Turbo/Navigator/NavigationHierarchyController.swift /Users/admin/builder/spi-builder-workspace/Source/Turbo/Navigator/NavigationHierarchyControllerDelegate.swift /Users/admin/builder/spi-builder-workspace/Source/Turbo/Navigator/Navigator+Configuration.swift /Users/admin/builder/spi-builder-workspace/Source/Turbo/Navigator/Navigator.swift /Users/admin/builder/spi-builder-workspace/Source/Turbo/Navigator/NavigatorDelegate.swift /Users/admin/builder/spi-builder-workspace/Source/Turbo/Navigator/Routing/Handlers/AppNavigationRouteDecisionHandler.swift /Users/admin/builder/spi-builder-workspace/Source/Turbo/Navigator/Routing/Handlers/SafariViewControllerRouteDecisionHandler.swift /Users/admin/builder/spi-builder-workspace/Source/Turbo/Navigator/Routing/Handlers/SystemNavigationRouteDecisionHandler.swift /Users/admin/builder/spi-builder-workspace/Source/Turbo/Navigator/Routing/RouteDecisionHandler.swift /Users/admin/builder/spi-builder-workspace/Source/Turbo/Navigator/Routing/Router.swift /Users/admin/builder/spi-builder-workspace/Source/Turbo/Navigator/WKUIController.swift /Users/admin/builder/spi-builder-workspace/Source/Turbo/Navigator/WebViewPolicy/Handlers/ExternalNavigationWebViewPolicyDecisionHandler.swift /Users/admin/builder/spi-builder-workspace/Source/Turbo/Navigator/WebViewPolicy/Handlers/LinkActivatedWebViewPolicyDecisionHandler.swift /Users/admin/builder/spi-builder-workspace/Source/Turbo/Navigator/WebViewPolicy/Handlers/NewWindowWebViewPolicyDecisionHandler.swift /Users/admin/builder/spi-builder-workspace/Source/Turbo/Navigator/WebViewPolicy/Handlers/ReloadWebViewPolicyDecisionHandler.swift /Users/admin/builder/spi-builder-workspace/Source/Turbo/Navigator/WebViewPolicy/WebViewPolicyManager.swift /Users/admin/builder/spi-builder-workspace/Source/Turbo/Navigator/WebViewPolicy/WebViewRouteDecisionHandler.swift /Users/admin/builder/spi-builder-workspace/Source/Turbo/Networking/JSFetchRecoveryHandler.swift /Users/admin/builder/spi-builder-workspace/Source/Turbo/Path\ Configuration/PathConfiguration.swift /Users/admin/builder/spi-builder-workspace/Source/Turbo/Path\ Configuration/PathConfigurationDecoder.swift /Users/admin/builder/spi-builder-workspace/Source/Turbo/Path\ Configuration/PathConfigurationLoader.swift /Users/admin/builder/spi-builder-workspace/Source/Turbo/Path\ Configuration/PathRule+ServerRoutes.swift /Users/admin/builder/spi-builder-workspace/Source/Turbo/Path\ Configuration/PathRule.swift /Users/admin/builder/spi-builder-workspace/Source/Turbo/Session/Session.swift /Users/admin/builder/spi-builder-workspace/Source/Turbo/Session/SessionDelegate.swift /Users/admin/builder/spi-builder-workspace/Source/Turbo/Utils/AppLifecycleObserver.swift /Users/admin/builder/spi-builder-workspace/Source/Turbo/Utils/URL+Utils.swift /Users/admin/builder/spi-builder-workspace/Source/Turbo/ViewControllers/HotwireNavigationController.swift /Users/admin/builder/spi-builder-workspace/Source/Turbo/ViewControllers/HotwireTabBarController.swift /Users/admin/builder/spi-builder-workspace/Source/Turbo/ViewControllers/HotwireWebViewController.swift /Users/admin/builder/spi-builder-workspace/Source/Turbo/Visit/ColdBootVisit.swift /Users/admin/builder/spi-builder-workspace/Source/Turbo/Visit/JavaScriptVisit.swift /Users/admin/builder/spi-builder-workspace/Source/Turbo/Visit/Visit.swift /Users/admin/builder/spi-builder-workspace/Source/Turbo/Visit/VisitAction.swift /Users/admin/builder/spi-builder-workspace/Source/Turbo/Visit/VisitDelegate.swift /Users/admin/builder/spi-builder-workspace/Source/Turbo/Visit/VisitOptions.swift /Users/admin/builder/spi-builder-workspace/Source/Turbo/Visit/VisitProposal.swift /Users/admin/builder/spi-builder-workspace/Source/Turbo/Visit/VisitResponse.swift /Users/admin/builder/spi-builder-workspace/Source/Turbo/Visitable/Visitable.swift /Users/admin/builder/spi-builder-workspace/Source/Turbo/Visitable/VisitableView.swift /Users/admin/builder/spi-builder-workspace/Source/Turbo/Visitable/VisitableViewController.swift /Users/admin/builder/spi-builder-workspace/Source/Turbo/WebView/JSON.swift /Users/admin/builder/spi-builder-workspace/Source/Turbo/WebView/JavaScriptExpression.swift /Users/admin/builder/spi-builder-workspace/Source/Turbo/WebView/ScriptMessage.swift /Users/admin/builder/spi-builder-workspace/Source/Turbo/WebView/WebViewBridge.swift /Users/admin/builder/spi-builder-workspace/Source/WebView.swift -supplementary-output-file-map /Users/admin/builder/spi-builder-workspace/.derivedData/Build/Intermediates.noindex/HotwireNative.build/Debug-xros/HotwireNative.build/Objects-normal/arm64/supplementaryOutputs-4 -target arm64-apple-xros1.0 -disable-cross-import-overlay-search -swift-module-cross-import WebKit /Applications/Xcode-26.3.0.app/Contents/Developer/Platforms/XROS.platform/Developer/SDKs/XROS.sdk/System/Library/Frameworks/WebKit.framework/Modules/WebKit.swiftcrossimport/SwiftUI.swiftoverlay -swift-module-cross-import WebKit /Applications/Xcode-26.3.0.app/Contents/Developer/Platforms/XROS.platform/Developer/SDKs/XROS26.2.sdk/System/Library/Frameworks/WebKit.framework/Modules/WebKit.swiftcrossimport/SwiftUI.swiftoverlay -load-resolved-plugin /Applications/Xcode-26.3.0.app/Contents/Developer/Platforms/XROS.platform/Developer/usr/lib/swift/host/plugins/libFoundationMacros.dylib\#/Applications/Xcode-26.3.0.app/Contents/Developer/Platforms/XROS.platform/Developer/usr/bin/swift-plugin-server\#FoundationMacros -load-resolved-plugin /Applications/Xcode-26.3.0.app/Contents/Developer/Platforms/XROS.platform/Developer/usr/lib/swift/host/plugins/libObservationMacros.dylib\#/Applications/Xcode-26.3.0.app/Contents/Developer/Platforms/XROS.platform/Developer/usr/bin/swift-plugin-server\#ObservationMacros -load-resolved-plugin /Applications/Xcode-26.3.0.app/Contents/Developer/Platforms/XROS.platform/Developer/usr/lib/swift/host/plugins/libPreviewsMacros.dylib\#/Applications/Xcode-26.3.0.app/Contents/Developer/Platforms/XROS.platform/Developer/usr/bin/swift-plugin-server\#PreviewsMacros -load-resolved-plugin /Applications/Xcode-26.3.0.app/Contents/Developer/Platforms/XROS.platform/Developer/usr/lib/swift/host/plugins/libSwiftMacros.dylib\#/Applications/Xcode-26.3.0.app/Contents/Developer/Platforms/XROS.platform/Developer/usr/bin/swift-plugin-server\#SwiftMacros -load-resolved-plugin /Applications/Xcode-26.3.0.app/Contents/Developer/Platforms/XROS.platform/Developer/usr/lib/swift/host/plugins/libSwiftUIMacros.dylib\#/Applications/Xcode-26.3.0.app/Contents/Developer/Platforms/XROS.platform/Developer/usr/bin/swift-plugin-server\#SwiftUIMacros -disable-implicit-swift-modules -Xcc -fno-implicit-modules -Xcc -fno-implicit-module-maps -explicit-swift-module-map-file /Users/admin/builder/spi-builder-workspace/.derivedData/Build/Intermediates.noindex/HotwireNative.build/Debug-xros/HotwireNative.build/Objects-normal/arm64/HotwireNative-dependencies-1.json -Xllvm -aarch64-use-tbi -enable-objc-interop -stack-check -sdk /Applications/Xcode-26.3.0.app/Contents/Developer/Platforms/XROS.platform/Developer/SDKs/XROS26.2.sdk -I /Users/admin/builder/spi-builder-workspace/.derivedData/Build/Products/Debug-xros -Isystem /Applications/Xcode-26.3.0.app/Contents/Developer/Platforms/XROS.platform/Developer/usr/lib -F /Users/admin/builder/spi-builder-workspace/.derivedData/Build/Products/Debug-xros -F /Applications/Xcode-26.3.0.app/Contents/Developer/Platforms/XROS.platform/Developer/Library/Frameworks -F /Applications/Xcode-26.3.0.app/Contents/Developer/Platforms/XROS.platform/Developer/SDKs/XROS26.2.sdk/Developer/Library/Frameworks -no-color-diagnostics -Xcc -fno-color-diagnostics -enable-testing -g -debug-info-format\=dwarf -dwarf-version\=4 -module-cache-path /Users/admin/builder/spi-builder-workspace/.derivedData/Build/Intermediates.noindex/SwiftExplicitPrecompiledModules -profile-generate -profile-coverage-mapping -swift-version 5 -enforce-exclusivity\=checked -Onone -D SWIFT_PACKAGE -D DEBUG -D SWIFT_MODULE_RESOURCE_BUNDLE_AVAILABLE -D Xcode -serialize-debugging-options -const-gather-protocols-file /Users/admin/builder/spi-builder-workspace/.derivedData/Build/Intermediates.noindex/HotwireNative.build/Debug-xros/HotwireNative.build/Objects-normal/arm64/HotwireNative_const_extract_protocols.json -enable-experimental-feature DebugDescriptionMacro -empty-abi-descriptor -validate-clang-modules-once -clang-build-session-file /Users/admin/builder/spi-builder-workspace/.derivedData/ModuleCache.noindex/Session.modulevalidation -Xcc -working-directory -Xcc /Users/admin/builder/spi-builder-workspace/.swiftpm/xcode -enable-anonymous-context-mangled-names -file-compilation-dir /Users/admin/builder/spi-builder-workspace/.swiftpm/xcode -Xcc -D_LIBCPP_HARDENING_MODE\=_LIBCPP_HARDENING_MODE_DEBUG -Xcc -ivfsstatcache -Xcc /Users/admin/builder/spi-builder-workspace/.derivedData/SDKStatCaches.noindex/xros26.2-23N301-dc75598d0054f22ec865fa860f139d72f5e64962d3ee001da1d77d1957dffdab.sdkstatcache -Xcc -I/Users/admin/builder/spi-builder-workspace/.derivedData/Build/Intermediates.noindex/HotwireNative.build/Debug-xros/HotwireNative.build/swift-overrides.hmap -Xcc -I/Users/admin/builder/spi-builder-workspace/.derivedData/Build/Products/Debug-xros/include -Xcc -I/Users/admin/builder/spi-builder-workspace/.derivedData/Build/Intermediates.noindex/HotwireNative.build/Debug-xros/HotwireNative.build/DerivedSources-normal/arm64 -Xcc -I/Users/admin/builder/spi-builder-workspace/.derivedData/Build/Intermediates.noindex/HotwireNative.build/Debug-xros/HotwireNative.build/DerivedSources/arm64 -Xcc -I/Users/admin/builder/spi-builder-workspace/.derivedData/Build/Intermediates.noindex/HotwireNative.build/Debug-xros/HotwireNative.build/DerivedSources -Xcc -DSWIFT_PACKAGE -Xcc -DDEBUG\=1 -no-auto-bridging-header-chaining -module-name HotwireNative -package-name spi_builder_workspace -frontend-parseable-output -disable-clang-spi -target-sdk-version 26.2 -target-sdk-name xros26.2 -clang-target arm64-apple-xros26.2 -in-process-plugin-server-path /Applications/Xcode-26.3.0.app/Contents/Developer/Toolchains/XcodeDefault.xctoolchain/usr/lib/swift/host/libSwiftInProcPluginServer.dylib -o /Users/admin/builder/spi-builder-workspace/.derivedData/Build/Intermediates.noindex/HotwireNative.build/Debug-xros/HotwireNative.build/Objects-normal/arm64/PathPropertiesExtensions.o -o /Users/admin/builder/spi-builder-workspace/.derivedData/Build/Intermediates.noindex/HotwireNative.build/Debug-xros/HotwireNative.build/Objects-normal/arm64/UINavigationControllerExtension.o -o /Users/admin/builder/spi-builder-workspace/.derivedData/Build/Intermediates.noindex/HotwireNative.build/Debug-xros/HotwireNative.build/Objects-normal/arm64/UIViewController+ModalBehaviour.o -o /Users/admin/builder/spi-builder-workspace/.derivedData/Build/Intermediates.noindex/HotwireNative.build/Debug-xros/HotwireNative.build/Objects-normal/arm64/UIViewController+RoutedLocation.o -o /Users/admin/builder/spi-builder-workspace/.derivedData/Build/Intermediates.noindex/HotwireNative.build/Debug-xros/HotwireNative.build/Objects-normal/arm64/URL+Compare.o -o /Users/admin/builder/spi-builder-workspace/.derivedData/Build/Intermediates.noindex/HotwireNative.build/Debug-xros/HotwireNative.build/Objects-normal/arm64/VisitProposalExtension.o -o /Users/admin/builder/spi-builder-workspace/.derivedData/Build/Intermediates.noindex/HotwireNative.build/Debug-xros/HotwireNative.build/Objects-normal/arm64/VisitableViewControllerExtension.o -o /Users/admin/builder/spi-builder-workspace/.derivedData/Build/Intermediates.noindex/HotwireNative.build/Debug-xros/HotwireNative.build/Objects-normal/arm64/WKNavigationAction+Utils.o -o /Users/admin/builder/spi-builder-workspace/.derivedData/Build/Intermediates.noindex/HotwireNative.build/Debug-xros/HotwireNative.build/Objects-normal/arm64/WKWebView+ebContentProcess.o -index-unit-output-path /HotwireNative.build/Debug-xros/HotwireNative.build/Objects-normal/arm64/PathPropertiesExtensions.o -index-unit-output-path /HotwireNative.build/Debug-xros/HotwireNative.build/Objects-normal/arm64/UINavigationControllerExtension.o -index-unit-output-path /HotwireNative.build/Debug-xros/HotwireNative.build/Objects-normal/arm64/UIViewController+ModalBehaviour.o -index-unit-output-path /HotwireNative.build/Debug-xros/HotwireNative.build/Objects-normal/arm64/UIViewController+RoutedLocation.o -index-unit-output-path /HotwireNative.build/Debug-xros/HotwireNative.build/Objects-normal/arm64/URL+Compare.o -index-unit-output-path /HotwireNative.build/Debug-xros/HotwireNative.build/Objects-normal/arm64/VisitProposalExtension.o -index-unit-output-path /HotwireNative.build/Debug-xros/HotwireNative.build/Objects-normal/arm64/VisitableViewControllerExtension.o -index-unit-output-path /HotwireNative.build/Debug-xros/HotwireNative.build/Objects-normal/arm64/WKNavigationAction+Utils.o -index-unit-output-path /HotwireNative.build/Debug-xros/HotwireNative.build/Objects-normal/arm64/WKWebView+ebContentProcess.o -index-store-path /Users/admin/builder/spi-builder-workspace/.derivedData/Index.noindex/DataStore -index-system-modules
SwiftCompile normal arm64 Compiling\ WKUIController.swift,\ ExternalNavigationWebViewPolicyDecisionHandler.swift,\ LinkActivatedWebViewPolicyDecisionHandler.swift,\ NewWindowWebViewPolicyDecisionHandler.swift,\ ReloadWebViewPolicyDecisionHandler.swift,\ WebViewPolicyManager.swift,\ WebViewRouteDecisionHandler.swift,\ JSFetchRecoveryHandler.swift,\ PathConfiguration.swift /Users/admin/builder/spi-builder-workspace/Source/Turbo/Navigator/WKUIController.swift /Users/admin/builder/spi-builder-workspace/Source/Turbo/Navigator/WebViewPolicy/Handlers/ExternalNavigationWebViewPolicyDecisionHandler.swift /Users/admin/builder/spi-builder-workspace/Source/Turbo/Navigator/WebViewPolicy/Handlers/LinkActivatedWebViewPolicyDecisionHandler.swift /Users/admin/builder/spi-builder-workspace/Source/Turbo/Navigator/WebViewPolicy/Handlers/NewWindowWebViewPolicyDecisionHandler.swift /Users/admin/builder/spi-builder-workspace/Source/Turbo/Navigator/WebViewPolicy/Handlers/ReloadWebViewPolicyDecisionHandler.swift /Users/admin/builder/spi-builder-workspace/Source/Turbo/Navigator/WebViewPolicy/WebViewPolicyManager.swift /Users/admin/builder/spi-builder-workspace/Source/Turbo/Navigator/WebViewPolicy/WebViewRouteDecisionHandler.swift /Users/admin/builder/spi-builder-workspace/Source/Turbo/Networking/JSFetchRecoveryHandler.swift /Users/admin/builder/spi-builder-workspace/Source/Turbo/Path\ Configuration/PathConfiguration.swift (in target 'HotwireNative' from project 'HotwireNative')
SwiftCompile normal arm64 /Users/admin/builder/spi-builder-workspace/Source/Turbo/Navigator/WKUIController.swift (in target 'HotwireNative' from project 'HotwireNative')
cd /Users/admin/builder/spi-builder-workspace/.swiftpm/xcode
SwiftCompile normal arm64 /Users/admin/builder/spi-builder-workspace/Source/Turbo/Navigator/WebViewPolicy/Handlers/ExternalNavigationWebViewPolicyDecisionHandler.swift (in target 'HotwireNative' from project 'HotwireNative')
cd /Users/admin/builder/spi-builder-workspace/.swiftpm/xcode
SwiftCompile normal arm64 /Users/admin/builder/spi-builder-workspace/Source/Turbo/Navigator/WebViewPolicy/Handlers/LinkActivatedWebViewPolicyDecisionHandler.swift (in target 'HotwireNative' from project 'HotwireNative')
cd /Users/admin/builder/spi-builder-workspace/.swiftpm/xcode
SwiftCompile normal arm64 /Users/admin/builder/spi-builder-workspace/Source/Turbo/Navigator/WebViewPolicy/Handlers/NewWindowWebViewPolicyDecisionHandler.swift (in target 'HotwireNative' from project 'HotwireNative')
cd /Users/admin/builder/spi-builder-workspace/.swiftpm/xcode
SwiftCompile normal arm64 /Users/admin/builder/spi-builder-workspace/Source/Turbo/Navigator/WebViewPolicy/Handlers/ReloadWebViewPolicyDecisionHandler.swift (in target 'HotwireNative' from project 'HotwireNative')
cd /Users/admin/builder/spi-builder-workspace/.swiftpm/xcode
SwiftCompile normal arm64 /Users/admin/builder/spi-builder-workspace/Source/Turbo/Navigator/WebViewPolicy/WebViewPolicyManager.swift (in target 'HotwireNative' from project 'HotwireNative')
cd /Users/admin/builder/spi-builder-workspace/.swiftpm/xcode
SwiftCompile normal arm64 /Users/admin/builder/spi-builder-workspace/Source/Turbo/Navigator/WebViewPolicy/WebViewRouteDecisionHandler.swift (in target 'HotwireNative' from project 'HotwireNative')
cd /Users/admin/builder/spi-builder-workspace/.swiftpm/xcode
SwiftCompile normal arm64 /Users/admin/builder/spi-builder-workspace/Source/Turbo/Networking/JSFetchRecoveryHandler.swift (in target 'HotwireNative' from project 'HotwireNative')
cd /Users/admin/builder/spi-builder-workspace/.swiftpm/xcode
SwiftCompile normal arm64 /Users/admin/builder/spi-builder-workspace/Source/Turbo/Path\ Configuration/PathConfiguration.swift (in target 'HotwireNative' from project 'HotwireNative')
cd /Users/admin/builder/spi-builder-workspace/.swiftpm/xcode
SwiftCompile normal arm64 Compiling\ PathConfigurationDecoder.swift,\ PathConfigurationLoader.swift,\ PathRule+ServerRoutes.swift,\ PathRule.swift,\ Session.swift,\ SessionDelegate.swift,\ AppLifecycleObserver.swift,\ URL+Utils.swift,\ HotwireNavigationController.swift /Users/admin/builder/spi-builder-workspace/Source/Turbo/Path\ Configuration/PathConfigurationDecoder.swift /Users/admin/builder/spi-builder-workspace/Source/Turbo/Path\ Configuration/PathConfigurationLoader.swift /Users/admin/builder/spi-builder-workspace/Source/Turbo/Path\ Configuration/PathRule+ServerRoutes.swift /Users/admin/builder/spi-builder-workspace/Source/Turbo/Path\ Configuration/PathRule.swift /Users/admin/builder/spi-builder-workspace/Source/Turbo/Session/Session.swift /Users/admin/builder/spi-builder-workspace/Source/Turbo/Session/SessionDelegate.swift /Users/admin/builder/spi-builder-workspace/Source/Turbo/Utils/AppLifecycleObserver.swift /Users/admin/builder/spi-builder-workspace/Source/Turbo/Utils/URL+Utils.swift /Users/admin/builder/spi-builder-workspace/Source/Turbo/ViewControllers/HotwireNavigationController.swift (in target 'HotwireNative' from project 'HotwireNative')
SwiftCompile normal arm64 /Users/admin/builder/spi-builder-workspace/Source/Turbo/Path\ Configuration/PathConfigurationDecoder.swift (in target 'HotwireNative' from project 'HotwireNative')
cd /Users/admin/builder/spi-builder-workspace/.swiftpm/xcode
SwiftCompile normal arm64 /Users/admin/builder/spi-builder-workspace/Source/Turbo/Path\ Configuration/PathConfigurationLoader.swift (in target 'HotwireNative' from project 'HotwireNative')
cd /Users/admin/builder/spi-builder-workspace/.swiftpm/xcode
SwiftCompile normal arm64 /Users/admin/builder/spi-builder-workspace/Source/Turbo/Path\ Configuration/PathRule+ServerRoutes.swift (in target 'HotwireNative' from project 'HotwireNative')
cd /Users/admin/builder/spi-builder-workspace/.swiftpm/xcode
SwiftCompile normal arm64 /Users/admin/builder/spi-builder-workspace/Source/Turbo/Path\ Configuration/PathRule.swift (in target 'HotwireNative' from project 'HotwireNative')
cd /Users/admin/builder/spi-builder-workspace/.swiftpm/xcode
SwiftCompile normal arm64 /Users/admin/builder/spi-builder-workspace/Source/Turbo/Session/Session.swift (in target 'HotwireNative' from project 'HotwireNative')
cd /Users/admin/builder/spi-builder-workspace/.swiftpm/xcode
SwiftCompile normal arm64 /Users/admin/builder/spi-builder-workspace/Source/Turbo/Session/SessionDelegate.swift (in target 'HotwireNative' from project 'HotwireNative')
cd /Users/admin/builder/spi-builder-workspace/.swiftpm/xcode
SwiftCompile normal arm64 /Users/admin/builder/spi-builder-workspace/Source/Turbo/Utils/AppLifecycleObserver.swift (in target 'HotwireNative' from project 'HotwireNative')
cd /Users/admin/builder/spi-builder-workspace/.swiftpm/xcode
SwiftCompile normal arm64 /Users/admin/builder/spi-builder-workspace/Source/Turbo/Utils/URL+Utils.swift (in target 'HotwireNative' from project 'HotwireNative')
cd /Users/admin/builder/spi-builder-workspace/.swiftpm/xcode
SwiftCompile normal arm64 /Users/admin/builder/spi-builder-workspace/Source/Turbo/ViewControllers/HotwireNavigationController.swift (in target 'HotwireNative' from project 'HotwireNative')
cd /Users/admin/builder/spi-builder-workspace/.swiftpm/xcode
SwiftCompile normal arm64 Compiling\ DefaultErrorView.swift,\ ErrorPresentableView.swift,\ ErrorPresenter.swift,\ Navigation+QueryStringPresentation.swift,\ Navigation.swift,\ PathConfigurationIdentifiable.swift,\ ProposalResult.swift,\ Navigating.swift,\ NavigationHierarchyController.swift /Users/admin/builder/spi-builder-workspace/Source/Turbo/Navigator/Helpers/ErrorHandling/DefaultErrorView.swift /Users/admin/builder/spi-builder-workspace/Source/Turbo/Navigator/Helpers/ErrorHandling/ErrorPresentableView.swift /Users/admin/builder/spi-builder-workspace/Source/Turbo/Navigator/Helpers/ErrorHandling/ErrorPresenter.swift /Users/admin/builder/spi-builder-workspace/Source/Turbo/Navigator/Helpers/Navigation+QueryStringPresentation.swift /Users/admin/builder/spi-builder-workspace/Source/Turbo/Navigator/Helpers/Navigation.swift /Users/admin/builder/spi-builder-workspace/Source/Turbo/Navigator/Helpers/PathConfigurationIdentifiable.swift /Users/admin/builder/spi-builder-workspace/Source/Turbo/Navigator/Helpers/ProposalResult.swift /Users/admin/builder/spi-builder-workspace/Source/Turbo/Navigator/Navigating.swift /Users/admin/builder/spi-builder-workspace/Source/Turbo/Navigator/NavigationHierarchyController.swift (in target 'HotwireNative' from project 'HotwireNative')
SwiftCompile normal arm64 /Users/admin/builder/spi-builder-workspace/Source/Turbo/Navigator/Helpers/ErrorHandling/DefaultErrorView.swift (in target 'HotwireNative' from project 'HotwireNative')
cd /Users/admin/builder/spi-builder-workspace/.swiftpm/xcode
SwiftCompile normal arm64 /Users/admin/builder/spi-builder-workspace/Source/Turbo/Navigator/Helpers/ErrorHandling/ErrorPresentableView.swift (in target 'HotwireNative' from project 'HotwireNative')
cd /Users/admin/builder/spi-builder-workspace/.swiftpm/xcode
SwiftCompile normal arm64 /Users/admin/builder/spi-builder-workspace/Source/Turbo/Navigator/Helpers/ErrorHandling/ErrorPresenter.swift (in target 'HotwireNative' from project 'HotwireNative')
cd /Users/admin/builder/spi-builder-workspace/.swiftpm/xcode
SwiftCompile normal arm64 /Users/admin/builder/spi-builder-workspace/Source/Turbo/Navigator/Helpers/Navigation+QueryStringPresentation.swift (in target 'HotwireNative' from project 'HotwireNative')
cd /Users/admin/builder/spi-builder-workspace/.swiftpm/xcode
SwiftCompile normal arm64 /Users/admin/builder/spi-builder-workspace/Source/Turbo/Navigator/Helpers/Navigation.swift (in target 'HotwireNative' from project 'HotwireNative')
cd /Users/admin/builder/spi-builder-workspace/.swiftpm/xcode
SwiftCompile normal arm64 /Users/admin/builder/spi-builder-workspace/Source/Turbo/Navigator/Helpers/PathConfigurationIdentifiable.swift (in target 'HotwireNative' from project 'HotwireNative')
cd /Users/admin/builder/spi-builder-workspace/.swiftpm/xcode
SwiftCompile normal arm64 /Users/admin/builder/spi-builder-workspace/Source/Turbo/Navigator/Helpers/ProposalResult.swift (in target 'HotwireNative' from project 'HotwireNative')
cd /Users/admin/builder/spi-builder-workspace/.swiftpm/xcode
SwiftCompile normal arm64 /Users/admin/builder/spi-builder-workspace/Source/Turbo/Navigator/Navigating.swift (in target 'HotwireNative' from project 'HotwireNative')
cd /Users/admin/builder/spi-builder-workspace/.swiftpm/xcode
SwiftCompile normal arm64 /Users/admin/builder/spi-builder-workspace/Source/Turbo/Navigator/NavigationHierarchyController.swift (in target 'HotwireNative' from project 'HotwireNative')
cd /Users/admin/builder/spi-builder-workspace/.swiftpm/xcode
SwiftCompile normal arm64 Compiling\ ScriptMessageHandler.swift,\ HTTPError.swift,\ HotwireNativeError.swift,\ LoadError.swift,\ TurboError.swift,\ WebError.swift,\ HotwireTab+UITab.swift,\ HotwireTab+UITabBarItem.swift,\ HotwireTab.swift /Users/admin/builder/spi-builder-workspace/Source/ScriptMessageHandler.swift /Users/admin/builder/spi-builder-workspace/Source/Turbo/Errors/HTTPError.swift /Users/admin/builder/spi-builder-workspace/Source/Turbo/Errors/HotwireNativeError.swift /Users/admin/builder/spi-builder-workspace/Source/Turbo/Errors/LoadError.swift /Users/admin/builder/spi-builder-workspace/Source/Turbo/Errors/TurboError.swift /Users/admin/builder/spi-builder-workspace/Source/Turbo/Errors/WebError.swift /Users/admin/builder/spi-builder-workspace/Source/Turbo/Models/HotwireTab+UITab.swift /Users/admin/builder/spi-builder-workspace/Source/Turbo/Models/HotwireTab+UITabBarItem.swift /Users/admin/builder/spi-builder-workspace/Source/Turbo/Models/HotwireTab.swift (in target 'HotwireNative' from project 'HotwireNative')
SwiftCompile normal arm64 /Users/admin/builder/spi-builder-workspace/Source/ScriptMessageHandler.swift (in target 'HotwireNative' from project 'HotwireNative')
cd /Users/admin/builder/spi-builder-workspace/.swiftpm/xcode
SwiftCompile normal arm64 /Users/admin/builder/spi-builder-workspace/Source/Turbo/Errors/HTTPError.swift (in target 'HotwireNative' from project 'HotwireNative')
cd /Users/admin/builder/spi-builder-workspace/.swiftpm/xcode
SwiftCompile normal arm64 /Users/admin/builder/spi-builder-workspace/Source/Turbo/Errors/HotwireNativeError.swift (in target 'HotwireNative' from project 'HotwireNative')
cd /Users/admin/builder/spi-builder-workspace/.swiftpm/xcode
SwiftCompile normal arm64 /Users/admin/builder/spi-builder-workspace/Source/Turbo/Errors/LoadError.swift (in target 'HotwireNative' from project 'HotwireNative')
cd /Users/admin/builder/spi-builder-workspace/.swiftpm/xcode
SwiftCompile normal arm64 /Users/admin/builder/spi-builder-workspace/Source/Turbo/Errors/TurboError.swift (in target 'HotwireNative' from project 'HotwireNative')
cd /Users/admin/builder/spi-builder-workspace/.swiftpm/xcode
SwiftCompile normal arm64 /Users/admin/builder/spi-builder-workspace/Source/Turbo/Errors/WebError.swift (in target 'HotwireNative' from project 'HotwireNative')
cd /Users/admin/builder/spi-builder-workspace/.swiftpm/xcode
SwiftCompile normal arm64 /Users/admin/builder/spi-builder-workspace/Source/Turbo/Models/HotwireTab+UITab.swift (in target 'HotwireNative' from project 'HotwireNative')
cd /Users/admin/builder/spi-builder-workspace/.swiftpm/xcode
SwiftCompile normal arm64 /Users/admin/builder/spi-builder-workspace/Source/Turbo/Models/HotwireTab+UITabBarItem.swift (in target 'HotwireNative' from project 'HotwireNative')
cd /Users/admin/builder/spi-builder-workspace/.swiftpm/xcode
SwiftCompile normal arm64 /Users/admin/builder/spi-builder-workspace/Source/Turbo/Models/HotwireTab.swift (in target 'HotwireNative' from project 'HotwireNative')
cd /Users/admin/builder/spi-builder-workspace/.swiftpm/xcode
SwiftEmitModule normal arm64 Emitting\ module\ for\ HotwireNative (in target 'HotwireNative' from project 'HotwireNative')
EmitSwiftModule normal arm64 (in target 'HotwireNative' from project 'HotwireNative')
cd /Users/admin/builder/spi-builder-workspace/.swiftpm/xcode
SwiftCompile normal arm64 Compiling\ VisitResponse.swift,\ Visitable.swift,\ VisitableView.swift,\ VisitableViewController.swift,\ JSON.swift,\ JavaScriptExpression.swift,\ ScriptMessage.swift,\ WebViewBridge.swift,\ WebView.swift /Users/admin/builder/spi-builder-workspace/Source/Turbo/Visit/VisitResponse.swift /Users/admin/builder/spi-builder-workspace/Source/Turbo/Visitable/Visitable.swift /Users/admin/builder/spi-builder-workspace/Source/Turbo/Visitable/VisitableView.swift /Users/admin/builder/spi-builder-workspace/Source/Turbo/Visitable/VisitableViewController.swift /Users/admin/builder/spi-builder-workspace/Source/Turbo/WebView/JSON.swift /Users/admin/builder/spi-builder-workspace/Source/Turbo/WebView/JavaScriptExpression.swift /Users/admin/builder/spi-builder-workspace/Source/Turbo/WebView/ScriptMessage.swift /Users/admin/builder/spi-builder-workspace/Source/Turbo/WebView/WebViewBridge.swift /Users/admin/builder/spi-builder-workspace/Source/WebView.swift (in target 'HotwireNative' from project 'HotwireNative')
SwiftCompile normal arm64 /Users/admin/builder/spi-builder-workspace/Source/Turbo/Visit/VisitResponse.swift (in target 'HotwireNative' from project 'HotwireNative')
cd /Users/admin/builder/spi-builder-workspace/.swiftpm/xcode
SwiftCompile normal arm64 /Users/admin/builder/spi-builder-workspace/Source/Turbo/Visitable/Visitable.swift (in target 'HotwireNative' from project 'HotwireNative')
cd /Users/admin/builder/spi-builder-workspace/.swiftpm/xcode
SwiftCompile normal arm64 /Users/admin/builder/spi-builder-workspace/Source/Turbo/Visitable/VisitableView.swift (in target 'HotwireNative' from project 'HotwireNative')
cd /Users/admin/builder/spi-builder-workspace/.swiftpm/xcode
SwiftCompile normal arm64 /Users/admin/builder/spi-builder-workspace/Source/Turbo/Visitable/VisitableViewController.swift (in target 'HotwireNative' from project 'HotwireNative')
cd /Users/admin/builder/spi-builder-workspace/.swiftpm/xcode
SwiftCompile normal arm64 /Users/admin/builder/spi-builder-workspace/Source/Turbo/WebView/JSON.swift (in target 'HotwireNative' from project 'HotwireNative')
cd /Users/admin/builder/spi-builder-workspace/.swiftpm/xcode
SwiftCompile normal arm64 /Users/admin/builder/spi-builder-workspace/Source/Turbo/WebView/JavaScriptExpression.swift (in target 'HotwireNative' from project 'HotwireNative')
cd /Users/admin/builder/spi-builder-workspace/.swiftpm/xcode
SwiftCompile normal arm64 /Users/admin/builder/spi-builder-workspace/Source/Turbo/WebView/ScriptMessage.swift (in target 'HotwireNative' from project 'HotwireNative')
cd /Users/admin/builder/spi-builder-workspace/.swiftpm/xcode
SwiftCompile normal arm64 /Users/admin/builder/spi-builder-workspace/Source/Turbo/WebView/WebViewBridge.swift (in target 'HotwireNative' from project 'HotwireNative')
cd /Users/admin/builder/spi-builder-workspace/.swiftpm/xcode
SwiftCompile normal arm64 /Users/admin/builder/spi-builder-workspace/Source/WebView.swift (in target 'HotwireNative' from project 'HotwireNative')
cd /Users/admin/builder/spi-builder-workspace/.swiftpm/xcode
SwiftCompile normal arm64 Compiling\ HotwireTabBarController.swift,\ HotwireWebViewController.swift,\ ColdBootVisit.swift,\ JavaScriptVisit.swift,\ Visit.swift,\ VisitAction.swift,\ VisitDelegate.swift,\ VisitOptions.swift,\ VisitProposal.swift /Users/admin/builder/spi-builder-workspace/Source/Turbo/ViewControllers/HotwireTabBarController.swift /Users/admin/builder/spi-builder-workspace/Source/Turbo/ViewControllers/HotwireWebViewController.swift /Users/admin/builder/spi-builder-workspace/Source/Turbo/Visit/ColdBootVisit.swift /Users/admin/builder/spi-builder-workspace/Source/Turbo/Visit/JavaScriptVisit.swift /Users/admin/builder/spi-builder-workspace/Source/Turbo/Visit/Visit.swift /Users/admin/builder/spi-builder-workspace/Source/Turbo/Visit/VisitAction.swift /Users/admin/builder/spi-builder-workspace/Source/Turbo/Visit/VisitDelegate.swift /Users/admin/builder/spi-builder-workspace/Source/Turbo/Visit/VisitOptions.swift /Users/admin/builder/spi-builder-workspace/Source/Turbo/Visit/VisitProposal.swift (in target 'HotwireNative' from project 'HotwireNative')
SwiftCompile normal arm64 /Users/admin/builder/spi-builder-workspace/Source/Turbo/ViewControllers/HotwireTabBarController.swift (in target 'HotwireNative' from project 'HotwireNative')
cd /Users/admin/builder/spi-builder-workspace/.swiftpm/xcode
SwiftCompile normal arm64 /Users/admin/builder/spi-builder-workspace/Source/Turbo/ViewControllers/HotwireWebViewController.swift (in target 'HotwireNative' from project 'HotwireNative')
cd /Users/admin/builder/spi-builder-workspace/.swiftpm/xcode
SwiftCompile normal arm64 /Users/admin/builder/spi-builder-workspace/Source/Turbo/Visit/ColdBootVisit.swift (in target 'HotwireNative' from project 'HotwireNative')
cd /Users/admin/builder/spi-builder-workspace/.swiftpm/xcode
SwiftCompile normal arm64 /Users/admin/builder/spi-builder-workspace/Source/Turbo/Visit/JavaScriptVisit.swift (in target 'HotwireNative' from project 'HotwireNative')
cd /Users/admin/builder/spi-builder-workspace/.swiftpm/xcode
SwiftCompile normal arm64 /Users/admin/builder/spi-builder-workspace/Source/Turbo/Visit/Visit.swift (in target 'HotwireNative' from project 'HotwireNative')
cd /Users/admin/builder/spi-builder-workspace/.swiftpm/xcode
SwiftCompile normal arm64 /Users/admin/builder/spi-builder-workspace/Source/Turbo/Visit/VisitAction.swift (in target 'HotwireNative' from project 'HotwireNative')
cd /Users/admin/builder/spi-builder-workspace/.swiftpm/xcode
SwiftCompile normal arm64 /Users/admin/builder/spi-builder-workspace/Source/Turbo/Visit/VisitDelegate.swift (in target 'HotwireNative' from project 'HotwireNative')
cd /Users/admin/builder/spi-builder-workspace/.swiftpm/xcode
SwiftCompile normal arm64 /Users/admin/builder/spi-builder-workspace/Source/Turbo/Visit/VisitOptions.swift (in target 'HotwireNative' from project 'HotwireNative')
cd /Users/admin/builder/spi-builder-workspace/.swiftpm/xcode
SwiftCompile normal arm64 /Users/admin/builder/spi-builder-workspace/Source/Turbo/Visit/VisitProposal.swift (in target 'HotwireNative' from project 'HotwireNative')
cd /Users/admin/builder/spi-builder-workspace/.swiftpm/xcode
SwiftCompile normal arm64 Compiling\ Message.swift,\ UserAgent.swift,\ Hotwire.swift,\ HotwireConfig.swift,\ HotwireLogger.swift,\ LogLevel.swift,\ Logger.swift,\ OSLogWrapper.swift,\ NavigationHandler.swift /Users/admin/builder/spi-builder-workspace/Source/Bridge/Message.swift /Users/admin/builder/spi-builder-workspace/Source/Bridge/UserAgent.swift /Users/admin/builder/spi-builder-workspace/Source/Hotwire.swift /Users/admin/builder/spi-builder-workspace/Source/HotwireConfig.swift /Users/admin/builder/spi-builder-workspace/Source/Logging/HotwireLogger.swift /Users/admin/builder/spi-builder-workspace/Source/Logging/LogLevel.swift /Users/admin/builder/spi-builder-workspace/Source/Logging/Logger.swift /Users/admin/builder/spi-builder-workspace/Source/Logging/OSLogWrapper.swift /Users/admin/builder/spi-builder-workspace/Source/NavigationHandler.swift (in target 'HotwireNative' from project 'HotwireNative')
SwiftCompile normal arm64 /Users/admin/builder/spi-builder-workspace/Source/Bridge/Message.swift (in target 'HotwireNative' from project 'HotwireNative')
cd /Users/admin/builder/spi-builder-workspace/.swiftpm/xcode
SwiftCompile normal arm64 /Users/admin/builder/spi-builder-workspace/Source/Bridge/UserAgent.swift (in target 'HotwireNative' from project 'HotwireNative')
cd /Users/admin/builder/spi-builder-workspace/.swiftpm/xcode
SwiftCompile normal arm64 /Users/admin/builder/spi-builder-workspace/Source/Hotwire.swift (in target 'HotwireNative' from project 'HotwireNative')
cd /Users/admin/builder/spi-builder-workspace/.swiftpm/xcode
SwiftCompile normal arm64 /Users/admin/builder/spi-builder-workspace/Source/HotwireConfig.swift (in target 'HotwireNative' from project 'HotwireNative')
cd /Users/admin/builder/spi-builder-workspace/.swiftpm/xcode
SwiftCompile normal arm64 /Users/admin/builder/spi-builder-workspace/Source/Logging/HotwireLogger.swift (in target 'HotwireNative' from project 'HotwireNative')
cd /Users/admin/builder/spi-builder-workspace/.swiftpm/xcode
SwiftCompile normal arm64 /Users/admin/builder/spi-builder-workspace/Source/Logging/LogLevel.swift (in target 'HotwireNative' from project 'HotwireNative')
cd /Users/admin/builder/spi-builder-workspace/.swiftpm/xcode
SwiftCompile normal arm64 /Users/admin/builder/spi-builder-workspace/Source/Logging/Logger.swift (in target 'HotwireNative' from project 'HotwireNative')
cd /Users/admin/builder/spi-builder-workspace/.swiftpm/xcode
SwiftCompile normal arm64 /Users/admin/builder/spi-builder-workspace/Source/Logging/OSLogWrapper.swift (in target 'HotwireNative' from project 'HotwireNative')
cd /Users/admin/builder/spi-builder-workspace/.swiftpm/xcode
SwiftCompile normal arm64 /Users/admin/builder/spi-builder-workspace/Source/NavigationHandler.swift (in target 'HotwireNative' from project 'HotwireNative')
cd /Users/admin/builder/spi-builder-workspace/.swiftpm/xcode
SwiftCompile normal arm64 Compiling\ resource_bundle_accessor.swift,\ Bridge.swift,\ BridgeComponent.swift,\ BridgeDelegate.swift,\ Data+Utils.swift,\ Dictionary+JSON.swift,\ Encodable+Utils.swift,\ String+JSON.swift,\ InternalMessage.swift,\ JavaScript.swift /Users/admin/builder/spi-builder-workspace/.derivedData/Build/Intermediates.noindex/HotwireNative.build/Debug-xros/HotwireNative.build/DerivedSources/resource_bundle_accessor.swift /Users/admin/builder/spi-builder-workspace/Source/Bridge/Bridge.swift /Users/admin/builder/spi-builder-workspace/Source/Bridge/BridgeComponent.swift /Users/admin/builder/spi-builder-workspace/Source/Bridge/BridgeDelegate.swift /Users/admin/builder/spi-builder-workspace/Source/Bridge/Extensions/Data+Utils.swift /Users/admin/builder/spi-builder-workspace/Source/Bridge/Extensions/Dictionary+JSON.swift /Users/admin/builder/spi-builder-workspace/Source/Bridge/Extensions/Encodable+Utils.swift /Users/admin/builder/spi-builder-workspace/Source/Bridge/Extensions/String+JSON.swift /Users/admin/builder/spi-builder-workspace/Source/Bridge/InternalMessage.swift /Users/admin/builder/spi-builder-workspace/Source/Bridge/JavaScript.swift (in target 'HotwireNative' from project 'HotwireNative')
SwiftCompile normal arm64 /Users/admin/builder/spi-builder-workspace/.derivedData/Build/Intermediates.noindex/HotwireNative.build/Debug-xros/HotwireNative.build/DerivedSources/resource_bundle_accessor.swift (in target 'HotwireNative' from project 'HotwireNative')
cd /Users/admin/builder/spi-builder-workspace/.swiftpm/xcode
SwiftCompile normal arm64 /Users/admin/builder/spi-builder-workspace/Source/Bridge/Bridge.swift (in target 'HotwireNative' from project 'HotwireNative')
cd /Users/admin/builder/spi-builder-workspace/.swiftpm/xcode
SwiftCompile normal arm64 /Users/admin/builder/spi-builder-workspace/Source/Bridge/BridgeComponent.swift (in target 'HotwireNative' from project 'HotwireNative')
cd /Users/admin/builder/spi-builder-workspace/.swiftpm/xcode
SwiftCompile normal arm64 /Users/admin/builder/spi-builder-workspace/Source/Bridge/BridgeDelegate.swift (in target 'HotwireNative' from project 'HotwireNative')
cd /Users/admin/builder/spi-builder-workspace/.swiftpm/xcode
SwiftCompile normal arm64 /Users/admin/builder/spi-builder-workspace/Source/Bridge/Extensions/Data+Utils.swift (in target 'HotwireNative' from project 'HotwireNative')
cd /Users/admin/builder/spi-builder-workspace/.swiftpm/xcode
SwiftCompile normal arm64 /Users/admin/builder/spi-builder-workspace/Source/Bridge/Extensions/Dictionary+JSON.swift (in target 'HotwireNative' from project 'HotwireNative')
cd /Users/admin/builder/spi-builder-workspace/.swiftpm/xcode
SwiftCompile normal arm64 /Users/admin/builder/spi-builder-workspace/Source/Bridge/Extensions/Encodable+Utils.swift (in target 'HotwireNative' from project 'HotwireNative')
cd /Users/admin/builder/spi-builder-workspace/.swiftpm/xcode
SwiftCompile normal arm64 /Users/admin/builder/spi-builder-workspace/Source/Bridge/Extensions/String+JSON.swift (in target 'HotwireNative' from project 'HotwireNative')
cd /Users/admin/builder/spi-builder-workspace/.swiftpm/xcode
SwiftCompile normal arm64 /Users/admin/builder/spi-builder-workspace/Source/Bridge/InternalMessage.swift (in target 'HotwireNative' from project 'HotwireNative')
cd /Users/admin/builder/spi-builder-workspace/.swiftpm/xcode
SwiftCompile normal arm64 /Users/admin/builder/spi-builder-workspace/Source/Bridge/JavaScript.swift (in target 'HotwireNative' from project 'HotwireNative')
cd /Users/admin/builder/spi-builder-workspace/.swiftpm/xcode
SwiftCompile normal arm64 Compiling\ NavigationHierarchyControllerDelegate.swift,\ Navigator+Configuration.swift,\ Navigator.swift,\ NavigatorDelegate.swift,\ AppNavigationRouteDecisionHandler.swift,\ SafariViewControllerRouteDecisionHandler.swift,\ SystemNavigationRouteDecisionHandler.swift,\ RouteDecisionHandler.swift,\ Router.swift /Users/admin/builder/spi-builder-workspace/Source/Turbo/Navigator/NavigationHierarchyControllerDelegate.swift /Users/admin/builder/spi-builder-workspace/Source/Turbo/Navigator/Navigator+Configuration.swift /Users/admin/builder/spi-builder-workspace/Source/Turbo/Navigator/Navigator.swift /Users/admin/builder/spi-builder-workspace/Source/Turbo/Navigator/NavigatorDelegate.swift /Users/admin/builder/spi-builder-workspace/Source/Turbo/Navigator/Routing/Handlers/AppNavigationRouteDecisionHandler.swift /Users/admin/builder/spi-builder-workspace/Source/Turbo/Navigator/Routing/Handlers/SafariViewControllerRouteDecisionHandler.swift /Users/admin/builder/spi-builder-workspace/Source/Turbo/Navigator/Routing/Handlers/SystemNavigationRouteDecisionHandler.swift /Users/admin/builder/spi-builder-workspace/Source/Turbo/Navigator/Routing/RouteDecisionHandler.swift /Users/admin/builder/spi-builder-workspace/Source/Turbo/Navigator/Routing/Router.swift (in target 'HotwireNative' from project 'HotwireNative')
2026-08-15 06:49:47.085 xcodebuild[888:5316] [MT] IDERunDestination: Supported platforms for the buildables in the current scheme is empty.
** BUILD FAILED **
The following build commands failed:
SwiftCompile normal arm64 /Users/admin/builder/spi-builder-workspace/Source/Turbo/Navigator/Extensions/UINavigationControllerExtension.swift (in target 'HotwireNative' from project 'HotwireNative')
SwiftCompile normal arm64 Compiling\ PathPropertiesExtensions.swift,\ UINavigationControllerExtension.swift,\ UIViewController+ModalBehaviour.swift,\ UIViewController+RoutedLocation.swift,\ URL+Compare.swift,\ VisitProposalExtension.swift,\ VisitableViewControllerExtension.swift,\ WKNavigationAction+Utils.swift,\ WKWebView+ebContentProcess.swift /Users/admin/builder/spi-builder-workspace/Source/Turbo/Navigator/Extensions/PathPropertiesExtensions.swift /Users/admin/builder/spi-builder-workspace/Source/Turbo/Navigator/Extensions/UINavigationControllerExtension.swift /Users/admin/builder/spi-builder-workspace/Source/Turbo/Navigator/Extensions/UIViewController+ModalBehaviour.swift /Users/admin/builder/spi-builder-workspace/Source/Turbo/Navigator/Extensions/UIViewController+RoutedLocation.swift /Users/admin/builder/spi-builder-workspace/Source/Turbo/Navigator/Extensions/URL+Compare.swift /Users/admin/builder/spi-builder-workspace/Source/Turbo/Navigator/Extensions/VisitProposalExtension.swift /Users/admin/builder/spi-builder-workspace/Source/Turbo/Navigator/Extensions/VisitableViewControllerExtension.swift /Users/admin/builder/spi-builder-workspace/Source/Turbo/Navigator/Extensions/WKNavigationAction+Utils.swift /Users/admin/builder/spi-builder-workspace/Source/Turbo/Navigator/Extensions/WKWebView+ebContentProcess.swift (in target 'HotwireNative' from project 'HotwireNative')
Building workspace spi-builder-workspace with scheme HotwireNative
(3 failures)
BUILD FAILURE 6.2 visionOS