Build Information
Failed to build ProcessOut, reference master (a72b5f), with Swift 6.1 for Android on 22 Oct 2026 19:37:17 UTC.
Build Command
bash -c docker run --pull=always --rm -v "checkouts-53886769-0":/host -w "$PWD" -e JAVA_HOME="/root/.sdkman/candidates/java/current" -e SPI_BUILD="1" -e SPI_PROCESSING="1" registry.gitlab.com/saguaro1/spi-images:android-6.1-latest swift build --swift-sdk aarch64-unknown-linux-android24 2>&1Build Log
========================================
RunAll
========================================
Builder version: 5.1.3
Interrupt handler set up.
========================================
Checkout
========================================
Clone URL: https://github.com/processout/processout-ios.git
Reference: master
Initialized empty Git repository in /host/spi-builder-workspace/.git/
hint: Using 'master' as the name for the initial branch. This default branch name
hint: is subject to change. To configure the initial branch name to use in all
hint: of your new repositories, which will suppress this warning, call:
hint:
hint: git config --global init.defaultBranch <name>
hint:
hint: Names commonly chosen instead of 'master' are 'main', 'trunk' and
hint: 'development'. The just-created branch can be renamed via this command:
hint:
hint: git branch -m <name>
From https://github.com/processout/processout-ios
* branch master -> FETCH_HEAD
* [new branch] master -> origin/master
HEAD is now at a72b5f7 feat(release): 4.45.0 (#541)
Cloned https://github.com/processout/processout-ios.git
Revision (git rev-parse @):
a72b5f732a1b52a9521ee4791bb66822cc0bafb8
SPI manifest file found: $PWD/.spi.yml
SUCCESS checkout https://github.com/processout/processout-ios.git at master
========================================
Build
========================================
Selected platform: android
Swift version: 6.1
Building package at path: $PWD
https://github.com/processout/processout-ios.git
https://github.com/processout/processout-ios.git
WARNING: environment variable SUPPRESS_SWIFT_6_FLAGS is not set
Running build ...
bash -c docker run --pull=always --rm -v "checkouts-53886769-0":/host -w "$PWD" -e JAVA_HOME="/root/.sdkman/candidates/java/current" -e SPI_BUILD="1" -e SPI_PROCESSING="1" registry.gitlab.com/saguaro1/spi-images:android-6.1-latest swift build --swift-sdk aarch64-unknown-linux-android24 -Xswiftc -Xfrontend -Xswiftc -stats-output-dir -Xswiftc -Xfrontend -Xswiftc .stats -Xswiftc -strict-concurrency=complete -Xswiftc -enable-upcoming-feature -Xswiftc StrictConcurrency -Xswiftc -enable-upcoming-feature -Xswiftc DisableOutwardActorInference -Xswiftc -enable-upcoming-feature -Xswiftc GlobalActorIsolatedTypesUsability -Xswiftc -enable-upcoming-feature -Xswiftc InferSendableFromCaptures 2>&1
android-6.1-latest: Pulling from saguaro1/spi-images
Digest: sha256:639806e3270a7d76362a869fc7a464db4368085eea7ecdf63d02ce60a0298950
Status: Image is up to date for registry.gitlab.com/saguaro1/spi-images:android-6.1-latest
Fetching https://github.com/netceteragroup/ios-3ds-sdk-spm
Fetching https://github.com/checkout/checkout-3ds-sdk-ios
Fetching https://github.com/swiftlang/swift-cmark
[1/61] Fetching ios-3ds-sdk-spm
[62/18717] Fetching ios-3ds-sdk-spm, swift-cmark
[18718/21579] Fetching ios-3ds-sdk-spm, swift-cmark, checkout-3ds-sdk-ios
Fetched https://github.com/netceteragroup/ios-3ds-sdk-spm from cache (7.98s)
Fetched https://github.com/swiftlang/swift-cmark from cache (7.99s)
Fetched https://github.com/checkout/checkout-3ds-sdk-ios from cache (8.12s)
Computing version for https://github.com/netceteragroup/ios-3ds-sdk-spm
Computed https://github.com/netceteragroup/ios-3ds-sdk-spm at 2.7.0 (9.04s)
Computing version for https://github.com/swiftlang/swift-cmark
Computed https://github.com/swiftlang/swift-cmark at 0.7.1 (0.23s)
Computing version for https://github.com/checkout/checkout-3ds-sdk-ios
Computed https://github.com/checkout/checkout-3ds-sdk-ios at 3.5.0 (0.20s)
Fetching https://github.com/airsidemobile/JOSESwift.git
[1/12632] Fetching joseswift
Fetched https://github.com/airsidemobile/JOSESwift.git from cache (1.03s)
Computing version for https://github.com/airsidemobile/JOSESwift.git
Computed https://github.com/airsidemobile/JOSESwift.git at 2.4.0 (1.26s)
Creating working copy for https://github.com/airsidemobile/JOSESwift.git
Working copy of https://github.com/airsidemobile/JOSESwift.git resolved at 2.4.0
Creating working copy for https://github.com/checkout/checkout-3ds-sdk-ios
Working copy of https://github.com/checkout/checkout-3ds-sdk-ios resolved at 3.5.0
Creating working copy for https://github.com/netceteragroup/ios-3ds-sdk-spm
Working copy of https://github.com/netceteragroup/ios-3ds-sdk-spm resolved at 2.7.0
Creating working copy for https://github.com/swiftlang/swift-cmark
Working copy of https://github.com/swiftlang/swift-cmark resolved at 0.7.1
Downloading binary artifact https://nexus.extranet.netcetera.biz/nexus/repository/public-repository-maven/com/netcetera/nca-341-2/3ds-sdk/ios/release/2.7.00/ThreeDS_SDK.zip
[7623/4762278] Downloading https://nexus.extranet.netcetera.biz/nexus/repository/public-repository-maven/com/netcetera/nca-341-2/3ds-sdk/ios/release/2.7.00/ThreeDS_SDK.zip
Downloaded https://nexus.extranet.netcetera.biz/nexus/repository/public-repository-maven/com/netcetera/nca-341-2/3ds-sdk/ios/release/2.7.00/ThreeDS_SDK.zip (2.12s)
Building for debugging...
[0/59] Compiling cmark-gfm cmark.c
[1/59] Compiling cmark-gfm references.c
[2/59] Compiling cmark-gfm buffer.c
[3/59] Compiling cmark-gfm xml.c
[4/59] Compiling cmark-gfm commonmark.c
[5/59] Compiling cmark-gfm syntax_extension.c
[6/59] Compiling cmark-gfm render.c
[7/59] Compiling cmark-gfm plugin.c
[8/59] Compiling cmark-gfm registry.c
[9/59] Compiling cmark-gfm plaintext.c
[10/59] Compiling cmark-gfm utf8.c
[11/59] Compiling cmark-gfm map.c
[12/59] Compiling cmark-gfm man.c
[13/59] Compiling cmark-gfm linked_list.c
[14/59] Compiling cmark-gfm iterator.c
[15/59] Compiling cmark-gfm node.c
[16/59] Compiling cmark-gfm latex.c
[17/59] Compiling cmark-gfm cmark_ctype.c
[18/59] Write swift-version-24593BA9C3E375BF.txt
[19/59] Compiling cmark-gfm html.c
[20/59] Compiling cmark-gfm houdini_href_e.c
[20/59] Copying PrivacyInfo.xcprivacy
[20/59] Copying Localizable.xcstrings
[20/59] Copying Info.plist
[20/59] Compiling cmark-gfm houdini_html_e.c
[20/59] Copying AddressSpecifications.json
[20/59] Copying PrivacyInfo.xcprivacy
[20/59] Copying Info.plist
[20/59] Copying WorkSans.ttf
[20/59] Copying WorkSans-Italic.ttf
[20/59] Copying PrivacyInfo.xcprivacy
[22/59] Copying Info.plist
[32/59] Copying Images.xcassets
[33/59] Copying PrivacyInfo.xcprivacy
[34/59] Copying Info.plist
[34/59] Copying WorkSans.ttf
[36/59] Copying WorkSans-Italic.ttf
[36/59] Copying PrivacyInfo.xcprivacy
[38/59] Copying PhoneNumberMetadata.version
[39/59] Copying PhoneNumberMetadata.json
[40/59] Copying Localizable.xcstrings
[41/59] Copying Info.plist
[42/59] Copying Images.xcassets
[44/59] Write sources
[52/59] Copying Colors.xcassets
[53/59] Compiling cmark-gfm footnotes.c
[54/59] Compiling cmark-gfm houdini_html_u.c
[55/59] Compiling cmark-gfm arena.c
[56/59] Compiling cmark-gfm inlines.c
[57/59] Compiling cmark-gfm blocks.c
[58/59] Compiling cmark-gfm scanners.c
error: emit-module command failed with exit code 1 (use -v to see invocation)
[60/285] Emitting module JOSESwift
/host/spi-builder-workspace/.build/checkouts/JOSESwift/JOSESwift/Sources/CompressionImplementation/DeflateWrapper.swift:31:8: error: no such module 'Compression'
29 |
30 | import Foundation
31 | import Compression
| `- error: no such module 'Compression'
32 |
33 | struct DeflateCompressor: CompressorProtocol {
[61/292] Compiling JOSESwift RSASigner.swift
/host/spi-builder-workspace/.build/checkouts/JOSESwift/JOSESwift/Sources/CompressionImplementation/DeflateWrapper.swift:31:8: error: no such module 'Compression'
29 |
30 | import Foundation
31 | import Compression
| `- error: no such module 'Compression'
32 |
33 | struct DeflateCompressor: CompressorProtocol {
[62/292] Compiling JOSESwift RSAVerifier.swift
/host/spi-builder-workspace/.build/checkouts/JOSESwift/JOSESwift/Sources/CompressionImplementation/DeflateWrapper.swift:31:8: error: no such module 'Compression'
29 |
30 | import Foundation
31 | import Compression
| `- error: no such module 'Compression'
32 |
33 | struct DeflateCompressor: CompressorProtocol {
[63/292] Compiling JOSESwift Serializer.swift
/host/spi-builder-workspace/.build/checkouts/JOSESwift/JOSESwift/Sources/CompressionImplementation/DeflateWrapper.swift:31:8: error: no such module 'Compression'
29 |
30 | import Foundation
31 | import Compression
| `- error: no such module 'Compression'
32 |
33 | struct DeflateCompressor: CompressorProtocol {
[64/292] Compiling JOSESwift Signer.swift
/host/spi-builder-workspace/.build/checkouts/JOSESwift/JOSESwift/Sources/CompressionImplementation/DeflateWrapper.swift:31:8: error: no such module 'Compression'
29 |
30 | import Foundation
31 | import Compression
| `- error: no such module 'Compression'
32 |
33 | struct DeflateCompressor: CompressorProtocol {
[65/292] Compiling JOSESwift SymmetricKeyCodable.swift
/host/spi-builder-workspace/.build/checkouts/JOSESwift/JOSESwift/Sources/CompressionImplementation/DeflateWrapper.swift:31:8: error: no such module 'Compression'
29 |
30 | import Foundation
31 | import Compression
| `- error: no such module 'Compression'
32 |
33 | struct DeflateCompressor: CompressorProtocol {
[66/292] Compiling JOSESwift SymmetricKeys.swift
/host/spi-builder-workspace/.build/checkouts/JOSESwift/JOSESwift/Sources/CompressionImplementation/DeflateWrapper.swift:31:8: error: no such module 'Compression'
29 |
30 | import Foundation
31 | import Compression
| `- error: no such module 'Compression'
32 |
33 | struct DeflateCompressor: CompressorProtocol {
[67/292] Compiling JOSESwift Verifier.swift
/host/spi-builder-workspace/.build/checkouts/JOSESwift/JOSESwift/Sources/CompressionImplementation/DeflateWrapper.swift:31:8: error: no such module 'Compression'
29 |
30 | import Foundation
31 | import Compression
| `- error: no such module 'Compression'
32 |
33 | struct DeflateCompressor: CompressorProtocol {
error: emit-module command failed with exit code 1 (use -v to see invocation)
[68/292] Emitting module ProcessOut
/host/spi-builder-workspace/Sources/ProcessOut/Sources/Api/ProcessOut.swift:11:8: error: no such module 'UIKit'
9 |
10 | import Foundation
11 | import UIKit
| `- error: no such module 'UIKit'
12 |
13 | @available(*, deprecated, renamed: "ProcessOut")
[69/292] Compiling ProcessOut DefaultDeviceMetadataProvider.swift
/host/spi-builder-workspace/Sources/ProcessOut/Sources/Api/ProcessOut.swift:11:8: error: no such module 'UIKit'
9 |
10 | import Foundation
11 | import UIKit
| `- error: no such module 'UIKit'
12 |
13 | @available(*, deprecated, renamed: "ProcessOut")
[70/292] Compiling ProcessOut DeviceMetadata.swift
/host/spi-builder-workspace/Sources/ProcessOut/Sources/Api/ProcessOut.swift:11:8: error: no such module 'UIKit'
9 |
10 | import Foundation
11 | import UIKit
| `- error: no such module 'UIKit'
12 |
13 | @available(*, deprecated, renamed: "ProcessOut")
[71/292] Compiling ProcessOut DeviceMetadataProvider.swift
/host/spi-builder-workspace/Sources/ProcessOut/Sources/Api/ProcessOut.swift:11:8: error: no such module 'UIKit'
9 |
10 | import Foundation
11 | import UIKit
| `- error: no such module 'UIKit'
12 |
13 | @available(*, deprecated, renamed: "ProcessOut")
[72/292] Compiling ProcessOut LocalEventEmitter.swift
/host/spi-builder-workspace/Sources/ProcessOut/Sources/Api/ProcessOut.swift:11:8: error: no such module 'UIKit'
9 |
10 | import Foundation
11 | import UIKit
| `- error: no such module 'UIKit'
12 |
13 | @available(*, deprecated, renamed: "ProcessOut")
[73/292] Compiling ProcessOut POEventEmitter.swift
/host/spi-builder-workspace/Sources/ProcessOut/Sources/Api/ProcessOut.swift:11:8: error: no such module 'UIKit'
9 |
10 | import Foundation
11 | import UIKit
| `- error: no such module 'UIKit'
12 |
13 | @available(*, deprecated, renamed: "ProcessOut")
[74/292] Compiling ProcessOut POEventEmitterEvent.swift
/host/spi-builder-workspace/Sources/ProcessOut/Sources/Api/ProcessOut.swift:11:8: error: no such module 'UIKit'
9 |
10 | import Foundation
11 | import UIKit
| `- error: no such module 'UIKit'
12 |
13 | @available(*, deprecated, renamed: "ProcessOut")
[75/292] Compiling ProcessOut Collection+Utils.swift
/host/spi-builder-workspace/Sources/ProcessOut/Sources/Api/ProcessOut.swift:11:8: error: no such module 'UIKit'
9 |
10 | import Foundation
11 | import UIKit
| `- error: no such module 'UIKit'
12 |
13 | @available(*, deprecated, renamed: "ProcessOut")
[76/292] Compiling ProcessOut DispatchTime+UptimeSeconds.swift
/host/spi-builder-workspace/Sources/ProcessOut/Sources/Api/ProcessOut.swift:11:8: error: no such module 'UIKit'
9 |
10 | import Foundation
11 | import UIKit
| `- error: no such module 'UIKit'
12 |
13 | @available(*, deprecated, renamed: "ProcessOut")
[77/292] Compiling ProcessOut String+Extensions.swift
/host/spi-builder-workspace/Sources/ProcessOut/Sources/Api/ProcessOut.swift:11:8: error: no such module 'UIKit'
9 |
10 | import Foundation
11 | import UIKit
| `- error: no such module 'UIKit'
12 |
13 | @available(*, deprecated, renamed: "ProcessOut")
[78/292] Compiling ProcessOut StringProtocol+Extensions.swift
/host/spi-builder-workspace/Sources/ProcessOut/Sources/Api/ProcessOut.swift:11:8: error: no such module 'UIKit'
9 |
10 | import Foundation
11 | import UIKit
| `- error: no such module 'UIKit'
12 |
13 | @available(*, deprecated, renamed: "ProcessOut")
[79/292] Compiling ProcessOut URLComponents+Normalized.swift
/host/spi-builder-workspace/Sources/ProcessOut/Sources/Api/ProcessOut.swift:11:8: error: no such module 'UIKit'
9 |
10 | import Foundation
11 | import UIKit
| `- error: no such module 'UIKit'
12 |
13 | @available(*, deprecated, renamed: "ProcessOut")
[80/292] Compiling ProcessOut POCardExpirationFormatter.swift
/host/spi-builder-workspace/Sources/ProcessOut/Sources/Api/ProcessOut.swift:11:8: error: no such module 'UIKit'
9 |
10 | import Foundation
11 | import UIKit
| `- error: no such module 'UIKit'
12 |
13 | @available(*, deprecated, renamed: "ProcessOut")
[81/292] Compiling ProcessOut POCardNumberFormatter.swift
/host/spi-builder-workspace/Sources/ProcessOut/Sources/Api/ProcessOut.swift:11:8: error: no such module 'UIKit'
9 |
10 | import Foundation
11 | import UIKit
| `- error: no such module 'UIKit'
12 |
13 | @available(*, deprecated, renamed: "ProcessOut")
[82/292] Compiling ProcessOut PODefaultPhoneNumberMetadataProvider.swift
/host/spi-builder-workspace/Sources/ProcessOut/Sources/Api/ProcessOut.swift:11:8: error: no such module 'UIKit'
9 |
10 | import Foundation
11 | import UIKit
| `- error: no such module 'UIKit'
12 |
13 | @available(*, deprecated, renamed: "ProcessOut")
[83/292] Compiling ProcessOut POPhoneNumberMetadataProvider.swift
/host/spi-builder-workspace/Sources/ProcessOut/Sources/Api/ProcessOut.swift:11:8: error: no such module 'UIKit'
9 |
10 | import Foundation
11 | import UIKit
| `- error: no such module 'UIKit'
12 |
13 | @available(*, deprecated, renamed: "ProcessOut")
[84/292] Compiling ProcessOut POPhoneNumber.swift
/host/spi-builder-workspace/Sources/ProcessOut/Sources/Api/ProcessOut.swift:11:8: error: no such module 'UIKit'
9 |
10 | import Foundation
11 | import UIKit
| `- error: no such module 'UIKit'
12 |
13 | @available(*, deprecated, renamed: "ProcessOut")
[85/292] Compiling ProcessOut POPhoneNumberFormatter.swift
/host/spi-builder-workspace/Sources/ProcessOut/Sources/Api/ProcessOut.swift:11:8: error: no such module 'UIKit'
9 |
10 | import Foundation
11 | import UIKit
| `- error: no such module 'UIKit'
12 |
13 | @available(*, deprecated, renamed: "ProcessOut")
[86/292] Compiling ProcessOut POPhoneNumberMetadata.swift
/host/spi-builder-workspace/Sources/ProcessOut/Sources/Api/ProcessOut.swift:11:8: error: no such module 'UIKit'
9 |
10 | import Foundation
11 | import UIKit
| `- error: no such module 'UIKit'
12 |
13 | @available(*, deprecated, renamed: "ProcessOut")
[87/292] Compiling ProcessOut POPhoneNumberParser.swift
/host/spi-builder-workspace/Sources/ProcessOut/Sources/Api/ProcessOut.swift:11:8: error: no such module 'UIKit'
9 |
10 | import Foundation
11 | import UIKit
| `- error: no such module 'UIKit'
12 |
13 | @available(*, deprecated, renamed: "ProcessOut")
[88/292] Compiling ProcessOut UrlRequestFormatter.swift
/host/spi-builder-workspace/Sources/ProcessOut/Sources/Api/ProcessOut.swift:11:8: error: no such module 'UIKit'
9 |
10 | import Foundation
11 | import UIKit
| `- error: no such module 'UIKit'
12 |
13 | @available(*, deprecated, renamed: "ProcessOut")
[89/292] Compiling ProcessOut UrlResponseFormatter.swift
/host/spi-builder-workspace/Sources/ProcessOut/Sources/Api/ProcessOut.swift:11:8: error: no such module 'UIKit'
9 |
10 | import Foundation
11 | import UIKit
| `- error: no such module 'UIKit'
12 |
13 | @available(*, deprecated, renamed: "ProcessOut")
[90/292] Compiling ProcessOut POFormattingUtils.swift
/host/spi-builder-workspace/Sources/ProcessOut/Sources/Api/ProcessOut.swift:11:8: error: no such module 'UIKit'
9 |
10 | import Foundation
11 | import UIKit
| `- error: no such module 'UIKit'
12 |
13 | @available(*, deprecated, renamed: "ProcessOut")
[91/292] Compiling ProcessOut Keychain.swift
/host/spi-builder-workspace/Sources/ProcessOut/Sources/Api/ProcessOut.swift:11:8: error: no such module 'UIKit'
9 |
10 | import Foundation
11 | import UIKit
| `- error: no such module 'UIKit'
12 |
13 | @available(*, deprecated, renamed: "ProcessOut")
[92/292] Compiling ProcessOut KeychainItemAccessibility.swift
/host/spi-builder-workspace/Sources/ProcessOut/Sources/Api/ProcessOut.swift:11:8: error: no such module 'UIKit'
9 |
10 | import Foundation
11 | import UIKit
| `- error: no such module 'UIKit'
12 |
13 | @available(*, deprecated, renamed: "ProcessOut")
[93/292] Compiling ProcessOut KeychainItemClass.swift
/host/spi-builder-workspace/Sources/ProcessOut/Sources/Api/ProcessOut.swift:11:8: error: no such module 'UIKit'
9 |
10 | import Foundation
11 | import UIKit
| `- error: no such module 'UIKit'
12 |
13 | @available(*, deprecated, renamed: "ProcessOut")
[94/340] Compiling ProcessOut DefaultHttpConnectorRequestMapper.swift
/host/spi-builder-workspace/.build/checkouts/JOSESwift/JOSESwift/Sources/CompressionImplementation/DeflateWrapper.swift:31:8: error: no such module 'Compression'
29 |
30 | import Foundation
31 | import Compression
| `- error: no such module 'Compression'
32 |
33 | struct DeflateCompressor: CompressorProtocol {
[95/340] Compiling ProcessOut HttpConnectorRequestMapper.swift
/host/spi-builder-workspace/.build/checkouts/JOSESwift/JOSESwift/Sources/CompressionImplementation/DeflateWrapper.swift:31:8: error: no such module 'Compression'
29 |
30 | import Foundation
31 | import Compression
| `- error: no such module 'Compression'
32 |
33 | struct DeflateCompressor: CompressorProtocol {
[96/340] Compiling ProcessOut UrlSessionHttpConnector.swift
/host/spi-builder-workspace/.build/checkouts/JOSESwift/JOSESwift/Sources/CompressionImplementation/DeflateWrapper.swift:31:8: error: no such module 'Compression'
29 |
30 | import Foundation
31 | import Compression
| `- error: no such module 'Compression'
32 |
33 | struct DeflateCompressor: CompressorProtocol {
[97/340] Compiling ProcessOut HttpConnectorConfiguration.swift
/host/spi-builder-workspace/.build/checkouts/JOSESwift/JOSESwift/Sources/CompressionImplementation/DeflateWrapper.swift:31:8: error: no such module 'Compression'
29 |
30 | import Foundation
31 | import Compression
| `- error: no such module 'Compression'
32 |
33 | struct DeflateCompressor: CompressorProtocol {
[98/340] Compiling ProcessOut HttpConnectorFailure.swift
/host/spi-builder-workspace/.build/checkouts/JOSESwift/JOSESwift/Sources/CompressionImplementation/DeflateWrapper.swift:31:8: error: no such module 'Compression'
29 |
30 | import Foundation
31 | import Compression
| `- error: no such module 'Compression'
32 |
33 | struct DeflateCompressor: CompressorProtocol {
[99/340] Compiling ProcessOut HttpConnectorRequest.swift
/host/spi-builder-workspace/.build/checkouts/JOSESwift/JOSESwift/Sources/CompressionImplementation/DeflateWrapper.swift:31:8: error: no such module 'Compression'
29 |
30 | import Foundation
31 | import Compression
| `- error: no such module 'Compression'
32 |
33 | struct DeflateCompressor: CompressorProtocol {
[100/340] Compiling ProcessOut HttpConnectorResponse.swift
/host/spi-builder-workspace/.build/checkouts/JOSESwift/JOSESwift/Sources/CompressionImplementation/DeflateWrapper.swift:31:8: error: no such module 'Compression'
29 |
30 | import Foundation
31 | import Compression
| `- error: no such module 'Compression'
32 |
33 | struct DeflateCompressor: CompressorProtocol {
[101/340] Compiling ProcessOut POImmutableStringCodableOptionalDecimal.swift
/host/spi-builder-workspace/.build/checkouts/JOSESwift/JOSESwift/Sources/CompressionImplementation/DeflateWrapper.swift:31:8: error: no such module 'Compression'
29 |
30 | import Foundation
31 | import Compression
| `- error: no such module 'Compression'
32 |
33 | struct DeflateCompressor: CompressorProtocol {
[102/340] Compiling ProcessOut POStringCodableColor.swift
/host/spi-builder-workspace/.build/checkouts/JOSESwift/JOSESwift/Sources/CompressionImplementation/DeflateWrapper.swift:31:8: error: no such module 'Compression'
29 |
30 | import Foundation
31 | import Compression
| `- error: no such module 'Compression'
32 |
33 | struct DeflateCompressor: CompressorProtocol {
[103/340] Compiling ProcessOut VoidCodable.swift
/host/spi-builder-workspace/.build/checkouts/JOSESwift/JOSESwift/Sources/CompressionImplementation/DeflateWrapper.swift:31:8: error: no such module 'Compression'
29 |
30 | import Foundation
31 | import Compression
| `- error: no such module 'Compression'
32 |
33 | struct DeflateCompressor: CompressorProtocol {
[104/340] Compiling ProcessOut POCustomerTokenType.swift
/host/spi-builder-workspace/.build/checkouts/JOSESwift/JOSESwift/Sources/CompressionImplementation/DeflateWrapper.swift:31:8: error: no such module 'Compression'
29 |
30 | import Foundation
31 | import Compression
| `- error: no such module 'Compression'
32 |
33 | struct DeflateCompressor: CompressorProtocol {
[105/340] Compiling ProcessOut PONativeAlternativePaymentTokenizationResponseV2.swift
/host/spi-builder-workspace/.build/checkouts/JOSESwift/JOSESwift/Sources/CompressionImplementation/DeflateWrapper.swift:31:8: error: no such module 'Compression'
29 |
30 | import Foundation
31 | import Compression
| `- error: no such module 'Compression'
32 |
33 | struct DeflateCompressor: CompressorProtocol {
[106/340] Compiling ProcessOut CustomersRepository.swift
/host/spi-builder-workspace/.build/checkouts/JOSESwift/JOSESwift/Sources/CompressionImplementation/DeflateWrapper.swift:31:8: error: no such module 'Compression'
29 |
30 | import Foundation
31 | import Compression
| `- error: no such module 'Compression'
32 |
33 | struct DeflateCompressor: CompressorProtocol {
[107/340] Compiling ProcessOut HttpCustomersRepository.swift
/host/spi-builder-workspace/.build/checkouts/JOSESwift/JOSESwift/Sources/CompressionImplementation/DeflateWrapper.swift:31:8: error: no such module 'Compression'
29 |
30 | import Foundation
31 | import Compression
| `- error: no such module 'Compression'
32 |
33 | struct DeflateCompressor: CompressorProtocol {
[108/340] Compiling ProcessOut POGatewayConfiguration.swift
/host/spi-builder-workspace/.build/checkouts/JOSESwift/JOSESwift/Sources/CompressionImplementation/DeflateWrapper.swift:31:8: error: no such module 'Compression'
29 |
30 | import Foundation
31 | import Compression
| `- error: no such module 'Compression'
32 |
33 | struct DeflateCompressor: CompressorProtocol {
[109/340] Compiling ProcessOut POImagesRepository.swift
/host/spi-builder-workspace/.build/checkouts/JOSESwift/JOSESwift/Sources/CompressionImplementation/DeflateWrapper.swift:31:8: error: no such module 'Compression'
29 |
30 | import Foundation
31 | import Compression
| `- error: no such module 'Compression'
32 |
33 | struct DeflateCompressor: CompressorProtocol {
[110/340] Compiling ProcessOut UrlSessionImagesRepository.swift
/host/spi-builder-workspace/.build/checkouts/JOSESwift/JOSESwift/Sources/CompressionImplementation/DeflateWrapper.swift:31:8: error: no such module 'Compression'
29 |
30 | import Foundation
31 | import Compression
| `- error: no such module 'Compression'
32 |
33 | struct DeflateCompressor: CompressorProtocol {
[111/340] Compiling ProcessOut HttpInvoicesRepository.swift
/host/spi-builder-workspace/.build/checkouts/JOSESwift/JOSESwift/Sources/CompressionImplementation/DeflateWrapper.swift:31:8: error: no such module 'Compression'
29 |
30 | import Foundation
31 | import Compression
| `- error: no such module 'Compression'
32 |
33 | struct DeflateCompressor: CompressorProtocol {
[112/340] Compiling ProcessOut InvoicesRepository.swift
/host/spi-builder-workspace/.build/checkouts/JOSESwift/JOSESwift/Sources/CompressionImplementation/DeflateWrapper.swift:31:8: error: no such module 'Compression'
29 |
30 | import Foundation
31 | import Compression
| `- error: no such module 'Compression'
32 |
33 | struct DeflateCompressor: CompressorProtocol {
[113/340] Compiling ProcessOut NativeAlternativePaymentCaptureRequest.swift
/host/spi-builder-workspace/.build/checkouts/JOSESwift/JOSESwift/Sources/CompressionImplementation/DeflateWrapper.swift:31:8: error: no such module 'Compression'
29 |
30 | import Foundation
31 | import Compression
| `- error: no such module 'Compression'
32 |
33 | struct DeflateCompressor: CompressorProtocol {
[114/340] Compiling ProcessOut PONativeAlternativePaymentMethodRequest.swift
/host/spi-builder-workspace/.build/checkouts/JOSESwift/JOSESwift/Sources/CompressionImplementation/DeflateWrapper.swift:31:8: error: no such module 'Compression'
29 |
30 | import Foundation
31 | import Compression
| `- error: no such module 'Compression'
32 |
33 | struct DeflateCompressor: CompressorProtocol {
[115/340] Compiling ProcessOut PONativeAlternativePaymentMethodTransactionDetailsRequest.swift
/host/spi-builder-workspace/.build/checkouts/JOSESwift/JOSESwift/Sources/CompressionImplementation/DeflateWrapper.swift:31:8: error: no such module 'Compression'
29 |
30 | import Foundation
31 | import Compression
| `- error: no such module 'Compression'
32 |
33 | struct DeflateCompressor: CompressorProtocol {
[116/340] Compiling ProcessOut PONativeAlternativePaymentAuthorizationRequestV2.swift
/host/spi-builder-workspace/.build/checkouts/JOSESwift/JOSESwift/Sources/CompressionImplementation/DeflateWrapper.swift:31:8: error: no such module 'Compression'
29 |
30 | import Foundation
31 | import Compression
| `- error: no such module 'Compression'
32 |
33 | struct DeflateCompressor: CompressorProtocol {
[117/340] Compiling ProcessOut PONativeAlternativePaymentUrlResolutionRequestV2.swift
/host/spi-builder-workspace/.build/checkouts/JOSESwift/JOSESwift/Sources/CompressionImplementation/DeflateWrapper.swift:31:8: error: no such module 'Compression'
29 |
30 | import Foundation
31 | import Compression
| `- error: no such module 'Compression'
32 |
33 | struct DeflateCompressor: CompressorProtocol {
[118/340] Compiling ProcessOut POInvoiceAuthorizationRequest.swift
/host/spi-builder-workspace/.build/checkouts/JOSESwift/JOSESwift/Sources/CompressionImplementation/DeflateWrapper.swift:31:8: error: no such module 'Compression'
29 |
30 | import Foundation
31 | import Compression
| `- error: no such module 'Compression'
32 |
33 | struct DeflateCompressor: CompressorProtocol {
[119/340] Compiling ProcessOut POInvoiceCreationRequest.swift
/host/spi-builder-workspace/.build/checkouts/JOSESwift/JOSESwift/Sources/CompressionImplementation/DeflateWrapper.swift:31:8: error: no such module 'Compression'
29 |
30 | import Foundation
31 | import Compression
| `- error: no such module 'Compression'
32 |
33 | struct DeflateCompressor: CompressorProtocol {
[120/340] Compiling ProcessOut POInvoiceRequest.swift
/host/spi-builder-workspace/.build/checkouts/JOSESwift/JOSESwift/Sources/CompressionImplementation/DeflateWrapper.swift:31:8: error: no such module 'Compression'
29 |
30 | import Foundation
31 | import Compression
| `- error: no such module 'Compression'
32 |
33 | struct DeflateCompressor: CompressorProtocol {
[121/340] Compiling ProcessOut KeychainQueryBuilder.swift
/host/spi-builder-workspace/.build/checkouts/JOSESwift/JOSESwift/Sources/CompressionImplementation/DeflateWrapper.swift:31:8: error: no such module 'Compression'
29 |
30 | import Foundation
31 | import Compression
| `- error: no such module 'Compression'
32 |
33 | struct DeflateCompressor: CompressorProtocol {
[122/340] Compiling ProcessOut POCustomerCreationRequest.swift
/host/spi-builder-workspace/.build/checkouts/JOSESwift/JOSESwift/Sources/CompressionImplementation/DeflateWrapper.swift:31:8: error: no such module 'Compression'
29 |
30 | import Foundation
31 | import Compression
| `- error: no such module 'Compression'
32 |
33 | struct DeflateCompressor: CompressorProtocol {
[123/340] Compiling ProcessOut POCustomer.swift
/host/spi-builder-workspace/.build/checkouts/JOSESwift/JOSESwift/Sources/CompressionImplementation/DeflateWrapper.swift:31:8: error: no such module 'Compression'
29 |
30 | import Foundation
31 | import Compression
| `- error: no such module 'Compression'
32 |
33 | struct DeflateCompressor: CompressorProtocol {
[124/340] Compiling ProcessOut HttpGatewayConfigurationsRepository.swift
/host/spi-builder-workspace/.build/checkouts/JOSESwift/JOSESwift/Sources/CompressionImplementation/DeflateWrapper.swift:31:8: error: no such module 'Compression'
29 |
30 | import Foundation
31 | import Compression
| `- error: no such module 'Compression'
32 |
33 | struct DeflateCompressor: CompressorProtocol {
[125/340] Compiling ProcessOut POGatewayConfigurationsRepository.swift
/host/spi-builder-workspace/.build/checkouts/JOSESwift/JOSESwift/Sources/CompressionImplementation/DeflateWrapper.swift:31:8: error: no such module 'Compression'
29 |
30 | import Foundation
31 | import Compression
| `- error: no such module 'Compression'
32 |
33 | struct DeflateCompressor: CompressorProtocol {
[126/340] Compiling ProcessOut POAllGatewayConfigurationsRequest.swift
/host/spi-builder-workspace/.build/checkouts/JOSESwift/JOSESwift/Sources/CompressionImplementation/DeflateWrapper.swift:31:8: error: no such module 'Compression'
29 |
30 | import Foundation
31 | import Compression
| `- error: no such module 'Compression'
32 |
33 | struct DeflateCompressor: CompressorProtocol {
[127/340] Compiling ProcessOut POFindGatewayConfigurationRequest.swift
/host/spi-builder-workspace/.build/checkouts/JOSESwift/JOSESwift/Sources/CompressionImplementation/DeflateWrapper.swift:31:8: error: no such module 'Compression'
29 |
30 | import Foundation
31 | import Compression
| `- error: no such module 'Compression'
32 |
33 | struct DeflateCompressor: CompressorProtocol {
[128/340] Compiling ProcessOut POAllGatewayConfigurationsResponse.swift
/host/spi-builder-workspace/.build/checkouts/JOSESwift/JOSESwift/Sources/CompressionImplementation/DeflateWrapper.swift:31:8: error: no such module 'Compression'
29 |
30 | import Foundation
31 | import Compression
| `- error: no such module 'Compression'
32 |
33 | struct DeflateCompressor: CompressorProtocol {
[129/340] Compiling ProcessOut ProcessOutHttpConnectorBuilder.swift
/host/spi-builder-workspace/.build/checkouts/JOSESwift/JOSESwift/Sources/CompressionImplementation/DeflateWrapper.swift:31:8: error: no such module 'Compression'
29 |
30 | import Foundation
31 | import Compression
| `- error: no such module 'Compression'
32 |
33 | struct DeflateCompressor: CompressorProtocol {
[130/340] Compiling ProcessOut PODeepLinkReceivedEvent.swift
/host/spi-builder-workspace/.build/checkouts/JOSESwift/JOSESwift/Sources/CompressionImplementation/DeflateWrapper.swift:31:8: error: no such module 'Compression'
29 |
30 | import Foundation
31 | import Compression
| `- error: no such module 'Compression'
32 |
33 | struct DeflateCompressor: CompressorProtocol {
[131/340] Compiling ProcessOut ProcessOutConfiguration.swift
/host/spi-builder-workspace/.build/checkouts/JOSESwift/JOSESwift/Sources/CompressionImplementation/DeflateWrapper.swift:31:8: error: no such module 'Compression'
29 |
30 | import Foundation
31 | import Compression
| `- error: no such module 'Compression'
32 |
33 | struct DeflateCompressor: CompressorProtocol {
[132/340] Compiling ProcessOut ProcessOut.swift
/host/spi-builder-workspace/.build/checkouts/JOSESwift/JOSESwift/Sources/CompressionImplementation/DeflateWrapper.swift:31:8: error: no such module 'Compression'
29 |
30 | import Foundation
31 | import Compression
| `- error: no such module 'Compression'
32 |
33 | struct DeflateCompressor: CompressorProtocol {
[133/340] Compiling ProcessOut POTest3DSService.swift
/host/spi-builder-workspace/.build/checkouts/JOSESwift/JOSESwift/Sources/CompressionImplementation/DeflateWrapper.swift:31:8: error: no such module 'Compression'
29 |
30 | import Foundation
31 | import Compression
| `- error: no such module 'Compression'
32 |
33 | struct DeflateCompressor: CompressorProtocol {
[134/340] Compiling ProcessOut StringResource+Test3DS.swift
/host/spi-builder-workspace/.build/checkouts/JOSESwift/JOSESwift/Sources/CompressionImplementation/DeflateWrapper.swift:31:8: error: no such module 'Compression'
29 |
30 | import Foundation
31 | import Compression
| `- error: no such module 'Compression'
32 |
33 | struct DeflateCompressor: CompressorProtocol {
[135/340] Compiling ProcessOut HttpConnector.swift
/host/spi-builder-workspace/.build/checkouts/JOSESwift/JOSESwift/Sources/CompressionImplementation/DeflateWrapper.swift:31:8: error: no such module 'Compression'
29 |
30 | import Foundation
31 | import Compression
| `- error: no such module 'Compression'
32 |
33 | struct DeflateCompressor: CompressorProtocol {
[136/340] Compiling ProcessOut HttpConnectorRetryDecorator.swift
/host/spi-builder-workspace/.build/checkouts/JOSESwift/JOSESwift/Sources/CompressionImplementation/DeflateWrapper.swift:31:8: error: no such module 'Compression'
29 |
30 | import Foundation
31 | import Compression
| `- error: no such module 'Compression'
32 |
33 | struct DeflateCompressor: CompressorProtocol {
[137/340] Compiling ProcessOut Cache.swift
/host/spi-builder-workspace/.build/checkouts/JOSESwift/JOSESwift/Sources/CompressionImplementation/DeflateWrapper.swift:31:8: error: no such module 'Compression'
29 |
30 | import Foundation
31 | import Compression
| `- error: no such module 'Compression'
32 |
33 | struct DeflateCompressor: CompressorProtocol {
[138/340] Compiling ProcessOut POCancellable.swift
/host/spi-builder-workspace/.build/checkouts/JOSESwift/JOSESwift/Sources/CompressionImplementation/DeflateWrapper.swift:31:8: error: no such module 'Compression'
29 |
30 | import Foundation
31 | import Compression
| `- error: no such module 'Compression'
32 |
33 | struct DeflateCompressor: CompressorProtocol {
[139/340] Compiling ProcessOut AnyEncodable.swift
/host/spi-builder-workspace/.build/checkouts/JOSESwift/JOSESwift/Sources/CompressionImplementation/DeflateWrapper.swift:31:8: error: no such module 'Compression'
29 |
30 | import Foundation
31 | import Compression
| `- error: no such module 'Compression'
32 |
33 | struct DeflateCompressor: CompressorProtocol {
[140/340] Compiling ProcessOut POExcludedEncodable.swift
/host/spi-builder-workspace/.build/checkouts/JOSESwift/JOSESwift/Sources/CompressionImplementation/DeflateWrapper.swift:31:8: error: no such module 'Compression'
29 |
30 | import Foundation
31 | import Compression
| `- error: no such module 'Compression'
32 |
33 | struct DeflateCompressor: CompressorProtocol {
[141/340] Compiling ProcessOut POFallbackDecodable.swift
/host/spi-builder-workspace/.build/checkouts/JOSESwift/JOSESwift/Sources/CompressionImplementation/DeflateWrapper.swift:31:8: error: no such module 'Compression'
29 |
30 | import Foundation
31 | import Compression
| `- error: no such module 'Compression'
32 |
33 | struct DeflateCompressor: CompressorProtocol {
[142/340] Compiling ProcessOut POFallbackValueProvider.swift
/host/spi-builder-workspace/.build/checkouts/JOSESwift/JOSESwift/Sources/CompressionImplementation/DeflateWrapper.swift:31:8: error: no such module 'Compression'
29 |
30 | import Foundation
31 | import Compression
| `- error: no such module 'Compression'
32 |
33 | struct DeflateCompressor: CompressorProtocol {
[143/340] Compiling ProcessOut POImmutableStringCodableDecimal.swift
/host/spi-builder-workspace/.build/checkouts/JOSESwift/JOSESwift/Sources/CompressionImplementation/DeflateWrapper.swift:31:8: error: no such module 'Compression'
29 |
30 | import Foundation
31 | import Compression
| `- error: no such module 'Compression'
32 |
33 | struct DeflateCompressor: CompressorProtocol {
[144/340] Compiling ProcessOut MarkdownText.swift
/host/spi-builder-workspace/Sources/ProcessOut/Sources/Api/ProcessOut.swift:11:8: error: no such module 'UIKit'
9 |
10 | import Foundation
11 | import UIKit
| `- error: no such module 'UIKit'
12 |
13 | @available(*, deprecated, renamed: "ProcessOut")
[145/340] Compiling ProcessOut MarkdownThematicBreak.swift
/host/spi-builder-workspace/Sources/ProcessOut/Sources/Api/ProcessOut.swift:11:8: error: no such module 'UIKit'
9 |
10 | import Foundation
11 | import UIKit
| `- error: no such module 'UIKit'
12 |
13 | @available(*, deprecated, renamed: "ProcessOut")
[146/340] Compiling ProcessOut MarkdownUnknown.swift
/host/spi-builder-workspace/Sources/ProcessOut/Sources/Api/ProcessOut.swift:11:8: error: no such module 'UIKit'
9 |
10 | import Foundation
11 | import UIKit
| `- error: no such module 'UIKit'
12 |
13 | @available(*, deprecated, renamed: "ProcessOut")
[147/340] Compiling ProcessOut MarkdownDebugDescriptionPrinter.swift
/host/spi-builder-workspace/Sources/ProcessOut/Sources/Api/ProcessOut.swift:11:8: error: no such module 'UIKit'
9 |
10 | import Foundation
11 | import UIKit
| `- error: no such module 'UIKit'
12 |
13 | @available(*, deprecated, renamed: "ProcessOut")
[148/340] Compiling ProcessOut MarkdownVisitor.swift
/host/spi-builder-workspace/Sources/ProcessOut/Sources/Api/ProcessOut.swift:11:8: error: no such module 'UIKit'
9 |
10 | import Foundation
11 | import UIKit
| `- error: no such module 'UIKit'
12 |
13 | @available(*, deprecated, renamed: "ProcessOut")
[149/340] Compiling ProcessOut POAutoAsync.swift
/host/spi-builder-workspace/Sources/ProcessOut/Sources/Api/ProcessOut.swift:11:8: error: no such module 'UIKit'
9 |
10 | import Foundation
11 | import UIKit
| `- error: no such module 'UIKit'
12 |
13 | @available(*, deprecated, renamed: "ProcessOut")
[150/340] Compiling ProcessOut POAutoCompletion.swift
/host/spi-builder-workspace/Sources/ProcessOut/Sources/Api/ProcessOut.swift:11:8: error: no such module 'UIKit'
9 |
10 | import Foundation
11 | import UIKit
| `- error: no such module 'UIKit'
12 |
13 | @available(*, deprecated, renamed: "ProcessOut")
[151/340] Compiling ProcessOut ImmutableNullHashable.swift
/host/spi-builder-workspace/Sources/ProcessOut/Sources/Api/ProcessOut.swift:11:8: error: no such module 'UIKit'
9 |
10 | import Foundation
11 | import UIKit
| `- error: no such module 'UIKit'
12 |
13 | @available(*, deprecated, renamed: "ProcessOut")
[152/340] Compiling ProcessOut ReferenceWrapper.swift
/host/spi-builder-workspace/Sources/ProcessOut/Sources/Api/ProcessOut.swift:11:8: error: no such module 'UIKit'
9 |
10 | import Foundation
11 | import UIKit
| `- error: no such module 'UIKit'
12 |
13 | @available(*, deprecated, renamed: "ProcessOut")
[153/340] Compiling ProcessOut RegexProvider.swift
/host/spi-builder-workspace/Sources/ProcessOut/Sources/Api/ProcessOut.swift:11:8: error: no such module 'UIKit'
9 |
10 | import Foundation
11 | import UIKit
| `- error: no such module 'UIKit'
12 |
13 | @available(*, deprecated, renamed: "ProcessOut")
[154/340] Compiling ProcessOut RetryStrategy.swift
/host/spi-builder-workspace/Sources/ProcessOut/Sources/Api/ProcessOut.swift:11:8: error: no such module 'UIKit'
9 |
10 | import Foundation
11 | import UIKit
| `- error: no such module 'UIKit'
12 |
13 | @available(*, deprecated, renamed: "ProcessOut")
[155/340] Compiling ProcessOut AsyncSemaphore.swift
/host/spi-builder-workspace/Sources/ProcessOut/Sources/Api/ProcessOut.swift:11:8: error: no such module 'UIKit'
9 |
10 | import Foundation
11 | import UIKit
| `- error: no such module 'UIKit'
12 |
13 | @available(*, deprecated, renamed: "ProcessOut")
[156/340] Compiling ProcessOut AsyncSemaphoreSuspension.swift
/host/spi-builder-workspace/Sources/ProcessOut/Sources/Api/ProcessOut.swift:11:8: error: no such module 'UIKit'
9 |
10 | import Foundation
11 | import UIKit
| `- error: no such module 'UIKit'
12 |
13 | @available(*, deprecated, renamed: "ProcessOut")
[157/340] Compiling ProcessOut AsyncUtils.swift
/host/spi-builder-workspace/Sources/ProcessOut/Sources/Api/ProcessOut.swift:11:8: error: no such module 'UIKit'
9 |
10 | import Foundation
11 | import UIKit
| `- error: no such module 'UIKit'
12 |
13 | @available(*, deprecated, renamed: "ProcessOut")
[158/340] Compiling ProcessOut Batcher.swift
/host/spi-builder-workspace/Sources/ProcessOut/Sources/Api/ProcessOut.swift:11:8: error: no such module 'UIKit'
9 |
10 | import Foundation
11 | import UIKit
| `- error: no such module 'UIKit'
12 |
13 | @available(*, deprecated, renamed: "ProcessOut")
[159/340] Compiling ProcessOut BundleLocator.swift
/host/spi-builder-workspace/Sources/ProcessOut/Sources/Api/ProcessOut.swift:11:8: error: no such module 'UIKit'
9 |
10 | import Foundation
11 | import UIKit
| `- error: no such module 'UIKit'
12 |
13 | @available(*, deprecated, renamed: "ProcessOut")
[160/340] Compiling ProcessOut Bundle+LocalizationUtils.swift
/host/spi-builder-workspace/Sources/ProcessOut/Sources/Api/ProcessOut.swift:11:8: error: no such module 'UIKit'
9 |
10 | import Foundation
11 | import UIKit
| `- error: no such module 'UIKit'
12 |
13 | @available(*, deprecated, renamed: "ProcessOut")
[161/340] Compiling ProcessOut LocalizationConfiguration.swift
/host/spi-builder-workspace/Sources/ProcessOut/Sources/Api/ProcessOut.swift:11:8: error: no such module 'UIKit'
9 |
10 | import Foundation
11 | import UIKit
| `- error: no such module 'UIKit'
12 |
13 | @available(*, deprecated, renamed: "ProcessOut")
[162/340] Compiling ProcessOut POStringResource.swift
/host/spi-builder-workspace/Sources/ProcessOut/Sources/Api/ProcessOut.swift:11:8: error: no such module 'UIKit'
9 |
10 | import Foundation
11 | import UIKit
| `- error: no such module 'UIKit'
12 |
13 | @available(*, deprecated, renamed: "ProcessOut")
[163/340] Compiling ProcessOut String+StringResource.swift
/host/spi-builder-workspace/Sources/ProcessOut/Sources/Api/ProcessOut.swift:11:8: error: no such module 'UIKit'
9 |
10 | import Foundation
11 | import UIKit
| `- error: no such module 'UIKit'
12 |
13 | @available(*, deprecated, renamed: "ProcessOut")
[164/340] Compiling ProcessOut MathUtils.swift
/host/spi-builder-workspace/Sources/ProcessOut/Sources/Api/ProcessOut.swift:11:8: error: no such module 'UIKit'
9 |
10 | import Foundation
11 | import UIKit
| `- error: no such module 'UIKit'
12 |
13 | @available(*, deprecated, renamed: "ProcessOut")
[165/340] Compiling ProcessOut POTypedRepresentation.swift
/host/spi-builder-workspace/Sources/ProcessOut/Sources/Api/ProcessOut.swift:11:8: error: no such module 'UIKit'
9 |
10 | import Foundation
11 | import UIKit
| `- error: no such module 'UIKit'
12 |
13 | @available(*, deprecated, renamed: "ProcessOut")
[166/340] Compiling ProcessOut Strings+PreferredLocalization.swift
/host/spi-builder-workspace/Sources/ProcessOut/Sources/Api/ProcessOut.swift:11:8: error: no such module 'UIKit'
9 |
10 | import Foundation
11 | import UIKit
| `- error: no such module 'UIKit'
12 |
13 | @available(*, deprecated, renamed: "ProcessOut")
[167/340] Compiling ProcessOut Task+Sleep.swift
/host/spi-builder-workspace/Sources/ProcessOut/Sources/Api/ProcessOut.swift:11:8: error: no such module 'UIKit'
9 |
10 | import Foundation
11 | import UIKit
| `- error: no such module 'UIKit'
12 |
13 | @available(*, deprecated, renamed: "ProcessOut")
[168/340] Compiling ProcessOut UIImage+Extensions.swift
/host/spi-builder-workspace/Sources/ProcessOut/Sources/Api/ProcessOut.swift:11:8: error: no such module 'UIKit'
9 |
10 | import Foundation
11 | import UIKit
| `- error: no such module 'UIKit'
12 |
13 | @available(*, deprecated, renamed: "ProcessOut")
[169/340] Compiling ProcessOut RetryPolicy.swift
/host/spi-builder-workspace/Sources/ProcessOut/Sources/Api/ProcessOut.swift:11:8: error: no such module 'UIKit'
9 |
10 | import Foundation
11 | import UIKit
| `- error: no such module 'UIKit'
12 |
13 | @available(*, deprecated, renamed: "ProcessOut")
[170/340] Compiling ProcessOut ThreeDSFingerprintResponse.swift
/host/spi-builder-workspace/Sources/ProcessOut/Sources/Api/ProcessOut.swift:11:8: error: no such module 'UIKit'
9 |
10 | import Foundation
11 | import UIKit
| `- error: no such module 'UIKit'
12 |
13 | @available(*, deprecated, renamed: "ProcessOut")
[171/340] Compiling ProcessOut ThreeDSHandler.swift
/host/spi-builder-workspace/Sources/ProcessOut/Sources/Api/ProcessOut.swift:11:8: error: no such module 'UIKit'
9 |
10 | import Foundation
11 | import UIKit
| `- error: no such module 'UIKit'
12 |
13 | @available(*, deprecated, renamed: "ProcessOut")
[172/340] Compiling ProcessOut ThreeDSTestHandler.swift
/host/spi-builder-workspace/Sources/ProcessOut/Sources/Api/ProcessOut.swift:11:8: error: no such module 'UIKit'
9 |
10 | import Foundation
11 | import UIKit
| `- error: no such module 'UIKit'
12 |
13 | @available(*, deprecated, renamed: "ProcessOut")
[173/340] Compiling ProcessOut TokenRequest.swift
/host/spi-builder-workspace/Sources/ProcessOut/Sources/Api/ProcessOut.swift:11:8: error: no such module 'UIKit'
9 |
10 | import Foundation
11 | import UIKit
| `- error: no such module 'UIKit'
12 |
13 | @available(*, deprecated, renamed: "ProcessOut")
[174/340] Compiling ProcessOut TokenizationResult.swift
/host/spi-builder-workspace/Sources/ProcessOut/Sources/Api/ProcessOut.swift:11:8: error: no such module 'UIKit'
9 |
10 | import Foundation
11 | import UIKit
| `- error: no such module 'UIKit'
12 |
13 | @available(*, deprecated, renamed: "ProcessOut")
[175/340] Compiling ProcessOut CardsRepository.swift
/host/spi-builder-workspace/Sources/ProcessOut/Sources/Api/ProcessOut.swift:11:8: error: no such module 'UIKit'
9 |
10 | import Foundation
11 | import UIKit
| `- error: no such module 'UIKit'
12 |
13 | @available(*, deprecated, renamed: "ProcessOut")
[176/340] Compiling ProcessOut HttpCardsRepository.swift
/host/spi-builder-workspace/Sources/ProcessOut/Sources/Api/ProcessOut.swift:11:8: error: no such module 'UIKit'
9 |
10 | import Foundation
11 | import UIKit
| `- error: no such module 'UIKit'
12 |
13 | @available(*, deprecated, renamed: "ProcessOut")
[177/340] Compiling ProcessOut ApplePayCardTokenizationRequest.swift
/host/spi-builder-workspace/Sources/ProcessOut/Sources/Api/ProcessOut.swift:11:8: error: no such module 'UIKit'
9 |
10 | import Foundation
11 | import UIKit
| `- error: no such module 'UIKit'
12 |
13 | @available(*, deprecated, renamed: "ProcessOut")
[178/340] Compiling ProcessOut POCardTokenizationRequest.swift
/host/spi-builder-workspace/Sources/ProcessOut/Sources/Api/ProcessOut.swift:11:8: error: no such module 'UIKit'
9 |
10 | import Foundation
11 | import UIKit
| `- error: no such module 'UIKit'
12 |
13 | @available(*, deprecated, renamed: "ProcessOut")
[179/340] Compiling ProcessOut POCardUpdateRequest.swift
/host/spi-builder-workspace/Sources/ProcessOut/Sources/Api/ProcessOut.swift:11:8: error: no such module 'UIKit'
9 |
10 | import Foundation
11 | import UIKit
| `- error: no such module 'UIKit'
12 |
13 | @available(*, deprecated, renamed: "ProcessOut")
[180/340] Compiling ProcessOut POContact.swift
/host/spi-builder-workspace/Sources/ProcessOut/Sources/Api/ProcessOut.swift:11:8: error: no such module 'UIKit'
9 |
10 | import Foundation
11 | import UIKit
| `- error: no such module 'UIKit'
12 |
13 | @available(*, deprecated, renamed: "ProcessOut")
[181/340] Compiling ProcessOut CardTokenizationResponse.swift
/host/spi-builder-workspace/Sources/ProcessOut/Sources/Api/ProcessOut.swift:11:8: error: no such module 'UIKit'
9 |
10 | import Foundation
11 | import UIKit
| `- error: no such module 'UIKit'
12 |
13 | @available(*, deprecated, renamed: "ProcessOut")
[182/340] Compiling ProcessOut POCard.swift
/host/spi-builder-workspace/Sources/ProcessOut/Sources/Api/ProcessOut.swift:11:8: error: no such module 'UIKit'
9 |
10 | import Foundation
11 | import UIKit
| `- error: no such module 'UIKit'
12 |
13 | @available(*, deprecated, renamed: "ProcessOut")
[183/340] Compiling ProcessOut POCardCvcCheck.swift
/host/spi-builder-workspace/Sources/ProcessOut/Sources/Api/ProcessOut.swift:11:8: error: no such module 'UIKit'
9 |
10 | import Foundation
11 | import UIKit
| `- error: no such module 'UIKit'
12 |
13 | @available(*, deprecated, renamed: "ProcessOut")
[184/340] Compiling ProcessOut POCardIssuerInformation.swift
/host/spi-builder-workspace/Sources/ProcessOut/Sources/Api/ProcessOut.swift:11:8: error: no such module 'UIKit'
9 |
10 | import Foundation
11 | import UIKit
| `- error: no such module 'UIKit'
12 |
13 | @available(*, deprecated, renamed: "ProcessOut")
[185/340] Compiling ProcessOut POCardScheme.swift
/host/spi-builder-workspace/Sources/ProcessOut/Sources/Api/ProcessOut.swift:11:8: error: no such module 'UIKit'
9 |
10 | import Foundation
11 | import UIKit
| `- error: no such module 'UIKit'
12 |
13 | @available(*, deprecated, renamed: "ProcessOut")
[186/340] Compiling ProcessOut CustomerTokensRepository.swift
/host/spi-builder-workspace/Sources/ProcessOut/Sources/Api/ProcessOut.swift:11:8: error: no such module 'UIKit'
9 |
10 | import Foundation
11 | import UIKit
| `- error: no such module 'UIKit'
12 |
13 | @available(*, deprecated, renamed: "ProcessOut")
[187/340] Compiling ProcessOut HttpCustomerTokensRepository.swift
/host/spi-builder-workspace/Sources/ProcessOut/Sources/Api/ProcessOut.swift:11:8: error: no such module 'UIKit'
9 |
10 | import Foundation
11 | import UIKit
| `- error: no such module 'UIKit'
12 |
13 | @available(*, deprecated, renamed: "ProcessOut")
[188/340] Compiling ProcessOut POAssignCustomerTokenRequest.swift
/host/spi-builder-workspace/Sources/ProcessOut/Sources/Api/ProcessOut.swift:11:8: error: no such module 'UIKit'
9 |
10 | import Foundation
11 | import UIKit
| `- error: no such module 'UIKit'
12 |
13 | @available(*, deprecated, renamed: "ProcessOut")
[189/340] Compiling ProcessOut POCreateCustomerTokenRequest.swift
/host/spi-builder-workspace/Sources/ProcessOut/Sources/Api/ProcessOut.swift:11:8: error: no such module 'UIKit'
9 |
10 | import Foundation
11 | import UIKit
| `- error: no such module 'UIKit'
12 |
13 | @available(*, deprecated, renamed: "ProcessOut")
[190/340] Compiling ProcessOut PODeleteCustomerTokenRequest.swift
/host/spi-builder-workspace/Sources/ProcessOut/Sources/Api/ProcessOut.swift:11:8: error: no such module 'UIKit'
9 |
10 | import Foundation
11 | import UIKit
| `- error: no such module 'UIKit'
12 |
13 | @available(*, deprecated, renamed: "ProcessOut")
[191/340] Compiling ProcessOut PONativeAlternativePaymentTokenizationRequestV2.swift
/host/spi-builder-workspace/Sources/ProcessOut/Sources/Api/ProcessOut.swift:11:8: error: no such module 'UIKit'
9 |
10 | import Foundation
11 | import UIKit
| `- error: no such module 'UIKit'
12 |
13 | @available(*, deprecated, renamed: "ProcessOut")
[192/340] Compiling ProcessOut AssignCustomerTokenResponse.swift
/host/spi-builder-workspace/Sources/ProcessOut/Sources/Api/ProcessOut.swift:11:8: error: no such module 'UIKit'
9 |
10 | import Foundation
11 | import UIKit
| `- error: no such module 'UIKit'
12 |
13 | @available(*, deprecated, renamed: "ProcessOut")
[193/340] Compiling ProcessOut POCustomerToken.swift
/host/spi-builder-workspace/Sources/ProcessOut/Sources/Api/ProcessOut.swift:11:8: error: no such module 'UIKit'
9 |
10 | import Foundation
11 | import UIKit
| `- error: no such module 'UIKit'
12 |
13 | @available(*, deprecated, renamed: "ProcessOut")
/host/spi-builder-workspace/Sources/ProcessOut/Sources/Api/ProcessOut.swift:11:8: error: no such module 'UIKit'
9 |
10 | import Foundation
11 | import UIKit
| `- error: no such module 'UIKit'
12 |
13 | @available(*, deprecated, renamed: "ProcessOut")
/host/spi-builder-workspace/Sources/ProcessOut/Sources/Api/ProcessOut.swift:11:8: error: no such module 'UIKit'
9 |
10 | import Foundation
11 | import UIKit
| `- error: no such module 'UIKit'
12 |
13 | @available(*, deprecated, renamed: "ProcessOut")
/host/spi-builder-workspace/Sources/ProcessOut/Sources/Api/ProcessOut.swift:11:8: error: no such module 'UIKit'
9 |
10 | import Foundation
11 | import UIKit
| `- error: no such module 'UIKit'
12 |
13 | @available(*, deprecated, renamed: "ProcessOut")
/host/spi-builder-workspace/Sources/ProcessOut/Sources/Api/ProcessOut.swift:11:8: error: no such module 'UIKit'
9 |
10 | import Foundation
11 | import UIKit
| `- error: no such module 'UIKit'
12 |
13 | @available(*, deprecated, renamed: "ProcessOut")
/host/spi-builder-workspace/Sources/ProcessOut/Sources/Api/ProcessOut.swift:11:8: error: no such module 'UIKit'
9 |
10 | import Foundation
11 | import UIKit
| `- error: no such module 'UIKit'
12 |
13 | @available(*, deprecated, renamed: "ProcessOut")
/host/spi-builder-workspace/Sources/ProcessOut/Sources/Api/ProcessOut.swift:11:8: error: no such module 'UIKit'
9 |
10 | import Foundation
11 | import UIKit
| `- error: no such module 'UIKit'
12 |
13 | @available(*, deprecated, renamed: "ProcessOut")
/host/spi-builder-workspace/Sources/ProcessOut/Sources/Api/ProcessOut.swift:11:8: error: no such module 'UIKit'
9 |
10 | import Foundation
11 | import UIKit
| `- error: no such module 'UIKit'
12 |
13 | @available(*, deprecated, renamed: "ProcessOut")
/host/spi-builder-workspace/Sources/ProcessOut/Sources/Api/ProcessOut.swift:11:8: error: no such module 'UIKit'
9 |
10 | import Foundation
11 | import UIKit
| `- error: no such module 'UIKit'
12 |
13 | @available(*, deprecated, renamed: "ProcessOut")
/host/spi-builder-workspace/Sources/ProcessOut/Sources/Api/ProcessOut.swift:11:8: error: no such module 'UIKit'
9 |
10 | import Foundation
11 | import UIKit
| `- error: no such module 'UIKit'
12 |
13 | @available(*, deprecated, renamed: "ProcessOut")
/host/spi-builder-workspace/Sources/ProcessOut/Sources/Api/ProcessOut.swift:11:8: error: no such module 'UIKit'
9 |
10 | import Foundation
11 | import UIKit
| `- error: no such module 'UIKit'
12 |
13 | @available(*, deprecated, renamed: "ProcessOut")
/host/spi-builder-workspace/Sources/ProcessOut/Sources/Api/ProcessOut.swift:11:8: error: no such module 'UIKit'
9 |
10 | import Foundation
11 | import UIKit
| `- error: no such module 'UIKit'
12 |
13 | @available(*, deprecated, renamed: "ProcessOut")
/host/spi-builder-workspace/Sources/ProcessOut/Sources/Api/ProcessOut.swift:11:8: error: no such module 'UIKit'
9 |
10 | import Foundation
11 | import UIKit
| `- error: no such module 'UIKit'
12 |
13 | @available(*, deprecated, renamed: "ProcessOut")
/host/spi-builder-workspace/Sources/ProcessOut/Sources/Api/ProcessOut.swift:11:8: error: no such module 'UIKit'
9 |
10 | import Foundation
11 | import UIKit
| `- error: no such module 'UIKit'
12 |
13 | @available(*, deprecated, renamed: "ProcessOut")
/host/spi-builder-workspace/Sources/ProcessOut/Sources/Api/ProcessOut.swift:11:8: error: no such module 'UIKit'
9 |
10 | import Foundation
11 | import UIKit
| `- error: no such module 'UIKit'
12 |
13 | @available(*, deprecated, renamed: "ProcessOut")
/host/spi-builder-workspace/Sources/ProcessOut/Sources/Api/ProcessOut.swift:11:8: error: no such module 'UIKit'
9 |
10 | import Foundation
11 | import UIKit
| `- error: no such module 'UIKit'
12 |
13 | @available(*, deprecated, renamed: "ProcessOut")
/host/spi-builder-workspace/Sources/ProcessOut/Sources/Api/ProcessOut.swift:11:8: error: no such module 'UIKit'
9 |
10 | import Foundation
11 | import UIKit
| `- error: no such module 'UIKit'
12 |
13 | @available(*, deprecated, renamed: "ProcessOut")
/host/spi-builder-workspace/Sources/ProcessOut/Sources/Api/ProcessOut.swift:11:8: error: no such module 'UIKit'
9 |
10 | import Foundation
11 | import UIKit
| `- error: no such module 'UIKit'
12 |
13 | @available(*, deprecated, renamed: "ProcessOut")
/host/spi-builder-workspace/Sources/ProcessOut/Sources/Api/ProcessOut.swift:11:8: error: no such module 'UIKit'
9 |
10 | import Foundation
11 | import UIKit
| `- error: no such module 'UIKit'
12 |
13 | @available(*, deprecated, renamed: "ProcessOut")
/host/spi-builder-workspace/Sources/ProcessOut/Sources/Api/ProcessOut.swift:11:8: error: no such module 'UIKit'
9 |
10 | import Foundation
11 | import UIKit
| `- error: no such module 'UIKit'
12 |
13 | @available(*, deprecated, renamed: "ProcessOut")
/host/spi-builder-workspace/Sources/ProcessOut/Sources/Api/ProcessOut.swift:11:8: error: no such module 'UIKit'
9 |
10 | import Foundation
11 | import UIKit
| `- error: no such module 'UIKit'
12 |
13 | @available(*, deprecated, renamed: "ProcessOut")
/host/spi-builder-workspace/Sources/ProcessOut/Sources/Api/ProcessOut.swift:11:8: error: no such module 'UIKit'
9 |
10 | import Foundation
11 | import UIKit
| `- error: no such module 'UIKit'
12 |
13 | @available(*, deprecated, renamed: "ProcessOut")
/host/spi-builder-workspace/Sources/ProcessOut/Sources/Api/ProcessOut.swift:11:8: error: no such module 'UIKit'
9 |
10 | import Foundation
11 | import UIKit
| `- error: no such module 'UIKit'
12 |
13 | @available(*, deprecated, renamed: "ProcessOut")
/host/spi-builder-workspace/Sources/ProcessOut/Sources/Api/ProcessOut.swift:11:8: error: no such module 'UIKit'
9 |
10 | import Foundation
11 | import UIKit
| `- error: no such module 'UIKit'
12 |
13 | @available(*, deprecated, renamed: "ProcessOut")
/host/spi-builder-workspace/Sources/ProcessOut/Sources/Api/ProcessOut.swift:11:8: error: no such module 'UIKit'
9 |
10 | import Foundation
11 | import UIKit
| `- error: no such module 'UIKit'
12 |
13 | @available(*, deprecated, renamed: "ProcessOut")
/host/spi-builder-workspace/Sources/ProcessOut/Sources/Api/ProcessOut.swift:11:8: error: no such module 'UIKit'
9 |
10 | import Foundation
11 | import UIKit
| `- error: no such module 'UIKit'
12 |
13 | @available(*, deprecated, renamed: "ProcessOut")
Running build ...
bash -c docker run --pull=always --rm -v "checkouts-53886769-0":/host -w "$PWD" -e JAVA_HOME="/root/.sdkman/candidates/java/current" -e SPI_BUILD="1" -e SPI_PROCESSING="1" registry.gitlab.com/saguaro1/spi-images:android-6.1-latest swift build --swift-sdk aarch64-unknown-linux-android24 2>&1
android-6.1-latest: Pulling from saguaro1/spi-images
Digest: sha256:639806e3270a7d76362a869fc7a464db4368085eea7ecdf63d02ce60a0298950
Status: Image is up to date for registry.gitlab.com/saguaro1/spi-images:android-6.1-latest
[0/1] Planning build
Building for debugging...
[0/1] Write swift-version-24593BA9C3E375BF.txt
[2/227] Compiling ProcessOut DefaultDeviceMetadataProvider.swift
/host/spi-builder-workspace/.build/checkouts/JOSESwift/JOSESwift/Sources/CompressionImplementation/DeflateWrapper.swift:31:8: error: no such module 'Compression'
29 |
30 | import Foundation
31 | import Compression
| `- error: no such module 'Compression'
32 |
33 | struct DeflateCompressor: CompressorProtocol {
[3/227] Compiling ProcessOut DeviceMetadata.swift
/host/spi-builder-workspace/.build/checkouts/JOSESwift/JOSESwift/Sources/CompressionImplementation/DeflateWrapper.swift:31:8: error: no such module 'Compression'
29 |
30 | import Foundation
31 | import Compression
| `- error: no such module 'Compression'
32 |
33 | struct DeflateCompressor: CompressorProtocol {
[4/227] Compiling ProcessOut DeviceMetadataProvider.swift
/host/spi-builder-workspace/.build/checkouts/JOSESwift/JOSESwift/Sources/CompressionImplementation/DeflateWrapper.swift:31:8: error: no such module 'Compression'
29 |
30 | import Foundation
31 | import Compression
| `- error: no such module 'Compression'
32 |
33 | struct DeflateCompressor: CompressorProtocol {
[5/227] Compiling ProcessOut LocalEventEmitter.swift
/host/spi-builder-workspace/.build/checkouts/JOSESwift/JOSESwift/Sources/CompressionImplementation/DeflateWrapper.swift:31:8: error: no such module 'Compression'
29 |
30 | import Foundation
31 | import Compression
| `- error: no such module 'Compression'
32 |
33 | struct DeflateCompressor: CompressorProtocol {
[6/227] Compiling ProcessOut POEventEmitter.swift
/host/spi-builder-workspace/.build/checkouts/JOSESwift/JOSESwift/Sources/CompressionImplementation/DeflateWrapper.swift:31:8: error: no such module 'Compression'
29 |
30 | import Foundation
31 | import Compression
| `- error: no such module 'Compression'
32 |
33 | struct DeflateCompressor: CompressorProtocol {
[7/227] Compiling ProcessOut POEventEmitterEvent.swift
/host/spi-builder-workspace/.build/checkouts/JOSESwift/JOSESwift/Sources/CompressionImplementation/DeflateWrapper.swift:31:8: error: no such module 'Compression'
29 |
30 | import Foundation
31 | import Compression
| `- error: no such module 'Compression'
32 |
33 | struct DeflateCompressor: CompressorProtocol {
[8/227] Compiling ProcessOut Collection+Utils.swift
/host/spi-builder-workspace/.build/checkouts/JOSESwift/JOSESwift/Sources/CompressionImplementation/DeflateWrapper.swift:31:8: error: no such module 'Compression'
29 |
30 | import Foundation
31 | import Compression
| `- error: no such module 'Compression'
32 |
33 | struct DeflateCompressor: CompressorProtocol {
[9/227] Compiling ProcessOut DispatchTime+UptimeSeconds.swift
/host/spi-builder-workspace/.build/checkouts/JOSESwift/JOSESwift/Sources/CompressionImplementation/DeflateWrapper.swift:31:8: error: no such module 'Compression'
29 |
30 | import Foundation
31 | import Compression
| `- error: no such module 'Compression'
32 |
33 | struct DeflateCompressor: CompressorProtocol {
error: emit-module command failed with exit code 1 (use -v to see invocation)
[10/234] Emitting module JOSESwift
/host/spi-builder-workspace/.build/checkouts/JOSESwift/JOSESwift/Sources/CompressionImplementation/DeflateWrapper.swift:31:8: error: no such module 'Compression'
29 |
30 | import Foundation
31 | import Compression
| `- error: no such module 'Compression'
32 |
33 | struct DeflateCompressor: CompressorProtocol {
[11/234] Compiling ProcessOut String+Extensions.swift
/host/spi-builder-workspace/.build/checkouts/JOSESwift/JOSESwift/Sources/CompressionImplementation/DeflateWrapper.swift:31:8: error: no such module 'Compression'
29 |
30 | import Foundation
31 | import Compression
| `- error: no such module 'Compression'
32 |
33 | struct DeflateCompressor: CompressorProtocol {
[12/234] Compiling ProcessOut StringProtocol+Extensions.swift
/host/spi-builder-workspace/.build/checkouts/JOSESwift/JOSESwift/Sources/CompressionImplementation/DeflateWrapper.swift:31:8: error: no such module 'Compression'
29 |
30 | import Foundation
31 | import Compression
| `- error: no such module 'Compression'
32 |
33 | struct DeflateCompressor: CompressorProtocol {
[13/234] Compiling ProcessOut URLComponents+Normalized.swift
/host/spi-builder-workspace/.build/checkouts/JOSESwift/JOSESwift/Sources/CompressionImplementation/DeflateWrapper.swift:31:8: error: no such module 'Compression'
29 |
30 | import Foundation
31 | import Compression
| `- error: no such module 'Compression'
32 |
33 | struct DeflateCompressor: CompressorProtocol {
[14/234] Compiling ProcessOut POCardExpirationFormatter.swift
/host/spi-builder-workspace/.build/checkouts/JOSESwift/JOSESwift/Sources/CompressionImplementation/DeflateWrapper.swift:31:8: error: no such module 'Compression'
29 |
30 | import Foundation
31 | import Compression
| `- error: no such module 'Compression'
32 |
33 | struct DeflateCompressor: CompressorProtocol {
[15/234] Compiling ProcessOut POCardNumberFormatter.swift
/host/spi-builder-workspace/.build/checkouts/JOSESwift/JOSESwift/Sources/CompressionImplementation/DeflateWrapper.swift:31:8: error: no such module 'Compression'
29 |
30 | import Foundation
31 | import Compression
| `- error: no such module 'Compression'
32 |
33 | struct DeflateCompressor: CompressorProtocol {
[16/234] Compiling ProcessOut PODefaultPhoneNumberMetadataProvider.swift
/host/spi-builder-workspace/.build/checkouts/JOSESwift/JOSESwift/Sources/CompressionImplementation/DeflateWrapper.swift:31:8: error: no such module 'Compression'
29 |
30 | import Foundation
31 | import Compression
| `- error: no such module 'Compression'
32 |
33 | struct DeflateCompressor: CompressorProtocol {
[17/234] Compiling ProcessOut POPhoneNumberMetadataProvider.swift
/host/spi-builder-workspace/.build/checkouts/JOSESwift/JOSESwift/Sources/CompressionImplementation/DeflateWrapper.swift:31:8: error: no such module 'Compression'
29 |
30 | import Foundation
31 | import Compression
| `- error: no such module 'Compression'
32 |
33 | struct DeflateCompressor: CompressorProtocol {
[18/234] Compiling ProcessOut MarkdownVisitor.swift
/host/spi-builder-workspace/.build/checkouts/JOSESwift/JOSESwift/Sources/CompressionImplementation/DeflateWrapper.swift:31:8: error: no such module 'Compression'
29 |
30 | import Foundation
31 | import Compression
| `- error: no such module 'Compression'
32 |
33 | struct DeflateCompressor: CompressorProtocol {
[19/234] Compiling ProcessOut POAutoAsync.swift
/host/spi-builder-workspace/.build/checkouts/JOSESwift/JOSESwift/Sources/CompressionImplementation/DeflateWrapper.swift:31:8: error: no such module 'Compression'
29 |
30 | import Foundation
31 | import Compression
| `- error: no such module 'Compression'
32 |
33 | struct DeflateCompressor: CompressorProtocol {
[20/234] Compiling ProcessOut POAutoCompletion.swift
/host/spi-builder-workspace/.build/checkouts/JOSESwift/JOSESwift/Sources/CompressionImplementation/DeflateWrapper.swift:31:8: error: no such module 'Compression'
29 |
30 | import Foundation
31 | import Compression
| `- error: no such module 'Compression'
32 |
33 | struct DeflateCompressor: CompressorProtocol {
[21/234] Compiling ProcessOut ImmutableNullHashable.swift
/host/spi-builder-workspace/.build/checkouts/JOSESwift/JOSESwift/Sources/CompressionImplementation/DeflateWrapper.swift:31:8: error: no such module 'Compression'
29 |
30 | import Foundation
31 | import Compression
| `- error: no such module 'Compression'
32 |
33 | struct DeflateCompressor: CompressorProtocol {
[22/234] Compiling ProcessOut ReferenceWrapper.swift
/host/spi-builder-workspace/.build/checkouts/JOSESwift/JOSESwift/Sources/CompressionImplementation/DeflateWrapper.swift:31:8: error: no such module 'Compression'
29 |
30 | import Foundation
31 | import Compression
| `- error: no such module 'Compression'
32 |
33 | struct DeflateCompressor: CompressorProtocol {
[23/234] Compiling ProcessOut RegexProvider.swift
/host/spi-builder-workspace/.build/checkouts/JOSESwift/JOSESwift/Sources/CompressionImplementation/DeflateWrapper.swift:31:8: error: no such module 'Compression'
29 |
30 | import Foundation
31 | import Compression
| `- error: no such module 'Compression'
32 |
33 | struct DeflateCompressor: CompressorProtocol {
[24/234] Compiling ProcessOut RetryStrategy.swift
/host/spi-builder-workspace/.build/checkouts/JOSESwift/JOSESwift/Sources/CompressionImplementation/DeflateWrapper.swift:31:8: error: no such module 'Compression'
29 |
30 | import Foundation
31 | import Compression
| `- error: no such module 'Compression'
32 |
33 | struct DeflateCompressor: CompressorProtocol {
[25/234] Compiling JOSESwift RSASigner.swift
/host/spi-builder-workspace/.build/checkouts/JOSESwift/JOSESwift/Sources/CompressionImplementation/DeflateWrapper.swift:31:8: error: no such module 'Compression'
29 |
30 | import Foundation
31 | import Compression
| `- error: no such module 'Compression'
32 |
33 | struct DeflateCompressor: CompressorProtocol {
[26/234] Compiling JOSESwift RSAVerifier.swift
/host/spi-builder-workspace/.build/checkouts/JOSESwift/JOSESwift/Sources/CompressionImplementation/DeflateWrapper.swift:31:8: error: no such module 'Compression'
29 |
30 | import Foundation
31 | import Compression
| `- error: no such module 'Compression'
32 |
33 | struct DeflateCompressor: CompressorProtocol {
[27/234] Compiling JOSESwift Serializer.swift
/host/spi-builder-workspace/.build/checkouts/JOSESwift/JOSESwift/Sources/CompressionImplementation/DeflateWrapper.swift:31:8: error: no such module 'Compression'
29 |
30 | import Foundation
31 | import Compression
| `- error: no such module 'Compression'
32 |
33 | struct DeflateCompressor: CompressorProtocol {
[28/234] Compiling JOSESwift Signer.swift
/host/spi-builder-workspace/.build/checkouts/JOSESwift/JOSESwift/Sources/CompressionImplementation/DeflateWrapper.swift:31:8: error: no such module 'Compression'
29 |
30 | import Foundation
31 | import Compression
| `- error: no such module 'Compression'
32 |
33 | struct DeflateCompressor: CompressorProtocol {
[29/234] Compiling JOSESwift SymmetricKeyCodable.swift
/host/spi-builder-workspace/.build/checkouts/JOSESwift/JOSESwift/Sources/CompressionImplementation/DeflateWrapper.swift:31:8: error: no such module 'Compression'
29 |
30 | import Foundation
31 | import Compression
| `- error: no such module 'Compression'
32 |
33 | struct DeflateCompressor: CompressorProtocol {
[30/234] Compiling JOSESwift SymmetricKeys.swift
/host/spi-builder-workspace/.build/checkouts/JOSESwift/JOSESwift/Sources/CompressionImplementation/DeflateWrapper.swift:31:8: error: no such module 'Compression'
29 |
30 | import Foundation
31 | import Compression
| `- error: no such module 'Compression'
32 |
33 | struct DeflateCompressor: CompressorProtocol {
[31/234] Compiling JOSESwift Verifier.swift
/host/spi-builder-workspace/.build/checkouts/JOSESwift/JOSESwift/Sources/CompressionImplementation/DeflateWrapper.swift:31:8: error: no such module 'Compression'
29 |
30 | import Foundation
31 | import Compression
| `- error: no such module 'Compression'
32 |
33 | struct DeflateCompressor: CompressorProtocol {
[32/234] Compiling ProcessOut AsyncSemaphore.swift
/host/spi-builder-workspace/.build/checkouts/JOSESwift/JOSESwift/Sources/CompressionImplementation/DeflateWrapper.swift:31:8: error: no such module 'Compression'
29 |
30 | import Foundation
31 | import Compression
| `- error: no such module 'Compression'
32 |
33 | struct DeflateCompressor: CompressorProtocol {
[33/234] Compiling ProcessOut AsyncSemaphoreSuspension.swift
/host/spi-builder-workspace/.build/checkouts/JOSESwift/JOSESwift/Sources/CompressionImplementation/DeflateWrapper.swift:31:8: error: no such module 'Compression'
29 |
30 | import Foundation
31 | import Compression
| `- error: no such module 'Compression'
32 |
33 | struct DeflateCompressor: CompressorProtocol {
[34/234] Compiling ProcessOut AsyncUtils.swift
/host/spi-builder-workspace/.build/checkouts/JOSESwift/JOSESwift/Sources/CompressionImplementation/DeflateWrapper.swift:31:8: error: no such module 'Compression'
29 |
30 | import Foundation
31 | import Compression
| `- error: no such module 'Compression'
32 |
33 | struct DeflateCompressor: CompressorProtocol {
[35/234] Compiling ProcessOut Batcher.swift
/host/spi-builder-workspace/.build/checkouts/JOSESwift/JOSESwift/Sources/CompressionImplementation/DeflateWrapper.swift:31:8: error: no such module 'Compression'
29 |
30 | import Foundation
31 | import Compression
| `- error: no such module 'Compression'
32 |
33 | struct DeflateCompressor: CompressorProtocol {
[36/234] Compiling ProcessOut BundleLocator.swift
/host/spi-builder-workspace/.build/checkouts/JOSESwift/JOSESwift/Sources/CompressionImplementation/DeflateWrapper.swift:31:8: error: no such module 'Compression'
29 |
30 | import Foundation
31 | import Compression
| `- error: no such module 'Compression'
32 |
33 | struct DeflateCompressor: CompressorProtocol {
[37/234] Compiling ProcessOut Bundle+LocalizationUtils.swift
/host/spi-builder-workspace/.build/checkouts/JOSESwift/JOSESwift/Sources/CompressionImplementation/DeflateWrapper.swift:31:8: error: no such module 'Compression'
29 |
30 | import Foundation
31 | import Compression
| `- error: no such module 'Compression'
32 |
33 | struct DeflateCompressor: CompressorProtocol {
[38/234] Compiling ProcessOut LocalizationConfiguration.swift
/host/spi-builder-workspace/.build/checkouts/JOSESwift/JOSESwift/Sources/CompressionImplementation/DeflateWrapper.swift:31:8: error: no such module 'Compression'
29 |
30 | import Foundation
31 | import Compression
| `- error: no such module 'Compression'
32 |
33 | struct DeflateCompressor: CompressorProtocol {
[39/234] Compiling ProcessOut POStringResource.swift
/host/spi-builder-workspace/.build/checkouts/JOSESwift/JOSESwift/Sources/CompressionImplementation/DeflateWrapper.swift:31:8: error: no such module 'Compression'
29 |
30 | import Foundation
31 | import Compression
| `- error: no such module 'Compression'
32 |
33 | struct DeflateCompressor: CompressorProtocol {
[40/234] Compiling ProcessOut String+StringResource.swift
/host/spi-builder-workspace/.build/checkouts/JOSESwift/JOSESwift/Sources/CompressionImplementation/DeflateWrapper.swift:31:8: error: no such module 'Compression'
29 |
30 | import Foundation
31 | import Compression
| `- error: no such module 'Compression'
32 |
33 | struct DeflateCompressor: CompressorProtocol {
[41/234] Compiling ProcessOut MathUtils.swift
/host/spi-builder-workspace/.build/checkouts/JOSESwift/JOSESwift/Sources/CompressionImplementation/DeflateWrapper.swift:31:8: error: no such module 'Compression'
29 |
30 | import Foundation
31 | import Compression
| `- error: no such module 'Compression'
32 |
33 | struct DeflateCompressor: CompressorProtocol {
[42/234] Compiling ProcessOut POTypedRepresentation.swift
/host/spi-builder-workspace/.build/checkouts/JOSESwift/JOSESwift/Sources/CompressionImplementation/DeflateWrapper.swift:31:8: error: no such module 'Compression'
29 |
30 | import Foundation
31 | import Compression
| `- error: no such module 'Compression'
32 |
33 | struct DeflateCompressor: CompressorProtocol {
[43/234] Compiling ProcessOut Strings+PreferredLocalization.swift
/host/spi-builder-workspace/.build/checkouts/JOSESwift/JOSESwift/Sources/CompressionImplementation/DeflateWrapper.swift:31:8: error: no such module 'Compression'
29 |
30 | import Foundation
31 | import Compression
| `- error: no such module 'Compression'
32 |
33 | struct DeflateCompressor: CompressorProtocol {
[44/234] Compiling ProcessOut Task+Sleep.swift
/host/spi-builder-workspace/.build/checkouts/JOSESwift/JOSESwift/Sources/CompressionImplementation/DeflateWrapper.swift:31:8: error: no such module 'Compression'
29 |
30 | import Foundation
31 | import Compression
| `- error: no such module 'Compression'
32 |
33 | struct DeflateCompressor: CompressorProtocol {
[45/234] Compiling ProcessOut UIImage+Extensions.swift
/host/spi-builder-workspace/.build/checkouts/JOSESwift/JOSESwift/Sources/CompressionImplementation/DeflateWrapper.swift:31:8: error: no such module 'Compression'
29 |
30 | import Foundation
31 | import Compression
| `- error: no such module 'Compression'
32 |
33 | struct DeflateCompressor: CompressorProtocol {
[46/234] Compiling ProcessOut Keychain.swift
/host/spi-builder-workspace/.build/checkouts/JOSESwift/JOSESwift/Sources/CompressionImplementation/DeflateWrapper.swift:31:8: error: no such module 'Compression'
29 |
30 | import Foundation
31 | import Compression
| `- error: no such module 'Compression'
32 |
33 | struct DeflateCompressor: CompressorProtocol {
[47/234] Compiling ProcessOut KeychainItemAccessibility.swift
/host/spi-builder-workspace/.build/checkouts/JOSESwift/JOSESwift/Sources/CompressionImplementation/DeflateWrapper.swift:31:8: error: no such module 'Compression'
29 |
30 | import Foundation
31 | import Compression
| `- error: no such module 'Compression'
32 |
33 | struct DeflateCompressor: CompressorProtocol {
[48/234] Compiling ProcessOut KeychainItemClass.swift
/host/spi-builder-workspace/.build/checkouts/JOSESwift/JOSESwift/Sources/CompressionImplementation/DeflateWrapper.swift:31:8: error: no such module 'Compression'
29 |
30 | import Foundation
31 | import Compression
| `- error: no such module 'Compression'
32 |
33 | struct DeflateCompressor: CompressorProtocol {
[49/234] Compiling ProcessOut MarkdownText.swift
/host/spi-builder-workspace/.build/checkouts/JOSESwift/JOSESwift/Sources/CompressionImplementation/DeflateWrapper.swift:31:8: error: no such module 'Compression'
29 |
30 | import Foundation
31 | import Compression
| `- error: no such module 'Compression'
32 |
33 | struct DeflateCompressor: CompressorProtocol {
[50/234] Compiling ProcessOut MarkdownThematicBreak.swift
/host/spi-builder-workspace/.build/checkouts/JOSESwift/JOSESwift/Sources/CompressionImplementation/DeflateWrapper.swift:31:8: error: no such module 'Compression'
29 |
30 | import Foundation
31 | import Compression
| `- error: no such module 'Compression'
32 |
33 | struct DeflateCompressor: CompressorProtocol {
[51/234] Compiling ProcessOut MarkdownUnknown.swift
/host/spi-builder-workspace/.build/checkouts/JOSESwift/JOSESwift/Sources/CompressionImplementation/DeflateWrapper.swift:31:8: error: no such module 'Compression'
29 |
30 | import Foundation
31 | import Compression
| `- error: no such module 'Compression'
32 |
33 | struct DeflateCompressor: CompressorProtocol {
[52/234] Compiling ProcessOut MarkdownDebugDescriptionPrinter.swift
/host/spi-builder-workspace/.build/checkouts/JOSESwift/JOSESwift/Sources/CompressionImplementation/DeflateWrapper.swift:31:8: error: no such module 'Compression'
29 |
30 | import Foundation
31 | import Compression
| `- error: no such module 'Compression'
32 |
33 | struct DeflateCompressor: CompressorProtocol {
[53/234] Compiling ProcessOut POPhoneNumber.swift
/host/spi-builder-workspace/.build/checkouts/JOSESwift/JOSESwift/Sources/CompressionImplementation/DeflateWrapper.swift:31:8: error: no such module 'Compression'
29 |
30 | import Foundation
31 | import Compression
| `- error: no such module 'Compression'
32 |
33 | struct DeflateCompressor: CompressorProtocol {
[54/234] Compiling ProcessOut POPhoneNumberFormatter.swift
/host/spi-builder-workspace/.build/checkouts/JOSESwift/JOSESwift/Sources/CompressionImplementation/DeflateWrapper.swift:31:8: error: no such module 'Compression'
29 |
30 | import Foundation
31 | import Compression
| `- error: no such module 'Compression'
32 |
33 | struct DeflateCompressor: CompressorProtocol {
[55/234] Compiling ProcessOut POPhoneNumberMetadata.swift
/host/spi-builder-workspace/.build/checkouts/JOSESwift/JOSESwift/Sources/CompressionImplementation/DeflateWrapper.swift:31:8: error: no such module 'Compression'
29 |
30 | import Foundation
31 | import Compression
| `- error: no such module 'Compression'
32 |
33 | struct DeflateCompressor: CompressorProtocol {
[56/234] Compiling ProcessOut POPhoneNumberParser.swift
/host/spi-builder-workspace/.build/checkouts/JOSESwift/JOSESwift/Sources/CompressionImplementation/DeflateWrapper.swift:31:8: error: no such module 'Compression'
29 |
30 | import Foundation
31 | import Compression
| `- error: no such module 'Compression'
32 |
33 | struct DeflateCompressor: CompressorProtocol {
[57/234] Compiling ProcessOut UrlRequestFormatter.swift
/host/spi-builder-workspace/.build/checkouts/JOSESwift/JOSESwift/Sources/CompressionImplementation/DeflateWrapper.swift:31:8: error: no such module 'Compression'
29 |
30 | import Foundation
31 | import Compression
| `- error: no such module 'Compression'
32 |
33 | struct DeflateCompressor: CompressorProtocol {
[58/234] Compiling ProcessOut UrlResponseFormatter.swift
/host/spi-builder-workspace/.build/checkouts/JOSESwift/JOSESwift/Sources/CompressionImplementation/DeflateWrapper.swift:31:8: error: no such module 'Compression'
29 |
30 | import Foundation
31 | import Compression
| `- error: no such module 'Compression'
32 |
33 | struct DeflateCompressor: CompressorProtocol {
[59/234] Compiling ProcessOut POFormattingUtils.swift
/host/spi-builder-workspace/.build/checkouts/JOSESwift/JOSESwift/Sources/CompressionImplementation/DeflateWrapper.swift:31:8: error: no such module 'Compression'
29 |
30 | import Foundation
31 | import Compression
| `- error: no such module 'Compression'
32 |
33 | struct DeflateCompressor: CompressorProtocol {
BUILD FAILURE 6.1 android