The Swift Package Index logo.Swift Package Index

Build Information

Failed to build SwiftCardanoNetwork, reference main (53a0e0), with Swift 6.2 for Wasm on 25 Sep 2026 15:44:54 UTC.

Build Command

bash -c docker run --pull=always --rm -v "checkouts-53886770-0":/host -w "$PWD" -e JAVA_HOME="/root/.sdkman/candidates/java/current" -e SPI_BUILD="1" -e SPI_PROCESSING="1" registry.gitlab.com/saguaro1/spi-images:wasm-6.2-latest swift build --swift-sdk swift-6.2-RELEASE_wasm 2>&1

Build Log

========================================
RunAll
========================================
Builder version: 5.1.0
Interrupt handler set up.
========================================
Checkout
========================================
Clone URL: https://github.com/Kingpin-Apps/swift-cardano-network.git
Reference: main
Initialized empty Git repository in /host/spi-builder-workspace/.git/
hint: Using 'master' as the name for the initial branch. This default branch name
hint: is subject to change. To configure the initial branch name to use in all
hint: of your new repositories, which will suppress this warning, call:
hint:
hint: 	git config --global init.defaultBranch <name>
hint:
hint: Names commonly chosen instead of 'master' are 'main', 'trunk' and
hint: 'development'. The just-created branch can be renamed via this command:
hint:
hint: 	git branch -m <name>
From https://github.com/Kingpin-Apps/swift-cardano-network
 * branch            main       -> FETCH_HEAD
 * [new branch]      main       -> origin/main
HEAD is now at 53a0e01 ci: bump actions/checkout to v7 (node24)
Cloned https://github.com/Kingpin-Apps/swift-cardano-network.git
Revision (git rev-parse @):
53a0e01a054f08a80444a33759e616551f5c85c4
SPI manifest file found: $PWD/.spi.yml
SUCCESS checkout https://github.com/Kingpin-Apps/swift-cardano-network.git at main
========================================
Build
========================================
Selected platform:         wasm
Swift version:             6.2
Building package at path:  $PWD
https://github.com/Kingpin-Apps/swift-cardano-network.git
Running build ...
bash -c docker run --pull=always --rm -v "checkouts-53886770-0":/host -w "$PWD" -e JAVA_HOME="/root/.sdkman/candidates/java/current" -e SPI_BUILD="1" -e SPI_PROCESSING="1" registry.gitlab.com/saguaro1/spi-images:wasm-6.2-latest swift build --swift-sdk swift-6.2-RELEASE_wasm 2>&1
wasm-6.2-latest: Pulling from saguaro1/spi-images
Digest: sha256:ff44196b45f83e5a0a99a627b185f548850d9bc1242e3dee2178fb1570812fe8
Status: Image is up to date for registry.gitlab.com/saguaro1/spi-images:wasm-6.2-latest
Fetching https://github.com/apple/swift-nio-extras.git
Fetching https://github.com/apple/swift-metrics.git
Fetching https://github.com/apple/swift-nio.git
Fetching https://github.com/apple/swift-log.git
Fetching https://github.com/Kingpin-Apps/swift-cardano-core
[1/8165] Fetching swift-log
[1716/14855] Fetching swift-log, swift-nio-extras
[4731/18378] Fetching swift-log, swift-nio-extras, swift-metrics
[15214/23176] Fetching swift-log, swift-nio-extras, swift-metrics, swift-cardano-core
Fetched https://github.com/apple/swift-nio-extras.git from cache (0.60s)
Fetched https://github.com/apple/swift-metrics.git from cache (0.62s)
Fetched https://github.com/Kingpin-Apps/swift-cardano-core from cache (0.62s)
Fetched https://github.com/apple/swift-log.git from cache (0.63s)
[1/86164] Fetching swift-nio
Fetched https://github.com/apple/swift-nio.git from cache (2.91s)
Computing version for https://github.com/apple/swift-metrics.git
Computed https://github.com/apple/swift-metrics.git at 2.11.0 (3.11s)
Computing version for https://github.com/apple/swift-log.git
Computed https://github.com/apple/swift-log.git at 1.15.1 (0.17s)
Computing version for https://github.com/Kingpin-Apps/swift-cardano-core
Computed https://github.com/Kingpin-Apps/swift-cardano-core at 0.7.1 (0.16s)
Fetching https://github.com/Kingpin-Apps/swift-cbor-codable.git
Fetching https://github.com/Kingpin-Apps/swift-base58.git
Fetching https://github.com/krzyzanowskim/CryptoSwift.git
Fetching https://github.com/Kingpin-Apps/swift-mnemonic.git
Fetching https://github.com/Kingpin-Apps/swift-nacl.git
Fetching https://github.com/mxcl/Version.git
[1/311] Fetching version
Fetched https://github.com/mxcl/Version.git from cache (0.42s)
Fetching https://github.com/Frizlab/swift-fraction-number.git
[1/86] Fetching swift-base58
[87/391] Fetching swift-base58, swift-cbor-codable
[115/13830] Fetching swift-base58, swift-cbor-codable, cryptoswift
[418/14687] Fetching swift-base58, swift-cbor-codable, cryptoswift, swift-nacl
[4072/14917] Fetching swift-base58, swift-cbor-codable, cryptoswift, swift-nacl, swift-mnemonic
Fetched https://github.com/Kingpin-Apps/swift-nacl.git from cache (0.76s)
Fetching https://github.com/attaswift/BigInt.git
Fetched https://github.com/Kingpin-Apps/swift-base58.git from cache (0.77s)
Fetched https://github.com/Kingpin-Apps/swift-cbor-codable.git from cache (0.77s)
Fetched https://github.com/Kingpin-Apps/swift-mnemonic.git from cache (0.77s)
Fetching https://github.com/apple/swift-crypto.git
Fetching https://github.com/Kingpin-Apps/swift-kes.git
[3496/13465] Fetching cryptoswift, swift-fraction-number
Fetched https://github.com/Frizlab/swift-fraction-number.git from cache (0.44s)
[3629/13439] Fetching cryptoswift
[13440/18378] Fetching cryptoswift, bigint
Fetched https://github.com/krzyzanowskim/CryptoSwift.git from cache (1.22s)
[149/4939] Fetching bigint
[1829/5063] Fetching bigint, swift-kes
Fetched https://github.com/Kingpin-Apps/swift-kes.git from cache (0.53s)
[3952/4939] Fetching bigint
[3953/23488] Fetching bigint, swift-crypto
Fetched https://github.com/attaswift/BigInt.git from cache (0.64s)
[1113/18549] Fetching swift-crypto
Fetched https://github.com/apple/swift-crypto.git from cache (1.47s)
Computing version for https://github.com/Kingpin-Apps/swift-mnemonic.git
Computed https://github.com/Kingpin-Apps/swift-mnemonic.git at 0.2.5 (2.38s)
Computing version for https://github.com/mxcl/Version.git
Computed https://github.com/mxcl/Version.git at 2.2.1 (0.89s)
Computing version for https://github.com/krzyzanowskim/CryptoSwift.git
Computed https://github.com/krzyzanowskim/CryptoSwift.git at 1.10.0 (0.17s)
Computing version for https://github.com/Kingpin-Apps/swift-kes.git
Computed https://github.com/Kingpin-Apps/swift-kes.git at 1.0.2 (0.14s)
Computing version for https://github.com/Kingpin-Apps/swift-cbor-codable.git
Computed https://github.com/Kingpin-Apps/swift-cbor-codable.git at 0.3.3 (0.14s)
Fetching https://github.com/SusanDoggie/Float16.git
Fetching https://github.com/apple/swift-collections.git
[1/310] Fetching float16
Fetched https://github.com/SusanDoggie/Float16.git from cache (0.45s)
[1/27723] Fetching swift-collections
Fetched https://github.com/apple/swift-collections.git from cache (1.18s)
Computing version for https://github.com/SusanDoggie/Float16.git
Computed https://github.com/SusanDoggie/Float16.git at 1.1.1 (1.36s)
Fetching https://github.com/apple/swift-numerics
[1/6640] Fetching swift-numerics
Fetched https://github.com/apple/swift-numerics from cache (0.66s)
Computing version for https://github.com/Kingpin-Apps/swift-base58.git
Computed https://github.com/Kingpin-Apps/swift-base58.git at 0.1.5 (0.81s)
Computing version for https://github.com/Frizlab/swift-fraction-number.git
Computed https://github.com/Frizlab/swift-fraction-number.git at 0.2.0 (0.13s)
Computing version for https://github.com/Kingpin-Apps/swift-nacl.git
Computed https://github.com/Kingpin-Apps/swift-nacl.git at 1.0.3 (0.89s)
Fetching https://github.com/norio-nomura/Base32.git
[1/1168] Fetching base32
Fetched https://github.com/norio-nomura/Base32.git from cache (0.43s)
Computing version for https://github.com/norio-nomura/Base32.git
Computed https://github.com/norio-nomura/Base32.git at 0.9.0 (1.30s)
Computing version for https://github.com/attaswift/BigInt.git
Computed https://github.com/attaswift/BigInt.git at 6.0.1 (0.14s)
Computing version for https://github.com/apple/swift-crypto.git
Computed https://github.com/apple/swift-crypto.git at 4.5.2 (0.47s)
Fetching https://github.com/apple/swift-asn1.git
[1/1983] Fetching swift-asn1
Fetched https://github.com/apple/swift-asn1.git from cache (0.49s)
Computing version for https://github.com/apple/swift-numerics
Computed https://github.com/apple/swift-numerics at 1.1.1 (0.63s)
Computing version for https://github.com/apple/swift-asn1.git
Computed https://github.com/apple/swift-asn1.git at 1.7.3 (0.17s)
Computing version for https://github.com/apple/swift-collections.git
Computed https://github.com/apple/swift-collections.git at 1.7.0 (0.24s)
Computing version for https://github.com/apple/swift-nio-extras.git
Computed https://github.com/apple/swift-nio-extras.git at 1.35.1 (0.26s)
Fetching https://github.com/apple/swift-nio-http2.git
Fetching https://github.com/apple/swift-atomics.git
Fetching https://github.com/apple/swift-async-algorithms.git
Fetching https://github.com/apple/swift-http-types.git
Fetching https://github.com/apple/swift-nio-ssl.git
Fetching https://github.com/swift-server/swift-service-lifecycle.git
[1/1881] Fetching swift-atomics
[509/3816] Fetching swift-atomics, swift-http-types
[719/10550] Fetching swift-atomics, swift-http-types, swift-async-algorithms
Fetched https://github.com/apple/swift-atomics.git from cache (0.53s)
[5639/8669] Fetching swift-http-types, swift-async-algorithms
Fetching https://github.com/apple/swift-certificates.git
[8670/11512] Fetching swift-http-types, swift-async-algorithms, swift-service-lifecycle
[8926/23764] Fetching swift-http-types, swift-async-algorithms, swift-service-lifecycle, swift-nio-http2
Fetched https://github.com/swift-server/swift-service-lifecycle.git from cache (0.64s)
Fetching https://github.com/apple/swift-http-structured-headers.git
[11365/20921] Fetching swift-http-types, swift-async-algorithms, swift-nio-http2
[18105/37773] Fetching swift-http-types, swift-async-algorithms, swift-nio-http2, swift-nio-ssl
[26484/45348] Fetching swift-http-types, swift-async-algorithms, swift-nio-http2, swift-nio-ssl, swift-certificates
[26653/46601] Fetching swift-http-types, swift-async-algorithms, swift-nio-http2, swift-nio-ssl, swift-certificates, swift-http-structured-headers
Fetched https://github.com/apple/swift-http-structured-headers.git from cache (0.42s)
[32674/45348] Fetching swift-http-types, swift-async-algorithms, swift-nio-http2, swift-nio-ssl, swift-certificates
Fetching https://github.com/apple/swift-algorithms.git
Fetched https://github.com/apple/swift-certificates.git from cache (0.60s)
[37436/37773] Fetching swift-http-types, swift-async-algorithms, swift-nio-http2, swift-nio-ssl
Fetched https://github.com/apple/swift-http-types.git from cache (1.41s)
Fetched https://github.com/apple/swift-async-algorithms.git from cache (1.41s)
Fetched https://github.com/apple/swift-nio-http2.git from cache (1.41s)
Fetched https://github.com/apple/swift-nio-ssl.git from cache (1.41s)
[1/6145] Fetching swift-algorithms
Fetched https://github.com/apple/swift-algorithms.git from cache (0.57s)
Computing version for https://github.com/apple/swift-algorithms.git
Computed https://github.com/apple/swift-algorithms.git at 1.2.1 (1.81s)
Computing version for https://github.com/apple/swift-atomics.git
Computed https://github.com/apple/swift-atomics.git at 1.3.1 (0.15s)
Computing version for https://github.com/swift-server/swift-service-lifecycle.git
Computed https://github.com/swift-server/swift-service-lifecycle.git at 2.12.0 (0.15s)
Computing version for https://github.com/apple/swift-async-algorithms.git
Computed https://github.com/apple/swift-async-algorithms.git at 1.1.6 (0.20s)
Computing version for https://github.com/apple/swift-http-structured-headers.git
Computed https://github.com/apple/swift-http-structured-headers.git at 1.7.0 (0.15s)
Computing version for https://github.com/apple/swift-http-types.git
Computed https://github.com/apple/swift-http-types.git at 1.8.0 (0.17s)
Computing version for https://github.com/apple/swift-nio-ssl.git
Computed https://github.com/apple/swift-nio-ssl.git at 2.37.5 (0.18s)
Computing version for https://github.com/apple/swift-nio.git
Computed https://github.com/apple/swift-nio.git at 2.103.0 (0.39s)
Fetching https://github.com/apple/swift-system.git
[1/6964] Fetching swift-system
Fetched https://github.com/apple/swift-system.git from cache (0.67s)
Computing version for https://github.com/apple/swift-certificates.git
Computed https://github.com/apple/swift-certificates.git at 1.21.0 (0.88s)
Computing version for https://github.com/apple/swift-system.git
Computed https://github.com/apple/swift-system.git at 1.8.1 (0.18s)
Computing version for https://github.com/apple/swift-nio-http2.git
Computed https://github.com/apple/swift-nio-http2.git at 1.46.0 (0.16s)
Creating working copy for https://github.com/apple/swift-certificates.git
Working copy of https://github.com/apple/swift-certificates.git resolved at 1.21.0
Creating working copy for https://github.com/apple/swift-metrics.git
Working copy of https://github.com/apple/swift-metrics.git resolved at 2.11.0
Creating working copy for https://github.com/apple/swift-algorithms.git
Working copy of https://github.com/apple/swift-algorithms.git resolved at 1.2.1
Creating working copy for https://github.com/apple/swift-http-structured-headers.git
Working copy of https://github.com/apple/swift-http-structured-headers.git resolved at 1.7.0
Creating working copy for https://github.com/apple/swift-nio-ssl.git
Working copy of https://github.com/apple/swift-nio-ssl.git resolved at 2.37.5
Creating working copy for https://github.com/apple/swift-nio.git
Working copy of https://github.com/apple/swift-nio.git resolved at 2.103.0
Creating working copy for https://github.com/Kingpin-Apps/swift-mnemonic.git
Working copy of https://github.com/Kingpin-Apps/swift-mnemonic.git resolved at 0.2.5
Creating working copy for https://github.com/Frizlab/swift-fraction-number.git
Working copy of https://github.com/Frizlab/swift-fraction-number.git resolved at 0.2.0
Creating working copy for https://github.com/apple/swift-collections.git
Working copy of https://github.com/apple/swift-collections.git resolved at 1.7.0
Creating working copy for https://github.com/Kingpin-Apps/swift-kes.git
Working copy of https://github.com/Kingpin-Apps/swift-kes.git resolved at 1.0.2
Creating working copy for https://github.com/krzyzanowskim/CryptoSwift.git
Working copy of https://github.com/krzyzanowskim/CryptoSwift.git resolved at 1.10.0
Creating working copy for https://github.com/swift-server/swift-service-lifecycle.git
Working copy of https://github.com/swift-server/swift-service-lifecycle.git resolved at 2.12.0
Creating working copy for https://github.com/apple/swift-system.git
Working copy of https://github.com/apple/swift-system.git resolved at 1.8.1
Creating working copy for https://github.com/apple/swift-atomics.git
Working copy of https://github.com/apple/swift-atomics.git resolved at 1.3.1
Creating working copy for https://github.com/apple/swift-asn1.git
Working copy of https://github.com/apple/swift-asn1.git resolved at 1.7.3
Creating working copy for https://github.com/mxcl/Version.git
Working copy of https://github.com/mxcl/Version.git resolved at 2.2.1
Creating working copy for https://github.com/apple/swift-nio-extras.git
Working copy of https://github.com/apple/swift-nio-extras.git resolved at 1.35.1
Creating working copy for https://github.com/Kingpin-Apps/swift-cardano-core
Working copy of https://github.com/Kingpin-Apps/swift-cardano-core resolved at 0.7.1
Creating working copy for https://github.com/norio-nomura/Base32.git
Working copy of https://github.com/norio-nomura/Base32.git resolved at 0.9.0
Creating working copy for https://github.com/apple/swift-log.git
Working copy of https://github.com/apple/swift-log.git resolved at 1.15.1
Creating working copy for https://github.com/attaswift/BigInt.git
Working copy of https://github.com/attaswift/BigInt.git resolved at 6.0.1
Creating working copy for https://github.com/Kingpin-Apps/swift-cbor-codable.git
Working copy of https://github.com/Kingpin-Apps/swift-cbor-codable.git resolved at 0.3.3
Creating working copy for https://github.com/apple/swift-crypto.git
Working copy of https://github.com/apple/swift-crypto.git resolved at 4.5.2
Creating working copy for https://github.com/apple/swift-nio-http2.git
Working copy of https://github.com/apple/swift-nio-http2.git resolved at 1.46.0
Creating working copy for https://github.com/apple/swift-async-algorithms.git
Working copy of https://github.com/apple/swift-async-algorithms.git resolved at 1.1.6
Creating working copy for https://github.com/Kingpin-Apps/swift-nacl.git
Working copy of https://github.com/Kingpin-Apps/swift-nacl.git resolved at 1.0.3
Creating working copy for https://github.com/Kingpin-Apps/swift-base58.git
Working copy of https://github.com/Kingpin-Apps/swift-base58.git resolved at 0.1.5
Creating working copy for https://github.com/apple/swift-http-types.git
Working copy of https://github.com/apple/swift-http-types.git resolved at 1.8.0
Creating working copy for https://github.com/apple/swift-numerics
Working copy of https://github.com/apple/swift-numerics resolved at 1.1.1
Creating working copy for https://github.com/SusanDoggie/Float16.git
Working copy of https://github.com/SusanDoggie/Float16.git resolved at 1.1.1
Building for debugging...
[0/518] Write sources
[0/518] Write embedded_resources.swift
[0/518] Write sources
[0/518] Write embedded_resources.swift
[0/518] Write sources
[25/518] Write embedded_resources.swift
[26/518] Write sources
[30/518] Compiling _AtomicsShims.c
[31/518] Compiling version.c
[32/518] Compiling runtime.c
[33/518] Compiling vrf.c
[34/518] Compiling randombytes_sysrandom.c
[35/518] Compiling codecs.c
[36/518] Compiling core.c
[37/518] Write swift-version-24593BA9C3E375BF.txt
[38/518] Compiling randombytes.c
[39/518] Compiling randombytes_internal_random.c
[40/518] Compiling verify.c
[41/518] Compiling utils.c
[42/518] Compiling prove.c
[43/518] Compiling crypto_vrf.c
[44/518] Compiling keypair.c
[45/518] Compiling convert.c
[47/678] Emitting module InternalCollectionsUtilities
[48/681] Compiling CryptoSwift Authenticator.swift
[49/681] Compiling CryptoSwift BatchedCollection.swift
[50/681] Compiling CryptoSwift Bit.swift
[51/681] Compiling CryptoSwift BlockCipher.swift
[52/681] Compiling CryptoSwift AEADXChaCha20Poly1305.swift
[53/681] Compiling CryptoSwift AES.Cryptors.swift
[54/681] Compiling CryptoSwift AES.swift
[55/681] Compiling CryptoSwift ASN1.swift
[56/681] Compiling InternalCollectionsUtilities UnsafeRawBufferPointer+Extras.swift
[57/681] Compiling InternalCollectionsUtilities _SortedCollection.swift
[58/681] Compiling InternalCollectionsUtilities _UniqueCollection.swift
[59/681] Compiling CryptoSwift ECB.swift
[60/681] Compiling CryptoSwift GCM.swift
[61/681] Compiling CryptoSwift OCB.swift
[62/681] Compiling CryptoSwift OFB.swift
[63/681] Compiling CoreMetrics WithMetricsFactory.swift
[64/681] Compiling Logging LoggingSystem.swift
[65/682] Compiling CryptoSwift BlockEncryptor.swift
[66/682] Compiling CryptoSwift BlockMode.swift
[67/682] Compiling CryptoSwift BlockModeOptions.swift
[68/682] Compiling CryptoSwift CBC.swift
[69/682] Compiling CryptoSwift ASN1Decoder.swift
[70/682] Compiling CryptoSwift ASN1Encoder.swift
[71/682] Compiling CryptoSwift ASN1Scanner.swift
[72/682] Compiling CryptoSwift Array+Extension.swift
[73/682] Compiling CryptoSwift PCBC.swift
[74/682] Compiling CryptoSwift Blowfish.swift
[75/682] Compiling CryptoSwift AEAD.swift
[76/682] Compiling CryptoSwift AEADChaCha20Poly1305.swift
[77/682] Compiling Version Version+Range.swift
[78/682] Compiling Version Version.swift
[79/682] Compiling Logging Logger+With.swift
[80/682] Compiling CryptoSwift CCM.swift
[81/682] Compiling CryptoSwift CFB.swift
[82/682] Compiling CryptoSwift CTR.swift
[83/682] Compiling CryptoSwift CipherModeWorker.swift
[84/683] Emitting module _NIOBase64
[85/683] Compiling _NIOBase64 Base64.swift
[88/684] Compiling _NIODataStructures _TinyArray.swift
[89/684] Compiling _NIODataStructures PriorityQueue.swift
[90/684] Compiling Logging Logger+Attributes.swift
[90/684] Compiling verify.c
[92/688] Compiling SpanPreview MutableSpan+InputSpanHelpers.swift
[93/691] Compiling SpanPreview OutputSpan+InputSpanHelpers.swift
[94/691] Emitting module SpanPreview
[95/698] Compiling SpanPreview InputSpan.swift
[96/724] Compiling OrderedCollections _HashTable+Testing.swift
[97/724] Compiling OrderedCollections _HashTable+UnsafeHandle.swift
[98/724] Compiling Logging Logger.swift
[100/746] Compiling CoreMetrics Metrics.swift
[101/746] Compiling CoreMetrics MappingMetricsFactory.swift
[101/746] Compiling stream_xsalsa20.c
[103/788] Compiling Logging MetadataProvider.swift
[104/788] Compiling CryptoSwift Collection+Extension.swift
[105/788] Compiling CryptoSwift CompactMap.swift
[106/788] Compiling CryptoSwift Cryptor.swift
[107/788] Compiling CryptoSwift Cryptors.swift
[108/788] Compiling CryptoSwift Digest.swift
[109/788] Compiling CryptoSwift DigestType.swift
[110/788] Compiling CryptoSwift AES+Foundation.swift
[111/788] Compiling CryptoSwift Array+Foundation.swift
[112/788] Compiling CryptoSwift Blowfish+Foundation.swift
[113/788] Compiling CryptoSwift ChaCha20+Foundation.swift
[114/788] Compiling CryptoSwift Data+Extension.swift
[115/788] Compiling CryptoSwift HMAC+Foundation.swift
[116/788] Compiling CryptoSwift Rabbit+Foundation.swift
[117/788] Compiling CryptoSwift String+FoundationExtension.swift
[118/788] Compiling DequeModule Deque+Testing.swift
[119/788] Compiling DequeModule Deque._Storage.swift
[120/788] Compiling DequeModule Deque+Extras.swift
[121/788] Compiling DequeModule Deque+Hashable.swift
[122/788] Emitting module Logging
[123/792] Emitting module CoreMetrics
[124/792] Compiling CoreMetrics Locks.swift
[126/804] Emitting module _NIODataStructures
[128/804] Compiling _NIODataStructures Heap.swift
[129/805] Compiling stream_salsa208.c
[130/805] Compiling stream_xchacha20.c
[131/805] Compiling stream_salsa208_ref.c
[132/805] Compiling stream_salsa2012.c
[133/807] Compiling stream_salsa2012_ref.c
[134/807] Compiling stream_salsa20.c
[135/807] Compiling salsa20_ref.c
[136/807] Compiling crypto_stream.c
[137/807] Compiling stream_chacha20.c
[138/807] Compiling chacha20_ref.c
[139/807] Compiling sign_ed25519.c
[141/807] Emitting module Version
[142/807] Compiling Version Version+Comparable.swift
[143/807] Compiling OrderedCollections OrderedSet+Partial SetAlgebra isSuperset.swift
[144/807] Compiling OrderedCollections OrderedSet+Partial SetAlgebra subtract.swift
[145/807] Compiling OrderedCollections OrderedSet+Partial SetAlgebra subtracting.swift
[146/807] Compiling OrderedCollections OrderedSet+Partial SetAlgebra symmetricDifference.swift
[147/807] Compiling OrderedCollections OrderedSet+Partial SetAlgebra union.swift
[148/807] Compiling OrderedCollections OrderedSet+Partial SetAlgebra+Basics.swift
[149/807] Compiling OrderedCollections OrderedSet+RandomAccessCollection.swift
[150/807] Compiling OrderedCollections OrderedSet+ReserveCapacity.swift
[151/807] Compiling DequeModule UniqueDeque+Removals.swift
[152/807] Compiling OrderedCollections OrderedSet+Partial SetAlgebra formUnion.swift
[153/807] Compiling OrderedCollections OrderedSet+Partial SetAlgebra intersection.swift
[154/807] Compiling OrderedCollections OrderedSet+Partial SetAlgebra isDisjoint.swift
[155/807] Compiling OrderedCollections OrderedSet+Partial SetAlgebra isEqualSet.swift
[156/807] Compiling OrderedCollections OrderedSet+Partial SetAlgebra isStrictSubset.swift
[157/807] Compiling OrderedCollections OrderedSet+Partial SetAlgebra isStrictSuperset.swift
[158/807] Compiling OrderedCollections OrderedSet+Partial SetAlgebra isSubset.swift
[159/807] Compiling Version Version+Codable.swift
[160/807] Compiling Version Version+Foundation.swift
[161/815] Compiling Metrics Metrics.swift
[162/815] Emitting module Metrics
[162/815] Compiling sign.c
[164/815] Compiling open.c
[166/816] Compiling DequeModule UniqueDeque+Initializers.swift
[167/816] Compiling DequeModule UniqueDeque+Insertions.swift
[168/816] Compiling DequeModule UniqueDeque+Iterable.swift
[169/816] Compiling DequeModule UniqueDeque+Prepend.swift
[171/816] Compiling DequeModule UniqueDeque+Consumption.swift
[172/816] Compiling DequeModule UniqueDeque+ContainerOperations.swift
[173/816] Compiling DequeModule UniqueDeque+Deprecations.swift
[174/816] Compiling DequeModule UniqueDeque+Descriptions.swift
[175/816] Compiling DequeModule UniqueDeque+Equatable.swift
[176/816] Compiling DequeModule UniqueDeque+Hashable.swift
[177/821] Compiling FractionNumber Maths.swift
[177/821] Compiling crypto_sign.c
[179/821] Compiling obsolete.c
[180/821] Compiling DequeModule UniqueDeque+Append.swift
[192/821] Compiling DequeModule UniqueDeque+Replacements.swift
[193/821] Compiling DequeModule UniqueDeque.swift
[195/821] Compiling DequeModule _DequeBuffer.swift
[196/821] Compiling DequeModule _DequeBufferHeader.swift
[197/821] Compiling DequeModule RigidDeque+Append.swift
[198/821] Compiling DequeModule RigidDeque+Consumption.swift
[199/821] Compiling DequeModule RigidDeque+ContainerOperations.swift
[200/821] Compiling DequeModule RigidDeque+Deprecations.swift
[200/821] Compiling shorthash_siphashx24.c
[201/821] Compiling keypair.c
[202/821] Compiling shorthash_siphash24.c
[203/821] Compiling shorthash_siphash24_ref.c
[204/821] Compiling shorthash_siphashx24_ref.c
[205/821] Compiling crypto_shorthash.c
[206/821] Compiling secretbox_xsalsa20poly1305.c
[208/821] Compiling DequeModule Deque+CustomReflectable.swift
[209/821] Compiling DequeModule Deque+Descriptions.swift
[210/821] Compiling DequeModule Deque+Equatable.swift
[211/821] Compiling DequeModule Deque+ExpressibleByArrayLiteral.swift
[215/821] Compiling secretbox_xchacha20poly1305.c
[216/821] Compiling scalarmult_ristretto255_ref10.c
[217/821] Compiling secretstream_xchacha20poly1305.c
[218/821] Compiling crypto_secretbox_easy.c
[219/821] Compiling crypto_secretbox.c
[221/821] Compiling DequeModule RigidDeque+Prepend.swift
[222/821] Compiling DequeModule RigidDeque+Removals.swift
[223/821] Compiling DequeModule RigidDeque+Replacements.swift
[224/821] Compiling DequeModule RigidDeque+Testing.swift
[225/821] Compiling DequeModule RigidDeque.swift
[227/821] Compiling FractionNumber FractionNumber.swift
[228/821] Emitting module FractionNumber
[229/821] Compiling DequeModule RigidDeque+Descriptions.swift
[230/821] Compiling DequeModule RigidDeque+Equatable.swift
[231/821] Compiling DequeModule RigidDeque+Hashable.swift
[232/821] Compiling DequeModule RigidDeque+Initializers.swift
[233/821] Compiling DequeModule RigidDeque+Insertions.swift
[234/821] Compiling DequeModule RigidDeque+Iterable.swift
[234/822] Compiling scalarmult_ed25519_ref10.c
[235/822] Compiling scalarmult_curve25519.c
[236/822] Compiling crypto_scalarmult.c
[237/822] Compiling scrypt_platform.c
[239/822] Compiling pbkdf2-sha256.c
[240/822] Compiling pwhash_scryptsalsa208sha256.c
[241/822] Compiling x25519_ref10.c
[242/822] Compiling crypto_pwhash.c
[243/822] Compiling pwhash_scryptsalsa208sha256_nosse.c
[243/822] Compiling crypto_scrypt-common.c
[245/822] Compiling pwhash_argon2id.c
[246/822] Compiling pwhash_argon2i.c
[247/822] Compiling blake2b-long.c
[248/822] Compiling argon2.c
[249/822] Compiling argon2-encoding.c
[250/822] Compiling argon2-core.c
[251/822] Compiling poly1305_donna.c
[252/822] Compiling crypto_kx.c
[253/822] Compiling onetimeauth_poly1305.c
[254/822] Compiling kdf_blake2b.c
[255/822] Compiling crypto_onetimeauth.c
[256/822] Compiling hash_sha512.c
[257/822] Compiling crypto_kdf.c
[258/822] Compiling hash_sha512_cp.c
[259/822] Compiling crypto_hash.c
[260/822] Compiling hash_sha256.c
[261/822] Compiling crypto_generichash.c
[262/822] Compiling generichash_blake2b.c
[263/822] Compiling hash_sha256_cp.c
[264/822] Compiling generichash_blake2.c
[265/822] Compiling blake2b-compress-ref.c
[266/822] Compiling core_salsa_ref.c
[267/822] Compiling core_hsalsa20.c
[268/822] Compiling core_hchacha20.c
[269/822] Compiling core_ristretto255.c
[270/822] Compiling blake2b-ref.c
[271/822] Compiling core_ed25519.c
[272/822] Compiling core_hsalsa20_ref2.c
[272/822] Compiling argon2-fill-block-ref.c
[274/822] Compiling box_curve25519xsalsa20poly1305.c
[275/822] Compiling box_seal_curve25519xchacha20poly1305.c
[276/822] Compiling crypto_box_easy.c
[277/822] Compiling box_curve25519xchacha20poly1305.c
[278/822] Compiling crypto_box_seal.c
[279/822] Compiling crypto_box.c
[280/822] Compiling auth_hmacsha512256.c
[281/822] Compiling auth_hmacsha512.c
[282/822] Compiling crypto_auth.c
[283/822] Compiling auth_hmacsha256.c
[284/822] Compiling aead_xchacha20poly1305.c
[285/822] Compiling ed25519_ref10.c
[286/822] Compiling aead_chacha20poly1305.c
[287/822] Compiling SimpleFIPS202.c
[288/822] Compiling CXKCPShims shims.c
[289/822] Compiling aead_aegis256.c
[290/822] Compiling KeccakSponge.c
[290/822] Compiling KeccakHash.c
[290/822] Compiling CNIOWindows shim.c
[317/822] Compiling CNIOWindows WSAStartup.c
[318/822] Compiling CNIOWASI CNIOWASI.c
[319/822] Compiling CNIOOpenBSD shim.c
[320/822] Compiling CNIOLinux shim.c
[321/822] Compiling CNIOPosix event_loop_id.c
[322/822] Compiling CNIOLinux liburing_shims.c
[323/822] Compiling CNIOLLHTTP c_nio_api.c
[324/822] Compiling CNIOLLHTTP c_nio_http.c
[325/822] Compiling CNIOFreeBSD shim.c
[326/822] Compiling CNIODarwin shim.c
[328/822] Compiling DequeModule Deque+Codable.swift
[329/822] Compiling DequeModule Deque+Collection.swift
[338/822] Compiling DequeModule Deque._UnsafeHandle.swift
[339/822] Compiling DequeModule Deque.swift
[339/822] Compiling CCryptoBoringSSLShims shims.c
[340/822] Compiling fiat_p256_adx_sqr.S
[341/822] Compiling fiat_p256_adx_mul.S
[350/822] Compiling fiat_curve25519_adx_square.S
[351/822] Compiling fiat_curve25519_adx_mul.S
[352/822] Compiling md5-x86_64-linux.S
[354/822] Compiling OrderedCollections OrderedSet+Sendable.swift
[355/822] Compiling OrderedCollections OrderedSet+SubSequence.swift
[356/822] Compiling OrderedCollections OrderedSet+Testing.swift
[357/822] Compiling OrderedCollections OrderedSet+UnorderedView.swift
[358/822] Compiling OrderedCollections OrderedSet+UnstableInternals.swift
[359/822] Compiling OrderedCollections OrderedSet.swift
[360/822] Compiling OrderedCollections _UnsafeBitset.swift
[361/822] Emitting module OrderedCollections
[361/823] Compiling md5-x86_64-apple.S
[362/823] Compiling md5-586-linux.S
[364/823] Compiling md5-586-apple.S
[365/823] Compiling chacha20_poly1305_x86_64-linux.S
[366/823] Compiling chacha20_poly1305_x86_64-apple.S
[368/823] Compiling DequeModule _DequeSlot.swift
[369/823] Compiling DequeModule _UnsafeDequeHandle.swift
[370/823] Compiling DequeModule _UnsafeDequeSegments.swift
[381/823] Compiling chacha20_poly1305_armv8-win.S
[382/823] Compiling chacha20_poly1305_armv8-linux.S
[383/823] Compiling chacha20_poly1305_armv8-apple.S
[384/823] Compiling chacha-x86_64-linux.S
[385/823] Compiling chacha-x86_64-apple.S
[386/823] Compiling chacha-x86-linux.S
[401/823] Compiling CNIOLLHTTP c_nio_llhttp.c
[402/823] Compiling chacha-x86-apple.S
[403/823] Compiling chacha-armv8-linux.S
[404/823] Compiling chacha-armv8-win.S
[405/823] Compiling chacha-armv8-apple.S
[406/823] Compiling chacha-armv4-linux.S
[407/823] Compiling aes128gcmsiv-x86_64-linux.S
[408/823] Compiling aes128gcmsiv-x86_64-apple.S
[409/823] Compiling x86_64-mont5-linux.S
[410/823] Compiling err_data.cc
[411/823] Compiling x86_64-mont5-apple.S
[412/823] Compiling x86_64-mont-linux.S
[414/823] Emitting module DequeModule
[414/823] Compiling x86_64-mont-apple.S
[415/823] Compiling x86-mont-linux.S
[416/823] Compiling x86-mont-apple.S
[417/823] Compiling vpaes-x86_64-linux.S
[418/823] Compiling vpaes-x86-linux.S
[419/823] Compiling vpaes-x86_64-apple.S
[420/823] Compiling vpaes-armv8-win.S
[421/823] Compiling vpaes-x86-apple.S
[422/823] Compiling vpaes-armv8-linux.S
[423/823] Compiling vpaes-armv8-apple.S
[424/823] Compiling vpaes-armv7-linux.S
[425/823] Compiling sha512-x86_64-linux.S
[426/823] Compiling sha512-armv8-win.S
[427/823] Compiling sha512-x86_64-apple.S
[428/823] Compiling sha512-armv8-linux.S
[429/823] Compiling sha512-armv8-apple.S
[430/823] Compiling sha512-armv4-linux.S
[431/823] Compiling sha512-586-linux.S
[432/823] Compiling sha512-586-apple.S
[433/823] Compiling sha256-x86_64-linux.S
[434/823] Compiling sha256-armv8-win.S
[435/823] Compiling sha256-x86_64-apple.S
[436/823] Compiling sha256-armv8-linux.S
[436/823] Compiling sha256-armv8-apple.S
[438/823] Compiling sha256-armv4-linux.S
[440/823] Emitting module CryptoSwift
[443/823] Compiling sha256-586-linux.S
[456/823] Compiling sha256-586-apple.S
[457/823] Compiling sha1-x86_64-linux.S
[458/823] Compiling sha1-x86_64-apple.S
[459/823] Compiling sha1-armv8-linux.S
[460/823] Compiling sha1-armv8-win.S
[462/823] Compiling CryptoSwift SecureBytes.swift
[463/823] Compiling CryptoSwift Signature.swift
[464/823] Compiling CryptoSwift StreamDecryptor.swift
[465/823] Compiling CryptoSwift StreamEncryptor.swift
[466/823] Compiling CryptoSwift String+Extension.swift
[467/823] Compiling CryptoSwift UInt128.swift
[468/823] Compiling CryptoSwift UInt16+Extension.swift
[469/823] Compiling CryptoSwift UInt32+Extension.swift
[470/823] Compiling CryptoSwift UInt64+Extension.swift
[471/823] Compiling CryptoSwift UInt8+Extension.swift
[472/823] Compiling CryptoSwift Updatable.swift
[473/823] Compiling CryptoSwift Utils.swift
[474/823] Compiling CryptoSwift XChaCha20.swift
[475/823] Compiling CryptoSwift ZeroPadding.swift
[475/823] Compiling sha1-armv8-apple.S
[476/823] Compiling sha1-armv4-large-linux.S
[477/823] Compiling sha1-586-linux.S
[478/823] Compiling sha1-586-apple.S
[479/823] Compiling rsaz-avx2-linux.S
[480/823] Compiling rdrand-x86_64-linux.S
[481/823] Compiling rsaz-avx2-apple.S
[482/823] Compiling rdrand-x86_64-apple.S
[483/823] Compiling p256_beeu-armv8-asm-win.S
[484/823] Compiling p256_beeu-x86_64-asm-apple.S
[484/823] Compiling p256_beeu-x86_64-asm-linux.S
[486/823] Compiling p256_beeu-armv8-asm-linux.S
[487/823] Compiling p256_beeu-armv8-asm-apple.S
[488/823] Compiling p256-x86_64-asm-linux.S
[489/823] Compiling p256-x86_64-asm-apple.S
[490/823] Compiling p256-armv8-asm-linux.S
[491/823] Compiling p256-armv8-asm-win.S
[492/823] Compiling p256-armv8-asm-apple.S
[493/823] Compiling ghashv8-armv8-win.S
[494/823] Compiling ghashv8-armv8-linux.S
[495/823] Compiling ghashv8-armv8-apple.S
[496/823] Compiling ghash-x86_64-apple.S
[497/823] Compiling ghashv8-armv7-linux.S
[498/823] Compiling ghash-x86_64-linux.S
[499/823] Compiling ghash-x86-linux.S
[500/823] Compiling ghash-ssse3-x86_64-linux.S
[501/823] Compiling ghash-x86-apple.S
[502/823] Compiling ghash-ssse3-x86_64-apple.S
[503/823] Compiling ghash-ssse3-x86-linux.S
[504/823] Compiling ghash-neon-armv8-win.S
[505/823] Compiling ghash-ssse3-x86-apple.S
[506/823] Compiling ghash-armv4-linux.S
[507/823] Compiling ghash-neon-armv8-apple.S
[508/823] Compiling ghash-neon-armv8-linux.S
[509/823] Compiling co-586-apple.S
[510/823] Compiling co-586-linux.S
[511/823] Compiling bsaes-armv7-linux.S
[512/823] Compiling bn-armv8-apple.S
[513/823] Compiling bn-armv8-win.S
[514/823] Compiling bn-armv8-linux.S
[515/823] Compiling bn-586-linux.S
[516/823] Compiling bn-586-apple.S
[517/823] Compiling armv8-mont-win.S
[518/823] Compiling armv8-mont-linux.S
[519/823] Compiling armv4-mont-linux.S
[520/823] Compiling armv8-mont-apple.S
[521/823] Compiling aesv8-gcm-armv8-linux.S
[522/823] Compiling aesv8-gcm-armv8-win.S
[523/823] Compiling aesv8-armv8-win.S
[524/823] Compiling aesv8-armv8-linux.S
[525/823] Compiling aesv8-gcm-armv8-apple.S
[526/823] Compiling aesni-x86_64-linux.S
[527/823] Compiling aesv8-armv8-apple.S
[528/823] Compiling aesv8-armv7-linux.S
[529/823] Compiling aesni-x86-linux.S
[530/823] Compiling aesni-x86_64-apple.S
[531/823] Compiling aesni-x86-apple.S
[532/823] Compiling aesni-gcm-x86_64-apple.S
[533/823] Compiling aesni-gcm-x86_64-linux.S
[534/823] Compiling aes-gcm-avx512-x86_64-linux.S
[542/823] Compiling CryptoSwift RSA+Cipher.swift
[543/823] Compiling CryptoSwift RSA+Signature.swift
[544/823] Compiling CryptoSwift RSA.swift
[545/823] Compiling CryptoSwift Rabbit.swift
[546/823] Compiling CryptoSwift SHA1.swift
[547/823] Compiling CryptoSwift SHA2.swift
[548/823] Compiling CryptoSwift SHA3.swift
[549/823] Compiling CryptoSwift Scrypt.swift
[550/823] Compiling CryptoSwift Utils+Foundation.swift
[551/823] Compiling CryptoSwift XChaCha20+Foundation.swift
[552/823] Compiling CryptoSwift Generics.swift
[553/823] Compiling CryptoSwift HKDF.swift
[554/823] Compiling CryptoSwift HMAC.swift
[555/823] Compiling CryptoSwift ISO10126Padding.swift
[556/823] Compiling CryptoSwift ISO78164Padding.swift
[557/823] Compiling CryptoSwift Int+Extension.swift
[558/823] Compiling CryptoSwift MD5.swift
[559/823] Compiling CryptoSwift NoPadding.swift
[560/823] Compiling CryptoSwift Operators.swift
[561/823] Compiling CryptoSwift DER.swift
[562/823] Compiling CryptoSwift PBKDF1.swift
[563/823] Compiling CryptoSwift PBKDF2.swift
[563/823] Compiling aes-gcm-avx512-x86_64-apple.S
[564/823] Compiling aes-gcm-avx2-x86_64-linux.S
[565/823] Compiling aes-gcm-avx2-x86_64-apple.S
[567/824] Compiling c-nioatomics.c
[568/824] Compiling c-atomics.c
[569/824] Compiling xwing.cc
[570/831] Compiling x_x509a.cc
[571/831] Compiling x_spki.cc
[578/832] Compiling NIOConcurrencyHelpers lock.swift
[579/832] Compiling NIOConcurrencyHelpers NIOThreadPoolWorkAvailable.swift
[580/832] Compiling NIOConcurrencyHelpers NIOLockedValueBox.swift
[581/832] Compiling x_x509.cc
[583/832] Compiling NIOConcurrencyHelpers NIOLock.swift
[583/832] Compiling x_sig.cc
[585/832] Compiling NIOConcurrencyHelpers atomics.swift
[586/832] Compiling NIOConcurrencyHelpers NIOAtomic.swift
[587/832] Emitting module NIOConcurrencyHelpers
[588/833] Compiling x_req.cc
[589/833] Compiling x_pubkey.cc
[590/833] Compiling x_name.cc
[591/833] Compiling x_exten.cc
[592/833] Compiling x_crl.cc
[593/833] Compiling x_attrib.cc
[594/833] Compiling x_all.cc
[595/833] Compiling x_algor.cc
[596/833] Compiling x509spki.cc
[597/833] Compiling x509cset.cc
[598/833] Compiling x509rset.cc
[599/833] Compiling x509name.cc
[600/833] Compiling KeccakP-1600-opt64.c
[601/833] Compiling x509_vpm.cc
[602/833] Compiling x509_v3.cc
[603/833] Compiling x509_vfy.cc
[604/833] Compiling x509_txt.cc
[605/833] Compiling x509_trs.cc
[606/833] Compiling x509_req.cc
[607/833] Compiling x509_set.cc
[608/833] Compiling x509_obj.cc
[609/833] Compiling x509_lu.cc
[610/833] Compiling x509_ext.cc
[611/833] Compiling x509_d2.cc
[612/833] Compiling x509_def.cc
[613/833] Compiling x509_att.cc
[614/833] Compiling x509_cmp.cc
[615/833] Compiling x509.cc
[616/833] Compiling v3_utl.cc
[617/833] Compiling v3_skey.cc
[618/833] Compiling v3_purp.cc
[619/833] Compiling v3_prn.cc
[620/833] Compiling v3_pcons.cc
[621/833] Compiling v3_pmaps.cc
[622/833] Compiling v3_ocsp.cc
[623/833] Compiling v3_ncons.cc
[624/833] Compiling v3_lib.cc
[625/833] Compiling v3_int.cc
[626/833] Compiling v3_crld.cc
[627/833] Compiling v3_info.cc
[628/833] Compiling v3_genn.cc
[629/833] Compiling v3_ia5.cc
[630/833] Compiling v3_extku.cc
[631/833] Compiling v3_enum.cc
[632/833] Compiling v3_cpols.cc
[633/833] Compiling v3_bitst.cc
[634/833] Compiling v3_conf.cc
[635/833] Compiling v3_bcons.cc
[636/833] Compiling v3_alt.cc
[637/833] Compiling v3_akeya.cc
[638/833] Compiling v3_akey.cc
[639/833] Compiling t_x509.cc
[640/833] Compiling t_x509a.cc
[641/833] Compiling t_req.cc
[642/833] Compiling t_crl.cc
[643/833] Compiling rsa_pss.cc
[644/833] Compiling i2d_pr.cc
[645/833] Compiling policy.cc
[646/833] Compiling name_print.cc
[647/833] Compiling by_file.cc
[648/833] Compiling by_dir.cc
[649/833] Compiling asn1_gen.cc
[650/833] Compiling algorithm.cc
[651/833] Compiling a_verify.cc
[652/833] Compiling a_sign.cc
[653/833] Compiling a_digest.cc
[654/833] Compiling voprf.cc
[655/833] Compiling thread_win.cc
[656/833] Compiling thread_pthread.cc
[657/833] Compiling trust_token.cc
[658/833] Compiling pmbtoken.cc
[659/833] Compiling thread.cc
[660/833] Compiling thread_none.cc
[661/833] Compiling stack.cc
[662/833] Compiling slhdsa.cc
[663/833] Compiling sha512.cc
[664/833] Compiling spake2plus.cc
[665/833] Compiling siphash.cc
[666/833] Compiling sha256.cc
[667/833] Compiling sha1.cc
[668/833] Compiling rsa_print.cc
[669/833] Compiling rsa_extra.cc
[670/833] Compiling rc4.cc
[671/833] Compiling rsa_crypt.cc
[672/833] Compiling refcount.cc
[673/833] Compiling windows.cc
[674/833] Compiling urandom.cc
[675/833] Compiling trusty.cc
[676/833] Compiling rand.cc
[677/833] Compiling passive.cc
[678/833] Compiling rsa_asn1.cc
[679/833] Compiling ios.cc
[680/833] Compiling poly1305_arm_asm.S
[681/833] Compiling getentropy.cc
[682/833] Compiling fork_detect.cc
[683/833] Compiling forkunsafe.cc
[684/833] Compiling deterministic.cc
[685/833] Compiling poly1305_vec.cc
[686/833] Compiling poly1305_arm.cc
[687/833] Compiling poly1305.cc
[688/833] Compiling pool.cc
[689/833] Compiling p5_pbev2.cc
[690/833] Compiling pkcs8.cc
[691/833] Compiling pkcs8_x509.cc
[692/833] Compiling pkcs7.cc
[693/833] Compiling pkcs7_x509.cc
[694/833] Compiling pem_xaux.cc
[695/833] Compiling pem_x509.cc
[696/833] Compiling pem_pkey.cc
[697/833] Compiling mlkem.cc
[698/833] Compiling pem_info.cc
[699/833] Compiling pem_pk8.cc
[700/833] Compiling pem_oth.cc
[701/833] Compiling pem_lib.cc
[702/833] Compiling pem_all.cc
[703/833] Compiling obj_xref.cc
[704/833] Compiling obj.cc
[705/833] Compiling poly_rq_mul.S
[706/833] Compiling mem.cc
[707/833] Compiling lhash.cc
[708/833] Compiling fips_shared_support.cc
[709/833] Compiling mldsa.cc
[710/833] Compiling md5.cc
[711/833] Compiling md4.cc
[712/833] Compiling hrss.cc
[713/833] Compiling kyber.cc
[714/833] Compiling fuzzer_mode.cc
[715/833] Compiling ex_data.cc
[716/833] Compiling hpke.cc
[717/833] Compiling scrypt.cc
[718/833] Compiling pbkdf.cc
[719/833] Compiling print.cc
[720/833] Compiling sign.cc
[721/833] Compiling p_x25519.cc
[722/833] Compiling p_x25519_asn1.cc
[723/833] Compiling p_rsa_asn1.cc
[724/833] Compiling p_hkdf.cc
[725/833] Compiling p_ed25519_asn1.cc
[726/833] Compiling p_rsa.cc
[727/833] Compiling p_ed25519.cc
[728/833] Compiling p_ec_asn1.cc
[729/833] Compiling p_ec.cc
[730/833] Compiling p_dh_asn1.cc
[731/833] Compiling p_dsa_asn1.cc
[732/833] Compiling p_dh.cc
[733/833] Compiling evp_ctx.cc
[734/833] Compiling err.cc
[735/833] Compiling evp_asn1.cc
[736/833] Compiling evp.cc
[737/833] Compiling engine.cc
[738/833] Compiling ecdsa_p1363.cc
[739/833] Compiling ecdh.cc
[740/833] Compiling ecdsa_asn1.cc
[741/833] Compiling ec_derive.cc
[742/833] Compiling hash_to_curve.cc
[743/833] Compiling bcm.cc
[744/833] Compiling dsa.cc
[745/833] Compiling ec_asn1.cc
[746/833] Compiling dsa_asn1.cc
[747/833] Compiling x25519-asm-arm.S
[748/833] Compiling dh_asn1.cc
[749/833] Compiling digest_extra.cc
[750/833] Compiling params.cc
[751/833] Compiling des.cc
[752/833] Compiling curve25519_64_adx.cc
[753/833] Compiling spake25519.cc
[754/833] Compiling crypto.cc
[755/833] Compiling curve25519.cc
[756/833] Compiling cpu_intel.cc
[757/833] Compiling cpu_arm_linux.cc
[758/833] Compiling cpu_arm_freebsd.cc
[759/833] Compiling cpu_aarch64_win.cc
[760/833] Compiling cpu_aarch64_openbsd.cc
[761/833] Compiling cpu_aarch64_sysreg.cc
[762/833] Compiling cpu_aarch64_linux.cc
[763/833] Compiling cpu_aarch64_apple.cc
[764/833] Compiling cpu_aarch64_fuchsia.cc
[765/833] Compiling conf.cc
[766/833] Compiling tls_cbc.cc
[767/833] Compiling get_cipher.cc
[768/833] Compiling e_tls.cc
[769/833] Compiling e_rc4.cc
[770/833] Compiling cms.cc
[771/833] Compiling e_null.cc
[772/833] Compiling e_rc2.cc
[773/833] Compiling e_des.cc
[774/833] Compiling e_chacha20poly1305.cc
[775/833] Compiling e_aesgcmsiv.cc
[776/833] Compiling e_aeseax.cc
[777/833] Compiling derive_key.cc
[778/833] Compiling e_aesctrhmac.cc
[779/833] Compiling chacha.cc
[780/833] Compiling unicode.cc
[781/833] Compiling cbs.cc
[782/833] Compiling sqrt.cc
[783/833] Compiling buf.cc
[784/833] Compiling ber.cc
[785/833] Compiling cbb.cc
[786/833] Compiling exponentiation.cc
[787/833] Compiling asn1_compat.cc
[788/833] Compiling div.cc
[789/833] Compiling pair.cc
[790/833] Compiling blake2.cc
[791/833] Compiling printf.cc
[792/833] Compiling file.cc
[793/833] Compiling hexdump.cc
[794/833] Compiling convert.cc
[795/833] Compiling bn_asn1.cc
[796/833] Compiling fd.cc
[797/833] Compiling errno.cc
[797/833] Compiling bio_mem.cc
[799/833] Compiling base64.cc
[800/833] Compiling tasn_fre.cc
[801/833] Compiling bio.cc
[802/833] Compiling tasn_typ.cc
[803/833] Compiling tasn_utl.cc
[804/833] Compiling tasn_new.cc
[805/833] Compiling f_string.cc
[806/833] Compiling tasn_enc.cc
[807/833] Compiling posix_time.cc
[808/833] Compiling f_int.cc
[809/833] Compiling tasn_dec.cc
[810/833] Compiling asn_pack.cc
[811/833] Compiling asn1_par.cc
[812/833] Compiling a_octet.cc
[813/833] Compiling asn1_lib.cc
[814/833] Compiling a_utctm.cc
[815/833] Compiling a_type.cc
[816/833] Compiling a_strnid.cc
[817/833] Compiling a_object.cc
[818/833] Compiling a_time.cc
[819/833] Compiling a_strex.cc
[820/833] Compiling a_i2d_fp.cc
[821/833] Compiling a_gentm.cc
[822/833] Write sources
[826/833] Compiling a_dup.cc
[827/854] Compiling a_mbstr.cc
[828/854] Compiling a_d2i_fp.cc
[829/859] Compiling a_int.cc
[831/877] Compiling Base32 shim.swift
[831/877] Compiling a_bool.cc
[833/877] Emitting module Base32
[833/877] Compiling a_bitstr.cc
[835/877] Compiling Atomics UnsafeAtomic.swift
[836/877] Compiling Atomics UnsafeAtomicLazyReference.swift
[837/877] Compiling Atomics ManagedAtomic.swift
[838/877] Compiling Atomics ManagedAtomicLazyReference.swift
[839/879] Compiling Base32 StringExtension.swift
[840/879] Compiling Atomics AtomicStorage.swift
[841/879] Compiling Atomics AtomicValue.swift
[842/879] Compiling Atomics AtomicMemoryOrderings.swift
[843/879] Compiling Atomics DoubleWord.swift
[844/879] Emitting module BigInt
[844/881] Compiling aes.cc
[846/889] Compiling Atomics Unmanaged extensions.swift
[847/889] Compiling BigInt String Conversion.swift
[848/889] Compiling Atomics AtomicInteger.swift
[849/889] Compiling Atomics AtomicOptionalWrappable.swift
[850/889] Compiling Atomics AtomicReference.swift
[854/889] Compiling Atomics IntegerOperations.swift
[856/889] Compiling Atomics IntegerConformances.swift
[857/889] Compiling Atomics PointerConformances.swift
[858/889] Compiling Atomics Primitives.native.swift
[868/889] Compiling Atomics OptionalRawRepresentable.swift
[869/889] Compiling Atomics RawRepresentable.swift
[870/889] Compiling Atomics AtomicBool.swift
[871/889] Compiling CryptoBoringWrapper RandomBytes.swift
[872/889] Compiling BigInt Subtraction.swift
[873/889] Compiling BigInt Words and Bits.swift
[875/890] Compiling CryptoBoringWrapper EllipticCurvePoint.swift
[876/890] Compiling CryptoBoringWrapper FiniteFieldArithmeticContext.swift
[877/890] Compiling CryptoBoringWrapper CryptoKitErrors_boring.swift
[878/912] Compiling CryptoBoringWrapper BoringSSLAEAD.swift
[879/912] Emitting module CryptoBoringWrapper
[880/912] Compiling CryptoBoringWrapper EllipticCurve.swift
[881/912] Compiling CryptoBoringWrapper ArbitraryPrecisionInteger.swift
[883/913] Emitting module Atomics
[884/913] Compiling CBORCodable AnyValue.swift
[885/913] Compiling CBORCodable AnyValueDecoder.swift
[886/913] Compiling CBORCodable AnyValueEncoder.swift
[887/913] Compiling CBORCodable CBOREncoder.swift
[888/913] Compiling CBORCodable CodingKey+CBOR.swift
[889/913] Compiling CBORCodable DecodingContainers.swift
[891/1062] Compiling NIOCore AsyncChannelHandler.swift
[892/1062] Compiling NIOCore AsyncChannelInboundStream.swift
[893/1062] Compiling NIOCore AsyncChannelOutboundWriter.swift
[894/1064] Compiling NIOCore NIOAsyncSequenceProducer.swift
[895/1064] Compiling NIOCore NIOAsyncSequenceProducerStrategies.swift
[896/1064] Compiling NIOCore NIOAsyncWriter.swift
[897/1064] Compiling NIOCore ByteBuffer-hex.swift
[898/1064] Compiling NIOCore ByteBuffer-int.swift
[899/1064] Compiling NIOCore ByteBuffer-lengthPrefix.swift
[900/1064] Compiling NIOCore ByteBuffer-multi-int.swift
[901/1064] Compiling NIOCore ByteBuffer-quicBinaryEncodingStrategy.swift
[902/1064] Compiling NIOCore ByteBuffer-views.swift
[903/1064] Compiling CBORCodable CBORTag.swift
[904/1064] Compiling CBORCodable Tagged.swift
[905/1064] Compiling NIOCore NIOThrowingAsyncSequenceProducer.swift
[906/1064] Compiling NIOCore BSDSocketAPI.swift
[907/1064] Compiling NIOCore ByteBuffer-aux.swift
[908/1064] Compiling NIOCore ByteBuffer-binaryEncodedLengthPrefix.swift
[909/1064] Compiling NIOCore ByteBuffer-conversions.swift
[910/1064] Compiling NIOCore ByteBuffer-core.swift
[911/1064] Compiling NIOCore NIOCoreSendableMetatype.swift
[912/1064] Compiling NIOCore NIODecodedAsyncSequence.swift
[913/1064] Compiling NIOCore NIOLoopBound.swift
[914/1064] Compiling NIOCore NIOPooledRecvBufferAllocator.swift
[915/1064] Compiling NIOCore NIOScheduledCallback.swift
[916/1064] Compiling NIOCore NIOSendable.swift
[917/1064] Compiling NIOCore NIOSplitLinesMessageDecoder.swift
[918/1064] Compiling NIOCore NIOTransportAccessibleChannelCore.swift
[919/1064] Compiling NIOCore RecvByteBufferAllocator.swift
[920/1072] Emitting module CBORCodable
[921/1072] Compiling NIOCore AddressedEnvelope.swift
[922/1072] Compiling NIOCore AsyncAwaitSupport.swift
[923/1072] Compiling NIOCore AsyncChannel.swift
[925/1073] Compiling Base32 Base32.swift
[926/1073] Compiling Base32 Base16.swift
[928/1102] Compiling NIOCore IPProtocol.swift
[929/1102] Compiling NIOCore IntegerBitPacking.swift
[930/1102] Compiling NIOCore IntegerTypes.swift
[931/1102] Compiling NIOCore Interfaces.swift
[932/1102] Compiling NIOCore Linux.swift
[933/1102] Compiling NIOCore MarkedCircularBuffer.swift
[934/1102] Compiling NIOCore MulticastChannel.swift
[935/1102] Compiling NIOCore NIOAny.swift
[936/1102] Compiling NIOCore NIOCloseOnErrorHandler.swift
[937/1102] Compiling SwiftNaCl VRF.swift
[938/1102] Compiling SwiftNaCl CryptoAead.swift
[939/1102] Compiling SwiftNaCl CryptoBox.swift
[940/1102] Compiling SwiftNaCl CryptoCore.swift
[941/1102] Compiling SwiftNaCl CryptoScalarmult.swift
[942/1102] Compiling SwiftNaCl CryptoSecretBox.swift
[943/1102] Compiling SwiftNaCl CryptoSecretStream.swift
[944/1102] Compiling SwiftNaCl CryptoShortHash.swift
[945/1102] Compiling SwiftNaCl Version.swift
[946/1102] Compiling SwiftNaCl Argon2.swift
[947/1102] Compiling SwiftNaCl Argon2i.swift
[948/1102] Compiling SwiftNaCl CryptoSign.swift
[949/1113] Compiling NIOCore EventLoopFuture+Deprecated.swift
[950/1113] Compiling NIOCore EventLoopFuture+WithEventLoop.swift
[951/1113] Compiling NIOCore EventLoopFuture.swift
[952/1113] Compiling NIOCore FileDescriptor.swift
[953/1113] Compiling NIOCore FileHandle.swift
[954/1113] Compiling NIOCore FileRegion.swift
[955/1113] Compiling NIOCore GlobalSingletons.swift
[956/1113] Compiling NIOCore IO.swift
[957/1113] Compiling NIOCore IOData.swift
[958/1113] Emitting module Crypto
[959/1113] Compiling SwiftNaCl Encoding.swift
[960/1113] Compiling SwiftNaCl Errors.swift
[961/1113] Compiling SwiftNaCl Hash.swift
[962/1113] Compiling SwiftNaCl Hashlib.swift
[963/1113] Compiling SwiftNaCl Public.swift
[964/1113] Compiling SwiftNaCl Secret.swift
[965/1113] Compiling SwiftNaCl Signing.swift
[966/1113] Compiling SwiftNaCl Utils.swift
[967/1113] Compiling SwiftNaCl CryptoGenericHash.swift
[968/1113] Compiling SwiftNaCl CryptoHash.swift
[969/1113] Compiling SwiftNaCl CryptoKx.swift
[970/1113] Compiling SwiftNaCl CryptoPwHash.swift
[979/1116] Compiling SwiftNaCl CryptoUtils.swift
[980/1116] Compiling SwiftNaCl RandomBytes.swift
[981/1116] Compiling SwiftNaCl Sodium.swift
[986/1116] Emitting module SwiftNaCl
[987/1116] Compiling NIOCore SingleStepByteToMessageDecoder.swift
[988/1116] Compiling NIOCore SocketAddresses.swift
[989/1116] Compiling NIOCore SocketOptionProvider.swift
[990/1116] Compiling NIOCore SystemCallHelpers.swift
[991/1116] Compiling NIOCore TimeAmount+Duration.swift
[992/1116] Compiling NIOCore TypeAssistedChannelHandler.swift
[993/1116] Compiling NIOCore UniversalBootstrapSupport.swift
[994/1116] Compiling NIOCore Utilities.swift
[995/1116] Compiling Crypto MACFunctions.swift
[996/1116] Compiling Crypto MessageAuthenticationCode.swift
[997/1116] Compiling Crypto AES.swift
[998/1116] Compiling Crypto ECDSASignature_boring.swift
[999/1116] Compiling Crypto ECDSA_boring.swift
[1000/1116] Compiling Crypto EdDSA_boring.swift
[1001/1116] Compiling Crypto MLDSA_boring.swift
[1002/1116] Compiling Crypto MLDSA_wrapper.swift
[1003/1116] Compiling Crypto ECDSA.swift
[1004/1116] Compiling Crypto Ed25519.swift
[1005/1116] Compiling Crypto MLDSA.swift
[1021/1116] Compiling SwiftNaCl Argon2id.swift
[1022/1116] Compiling SwiftNaCl PwHash.swift
[1023/1116] Compiling SwiftNaCl Scrypt.swift
[1024/1116] Compiling NIOCore DeadChannel.swift
[1025/1116] Compiling NIOCore DispatchQueue+WithFuture.swift
[1026/1116] Compiling NIOCore EventLoop+Deprecated.swift
[1027/1116] Compiling NIOCore EventLoop+SerialExecutor.swift
[1028/1116] Compiling NIOCore EventLoop.swift
[1029/1116] Compiling NIOCore EventLoopFuture+AssumeIsolated.swift
[1053/1116] Compiling Crypto ANSIx963.swift
[1057/1116] Compiling Crypto Signature.swift
[1058/1116] Compiling Crypto CryptoKitErrors_boring.swift
[1059/1116] Compiling Crypto Optional+withUnsafeBytes_boring.swift
[1060/1116] Compiling Crypto RNG_boring.swift
[1061/1116] Compiling Crypto SafeCompare_boring.swift
[1062/1116] Compiling Crypto Zeroization_boring.swift
[1063/1116] Compiling Crypto _CryptoModuleAnchor.swift
[1064/1116] Compiling Crypto PrettyBytes.swift
[1065/1116] Compiling Crypto SafeCompare.swift
[1066/1116] Compiling Crypto SecureBytes.swift
[1067/1116] Compiling Crypto Zeroization.swift
[1091/1119] Emitting module SwiftBase58
[1092/1119] Compiling SwiftBase58 SwiftBase58.swift
[1103/1139] Compiling SwiftMnemonic PBKDF2.swift
[1104/1139] Compiling SwiftKES KESSecretKey.swift
[1105/1140] Compiling SwiftKES Sum6CompactKES.swift
[1106/1140] Compiling SwiftKES SeedSplitter.swift
[1107/1140] Compiling SwiftKES KESCore.swift
[1108/1140] Compiling SwiftKES KESPublicKey.swift
[1109/1140] Compiling SwiftKES KESSignature.swift
[1110/1140] Compiling SwiftKES Sum6KES.swift
[1111/1140] Compiling SwiftKES Constants.swift
[1112/1140] Compiling SwiftKES Errors.swift
[1113/1140] Emitting module SwiftKES
[1114/1140] Compiling SwiftKES HashPair.swift
[1115/1140] Compiling SwiftKES KESCompactSignature.swift
[1117/1141] Compiling SwiftMnemonic Errors.swift
[1118/1141] Compiling SwiftMnemonic Mnemonic.swift
[1119/1141] Emitting module NIOCore
[1139/1213] Compiling NIOPosix SelectorWSAPoll.swift
[1140/1213] Compiling NIOPosix ServerSocket.swift
[1141/1213] Compiling NIOPosix Socket.swift
[1142/1213] Compiling NIOPosix SocketChannel.swift
[1143/1213] Compiling NIOPosix SocketProtocols.swift
[1144/1213] Compiling NIOPosix StructuredConcurrencyHelpers.swift
[1145/1213] Compiling NIOPosix System.swift
[1146/1220] Compiling NIOPosix Selectable.swift
[1147/1220] Compiling NIOPosix SelectableChannel.swift
[1148/1220] Compiling NIOPosix SelectableEventLoop.swift
[1149/1220] Compiling NIOPosix SelectorEpoll.swift
[1150/1220] Compiling NIOPosix SelectorGeneric.swift
[1151/1220] Compiling NIOPosix SelectorKqueue.swift
[1152/1220] Compiling NIOPosix SelectorUring.swift
error: emit-module command failed with exit code 1 (use -v to see invocation)
[1153/1220] Emitting module NIOPosix
/host/spi-builder-workspace/.build/checkouts/swift-nio/Sources/NIOPosix/BaseSocketChannel+AccessibleTransport.swift:17:11: error: cannot find type 'BaseSocketChannel' in scope
15 | import NIOCore
16 |
17 | extension BaseSocketChannel where SocketType: BaseSocket {
   |           `- error: cannot find type 'BaseSocketChannel' in scope
18 |     /// The underlying transport type backing this channel.
19 |     typealias Transport = NIOBSDSocket.Handle
/host/spi-builder-workspace/.build/checkouts/swift-nio/Sources/NIOPosix/BaseSocketChannel+AccessibleTransport.swift:27:11: error: cannot find type 'BaseSocketChannel' in scope
25 | }
26 |
27 | extension BaseSocketChannel where SocketType: PipePair {
   |           `- error: cannot find type 'BaseSocketChannel' in scope
28 |     /// The underlying transport type backing this channel.
29 |     typealias Transport = NIOBSDSocket.PipeHandle
/host/spi-builder-workspace/.build/checkouts/swift-nio/Sources/NIOPosix/BaseSocketChannel+AccessibleTransport.swift:42:11: error: cannot find type 'SocketChannel' in scope
40 | }
41 |
42 | extension SocketChannel: NIOTransportAccessibleChannelCore {}
   |           `- error: cannot find type 'SocketChannel' in scope
43 | extension ServerSocketChannel: NIOTransportAccessibleChannelCore {}
44 | extension DatagramChannel: NIOTransportAccessibleChannelCore {}
/host/spi-builder-workspace/.build/checkouts/swift-nio/Sources/NIOPosix/BaseSocketChannel+AccessibleTransport.swift:43:11: error: cannot find type 'ServerSocketChannel' in scope
41 |
42 | extension SocketChannel: NIOTransportAccessibleChannelCore {}
43 | extension ServerSocketChannel: NIOTransportAccessibleChannelCore {}
   |           `- error: cannot find type 'ServerSocketChannel' in scope
44 | extension DatagramChannel: NIOTransportAccessibleChannelCore {}
45 | extension PipeChannel: NIOTransportAccessibleChannelCore {}
/host/spi-builder-workspace/.build/checkouts/swift-nio/Sources/NIOPosix/BaseSocketChannel+AccessibleTransport.swift:44:11: error: cannot find type 'DatagramChannel' in scope
42 | extension SocketChannel: NIOTransportAccessibleChannelCore {}
43 | extension ServerSocketChannel: NIOTransportAccessibleChannelCore {}
44 | extension DatagramChannel: NIOTransportAccessibleChannelCore {}
   |           `- error: cannot find type 'DatagramChannel' in scope
45 | extension PipeChannel: NIOTransportAccessibleChannelCore {}
46 |
/host/spi-builder-workspace/.build/checkouts/swift-nio/Sources/NIOPosix/BaseSocketChannel+AccessibleTransport.swift:45:11: error: cannot find type 'PipeChannel' in scope
43 | extension ServerSocketChannel: NIOTransportAccessibleChannelCore {}
44 | extension DatagramChannel: NIOTransportAccessibleChannelCore {}
45 | extension PipeChannel: NIOTransportAccessibleChannelCore {}
   |           `- error: cannot find type 'PipeChannel' in scope
46 |
[1154/1220] Compiling NIOPosix PipeChannel.swift
[1155/1220] Compiling NIOPosix PipePair.swift
[1156/1220] Compiling NIOPosix Pool.swift
[1157/1220] Compiling NIOPosix PosixSingletons+ConcurrencyTakeOver.swift
[1158/1220] Compiling NIOPosix PosixSingletons.swift
[1159/1220] Compiling NIOPosix RawSocketBootstrap.swift
[1160/1220] Compiling NIOPosix Resolver.swift
[1161/1220] Compiling NIOPosix BSDSocketAPICommon.swift
/host/spi-builder-workspace/.build/checkouts/swift-nio/Sources/NIOPosix/BaseSocketChannel+AccessibleTransport.swift:17:11: error: cannot find type 'BaseSocketChannel' in scope
15 | import NIOCore
16 |
17 | extension BaseSocketChannel where SocketType: BaseSocket {
   |           `- error: cannot find type 'BaseSocketChannel' in scope
18 |     /// The underlying transport type backing this channel.
19 |     typealias Transport = NIOBSDSocket.Handle
/host/spi-builder-workspace/.build/checkouts/swift-nio/Sources/NIOPosix/BaseSocketChannel+AccessibleTransport.swift:27:11: error: cannot find type 'BaseSocketChannel' in scope
25 | }
26 |
27 | extension BaseSocketChannel where SocketType: PipePair {
   |           `- error: cannot find type 'BaseSocketChannel' in scope
28 |     /// The underlying transport type backing this channel.
29 |     typealias Transport = NIOBSDSocket.PipeHandle
/host/spi-builder-workspace/.build/checkouts/swift-nio/Sources/NIOPosix/BaseSocketChannel+AccessibleTransport.swift:42:11: error: cannot find type 'SocketChannel' in scope
40 | }
41 |
42 | extension SocketChannel: NIOTransportAccessibleChannelCore {}
   |           `- error: cannot find type 'SocketChannel' in scope
43 | extension ServerSocketChannel: NIOTransportAccessibleChannelCore {}
44 | extension DatagramChannel: NIOTransportAccessibleChannelCore {}
/host/spi-builder-workspace/.build/checkouts/swift-nio/Sources/NIOPosix/BaseSocketChannel+AccessibleTransport.swift:43:11: error: cannot find type 'ServerSocketChannel' in scope
41 |
42 | extension SocketChannel: NIOTransportAccessibleChannelCore {}
43 | extension ServerSocketChannel: NIOTransportAccessibleChannelCore {}
   |           `- error: cannot find type 'ServerSocketChannel' in scope
44 | extension DatagramChannel: NIOTransportAccessibleChannelCore {}
45 | extension PipeChannel: NIOTransportAccessibleChannelCore {}
/host/spi-builder-workspace/.build/checkouts/swift-nio/Sources/NIOPosix/BaseSocketChannel+AccessibleTransport.swift:44:11: error: cannot find type 'DatagramChannel' in scope
42 | extension SocketChannel: NIOTransportAccessibleChannelCore {}
43 | extension ServerSocketChannel: NIOTransportAccessibleChannelCore {}
44 | extension DatagramChannel: NIOTransportAccessibleChannelCore {}
   |           `- error: cannot find type 'DatagramChannel' in scope
45 | extension PipeChannel: NIOTransportAccessibleChannelCore {}
46 |
/host/spi-builder-workspace/.build/checkouts/swift-nio/Sources/NIOPosix/BaseSocketChannel+AccessibleTransport.swift:45:11: error: cannot find type 'PipeChannel' in scope
43 | extension ServerSocketChannel: NIOTransportAccessibleChannelCore {}
44 | extension DatagramChannel: NIOTransportAccessibleChannelCore {}
45 | extension PipeChannel: NIOTransportAccessibleChannelCore {}
   |           `- error: cannot find type 'PipeChannel' in scope
46 |
/host/spi-builder-workspace/.build/checkouts/swift-nio/Sources/NIOPosix/BaseSocketChannel+AccessibleTransport.swift:17:29: error: 'where' clause cannot be applied to a non-generic top-level declaration
15 | import NIOCore
16 |
17 | extension BaseSocketChannel where SocketType: BaseSocket {
   |                             `- error: 'where' clause cannot be applied to a non-generic top-level declaration
18 |     /// The underlying transport type backing this channel.
19 |     typealias Transport = NIOBSDSocket.Handle
/host/spi-builder-workspace/.build/checkouts/swift-nio/Sources/NIOPosix/BaseSocketChannel+AccessibleTransport.swift:27:29: error: 'where' clause cannot be applied to a non-generic top-level declaration
25 | }
26 |
27 | extension BaseSocketChannel where SocketType: PipePair {
   |                             `- error: 'where' clause cannot be applied to a non-generic top-level declaration
28 |     /// The underlying transport type backing this channel.
29 |     typealias Transport = NIOBSDSocket.PipeHandle
[1162/1220] Compiling NIOPosix BSDSocketAPIPosix.swift
/host/spi-builder-workspace/.build/checkouts/swift-nio/Sources/NIOPosix/BaseSocketChannel+AccessibleTransport.swift:17:11: error: cannot find type 'BaseSocketChannel' in scope
15 | import NIOCore
16 |
17 | extension BaseSocketChannel where SocketType: BaseSocket {
   |           `- error: cannot find type 'BaseSocketChannel' in scope
18 |     /// The underlying transport type backing this channel.
19 |     typealias Transport = NIOBSDSocket.Handle
/host/spi-builder-workspace/.build/checkouts/swift-nio/Sources/NIOPosix/BaseSocketChannel+AccessibleTransport.swift:27:11: error: cannot find type 'BaseSocketChannel' in scope
25 | }
26 |
27 | extension BaseSocketChannel where SocketType: PipePair {
   |           `- error: cannot find type 'BaseSocketChannel' in scope
28 |     /// The underlying transport type backing this channel.
29 |     typealias Transport = NIOBSDSocket.PipeHandle
/host/spi-builder-workspace/.build/checkouts/swift-nio/Sources/NIOPosix/BaseSocketChannel+AccessibleTransport.swift:42:11: error: cannot find type 'SocketChannel' in scope
40 | }
41 |
42 | extension SocketChannel: NIOTransportAccessibleChannelCore {}
   |           `- error: cannot find type 'SocketChannel' in scope
43 | extension ServerSocketChannel: NIOTransportAccessibleChannelCore {}
44 | extension DatagramChannel: NIOTransportAccessibleChannelCore {}
/host/spi-builder-workspace/.build/checkouts/swift-nio/Sources/NIOPosix/BaseSocketChannel+AccessibleTransport.swift:43:11: error: cannot find type 'ServerSocketChannel' in scope
41 |
42 | extension SocketChannel: NIOTransportAccessibleChannelCore {}
43 | extension ServerSocketChannel: NIOTransportAccessibleChannelCore {}
   |           `- error: cannot find type 'ServerSocketChannel' in scope
44 | extension DatagramChannel: NIOTransportAccessibleChannelCore {}
45 | extension PipeChannel: NIOTransportAccessibleChannelCore {}
/host/spi-builder-workspace/.build/checkouts/swift-nio/Sources/NIOPosix/BaseSocketChannel+AccessibleTransport.swift:44:11: error: cannot find type 'DatagramChannel' in scope
42 | extension SocketChannel: NIOTransportAccessibleChannelCore {}
43 | extension ServerSocketChannel: NIOTransportAccessibleChannelCore {}
44 | extension DatagramChannel: NIOTransportAccessibleChannelCore {}
   |           `- error: cannot find type 'DatagramChannel' in scope
45 | extension PipeChannel: NIOTransportAccessibleChannelCore {}
46 |
/host/spi-builder-workspace/.build/checkouts/swift-nio/Sources/NIOPosix/BaseSocketChannel+AccessibleTransport.swift:45:11: error: cannot find type 'PipeChannel' in scope
43 | extension ServerSocketChannel: NIOTransportAccessibleChannelCore {}
44 | extension DatagramChannel: NIOTransportAccessibleChannelCore {}
45 | extension PipeChannel: NIOTransportAccessibleChannelCore {}
   |           `- error: cannot find type 'PipeChannel' in scope
46 |
/host/spi-builder-workspace/.build/checkouts/swift-nio/Sources/NIOPosix/BaseSocketChannel+AccessibleTransport.swift:17:29: error: 'where' clause cannot be applied to a non-generic top-level declaration
15 | import NIOCore
16 |
17 | extension BaseSocketChannel where SocketType: BaseSocket {
   |                             `- error: 'where' clause cannot be applied to a non-generic top-level declaration
18 |     /// The underlying transport type backing this channel.
19 |     typealias Transport = NIOBSDSocket.Handle
/host/spi-builder-workspace/.build/checkouts/swift-nio/Sources/NIOPosix/BaseSocketChannel+AccessibleTransport.swift:27:29: error: 'where' clause cannot be applied to a non-generic top-level declaration
25 | }
26 |
27 | extension BaseSocketChannel where SocketType: PipePair {
   |                             `- error: 'where' clause cannot be applied to a non-generic top-level declaration
28 |     /// The underlying transport type backing this channel.
29 |     typealias Transport = NIOBSDSocket.PipeHandle
[1163/1220] Compiling NIOPosix BSDSocketAPIWindows.swift
/host/spi-builder-workspace/.build/checkouts/swift-nio/Sources/NIOPosix/BaseSocketChannel+AccessibleTransport.swift:17:11: error: cannot find type 'BaseSocketChannel' in scope
15 | import NIOCore
16 |
17 | extension BaseSocketChannel where SocketType: BaseSocket {
   |           `- error: cannot find type 'BaseSocketChannel' in scope
18 |     /// The underlying transport type backing this channel.
19 |     typealias Transport = NIOBSDSocket.Handle
/host/spi-builder-workspace/.build/checkouts/swift-nio/Sources/NIOPosix/BaseSocketChannel+AccessibleTransport.swift:27:11: error: cannot find type 'BaseSocketChannel' in scope
25 | }
26 |
27 | extension BaseSocketChannel where SocketType: PipePair {
   |           `- error: cannot find type 'BaseSocketChannel' in scope
28 |     /// The underlying transport type backing this channel.
29 |     typealias Transport = NIOBSDSocket.PipeHandle
/host/spi-builder-workspace/.build/checkouts/swift-nio/Sources/NIOPosix/BaseSocketChannel+AccessibleTransport.swift:42:11: error: cannot find type 'SocketChannel' in scope
40 | }
41 |
42 | extension SocketChannel: NIOTransportAccessibleChannelCore {}
   |           `- error: cannot find type 'SocketChannel' in scope
43 | extension ServerSocketChannel: NIOTransportAccessibleChannelCore {}
44 | extension DatagramChannel: NIOTransportAccessibleChannelCore {}
/host/spi-builder-workspace/.build/checkouts/swift-nio/Sources/NIOPosix/BaseSocketChannel+AccessibleTransport.swift:43:11: error: cannot find type 'ServerSocketChannel' in scope
41 |
42 | extension SocketChannel: NIOTransportAccessibleChannelCore {}
43 | extension ServerSocketChannel: NIOTransportAccessibleChannelCore {}
   |           `- error: cannot find type 'ServerSocketChannel' in scope
44 | extension DatagramChannel: NIOTransportAccessibleChannelCore {}
45 | extension PipeChannel: NIOTransportAccessibleChannelCore {}
/host/spi-builder-workspace/.build/checkouts/swift-nio/Sources/NIOPosix/BaseSocketChannel+AccessibleTransport.swift:44:11: error: cannot find type 'DatagramChannel' in scope
42 | extension SocketChannel: NIOTransportAccessibleChannelCore {}
43 | extension ServerSocketChannel: NIOTransportAccessibleChannelCore {}
44 | extension DatagramChannel: NIOTransportAccessibleChannelCore {}
   |           `- error: cannot find type 'DatagramChannel' in scope
45 | extension PipeChannel: NIOTransportAccessibleChannelCore {}
46 |
/host/spi-builder-workspace/.build/checkouts/swift-nio/Sources/NIOPosix/BaseSocketChannel+AccessibleTransport.swift:45:11: error: cannot find type 'PipeChannel' in scope
43 | extension ServerSocketChannel: NIOTransportAccessibleChannelCore {}
44 | extension DatagramChannel: NIOTransportAccessibleChannelCore {}
45 | extension PipeChannel: NIOTransportAccessibleChannelCore {}
   |           `- error: cannot find type 'PipeChannel' in scope
46 |
/host/spi-builder-workspace/.build/checkouts/swift-nio/Sources/NIOPosix/BaseSocketChannel+AccessibleTransport.swift:17:29: error: 'where' clause cannot be applied to a non-generic top-level declaration
15 | import NIOCore
16 |
17 | extension BaseSocketChannel where SocketType: BaseSocket {
   |                             `- error: 'where' clause cannot be applied to a non-generic top-level declaration
18 |     /// The underlying transport type backing this channel.
19 |     typealias Transport = NIOBSDSocket.Handle
/host/spi-builder-workspace/.build/checkouts/swift-nio/Sources/NIOPosix/BaseSocketChannel+AccessibleTransport.swift:27:29: error: 'where' clause cannot be applied to a non-generic top-level declaration
25 | }
26 |
27 | extension BaseSocketChannel where SocketType: PipePair {
   |                             `- error: 'where' clause cannot be applied to a non-generic top-level declaration
28 |     /// The underlying transport type backing this channel.
29 |     typealias Transport = NIOBSDSocket.PipeHandle
[1164/1220] Compiling NIOPosix BaseSocket.swift
/host/spi-builder-workspace/.build/checkouts/swift-nio/Sources/NIOPosix/BaseSocketChannel+AccessibleTransport.swift:17:11: error: cannot find type 'BaseSocketChannel' in scope
15 | import NIOCore
16 |
17 | extension BaseSocketChannel where SocketType: BaseSocket {
   |           `- error: cannot find type 'BaseSocketChannel' in scope
18 |     /// The underlying transport type backing this channel.
19 |     typealias Transport = NIOBSDSocket.Handle
/host/spi-builder-workspace/.build/checkouts/swift-nio/Sources/NIOPosix/BaseSocketChannel+AccessibleTransport.swift:27:11: error: cannot find type 'BaseSocketChannel' in scope
25 | }
26 |
27 | extension BaseSocketChannel where SocketType: PipePair {
   |           `- error: cannot find type 'BaseSocketChannel' in scope
28 |     /// The underlying transport type backing this channel.
29 |     typealias Transport = NIOBSDSocket.PipeHandle
/host/spi-builder-workspace/.build/checkouts/swift-nio/Sources/NIOPosix/BaseSocketChannel+AccessibleTransport.swift:42:11: error: cannot find type 'SocketChannel' in scope
40 | }
41 |
42 | extension SocketChannel: NIOTransportAccessibleChannelCore {}
   |           `- error: cannot find type 'SocketChannel' in scope
43 | extension ServerSocketChannel: NIOTransportAccessibleChannelCore {}
44 | extension DatagramChannel: NIOTransportAccessibleChannelCore {}
/host/spi-builder-workspace/.build/checkouts/swift-nio/Sources/NIOPosix/BaseSocketChannel+AccessibleTransport.swift:43:11: error: cannot find type 'ServerSocketChannel' in scope
41 |
42 | extension SocketChannel: NIOTransportAccessibleChannelCore {}
43 | extension ServerSocketChannel: NIOTransportAccessibleChannelCore {}
   |           `- error: cannot find type 'ServerSocketChannel' in scope
44 | extension DatagramChannel: NIOTransportAccessibleChannelCore {}
45 | extension PipeChannel: NIOTransportAccessibleChannelCore {}
/host/spi-builder-workspace/.build/checkouts/swift-nio/Sources/NIOPosix/BaseSocketChannel+AccessibleTransport.swift:44:11: error: cannot find type 'DatagramChannel' in scope
42 | extension SocketChannel: NIOTransportAccessibleChannelCore {}
43 | extension ServerSocketChannel: NIOTransportAccessibleChannelCore {}
44 | extension DatagramChannel: NIOTransportAccessibleChannelCore {}
   |           `- error: cannot find type 'DatagramChannel' in scope
45 | extension PipeChannel: NIOTransportAccessibleChannelCore {}
46 |
/host/spi-builder-workspace/.build/checkouts/swift-nio/Sources/NIOPosix/BaseSocketChannel+AccessibleTransport.swift:45:11: error: cannot find type 'PipeChannel' in scope
43 | extension ServerSocketChannel: NIOTransportAccessibleChannelCore {}
44 | extension DatagramChannel: NIOTransportAccessibleChannelCore {}
45 | extension PipeChannel: NIOTransportAccessibleChannelCore {}
   |           `- error: cannot find type 'PipeChannel' in scope
46 |
/host/spi-builder-workspace/.build/checkouts/swift-nio/Sources/NIOPosix/BaseSocketChannel+AccessibleTransport.swift:17:29: error: 'where' clause cannot be applied to a non-generic top-level declaration
15 | import NIOCore
16 |
17 | extension BaseSocketChannel where SocketType: BaseSocket {
   |                             `- error: 'where' clause cannot be applied to a non-generic top-level declaration
18 |     /// The underlying transport type backing this channel.
19 |     typealias Transport = NIOBSDSocket.Handle
/host/spi-builder-workspace/.build/checkouts/swift-nio/Sources/NIOPosix/BaseSocketChannel+AccessibleTransport.swift:27:29: error: 'where' clause cannot be applied to a non-generic top-level declaration
25 | }
26 |
27 | extension BaseSocketChannel where SocketType: PipePair {
   |                             `- error: 'where' clause cannot be applied to a non-generic top-level declaration
28 |     /// The underlying transport type backing this channel.
29 |     typealias Transport = NIOBSDSocket.PipeHandle
[1165/1220] Compiling NIOPosix BaseSocketChannel+AccessibleTransport.swift
/host/spi-builder-workspace/.build/checkouts/swift-nio/Sources/NIOPosix/BaseSocketChannel+AccessibleTransport.swift:17:11: error: cannot find type 'BaseSocketChannel' in scope
15 | import NIOCore
16 |
17 | extension BaseSocketChannel where SocketType: BaseSocket {
   |           `- error: cannot find type 'BaseSocketChannel' in scope
18 |     /// The underlying transport type backing this channel.
19 |     typealias Transport = NIOBSDSocket.Handle
/host/spi-builder-workspace/.build/checkouts/swift-nio/Sources/NIOPosix/BaseSocketChannel+AccessibleTransport.swift:27:11: error: cannot find type 'BaseSocketChannel' in scope
25 | }
26 |
27 | extension BaseSocketChannel where SocketType: PipePair {
   |           `- error: cannot find type 'BaseSocketChannel' in scope
28 |     /// The underlying transport type backing this channel.
29 |     typealias Transport = NIOBSDSocket.PipeHandle
/host/spi-builder-workspace/.build/checkouts/swift-nio/Sources/NIOPosix/BaseSocketChannel+AccessibleTransport.swift:42:11: error: cannot find type 'SocketChannel' in scope
40 | }
41 |
42 | extension SocketChannel: NIOTransportAccessibleChannelCore {}
   |           `- error: cannot find type 'SocketChannel' in scope
43 | extension ServerSocketChannel: NIOTransportAccessibleChannelCore {}
44 | extension DatagramChannel: NIOTransportAccessibleChannelCore {}
/host/spi-builder-workspace/.build/checkouts/swift-nio/Sources/NIOPosix/BaseSocketChannel+AccessibleTransport.swift:43:11: error: cannot find type 'ServerSocketChannel' in scope
41 |
42 | extension SocketChannel: NIOTransportAccessibleChannelCore {}
43 | extension ServerSocketChannel: NIOTransportAccessibleChannelCore {}
   |           `- error: cannot find type 'ServerSocketChannel' in scope
44 | extension DatagramChannel: NIOTransportAccessibleChannelCore {}
45 | extension PipeChannel: NIOTransportAccessibleChannelCore {}
/host/spi-builder-workspace/.build/checkouts/swift-nio/Sources/NIOPosix/BaseSocketChannel+AccessibleTransport.swift:44:11: error: cannot find type 'DatagramChannel' in scope
42 | extension SocketChannel: NIOTransportAccessibleChannelCore {}
43 | extension ServerSocketChannel: NIOTransportAccessibleChannelCore {}
44 | extension DatagramChannel: NIOTransportAccessibleChannelCore {}
   |           `- error: cannot find type 'DatagramChannel' in scope
45 | extension PipeChannel: NIOTransportAccessibleChannelCore {}
46 |
/host/spi-builder-workspace/.build/checkouts/swift-nio/Sources/NIOPosix/BaseSocketChannel+AccessibleTransport.swift:45:11: error: cannot find type 'PipeChannel' in scope
43 | extension ServerSocketChannel: NIOTransportAccessibleChannelCore {}
44 | extension DatagramChannel: NIOTransportAccessibleChannelCore {}
45 | extension PipeChannel: NIOTransportAccessibleChannelCore {}
   |           `- error: cannot find type 'PipeChannel' in scope
46 |
/host/spi-builder-workspace/.build/checkouts/swift-nio/Sources/NIOPosix/BaseSocketChannel+AccessibleTransport.swift:17:29: error: 'where' clause cannot be applied to a non-generic top-level declaration
15 | import NIOCore
16 |
17 | extension BaseSocketChannel where SocketType: BaseSocket {
   |                             `- error: 'where' clause cannot be applied to a non-generic top-level declaration
18 |     /// The underlying transport type backing this channel.
19 |     typealias Transport = NIOBSDSocket.Handle
/host/spi-builder-workspace/.build/checkouts/swift-nio/Sources/NIOPosix/BaseSocketChannel+AccessibleTransport.swift:27:29: error: 'where' clause cannot be applied to a non-generic top-level declaration
25 | }
26 |
27 | extension BaseSocketChannel where SocketType: PipePair {
   |                             `- error: 'where' clause cannot be applied to a non-generic top-level declaration
28 |     /// The underlying transport type backing this channel.
29 |     typealias Transport = NIOBSDSocket.PipeHandle
[1166/1220] Compiling NIOPosix BaseSocketChannel+SocketOptionProvider.swift
/host/spi-builder-workspace/.build/checkouts/swift-nio/Sources/NIOPosix/BaseSocketChannel+AccessibleTransport.swift:17:11: error: cannot find type 'BaseSocketChannel' in scope
15 | import NIOCore
16 |
17 | extension BaseSocketChannel where SocketType: BaseSocket {
   |           `- error: cannot find type 'BaseSocketChannel' in scope
18 |     /// The underlying transport type backing this channel.
19 |     typealias Transport = NIOBSDSocket.Handle
/host/spi-builder-workspace/.build/checkouts/swift-nio/Sources/NIOPosix/BaseSocketChannel+AccessibleTransport.swift:27:11: error: cannot find type 'BaseSocketChannel' in scope
25 | }
26 |
27 | extension BaseSocketChannel where SocketType: PipePair {
   |           `- error: cannot find type 'BaseSocketChannel' in scope
28 |     /// The underlying transport type backing this channel.
29 |     typealias Transport = NIOBSDSocket.PipeHandle
/host/spi-builder-workspace/.build/checkouts/swift-nio/Sources/NIOPosix/BaseSocketChannel+AccessibleTransport.swift:42:11: error: cannot find type 'SocketChannel' in scope
40 | }
41 |
42 | extension SocketChannel: NIOTransportAccessibleChannelCore {}
   |           `- error: cannot find type 'SocketChannel' in scope
43 | extension ServerSocketChannel: NIOTransportAccessibleChannelCore {}
44 | extension DatagramChannel: NIOTransportAccessibleChannelCore {}
/host/spi-builder-workspace/.build/checkouts/swift-nio/Sources/NIOPosix/BaseSocketChannel+AccessibleTransport.swift:43:11: error: cannot find type 'ServerSocketChannel' in scope
41 |
42 | extension SocketChannel: NIOTransportAccessibleChannelCore {}
43 | extension ServerSocketChannel: NIOTransportAccessibleChannelCore {}
   |           `- error: cannot find type 'ServerSocketChannel' in scope
44 | extension DatagramChannel: NIOTransportAccessibleChannelCore {}
45 | extension PipeChannel: NIOTransportAccessibleChannelCore {}
/host/spi-builder-workspace/.build/checkouts/swift-nio/Sources/NIOPosix/BaseSocketChannel+AccessibleTransport.swift:44:11: error: cannot find type 'DatagramChannel' in scope
42 | extension SocketChannel: NIOTransportAccessibleChannelCore {}
43 | extension ServerSocketChannel: NIOTransportAccessibleChannelCore {}
44 | extension DatagramChannel: NIOTransportAccessibleChannelCore {}
   |           `- error: cannot find type 'DatagramChannel' in scope
45 | extension PipeChannel: NIOTransportAccessibleChannelCore {}
46 |
/host/spi-builder-workspace/.build/checkouts/swift-nio/Sources/NIOPosix/BaseSocketChannel+AccessibleTransport.swift:45:11: error: cannot find type 'PipeChannel' in scope
43 | extension ServerSocketChannel: NIOTransportAccessibleChannelCore {}
44 | extension DatagramChannel: NIOTransportAccessibleChannelCore {}
45 | extension PipeChannel: NIOTransportAccessibleChannelCore {}
   |           `- error: cannot find type 'PipeChannel' in scope
46 |
/host/spi-builder-workspace/.build/checkouts/swift-nio/Sources/NIOPosix/BaseSocketChannel+AccessibleTransport.swift:17:29: error: 'where' clause cannot be applied to a non-generic top-level declaration
15 | import NIOCore
16 |
17 | extension BaseSocketChannel where SocketType: BaseSocket {
   |                             `- error: 'where' clause cannot be applied to a non-generic top-level declaration
18 |     /// The underlying transport type backing this channel.
19 |     typealias Transport = NIOBSDSocket.Handle
/host/spi-builder-workspace/.build/checkouts/swift-nio/Sources/NIOPosix/BaseSocketChannel+AccessibleTransport.swift:27:29: error: 'where' clause cannot be applied to a non-generic top-level declaration
25 | }
26 |
27 | extension BaseSocketChannel where SocketType: PipePair {
   |                             `- error: 'where' clause cannot be applied to a non-generic top-level declaration
28 |     /// The underlying transport type backing this channel.
29 |     typealias Transport = NIOBSDSocket.PipeHandle
[1167/1220] Compiling NIOPosix BaseSocketChannel.swift
/host/spi-builder-workspace/.build/checkouts/swift-nio/Sources/NIOPosix/BaseSocketChannel+AccessibleTransport.swift:17:11: error: cannot find type 'BaseSocketChannel' in scope
15 | import NIOCore
16 |
17 | extension BaseSocketChannel where SocketType: BaseSocket {
   |           `- error: cannot find type 'BaseSocketChannel' in scope
18 |     /// The underlying transport type backing this channel.
19 |     typealias Transport = NIOBSDSocket.Handle
/host/spi-builder-workspace/.build/checkouts/swift-nio/Sources/NIOPosix/BaseSocketChannel+AccessibleTransport.swift:27:11: error: cannot find type 'BaseSocketChannel' in scope
25 | }
26 |
27 | extension BaseSocketChannel where SocketType: PipePair {
   |           `- error: cannot find type 'BaseSocketChannel' in scope
28 |     /// The underlying transport type backing this channel.
29 |     typealias Transport = NIOBSDSocket.PipeHandle
/host/spi-builder-workspace/.build/checkouts/swift-nio/Sources/NIOPosix/BaseSocketChannel+AccessibleTransport.swift:42:11: error: cannot find type 'SocketChannel' in scope
40 | }
41 |
42 | extension SocketChannel: NIOTransportAccessibleChannelCore {}
   |           `- error: cannot find type 'SocketChannel' in scope
43 | extension ServerSocketChannel: NIOTransportAccessibleChannelCore {}
44 | extension DatagramChannel: NIOTransportAccessibleChannelCore {}
/host/spi-builder-workspace/.build/checkouts/swift-nio/Sources/NIOPosix/BaseSocketChannel+AccessibleTransport.swift:43:11: error: cannot find type 'ServerSocketChannel' in scope
41 |
42 | extension SocketChannel: NIOTransportAccessibleChannelCore {}
43 | extension ServerSocketChannel: NIOTransportAccessibleChannelCore {}
   |           `- error: cannot find type 'ServerSocketChannel' in scope
44 | extension DatagramChannel: NIOTransportAccessibleChannelCore {}
45 | extension PipeChannel: NIOTransportAccessibleChannelCore {}
/host/spi-builder-workspace/.build/checkouts/swift-nio/Sources/NIOPosix/BaseSocketChannel+AccessibleTransport.swift:44:11: error: cannot find type 'DatagramChannel' in scope
42 | extension SocketChannel: NIOTransportAccessibleChannelCore {}
43 | extension ServerSocketChannel: NIOTransportAccessibleChannelCore {}
44 | extension DatagramChannel: NIOTransportAccessibleChannelCore {}
   |           `- error: cannot find type 'DatagramChannel' in scope
45 | extension PipeChannel: NIOTransportAccessibleChannelCore {}
46 |
/host/spi-builder-workspace/.build/checkouts/swift-nio/Sources/NIOPosix/BaseSocketChannel+AccessibleTransport.swift:45:11: error: cannot find type 'PipeChannel' in scope
43 | extension ServerSocketChannel: NIOTransportAccessibleChannelCore {}
44 | extension DatagramChannel: NIOTransportAccessibleChannelCore {}
45 | extension PipeChannel: NIOTransportAccessibleChannelCore {}
   |           `- error: cannot find type 'PipeChannel' in scope
46 |
/host/spi-builder-workspace/.build/checkouts/swift-nio/Sources/NIOPosix/BaseSocketChannel+AccessibleTransport.swift:17:29: error: 'where' clause cannot be applied to a non-generic top-level declaration
15 | import NIOCore
16 |
17 | extension BaseSocketChannel where SocketType: BaseSocket {
   |                             `- error: 'where' clause cannot be applied to a non-generic top-level declaration
18 |     /// The underlying transport type backing this channel.
19 |     typealias Transport = NIOBSDSocket.Handle
/host/spi-builder-workspace/.build/checkouts/swift-nio/Sources/NIOPosix/BaseSocketChannel+AccessibleTransport.swift:27:29: error: 'where' clause cannot be applied to a non-generic top-level declaration
25 | }
26 |
27 | extension BaseSocketChannel where SocketType: PipePair {
   |                             `- error: 'where' clause cannot be applied to a non-generic top-level declaration
28 |     /// The underlying transport type backing this channel.
29 |     typealias Transport = NIOBSDSocket.PipeHandle
[1168/1220] Compiling NIOPosix BaseStreamSocketChannel.swift
[1169/1220] Compiling NIOPosix Bootstrap.swift
[1170/1220] Compiling NIOPosix ControlMessage.swift
[1171/1220] Compiling NIOPosix DatagramVectorReadManager.swift
[1172/1220] Compiling NIOPosix Errors+Any.swift
[1173/1220] Compiling NIOPosix FileDescriptor.swift
[1174/1220] Compiling NIOPosix GetaddrinfoResolver.swift
[1175/1220] Compiling NIOPosix MultiThreadedEventLoopGroup.swift
[1176/1220] Compiling NIOPosix NIOPosixSendableMetatype.swift
[1177/1220] Compiling NIOPosix NIORandomizedDNSResolver.swift
[1178/1220] Compiling NIOPosix NIOThreadPool.swift
[1179/1220] Compiling NIOPosix NonBlockingFileIO.swift
[1180/1220] Compiling NIOPosix PendingDatagramWritesManager.swift
[1181/1220] Compiling NIOPosix PendingWritesManager.swift
[1182/1220] Compiling NIOPosix HappyEyeballs.swift
[1183/1220] Compiling NIOPosix IO.swift
[1184/1220] Compiling NIOPosix IntegerBitPacking.swift
[1185/1220] Compiling NIOPosix IntegerTypes.swift
[1186/1220] Compiling NIOPosix Linux.swift
[1187/1220] Compiling NIOPosix LinuxCPUSet.swift
[1188/1220] Compiling NIOPosix LinuxUring.swift
[1189/1220] Compiling NIOPosix Thread.swift
[1190/1220] Compiling NIOPosix ThreadPosix.swift
[1191/1220] Compiling NIOPosix ThreadWindows.swift
[1192/1220] Compiling NIOPosix Utilities.swift
[1193/1220] Compiling NIOPosix VsockAddress.swift
[1194/1220] Compiling NIOPosix VsockChannelEvents.swift
[1195/1220] Compiling NIOPosix Windows.swift
[1196/1220] Emitting module NIOEmbedded
[1197/1220] Compiling NIOEmbedded AsyncTestingEventLoop.swift
[1198/1220] Compiling NIOEmbedded AsyncTestingChannel.swift
[1199/1220] Compiling SwiftMnemonic Utils.swift
BUILD FAILURE 6.2 wasm