The Swift Package Index logo.Swift Package Index

Build Information

Failed to build OCHamcrest, reference main (e9c0d3), with Swift 6.1 for Linux on 9 Jul 2026 00:56:19 UTC.

Build Command

bash -c docker run --pull=always --rm -v "checkouts-53886768-0":/host -w "$PWD" -e JAVA_HOME="/root/.sdkman/candidates/java/current" -e SPI_BUILD="1" -e SPI_PROCESSING="1" registry.gitlab.com/saguaro1/spi-images:basic-6.1-latest swift build --triple x86_64-unknown-linux-gnu 2>&1

Build Log

========================================
RunAll
========================================
Builder version: 0e64495ecc1688c3b3e031a5ef1348b5c05091ae
Interrupt handler set up.
========================================
Checkout
========================================
Clone URL: https://github.com/hamcrest/OCHamcrest.git
Reference: main
Initialized empty Git repository in /host/spi-builder-workspace/.git/
hint: Using 'master' as the name for the initial branch. This default branch name
hint: is subject to change. To configure the initial branch name to use in all
hint: of your new repositories, which will suppress this warning, call:
hint:
hint: 	git config --global init.defaultBranch <name>
hint:
hint: Names commonly chosen instead of 'master' are 'main', 'trunk' and
hint: 'development'. The just-created branch can be renamed via this command:
hint:
hint: 	git branch -m <name>
From https://github.com/hamcrest/OCHamcrest
 * branch            main       -> FETCH_HEAD
 * [new branch]      main       -> origin/main
HEAD is now at e9c0d33 Bump actions/checkout from 6 to 7
Cloned https://github.com/hamcrest/OCHamcrest.git
Revision (git rev-parse @):
e9c0d3368f236867cca400ba6facdc5495a7d60e
SUCCESS checkout https://github.com/hamcrest/OCHamcrest.git at main
========================================
Build
========================================
Selected platform:         linux
Swift version:             6.1
Building package at path:  $PWD
https://github.com/hamcrest/OCHamcrest.git
https://github.com/hamcrest/OCHamcrest.git
WARNING: environment variable SUPPRESS_SWIFT_6_FLAGS is not set
Running build ...
bash -c docker run --pull=always --rm -v "checkouts-53886768-0":/host -w "$PWD" -e JAVA_HOME="/root/.sdkman/candidates/java/current" -e SPI_BUILD="1" -e SPI_PROCESSING="1" registry.gitlab.com/saguaro1/spi-images:basic-6.1-latest swift build --triple x86_64-unknown-linux-gnu -Xswiftc -Xfrontend -Xswiftc -stats-output-dir -Xswiftc -Xfrontend -Xswiftc .stats -Xswiftc -strict-concurrency=complete -Xswiftc -enable-upcoming-feature -Xswiftc StrictConcurrency -Xswiftc -enable-upcoming-feature -Xswiftc DisableOutwardActorInference -Xswiftc -enable-upcoming-feature -Xswiftc GlobalActorIsolatedTypesUsability -Xswiftc -enable-upcoming-feature -Xswiftc InferSendableFromCaptures 2>&1
basic-6.1-latest: Pulling from saguaro1/spi-images
Digest: sha256:0f094b998e61bb35b7a666f42e392cfb12929ea8fa9160622b1badd8b73d5c87
Status: Image is up to date for registry.gitlab.com/saguaro1/spi-images:basic-6.1-latest
warning: 'spi-builder-workspace': ignoring target 'OCHamcrestTests' in package 'spi-builder-workspace'; C language in tests is not yet supported
Building for debugging...
In file included from /host/spi-builder-workspace/Sources/OCHamcrest/Library/Text/HCStringStartsWith.m:5:
In file included from /host/spi-builder-workspace/Sources/OCHamcrest/Library/Text/HCStringStartsWith.h:5:
In file included from /host/spi-builder-workspace/Sources/OCHamcrest/include/OCHamcrest/HCSubstringMatcher.h:5:
/host/spi-builder-workspace/Sources/OCHamcrest/include/OCHamcrest/HCBaseMatcher.h:5:9: fatal error: 'Foundation/Foundation.h' file not found
    5 | #import <Foundation/Foundation.h>
      |         ^~~~~~~~~~~~~~~~~~~~~~~~~
1 error generated.
In file included from /host/spi-builder-workspace/Sources/OCHamcrest/Library/Text/HCSubstringMatcher.m:5:
In file included from /host/spi-builder-workspace/Sources/OCHamcrest/Library/Text/HCSubstringMatcher.h:5:
/host/spi-builder-workspace/Sources/OCHamcrest/include/OCHamcrest/HCBaseMatcher.h:5:9: fatal error: 'Foundation/Foundation.h' file not found
    5 | #import <Foundation/Foundation.h>
      |         ^~~~~~~~~~~~~~~~~~~~~~~~~
1 error generated.
[0/76] Compiling HCSubstringMatcher.m
[0/76] Compiling HCStringStartsWith.m
In file included from /host/spi-builder-workspace/Sources/OCHamcrest/Core/Helpers/HCRequireNonNilObject.m:5:
/host/spi-builder-workspace/Sources/OCHamcrest/Core/Helpers/HCRequireNonNilObject.h:5:9: fatal error: 'Foundation/Foundation.h' file not found
    5 | #import <Foundation/Foundation.h>
      |         ^~~~~~~~~~~~~~~~~~~~~~~~~
1 error generated.
[0/76] Compiling HCRequireNonNilObject.m
In file included from /host/spi-builder-workspace/Sources/OCHamcrest/Core/Helpers/HCCollect.m:5:
/host/spi-builder-workspace/Sources/OCHamcrest/Core/Helpers/HCCollect.h:5:9: fatal error: 'Foundation/Foundation.h' file not found
    5 | #import <Foundation/Foundation.h>
      |         ^~~~~~~~~~~~~~~~~~~~~~~~~
1 error generated.
[0/76] Compiling HCCollect.m
In file included from /host/spi-builder-workspace/Sources/OCHamcrest/Core/Helpers/TestFailureReporters/HCXCTestFailureReporter.m:5:
In file included from /host/spi-builder-workspace/Sources/OCHamcrest/Core/Helpers/TestFailureReporters/HCXCTestFailureReporter.h:5:
/host/spi-builder-workspace/Sources/OCHamcrest/Core/Helpers/TestFailureReporters/HCTestFailureReporter.h:5:9: fatal error: 'Foundation/Foundation.h' file not found
    5 | #import <Foundation/Foundation.h>
      |         ^~~~~~~~~~~~~~~~~~~~~~~~~
1 error generated.
[0/76] Compiling HCXCTestFailureReporter.m
In file included from /host/spi-builder-workspace/Sources/OCHamcrest/Core/Helpers/HCInvocationMatcher.m:5:
In file included from /host/spi-builder-workspace/Sources/OCHamcrest/Core/Helpers/HCInvocationMatcher.h:5:
/host/spi-builder-workspace/Sources/OCHamcrest/include/OCHamcrest/HCBaseMatcher.h:5:9: fatal error: 'Foundation/Foundation.h' file not found
    5 | #import <Foundation/Foundation.h>
      |         ^~~~~~~~~~~~~~~~~~~~~~~~~
1 error generated.
[0/76] Compiling HCInvocationMatcher.m
In file included from /host/spi-builder-workspace/Sources/OCHamcrest/Core/HCStringDescription.m:5:
In file included from /host/spi-builder-workspace/Sources/OCHamcrest/Core/HCStringDescription.h:5:
/host/spi-builder-workspace/Sources/OCHamcrest/include/OCHamcrest/HCBaseDescription.h:5:9: fatal error: 'Foundation/Foundation.h' file not found
    5 | #import <Foundation/Foundation.h>
      |         ^~~~~~~~~~~~~~~~~~~~~~~~~
[0/76] Compiling HCStringDescription.m
In file included from /host/spi-builder-workspace/Sources/OCHamcrest/Core/Helpers/TestFailureReporters/HCXCTestIssueFailureReporter.m:5:
In file included from /host/spi-builder-workspace/Sources/OCHamcrest/Core/Helpers/TestFailureReporters/HCXCTestIssueFailureReporter.h:5:
/host/spi-builder-workspace/Sources/OCHamcrest/Core/Helpers/TestFailureReporters/HCTestFailureReporter.h:5:9: fatal error: 'Foundation/Foundation.h' file not found
    5 | #import <Foundation/Foundation.h>
      |         ^~~~~~~~~~~~~~~~~~~~~~~~~
[0/76] Compiling HCXCTestIssueFailureReporter.m
Running build ...
bash -c docker run --pull=always --rm -v "checkouts-53886768-0":/host -w "$PWD" -e JAVA_HOME="/root/.sdkman/candidates/java/current" -e SPI_BUILD="1" -e SPI_PROCESSING="1" registry.gitlab.com/saguaro1/spi-images:basic-6.1-latest swift build --triple x86_64-unknown-linux-gnu 2>&1
basic-6.1-latest: Pulling from saguaro1/spi-images
Digest: sha256:0f094b998e61bb35b7a666f42e392cfb12929ea8fa9160622b1badd8b73d5c87
Status: Image is up to date for registry.gitlab.com/saguaro1/spi-images:basic-6.1-latest
warning: 'spi-builder-workspace': ignoring target 'OCHamcrestTests' in package 'spi-builder-workspace'; C language in tests is not yet supported
[0/1] Planning build
Building for debugging...
In file included from /host/spi-builder-workspace/Sources/OCHamcrest/Library/Text/HCStringStartsWith.m:5:
In file included from /host/spi-builder-workspace/Sources/OCHamcrest/Library/Text/HCStringStartsWith.h:5:
In file included from /host/spi-builder-workspace/Sources/OCHamcrest/include/OCHamcrest/HCSubstringMatcher.h:5:
/host/spi-builder-workspace/Sources/OCHamcrest/include/OCHamcrest/HCBaseMatcher.h:5:9: fatal error: 'Foundation/Foundation.h' file not found
    5 | #import <Foundation/Foundation.h>
      |         ^~~~~~~~~~~~~~~~~~~~~~~~~
1 error generated.
[0/76] Compiling HCStringStartsWith.m
In file included from /host/spi-builder-workspace/Sources/OCHamcrest/Library/Text/HCStringContains.m:5:
In file included from /host/spi-builder-workspace/Sources/OCHamcrest/Library/Text/HCStringContains.h:5:
In file included from /host/spi-builder-workspace/Sources/OCHamcrest/include/OCHamcrest/HCSubstringMatcher.h:5:
/host/spi-builder-workspace/Sources/OCHamcrest/include/OCHamcrest/HCBaseMatcher.h:5:9: fatal error: 'Foundation/Foundation.h' file not found
    5 | #import <Foundation/Foundation.h>
      |         ^~~~~~~~~~~~~~~~~~~~~~~~~
1 error generated.
[0/76] Compiling HCStringContains.m
In file included from /host/spi-builder-workspace/Sources/OCHamcrest/Library/Text/HCSubstringMatcher.m:5:
In file included from /host/spi-builder-workspace/Sources/OCHamcrest/Library/Text/HCSubstringMatcher.h:5:
/host/spi-builder-workspace/Sources/OCHamcrest/include/OCHamcrest/HCBaseMatcher.h:5:9: fatal error: 'Foundation/Foundation.h' file not found
    5 | #import <Foundation/Foundation.h>
      |         ^~~~~~~~~~~~~~~~~~~~~~~~~
1 error generated.
[0/76] Compiling HCSubstringMatcher.m
In file included from /host/spi-builder-workspace/Sources/OCHamcrest/Library/Text/HCStringEndsWith.m:5:
In file included from /host/spi-builder-workspace/Sources/OCHamcrest/Library/Text/HCStringEndsWith.h:5:
In file included from /host/spi-builder-workspace/Sources/OCHamcrest/include/OCHamcrest/HCSubstringMatcher.h:5:
/host/spi-builder-workspace/Sources/OCHamcrest/include/OCHamcrest/HCBaseMatcher.h:5:9: fatal error: 'Foundation/Foundation.h' file not found
    5 | #import <Foundation/Foundation.h>
      |         ^~~~~~~~~~~~~~~~~~~~~~~~~
1 error generated.
[0/76] Compiling HCStringEndsWith.m
In file included from /host/spi-builder-workspace/Sources/OCHamcrest/Library/Text/HCIsEqualIgnoringCase.m:5:
In file included from /host/spi-builder-workspace/Sources/OCHamcrest/Library/Text/HCIsEqualIgnoringCase.h:5:
/host/spi-builder-workspace/Sources/OCHamcrest/include/OCHamcrest/HCBaseMatcher.h:5:9: fatal error: 'Foundation/Foundation.h' file not found
    5 | #import <Foundation/Foundation.h>
      |         ^~~~~~~~~~~~~~~~~~~~~~~~~
1 error generated.
[0/76] Compiling HCIsEqualIgnoringCase.m
In file included from /host/spi-builder-workspace/Sources/OCHamcrest/Library/Object/HCThrowsException.m:5:
In file included from /host/spi-builder-workspace/Sources/OCHamcrest/Library/Object/HCThrowsException.h:5:
In file included from /host/spi-builder-workspace/Sources/OCHamcrest/include/OCHamcrest/HCDiagnosingMatcher.h:5:
/host/spi-builder-workspace/Sources/OCHamcrest/include/OCHamcrest/HCBaseMatcher.h:5:9: fatal error: 'Foundation/Foundation.h' file not found
    5 | #import <Foundation/Foundation.h>
      |         ^~~~~~~~~~~~~~~~~~~~~~~~~
1 error generated.
[0/76] Compiling HCThrowsException.m
In file included from /host/spi-builder-workspace/Sources/OCHamcrest/Library/Text/HCIsEqualCompressingWhiteSpace.m:5:
In file included from /host/spi-builder-workspace/Sources/OCHamcrest/Library/Text/HCIsEqualCompressingWhiteSpace.h:5:
/host/spi-builder-workspace/Sources/OCHamcrest/include/OCHamcrest/HCBaseMatcher.h:5:9: fatal error: 'Foundation/Foundation.h' file not found
    5 | #import <Foundation/Foundation.h>
      |         ^~~~~~~~~~~~~~~~~~~~~~~~~
1 error generated.
[0/76] Compiling HCIsEqualCompressingWhiteSpace.m
In file included from /host/spi-builder-workspace/Sources/OCHamcrest/Library/Text/HCStringContainsInOrder.m:5:
In file included from /host/spi-builder-workspace/Sources/OCHamcrest/Library/Text/HCStringContainsInOrder.h:5:
/host/spi-builder-workspace/Sources/OCHamcrest/include/OCHamcrest/HCBaseMatcher.h:5:9: fatal error: 'Foundation/Foundation.h' file not found
    5 | #import <Foundation/Foundation.h>
      |         ^~~~~~~~~~~~~~~~~~~~~~~~~
1 error generated.
[0/76] Compiling HCStringContainsInOrder.m
BUILD FAILURE 6.1 linux