The Swift Package Index logo.Swift Package Index

Build Information

Failed to build LSFileWrapper, reference 2.0.2 (6b41a7), with Swift 6.4 for macOS (Xcode) using Xcode 27.0 on 17 Sep 2026 16:29:34 UTC.

Build Command

env DEVELOPER_DIR=/Applications/Xcode-27.0.0-Release.Candidate.app xcrun xcodebuild -IDEClonedSourcePackagesDirPathOverride=$PWD/.dependencies -skipMacroValidation -skipPackagePluginValidation -derivedDataPath $PWD/.derivedData build -scheme LSFileWrapper -destination platform=macOS,arch=arm64

Build Log

========================================
RunAll
========================================
Builder version: 5.1.0
Interrupt handler set up.
========================================
Checkout
========================================
Clone URL: https://github.com/admkopec/LSFileWrapper.git
Reference: 2.0.2
Initialized empty Git repository in /Users/admin/builder/spi-builder-workspace/.git/
From https://github.com/admkopec/LSFileWrapper
 * tag               2.0.2      -> FETCH_HEAD
HEAD is now at 6b41a7e ☂️ Added LSDocument into the umbrella header
Cloned https://github.com/admkopec/LSFileWrapper.git
Revision (git rev-parse @):
6b41a7e3a99e58cc3ff9813fbea46d419323baf5
SUCCESS checkout https://github.com/admkopec/LSFileWrapper.git at 2.0.2
========================================
Build
========================================
Selected platform:         macosXcodebuild
Swift version:             6.4
Building package at path:  $PWD
https://github.com/admkopec/LSFileWrapper.git
Command line invocation:
    /Applications/Xcode-27.0.0-Release.Candidate.app/Contents/Developer/usr/bin/xcodebuild -IDEClonedSourcePackagesDirPathOverride=/Users/admin/builder/spi-builder-workspace/.dependencies -resolvePackageDependencies
resolved source packages:
{
  "dependencies" : [
  ],
  "manifest_display_name" : "LSFileWrapper",
  "name" : "LSFileWrapper",
  "path" : "/Users/admin/builder/spi-builder-workspace",
  "platforms" : [
  ],
  "products" : [
    {
      "name" : "LSFileWrapper",
      "targets" : [
        "LSFileWrapper"
      ],
      "type" : {
        "library" : [
          "dynamic"
        ]
      }
    }
  ],
  "targets" : [
    {
      "c99name" : "LSFileWrapperTests",
      "module_type" : "SwiftTarget",
      "name" : "LSFileWrapperTests",
      "path" : "LSFileWrapperTests",
      "sources" : [
        "LSFileWrapperTests.swift"
      ],
      "target_dependencies" : [
        "LSFileWrapper"
      ],
      "type" : "test"
    },
    {
      "c99name" : "LSFileWrapper",
      "module_type" : "ClangTarget",
      "name" : "LSFileWrapper",
      "path" : ".",
      "product_memberships" : [
        "LSFileWrapper"
      ],
      "sources" : [
        "LSDocument.m",
        "LSFileWrapper.m"
      ],
      "type" : "library"
    }
  ],
  "tools_version" : "4.2"
}
{
  "project" : {
    "configurations" : [
      "Debug",
      "Release"
    ],
    "name" : "LSFileWrapper",
    "schemes" : [
      "LSFileWrapper (iOS)",
      "LSFileWrapper (macOS)"
    ],
    "targets" : [
      "LSFileWrapper (macOS)",
      "LSFileWrapper (iOS)",
      "LSFileWrapperTests"
    ]
  }
}
{
  "workspace" : {
    "name" : "LSFileWrapper",
    "schemes" : [
      "LSFileWrapper"
    ]
  }
}
2026-09-17 12:29:21.863 xcodebuild[642:4085] [MT] IDERunDestination: Supported platforms for the buildables in the current scheme is empty.
Running build ...
env DEVELOPER_DIR=/Applications/Xcode-27.0.0-Release.Candidate.app xcrun xcodebuild -IDEClonedSourcePackagesDirPathOverride=$PWD/.dependencies -skipMacroValidation -skipPackagePluginValidation -derivedDataPath $PWD/.derivedData build -scheme LSFileWrapper -destination platform=macOS,arch=arm64
Command line invocation:
    /Applications/Xcode-27.0.0-Release.Candidate.app/Contents/Developer/usr/bin/xcodebuild -IDEClonedSourcePackagesDirPathOverride=/Users/admin/builder/spi-builder-workspace/.dependencies -skipMacroValidation -skipPackagePluginValidation -derivedDataPath /Users/admin/builder/spi-builder-workspace/.derivedData build -scheme LSFileWrapper -destination platform=macOS,arch=arm64
Resolve Package Graph
Resolved source packages:
  LSFileWrapper: /Users/admin/builder/spi-builder-workspace
ComputePackagePrebuildTargetDependencyGraph
Prepare packages
CreateBuildRequest
SendProjectDescription
CreateBuildOperation
ComputeTargetDependencyGraph
note: Building targets in dependency order
note: Target dependency graph (2 targets)
    Target 'LSFileWrapper-product' in project 'LSFileWrapper'
        ➜ Explicit dependency on target 'LSFileWrapper' in project 'LSFileWrapper'
    Target 'LSFileWrapper' in project 'LSFileWrapper' (no dependencies)
GatherProvisioningInputs
CreateBuildDescription
ExecuteExternalTool /Applications/Xcode-27.0.0-Release.Candidate.app/Contents/Developer/Toolchains/XcodeDefault.xctoolchain/usr/bin/clang -v -E -dM -isysroot /Applications/Xcode-27.0.0-Release.Candidate.app/Contents/Developer/Platforms/MacOSX.platform/Developer/SDKs/MacOSX27.0.sdk -x c -c /dev/null
ExecuteExternalTool /Applications/Xcode-27.0.0-Release.Candidate.app/Contents/Developer/Toolchains/XcodeDefault.xctoolchain/usr/bin/clang -v -E -dM -arch arm64 -isysroot /Applications/Xcode-27.0.0-Release.Candidate.app/Contents/Developer/Platforms/MacOSX.platform/Developer/SDKs/MacOSX27.0.sdk -x objective-c -c /dev/null
ExecuteExternalTool /Applications/Xcode-27.0.0-Release.Candidate.app/Contents/Developer/Toolchains/XcodeDefault.xctoolchain/usr/bin/ld -version_details
ExecuteExternalTool /Applications/Xcode-27.0.0-Release.Candidate.app/Contents/Developer/Toolchains/XcodeDefault.xctoolchain/usr/bin/clang -v -E -dM -arch arm64 -isysroot /Applications/Xcode-27.0.0-Release.Candidate.app/Contents/Developer/Platforms/MacOSX.platform/Developer/SDKs/MacOSX27.0.sdk -x c -c /dev/null
Build description signature: f4dfb66e407f62df8f08bc7402676e78
Build description path: /Users/admin/builder/spi-builder-workspace/.derivedData/Build/Intermediates.noindex/XCBuildData/f4dfb66e407f62df8f08bc7402676e78.xcbuilddata
CreateBuildDirectory /Users/admin/builder/spi-builder-workspace/.derivedData/ModuleCache.noindex
    cd /Users/admin/builder/spi-builder-workspace/.swiftpm/xcode
    builtin-create-build-directory /Users/admin/builder/spi-builder-workspace/.derivedData/ModuleCache.noindex
CreateBuildDirectory /Users/admin/builder/spi-builder-workspace/.derivedData/SDKExplicitPrecompiledModules
    cd /Users/admin/builder/spi-builder-workspace/.swiftpm/xcode
    builtin-create-build-directory /Users/admin/builder/spi-builder-workspace/.derivedData/SDKExplicitPrecompiledModules
CreateBuildDirectory /Users/admin/builder/spi-builder-workspace/.derivedData/Build/Intermediates.noindex
    cd /Users/admin/builder/spi-builder-workspace/.swiftpm/xcode
    builtin-create-build-directory /Users/admin/builder/spi-builder-workspace/.derivedData/Build/Intermediates.noindex
CreateBuildDirectory /Users/admin/builder/spi-builder-workspace/.derivedData/CompilationCache.noindex
    cd /Users/admin/builder/spi-builder-workspace/.swiftpm/xcode
    builtin-create-build-directory /Users/admin/builder/spi-builder-workspace/.derivedData/CompilationCache.noindex
ClangStatCache /Applications/Xcode-27.0.0-Release.Candidate.app/Contents/Developer/Toolchains/XcodeDefault.xctoolchain/usr/bin/clang-stat-cache /Applications/Xcode-27.0.0-Release.Candidate.app/Contents/Developer/Platforms/MacOSX.platform/Developer/SDKs/MacOSX27.0.sdk /Users/admin/builder/spi-builder-workspace/.derivedData/SDKStatCaches.noindex/macosx27.0-26A425-e829b21a6f8c9b70876ba0858053c0446a22442a12e9d48fe1a705f55a1adfc4.sdkstatcache
    cd /Users/admin/builder/spi-builder-workspace/.swiftpm/xcode
    /Applications/Xcode-27.0.0-Release.Candidate.app/Contents/Developer/Toolchains/XcodeDefault.xctoolchain/usr/bin/clang-stat-cache /Applications/Xcode-27.0.0-Release.Candidate.app/Contents/Developer/Platforms/MacOSX.platform/Developer/SDKs/MacOSX27.0.sdk -o /Users/admin/builder/spi-builder-workspace/.derivedData/SDKStatCaches.noindex/macosx27.0-26A425-e829b21a6f8c9b70876ba0858053c0446a22442a12e9d48fe1a705f55a1adfc4.sdkstatcache
CreateBuildDirectory /Users/admin/builder/spi-builder-workspace/.derivedData/Build/Products
    cd /Users/admin/builder/spi-builder-workspace/.swiftpm/xcode
    builtin-create-build-directory /Users/admin/builder/spi-builder-workspace/.derivedData/Build/Products
CreateBuildDirectory /Users/admin/builder/spi-builder-workspace/.derivedData/Build/Intermediates.noindex/SwiftExplicitPrecompiledModules
    cd /Users/admin/builder/spi-builder-workspace/.swiftpm/xcode
    builtin-create-build-directory /Users/admin/builder/spi-builder-workspace/.derivedData/Build/Intermediates.noindex/SwiftExplicitPrecompiledModules
CreateBuildDirectory /Users/admin/builder/spi-builder-workspace/.derivedData/Build/Intermediates.noindex/PrecompiledHeaders
    cd /Users/admin/builder/spi-builder-workspace/.swiftpm/xcode
    builtin-create-build-directory /Users/admin/builder/spi-builder-workspace/.derivedData/Build/Intermediates.noindex/PrecompiledHeaders
CreateBuildDirectory /Users/admin/builder/spi-builder-workspace/.derivedData/Build/Intermediates.noindex/ExplicitPrecompiledModules
    cd /Users/admin/builder/spi-builder-workspace/.swiftpm/xcode
    builtin-create-build-directory /Users/admin/builder/spi-builder-workspace/.derivedData/Build/Intermediates.noindex/ExplicitPrecompiledModules
CreateBuildDirectory /Users/admin/builder/spi-builder-workspace/.derivedData/Build/Intermediates.noindex/EagerLinkingTBDs/Debug
    cd /Users/admin/builder/spi-builder-workspace/.swiftpm/xcode
    builtin-create-build-directory /Users/admin/builder/spi-builder-workspace/.derivedData/Build/Intermediates.noindex/EagerLinkingTBDs/Debug
CreateBuildDirectory /Users/admin/builder/spi-builder-workspace/.derivedData/Build/Products/Debug
    cd /Users/admin/builder/spi-builder-workspace/.swiftpm/xcode
    builtin-create-build-directory /Users/admin/builder/spi-builder-workspace/.derivedData/Build/Products/Debug
CreateBuildDirectory /Users/admin/builder/spi-builder-workspace/.derivedData/Build/Products/Debug/PackageFrameworks
    cd /Users/admin/builder/spi-builder-workspace/.swiftpm/xcode
    builtin-create-build-directory /Users/admin/builder/spi-builder-workspace/.derivedData/Build/Products/Debug/PackageFrameworks
WriteAuxiliaryFile /Users/admin/builder/spi-builder-workspace/.derivedData/Build/Intermediates.noindex/LSFileWrapper.build/Debug/LSFileWrapper-product-t.build/empty-LSFileWrapper.plist (in target 'LSFileWrapper-product' from project 'LSFileWrapper')
    cd /Users/admin/builder/spi-builder-workspace
    write-file /Users/admin/builder/spi-builder-workspace/.derivedData/Build/Intermediates.noindex/LSFileWrapper.build/Debug/LSFileWrapper-product-t.build/empty-LSFileWrapper.plist
WriteAuxiliaryFile /Users/admin/builder/spi-builder-workspace/.derivedData/Build/Intermediates.noindex/LSFileWrapper.build/Debug/LSFileWrapper-product-t.build/LSFileWrapper.DependencyStaticMetadataFileList (in target 'LSFileWrapper-product' from project 'LSFileWrapper')
    cd /Users/admin/builder/spi-builder-workspace
    write-file /Users/admin/builder/spi-builder-workspace/.derivedData/Build/Intermediates.noindex/LSFileWrapper.build/Debug/LSFileWrapper-product-t.build/LSFileWrapper.DependencyStaticMetadataFileList
WriteAuxiliaryFile /Users/admin/builder/spi-builder-workspace/.derivedData/Build/Intermediates.noindex/LSFileWrapper.build/Debug/LSFileWrapper-t.build/LSFileWrapper.modulemap (in target 'LSFileWrapper' from project 'LSFileWrapper')
    cd /Users/admin/builder/spi-builder-workspace
    write-file /Users/admin/builder/spi-builder-workspace/.derivedData/Build/Intermediates.noindex/LSFileWrapper.build/Debug/LSFileWrapper-t.build/LSFileWrapper.modulemap
WriteAuxiliaryFile /Users/admin/builder/spi-builder-workspace/.derivedData/Build/Intermediates.noindex/LSFileWrapper.build/Debug/LSFileWrapper-t.build/LSFileWrapper.DependencyMetadataFileList (in target 'LSFileWrapper' from project 'LSFileWrapper')
    cd /Users/admin/builder/spi-builder-workspace
    write-file /Users/admin/builder/spi-builder-workspace/.derivedData/Build/Intermediates.noindex/LSFileWrapper.build/Debug/LSFileWrapper-t.build/LSFileWrapper.DependencyMetadataFileList
WriteAuxiliaryFile /Users/admin/builder/spi-builder-workspace/.derivedData/Build/Intermediates.noindex/LSFileWrapper.build/Debug/LSFileWrapper-t.build/LSFileWrapper.DependencyStaticMetadataFileList (in target 'LSFileWrapper' from project 'LSFileWrapper')
    cd /Users/admin/builder/spi-builder-workspace
    write-file /Users/admin/builder/spi-builder-workspace/.derivedData/Build/Intermediates.noindex/LSFileWrapper.build/Debug/LSFileWrapper-t.build/LSFileWrapper.DependencyStaticMetadataFileList
WriteAuxiliaryFile /Users/admin/builder/spi-builder-workspace/.derivedData/Build/Intermediates.noindex/LSFileWrapper.build/Debug/LSFileWrapper-product-t.build/Objects-normal/arm64/LSFileWrapper.LinkFileList (in target 'LSFileWrapper-product' from project 'LSFileWrapper')
    cd /Users/admin/builder/spi-builder-workspace
    write-file /Users/admin/builder/spi-builder-workspace/.derivedData/Build/Intermediates.noindex/LSFileWrapper.build/Debug/LSFileWrapper-product-t.build/Objects-normal/arm64/LSFileWrapper.LinkFileList
WriteAuxiliaryFile /Users/admin/builder/spi-builder-workspace/.derivedData/Build/Intermediates.noindex/LSFileWrapper.build/Debug/LSFileWrapper-t.build/Objects-normal/arm64/e6072d4f65d7061329687fe24e3d63a7-common-args.resp (in target 'LSFileWrapper' from project 'LSFileWrapper')
    cd /Users/admin/builder/spi-builder-workspace
    write-file /Users/admin/builder/spi-builder-workspace/.derivedData/Build/Intermediates.noindex/LSFileWrapper.build/Debug/LSFileWrapper-t.build/Objects-normal/arm64/e6072d4f65d7061329687fe24e3d63a7-common-args.resp
-fobjc-arc -fmodules -gmodules '-fmodules-cache-path=/Users/admin/builder/spi-builder-workspace/.derivedData/ModuleCache.noindex' '-fmodule-name=LSFileWrapper' -fpascal-strings -O0 -DSWIFT_PACKAGE '-DDEBUG=1' '-DOBJC_OLD_DISPATCH_PROTOTYPES=1' -g -fprofile-instr-generate -fcoverage-mapping -I/Users/admin/builder/spi-builder-workspace/.derivedData/Build/Products/Debug/include -I/Users/admin/builder/spi-builder-workspace/Headers -I/Users/admin/builder/spi-builder-workspace/.derivedData/Build/Intermediates.noindex/LSFileWrapper.build/Debug/LSFileWrapper-t.build/DerivedSources-normal/arm64 -I/Users/admin/builder/spi-builder-workspace/.derivedData/Build/Intermediates.noindex/LSFileWrapper.build/Debug/LSFileWrapper-t.build/DerivedSources/arm64 -I/Users/admin/builder/spi-builder-workspace/.derivedData/Build/Intermediates.noindex/LSFileWrapper.build/Debug/LSFileWrapper-t.build/DerivedSources -F/Users/admin/builder/spi-builder-workspace/.derivedData/Build/Products/Debug -iframework /Applications/Xcode-27.0.0-Release.Candidate.app/Contents/Developer/Platforms/MacOSX.platform/Developer/Library/Frameworks -DXcode
WriteAuxiliaryFile /Users/admin/builder/spi-builder-workspace/.derivedData/Build/Intermediates.noindex/LSFileWrapper.build/Debug/LSFileWrapper-t.build/Objects-normal/arm64/LSFileWrapper.LinkFileList (in target 'LSFileWrapper' from project 'LSFileWrapper')
    cd /Users/admin/builder/spi-builder-workspace
    write-file /Users/admin/builder/spi-builder-workspace/.derivedData/Build/Intermediates.noindex/LSFileWrapper.build/Debug/LSFileWrapper-t.build/Objects-normal/arm64/LSFileWrapper.LinkFileList
WriteAuxiliaryFile /Users/admin/builder/spi-builder-workspace/.derivedData/Build/Intermediates.noindex/LSFileWrapper.build/Debug/LSFileWrapper-product-t.build/LSFileWrapper.DependencyMetadataFileList (in target 'LSFileWrapper-product' from project 'LSFileWrapper')
    cd /Users/admin/builder/spi-builder-workspace
    write-file /Users/admin/builder/spi-builder-workspace/.derivedData/Build/Intermediates.noindex/LSFileWrapper.build/Debug/LSFileWrapper-product-t.build/LSFileWrapper.DependencyMetadataFileList
SymLink /Users/admin/builder/spi-builder-workspace/.derivedData/Build/Products/Debug/PackageFrameworks/LSFileWrapper.framework/LSFileWrapper Versions/Current/LSFileWrapper (in target 'LSFileWrapper-product' from project 'LSFileWrapper')
    cd /Users/admin/builder/spi-builder-workspace
    /bin/ln -sfh Versions/Current/LSFileWrapper /Users/admin/builder/spi-builder-workspace/.derivedData/Build/Products/Debug/PackageFrameworks/LSFileWrapper.framework/LSFileWrapper
SymLink /Users/admin/builder/spi-builder-workspace/.derivedData/Build/Products/Debug/PackageFrameworks/LSFileWrapper.framework/Resources Versions/Current/Resources (in target 'LSFileWrapper-product' from project 'LSFileWrapper')
    cd /Users/admin/builder/spi-builder-workspace
    /bin/ln -sfh Versions/Current/Resources /Users/admin/builder/spi-builder-workspace/.derivedData/Build/Products/Debug/PackageFrameworks/LSFileWrapper.framework/Resources
MkDir /Users/admin/builder/spi-builder-workspace/.derivedData/Build/Products/Debug/PackageFrameworks/LSFileWrapper.framework/Versions/A (in target 'LSFileWrapper-product' from project 'LSFileWrapper')
    cd /Users/admin/builder/spi-builder-workspace
    /bin/mkdir -p /Users/admin/builder/spi-builder-workspace/.derivedData/Build/Products/Debug/PackageFrameworks/LSFileWrapper.framework/Versions/A
SymLink /Users/admin/builder/spi-builder-workspace/.derivedData/Build/Products/Debug/PackageFrameworks/LSFileWrapper.framework/Versions/Current A (in target 'LSFileWrapper-product' from project 'LSFileWrapper')
    cd /Users/admin/builder/spi-builder-workspace
    /bin/ln -sfh A /Users/admin/builder/spi-builder-workspace/.derivedData/Build/Products/Debug/PackageFrameworks/LSFileWrapper.framework/Versions/Current
MkDir /Users/admin/builder/spi-builder-workspace/.derivedData/Build/Products/Debug/PackageFrameworks/LSFileWrapper.framework/Versions/A/Resources (in target 'LSFileWrapper-product' from project 'LSFileWrapper')
    cd /Users/admin/builder/spi-builder-workspace
    /bin/mkdir -p /Users/admin/builder/spi-builder-workspace/.derivedData/Build/Products/Debug/PackageFrameworks/LSFileWrapper.framework/Versions/A/Resources
Copy /Users/admin/builder/spi-builder-workspace/.derivedData/Build/Intermediates.noindex/GeneratedModuleMaps/LSFileWrapper.modulemap /Users/admin/builder/spi-builder-workspace/.derivedData/Build/Intermediates.noindex/LSFileWrapper.build/Debug/LSFileWrapper-t.build/LSFileWrapper.modulemap (in target 'LSFileWrapper' from project 'LSFileWrapper')
    cd /Users/admin/builder/spi-builder-workspace
    builtin-copy -exclude .DS_Store -exclude CVS -exclude .svn -exclude .git -exclude .hg -resolve-src-symlinks /Users/admin/builder/spi-builder-workspace/.derivedData/Build/Intermediates.noindex/LSFileWrapper.build/Debug/LSFileWrapper-t.build/LSFileWrapper.modulemap /Users/admin/builder/spi-builder-workspace/.derivedData/Build/Intermediates.noindex/GeneratedModuleMaps
MkDir /Users/admin/builder/spi-builder-workspace/.derivedData/Build/Products/Debug/PackageFrameworks/LSFileWrapper.framework (in target 'LSFileWrapper-product' from project 'LSFileWrapper')
    cd /Users/admin/builder/spi-builder-workspace
    /bin/mkdir -p /Users/admin/builder/spi-builder-workspace/.derivedData/Build/Products/Debug/PackageFrameworks/LSFileWrapper.framework
MkDir /Users/admin/builder/spi-builder-workspace/.derivedData/Build/Products/Debug/PackageFrameworks/LSFileWrapper.framework/Versions (in target 'LSFileWrapper-product' from project 'LSFileWrapper')
    cd /Users/admin/builder/spi-builder-workspace
    /bin/mkdir -p /Users/admin/builder/spi-builder-workspace/.derivedData/Build/Products/Debug/PackageFrameworks/LSFileWrapper.framework/Versions
ScanDependencies /Users/admin/builder/spi-builder-workspace/.derivedData/Build/Intermediates.noindex/LSFileWrapper.build/Debug/LSFileWrapper-t.build/Objects-normal/arm64/LSDocument.o /Users/admin/builder/spi-builder-workspace/LSDocument.m normal arm64 objective-c com.apple.compilers.llvm.clang.1_0.compiler (in target 'LSFileWrapper' from project 'LSFileWrapper')
    cd /Users/admin/builder/spi-builder-workspace/.swiftpm/xcode

    Using response file: /Users/admin/builder/spi-builder-workspace/.derivedData/Build/Intermediates.noindex/LSFileWrapper.build/Debug/LSFileWrapper-t.build/Objects-normal/arm64/e6072d4f65d7061329687fe24e3d63a7-common-args.resp

    builtin-ScanDependencies -o /Users/admin/builder/spi-builder-workspace/.derivedData/Build/Intermediates.noindex/LSFileWrapper.build/Debug/LSFileWrapper-t.build/Objects-normal/arm64/LSDocument.o.scan -- /Applications/Xcode-27.0.0-Release.Candidate.app/Contents/Developer/Toolchains/XcodeDefault.xctoolchain/usr/bin/clang -x objective-c -ivfsstatcache /Users/admin/builder/spi-builder-workspace/.derivedData/SDKStatCaches.noindex/macosx27.0-26A425-e829b21a6f8c9b70876ba0858053c0446a22442a12e9d48fe1a705f55a1adfc4.sdkstatcache -target arm64-apple-macos12.0 -fmessage-length\=0 -fdiagnostics-show-note-include-stack -fmacro-backtrace-limit\=0 -fno-color-diagnostics -fmodules-prune-interval\=86400 -fmodules-prune-after\=345600 -fbuild-session-file\=/Users/admin/builder/spi-builder-workspace/.derivedData/ModuleCache.noindex/Session.modulevalidation -fmodules-validate-once-per-build-session -Wnon-modular-include-in-framework-module -Werror\=non-modular-include-in-framework-module -Wno-trigraphs -Wno-missing-field-initializers -Wno-missing-prototypes -Wno-return-type -Wno-implicit-atomic-properties -Wno-objc-interface-ivars -Wno-arc-repeated-use-of-weak -Wno-missing-braces -Wparentheses -Wswitch -Wno-unused-function -Wno-unused-label -Wno-unused-parameter -Wno-unused-variable -Wunused-value -Wno-empty-body -Wno-uninitialized -Wno-unknown-pragmas -Wno-shadow -Wno-four-char-constants -Wno-conversion -Wno-constant-conversion -Wno-int-conversion -Wno-bool-conversion -Wno-enum-conversion -Wno-float-conversion -Wno-non-literal-null-conversion -Wno-objc-literal-conversion -Wshorten-64-to-32 -Wpointer-sign -Wno-newline-eof -Wno-selector -Wno-strict-selector-match -Wno-undeclared-selector -Wno-deprecated-implementations -Wno-implicit-fallthrough -isysroot /Applications/Xcode-27.0.0-Release.Candidate.app/Contents/Developer/Platforms/MacOSX.platform/Developer/SDKs/MacOSX27.0.sdk -fstrict-aliasing -Wprotocol -Wdeprecated-declarations -Wno-sign-conversion -Wno-infinite-recursion -Wno-comma -Wno-block-capture-autoreleasing -Wno-strict-prototypes -Wno-semicolon-before-method-body -index-store-path /Users/admin/builder/spi-builder-workspace/.derivedData/Index.noindex/DataStore @/Users/admin/builder/spi-builder-workspace/.derivedData/Build/Intermediates.noindex/LSFileWrapper.build/Debug/LSFileWrapper-t.build/Objects-normal/arm64/e6072d4f65d7061329687fe24e3d63a7-common-args.resp -MMD -MT dependencies -MF /Users/admin/builder/spi-builder-workspace/.derivedData/Build/Intermediates.noindex/LSFileWrapper.build/Debug/LSFileWrapper-t.build/Objects-normal/arm64/LSDocument.d --serialize-diagnostics /Users/admin/builder/spi-builder-workspace/.derivedData/Build/Intermediates.noindex/LSFileWrapper.build/Debug/LSFileWrapper-t.build/Objects-normal/arm64/LSDocument.dia -c /Users/admin/builder/spi-builder-workspace/LSDocument.m -o /Users/admin/builder/spi-builder-workspace/.derivedData/Build/Intermediates.noindex/LSFileWrapper.build/Debug/LSFileWrapper-t.build/Objects-normal/arm64/LSDocument.o -index-unit-output-path /LSFileWrapper.build/Debug/LSFileWrapper-t.build/Objects-normal/arm64/LSDocument.o
ScanDependencies /Users/admin/builder/spi-builder-workspace/.derivedData/Build/Intermediates.noindex/LSFileWrapper.build/Debug/LSFileWrapper-t.build/Objects-normal/arm64/LSFileWrapper.o /Users/admin/builder/spi-builder-workspace/LSFileWrapper.m normal arm64 objective-c com.apple.compilers.llvm.clang.1_0.compiler (in target 'LSFileWrapper' from project 'LSFileWrapper')
    cd /Users/admin/builder/spi-builder-workspace/.swiftpm/xcode

    Using response file: /Users/admin/builder/spi-builder-workspace/.derivedData/Build/Intermediates.noindex/LSFileWrapper.build/Debug/LSFileWrapper-t.build/Objects-normal/arm64/e6072d4f65d7061329687fe24e3d63a7-common-args.resp

    builtin-ScanDependencies -o /Users/admin/builder/spi-builder-workspace/.derivedData/Build/Intermediates.noindex/LSFileWrapper.build/Debug/LSFileWrapper-t.build/Objects-normal/arm64/LSFileWrapper.o.scan -- /Applications/Xcode-27.0.0-Release.Candidate.app/Contents/Developer/Toolchains/XcodeDefault.xctoolchain/usr/bin/clang -x objective-c -ivfsstatcache /Users/admin/builder/spi-builder-workspace/.derivedData/SDKStatCaches.noindex/macosx27.0-26A425-e829b21a6f8c9b70876ba0858053c0446a22442a12e9d48fe1a705f55a1adfc4.sdkstatcache -target arm64-apple-macos12.0 -fmessage-length\=0 -fdiagnostics-show-note-include-stack -fmacro-backtrace-limit\=0 -fno-color-diagnostics -fmodules-prune-interval\=86400 -fmodules-prune-after\=345600 -fbuild-session-file\=/Users/admin/builder/spi-builder-workspace/.derivedData/ModuleCache.noindex/Session.modulevalidation -fmodules-validate-once-per-build-session -Wnon-modular-include-in-framework-module -Werror\=non-modular-include-in-framework-module -Wno-trigraphs -Wno-missing-field-initializers -Wno-missing-prototypes -Wno-return-type -Wno-implicit-atomic-properties -Wno-objc-interface-ivars -Wno-arc-repeated-use-of-weak -Wno-missing-braces -Wparentheses -Wswitch -Wno-unused-function -Wno-unused-label -Wno-unused-parameter -Wno-unused-variable -Wunused-value -Wno-empty-body -Wno-uninitialized -Wno-unknown-pragmas -Wno-shadow -Wno-four-char-constants -Wno-conversion -Wno-constant-conversion -Wno-int-conversion -Wno-bool-conversion -Wno-enum-conversion -Wno-float-conversion -Wno-non-literal-null-conversion -Wno-objc-literal-conversion -Wshorten-64-to-32 -Wpointer-sign -Wno-newline-eof -Wno-selector -Wno-strict-selector-match -Wno-undeclared-selector -Wno-deprecated-implementations -Wno-implicit-fallthrough -isysroot /Applications/Xcode-27.0.0-Release.Candidate.app/Contents/Developer/Platforms/MacOSX.platform/Developer/SDKs/MacOSX27.0.sdk -fstrict-aliasing -Wprotocol -Wdeprecated-declarations -Wno-sign-conversion -Wno-infinite-recursion -Wno-comma -Wno-block-capture-autoreleasing -Wno-strict-prototypes -Wno-semicolon-before-method-body -index-store-path /Users/admin/builder/spi-builder-workspace/.derivedData/Index.noindex/DataStore @/Users/admin/builder/spi-builder-workspace/.derivedData/Build/Intermediates.noindex/LSFileWrapper.build/Debug/LSFileWrapper-t.build/Objects-normal/arm64/e6072d4f65d7061329687fe24e3d63a7-common-args.resp -MMD -MT dependencies -MF /Users/admin/builder/spi-builder-workspace/.derivedData/Build/Intermediates.noindex/LSFileWrapper.build/Debug/LSFileWrapper-t.build/Objects-normal/arm64/LSFileWrapper.d --serialize-diagnostics /Users/admin/builder/spi-builder-workspace/.derivedData/Build/Intermediates.noindex/LSFileWrapper.build/Debug/LSFileWrapper-t.build/Objects-normal/arm64/LSFileWrapper.dia -c /Users/admin/builder/spi-builder-workspace/LSFileWrapper.m -o /Users/admin/builder/spi-builder-workspace/.derivedData/Build/Intermediates.noindex/LSFileWrapper.build/Debug/LSFileWrapper-t.build/Objects-normal/arm64/LSFileWrapper.o -index-unit-output-path /LSFileWrapper.build/Debug/LSFileWrapper-t.build/Objects-normal/arm64/LSFileWrapper.o
PrecompileModule /Users/admin/builder/spi-builder-workspace/.derivedData/Build/Intermediates.noindex/ExplicitPrecompiledModules/_Builtin_float-EG7J52CRCVYUS1CA70V7T6IWG.scan
    cd /
    builtin-precompileModule /Users/admin/builder/spi-builder-workspace/.derivedData/Build/Intermediates.noindex/ExplicitPrecompiledModules/_Builtin_float-EG7J52CRCVYUS1CA70V7T6IWG.scan
PrecompileModule /Users/admin/builder/spi-builder-workspace/.derivedData/Build/Intermediates.noindex/ExplicitPrecompiledModules/_AvailabilityInternal-99GWWMP15GBGQC7MKEM7M7LCI.scan
    cd /
    builtin-precompileModule /Users/admin/builder/spi-builder-workspace/.derivedData/Build/Intermediates.noindex/ExplicitPrecompiledModules/_AvailabilityInternal-99GWWMP15GBGQC7MKEM7M7LCI.scan
PrecompileModule /Users/admin/builder/spi-builder-workspace/.derivedData/Build/Intermediates.noindex/ExplicitPrecompiledModules/ptrcheck-CPLKX8A7ZJMALPKPTEXZCJFE2.scan
    cd /
    builtin-precompileModule /Users/admin/builder/spi-builder-workspace/.derivedData/Build/Intermediates.noindex/ExplicitPrecompiledModules/ptrcheck-CPLKX8A7ZJMALPKPTEXZCJFE2.scan
PrecompileModule /Users/admin/builder/spi-builder-workspace/.derivedData/Build/Intermediates.noindex/ExplicitPrecompiledModules/_DarwinFoundation1-40R3W1Y94NDDC62W1ITVU8U3.scan
    cd /
    builtin-precompileModule /Users/admin/builder/spi-builder-workspace/.derivedData/Build/Intermediates.noindex/ExplicitPrecompiledModules/_DarwinFoundation1-40R3W1Y94NDDC62W1ITVU8U3.scan
CompileC /Users/admin/builder/spi-builder-workspace/.derivedData/Build/Intermediates.noindex/LSFileWrapper.build/Debug/LSFileWrapper-t.build/Objects-normal/arm64/LSDocument.o /Users/admin/builder/spi-builder-workspace/LSDocument.m normal arm64 objective-c com.apple.compilers.llvm.clang.1_0.compiler (in target 'LSFileWrapper' from project 'LSFileWrapper')
    cd /Users/admin/builder/spi-builder-workspace/.swiftpm/xcode

    Using response file: /Users/admin/builder/spi-builder-workspace/.derivedData/Build/Intermediates.noindex/LSFileWrapper.build/Debug/LSFileWrapper-t.build/Objects-normal/arm64/e6072d4f65d7061329687fe24e3d63a7-common-args.resp

    /Applications/Xcode-27.0.0-Release.Candidate.app/Contents/Developer/Toolchains/XcodeDefault.xctoolchain/usr/bin/clang -x objective-c -ivfsstatcache /Users/admin/builder/spi-builder-workspace/.derivedData/SDKStatCaches.noindex/macosx27.0-26A425-e829b21a6f8c9b70876ba0858053c0446a22442a12e9d48fe1a705f55a1adfc4.sdkstatcache -target arm64-apple-macos12.0 -fmessage-length\=0 -fdiagnostics-show-note-include-stack -fmacro-backtrace-limit\=0 -fno-color-diagnostics -fmodules-prune-interval\=86400 -fmodules-prune-after\=345600 -fbuild-session-file\=/Users/admin/builder/spi-builder-workspace/.derivedData/ModuleCache.noindex/Session.modulevalidation -fmodules-validate-once-per-build-session -Wnon-modular-include-in-framework-module -Werror\=non-modular-include-in-framework-module -Wno-trigraphs -Wno-missing-field-initializers -Wno-missing-prototypes -Wno-return-type -Wno-implicit-atomic-properties -Wno-objc-interface-ivars -Wno-arc-repeated-use-of-weak -Wno-missing-braces -Wparentheses -Wswitch -Wno-unused-function -Wno-unused-label -Wno-unused-parameter -Wno-unused-variable -Wunused-value -Wno-empty-body -Wno-uninitialized -Wno-unknown-pragmas -Wno-shadow -Wno-four-char-constants -Wno-conversion -Wno-constant-conversion -Wno-int-conversion -Wno-bool-conversion -Wno-enum-conversion -Wno-float-conversion -Wno-non-literal-null-conversion -Wno-objc-literal-conversion -Wshorten-64-to-32 -Wpointer-sign -Wno-newline-eof -Wno-selector -Wno-strict-selector-match -Wno-undeclared-selector -Wno-deprecated-implementations -Wno-implicit-fallthrough -isysroot /Applications/Xcode-27.0.0-Release.Candidate.app/Contents/Developer/Platforms/MacOSX.platform/Developer/SDKs/MacOSX27.0.sdk -fstrict-aliasing -Wprotocol -Wdeprecated-declarations -Wno-sign-conversion -Wno-infinite-recursion -Wno-comma -Wno-block-capture-autoreleasing -Wno-strict-prototypes -Wno-semicolon-before-method-body -index-store-path /Users/admin/builder/spi-builder-workspace/.derivedData/Index.noindex/DataStore @/Users/admin/builder/spi-builder-workspace/.derivedData/Build/Intermediates.noindex/LSFileWrapper.build/Debug/LSFileWrapper-t.build/Objects-normal/arm64/e6072d4f65d7061329687fe24e3d63a7-common-args.resp -MMD -MT dependencies -MF /Users/admin/builder/spi-builder-workspace/.derivedData/Build/Intermediates.noindex/LSFileWrapper.build/Debug/LSFileWrapper-t.build/Objects-normal/arm64/LSDocument.d --serialize-diagnostics /Users/admin/builder/spi-builder-workspace/.derivedData/Build/Intermediates.noindex/LSFileWrapper.build/Debug/LSFileWrapper-t.build/Objects-normal/arm64/LSDocument.dia -c /Users/admin/builder/spi-builder-workspace/LSDocument.m -o /Users/admin/builder/spi-builder-workspace/.derivedData/Build/Intermediates.noindex/LSFileWrapper.build/Debug/LSFileWrapper-t.build/Objects-normal/arm64/LSDocument.o -index-unit-output-path /LSFileWrapper.build/Debug/LSFileWrapper-t.build/Objects-normal/arm64/LSDocument.o
PrecompileModule /Users/admin/builder/spi-builder-workspace/.derivedData/Build/Intermediates.noindex/ExplicitPrecompiledModules/_Builtin_stdbool-BU3Q33AAFAV7ESF74C3J26AF4.scan
    cd /
    builtin-precompileModule /Users/admin/builder/spi-builder-workspace/.derivedData/Build/Intermediates.noindex/ExplicitPrecompiledModules/_Builtin_stdbool-BU3Q33AAFAV7ESF74C3J26AF4.scan
PrecompileModule /Users/admin/builder/spi-builder-workspace/.derivedData/Build/Intermediates.noindex/ExplicitPrecompiledModules/_Builtin_stdarg-3452PFVJN9WY58M1K65NI3XTQ.scan
    cd /
    builtin-precompileModule /Users/admin/builder/spi-builder-workspace/.derivedData/Build/Intermediates.noindex/ExplicitPrecompiledModules/_Builtin_stdarg-3452PFVJN9WY58M1K65NI3XTQ.scan
PrecompileModule /Users/admin/builder/spi-builder-workspace/.derivedData/Build/Intermediates.noindex/ExplicitPrecompiledModules/_Builtin_stddef-7NU4WHSHZ8UIUGYIPSELN5PUY.scan
    cd /
    builtin-precompileModule /Users/admin/builder/spi-builder-workspace/.derivedData/Build/Intermediates.noindex/ExplicitPrecompiledModules/_Builtin_stddef-7NU4WHSHZ8UIUGYIPSELN5PUY.scan
PrecompileModule /Users/admin/builder/spi-builder-workspace/.derivedData/Build/Intermediates.noindex/ExplicitPrecompiledModules/ptrauth-E9QPKE8KBFSCB0HP2DWRS0QF9.scan
    cd /
    builtin-precompileModule /Users/admin/builder/spi-builder-workspace/.derivedData/Build/Intermediates.noindex/ExplicitPrecompiledModules/ptrauth-E9QPKE8KBFSCB0HP2DWRS0QF9.scan
PrecompileModule /Users/admin/builder/spi-builder-workspace/.derivedData/Build/Intermediates.noindex/ExplicitPrecompiledModules/_Builtin_limits-8Y34Q28FWB7ZZEF74GSZAW2UG.scan
    cd /
    builtin-precompileModule /Users/admin/builder/spi-builder-workspace/.derivedData/Build/Intermediates.noindex/ExplicitPrecompiledModules/_Builtin_limits-8Y34Q28FWB7ZZEF74GSZAW2UG.scan
PrecompileModule /Users/admin/builder/spi-builder-workspace/.derivedData/Build/Intermediates.noindex/ExplicitPrecompiledModules/_DarwinFoundation2-APORPNC3E7L72SRA6XUVUR5VX.scan
    cd /
    builtin-precompileModule /Users/admin/builder/spi-builder-workspace/.derivedData/Build/Intermediates.noindex/ExplicitPrecompiledModules/_DarwinFoundation2-APORPNC3E7L72SRA6XUVUR5VX.scan
PrecompileModule /Users/admin/builder/spi-builder-workspace/.derivedData/Build/Intermediates.noindex/ExplicitPrecompiledModules/_Builtin_stdint-6TYR0UG2IP7GUK0MD8MP615KM.scan
    cd /
    builtin-precompileModule /Users/admin/builder/spi-builder-workspace/.derivedData/Build/Intermediates.noindex/ExplicitPrecompiledModules/_Builtin_stdint-6TYR0UG2IP7GUK0MD8MP615KM.scan
PrecompileModule /Users/admin/builder/spi-builder-workspace/.derivedData/Build/Intermediates.noindex/ExplicitPrecompiledModules/_DarwinFoundation3-K8FNSESZCE1R0GU413U2PDG6.scan
    cd /
    builtin-precompileModule /Users/admin/builder/spi-builder-workspace/.derivedData/Build/Intermediates.noindex/ExplicitPrecompiledModules/_DarwinFoundation3-K8FNSESZCE1R0GU413U2PDG6.scan
PrecompileModule /Users/admin/builder/spi-builder-workspace/.derivedData/Build/Intermediates.noindex/ExplicitPrecompiledModules/libDER-C0EDTBSL8FQF8UBFRJZ4FZXBM.scan
    cd /
    builtin-precompileModule /Users/admin/builder/spi-builder-workspace/.derivedData/Build/Intermediates.noindex/ExplicitPrecompiledModules/libDER-C0EDTBSL8FQF8UBFRJZ4FZXBM.scan
PrecompileModule /Users/admin/builder/spi-builder-workspace/.derivedData/Build/Intermediates.noindex/ExplicitPrecompiledModules/OpenGL-4R9Z6JMRH0MO7GWNTPA3SHD2S.scan
    cd /
    builtin-precompileModule /Users/admin/builder/spi-builder-workspace/.derivedData/Build/Intermediates.noindex/ExplicitPrecompiledModules/OpenGL-4R9Z6JMRH0MO7GWNTPA3SHD2S.scan
PrecompileModule /Users/admin/builder/spi-builder-workspace/.derivedData/Build/Intermediates.noindex/ExplicitPrecompiledModules/_Builtin_inttypes-E6R9AWCLPNQF4G1D4LHWQ62.scan
    cd /
    builtin-precompileModule /Users/admin/builder/spi-builder-workspace/.derivedData/Build/Intermediates.noindex/ExplicitPrecompiledModules/_Builtin_inttypes-E6R9AWCLPNQF4G1D4LHWQ62.scan
PrecompileModule /Users/admin/builder/spi-builder-workspace/.derivedData/Build/Intermediates.noindex/ExplicitPrecompiledModules/Darwin-D45LYXK0T6YLN3ETRCHFKH3SW.scan
    cd /
    builtin-precompileModule /Users/admin/builder/spi-builder-workspace/.derivedData/Build/Intermediates.noindex/ExplicitPrecompiledModules/Darwin-D45LYXK0T6YLN3ETRCHFKH3SW.scan
PrecompileModule /Users/admin/builder/spi-builder-workspace/.derivedData/Build/Intermediates.noindex/ExplicitPrecompiledModules/CUPS-8995YXTXPWPM5CO2IYRCK9L14.scan
    cd /
    builtin-precompileModule /Users/admin/builder/spi-builder-workspace/.derivedData/Build/Intermediates.noindex/ExplicitPrecompiledModules/CUPS-8995YXTXPWPM5CO2IYRCK9L14.scan
PrecompileModule /Users/admin/builder/spi-builder-workspace/.derivedData/Build/Intermediates.noindex/ExplicitPrecompiledModules/launch-7EFKM6YQC4T3IL37G0MQ43BSI.scan
    cd /
    builtin-precompileModule /Users/admin/builder/spi-builder-workspace/.derivedData/Build/Intermediates.noindex/ExplicitPrecompiledModules/launch-7EFKM6YQC4T3IL37G0MQ43BSI.scan
PrecompileModule /Users/admin/builder/spi-builder-workspace/.derivedData/Build/Intermediates.noindex/ExplicitPrecompiledModules/MachO-7N33WG8H978D15C1YF4LU4YGA.scan
    cd /
    builtin-precompileModule /Users/admin/builder/spi-builder-workspace/.derivedData/Build/Intermediates.noindex/ExplicitPrecompiledModules/MachO-7N33WG8H978D15C1YF4LU4YGA.scan
PrecompileModule /Users/admin/builder/spi-builder-workspace/.derivedData/Build/Intermediates.noindex/ExplicitPrecompiledModules/libkern-7HSEL04J5P67IZ2QBSM2OPLAL.scan
    cd /
    builtin-precompileModule /Users/admin/builder/spi-builder-workspace/.derivedData/Build/Intermediates.noindex/ExplicitPrecompiledModules/libkern-7HSEL04J5P67IZ2QBSM2OPLAL.scan
PrecompileModule /Users/admin/builder/spi-builder-workspace/.derivedData/Build/Intermediates.noindex/ExplicitPrecompiledModules/ObjectiveC-DFGZLXVDZ65KC84W1B0K77TX0.scan
    cd /
    builtin-precompileModule /Users/admin/builder/spi-builder-workspace/.derivedData/Build/Intermediates.noindex/ExplicitPrecompiledModules/ObjectiveC-DFGZLXVDZ65KC84W1B0K77TX0.scan
PrecompileModule /Users/admin/builder/spi-builder-workspace/.derivedData/Build/Intermediates.noindex/ExplicitPrecompiledModules/os_object-CZZBCAZIHYZZ53UC71ASCPEYK.scan
    cd /
    builtin-precompileModule /Users/admin/builder/spi-builder-workspace/.derivedData/Build/Intermediates.noindex/ExplicitPrecompiledModules/os_object-CZZBCAZIHYZZ53UC71ASCPEYK.scan
PrecompileModule /Users/admin/builder/spi-builder-workspace/.derivedData/Build/Intermediates.noindex/ExplicitPrecompiledModules/os_workgroup-ETFLJRU46RNZHNVK443V2PJV8.scan
    cd /
    builtin-precompileModule /Users/admin/builder/spi-builder-workspace/.derivedData/Build/Intermediates.noindex/ExplicitPrecompiledModules/os_workgroup-ETFLJRU46RNZHNVK443V2PJV8.scan
PrecompileModule /Users/admin/builder/spi-builder-workspace/.derivedData/Build/Intermediates.noindex/ExplicitPrecompiledModules/Dispatch-2NXSJ2IGOZRNHA7KIKRZS46X1.scan
    cd /
    builtin-precompileModule /Users/admin/builder/spi-builder-workspace/.derivedData/Build/Intermediates.noindex/ExplicitPrecompiledModules/Dispatch-2NXSJ2IGOZRNHA7KIKRZS46X1.scan
PrecompileModule /Users/admin/builder/spi-builder-workspace/.derivedData/Build/Intermediates.noindex/ExplicitPrecompiledModules/XPC-ADW78A9VT510Y017SKD5GLJC8.scan
    cd /
    builtin-precompileModule /Users/admin/builder/spi-builder-workspace/.derivedData/Build/Intermediates.noindex/ExplicitPrecompiledModules/XPC-ADW78A9VT510Y017SKD5GLJC8.scan
PrecompileModule /Users/admin/builder/spi-builder-workspace/.derivedData/Build/Intermediates.noindex/ExplicitPrecompiledModules/CoreFoundation-8GEM9QFSCZ2D5V4IT53U25AYU.scan
    cd /
    builtin-precompileModule /Users/admin/builder/spi-builder-workspace/.derivedData/Build/Intermediates.noindex/ExplicitPrecompiledModules/CoreFoundation-8GEM9QFSCZ2D5V4IT53U25AYU.scan
PrecompileModule /Users/admin/builder/spi-builder-workspace/.derivedData/Build/Intermediates.noindex/ExplicitPrecompiledModules/IOKit-35EZ1Q9CM94QJROK9NCLUXMML.scan
    cd /
    builtin-precompileModule /Users/admin/builder/spi-builder-workspace/.derivedData/Build/Intermediates.noindex/ExplicitPrecompiledModules/IOKit-35EZ1Q9CM94QJROK9NCLUXMML.scan
PrecompileModule /Users/admin/builder/spi-builder-workspace/.derivedData/Build/Intermediates.noindex/ExplicitPrecompiledModules/Security-BMDY2ZNX5UQ8TUEYGTQ4RNNSE.scan
    cd /
    builtin-precompileModule /Users/admin/builder/spi-builder-workspace/.derivedData/Build/Intermediates.noindex/ExplicitPrecompiledModules/Security-BMDY2ZNX5UQ8TUEYGTQ4RNNSE.scan
PrecompileModule /Users/admin/builder/spi-builder-workspace/.derivedData/Build/Intermediates.noindex/ExplicitPrecompiledModules/ColorSync-9XJJONUDETW53XSJ5I117L2H7.scan
    cd /
    builtin-precompileModule /Users/admin/builder/spi-builder-workspace/.derivedData/Build/Intermediates.noindex/ExplicitPrecompiledModules/ColorSync-9XJJONUDETW53XSJ5I117L2H7.scan
PrecompileModule /Users/admin/builder/spi-builder-workspace/.derivedData/Build/Intermediates.noindex/ExplicitPrecompiledModules/CFNetwork-2BPPTUBRWGG7SCCNCV6KRR97T.scan
    cd /
    builtin-precompileModule /Users/admin/builder/spi-builder-workspace/.derivedData/Build/Intermediates.noindex/ExplicitPrecompiledModules/CFNetwork-2BPPTUBRWGG7SCCNCV6KRR97T.scan
PrecompileModule /Users/admin/builder/spi-builder-workspace/.derivedData/Build/Intermediates.noindex/ExplicitPrecompiledModules/DiskArbitration-4BLQXU3Q54C1T079AXYP9DVC6.scan
    cd /
    builtin-precompileModule /Users/admin/builder/spi-builder-workspace/.derivedData/Build/Intermediates.noindex/ExplicitPrecompiledModules/DiskArbitration-4BLQXU3Q54C1T079AXYP9DVC6.scan
PrecompileModule /Users/admin/builder/spi-builder-workspace/.derivedData/Build/Intermediates.noindex/ExplicitPrecompiledModules/CoreGraphics-53EK87RGWH8N06GCJDPQVRRSK.scan
    cd /
    builtin-precompileModule /Users/admin/builder/spi-builder-workspace/.derivedData/Build/Intermediates.noindex/ExplicitPrecompiledModules/CoreGraphics-53EK87RGWH8N06GCJDPQVRRSK.scan
PrecompileModule /Users/admin/builder/spi-builder-workspace/.derivedData/Build/Intermediates.noindex/ExplicitPrecompiledModules/CoreServices-2O50WHTYNXPG0C2ZSLNJEDJT8.scan
    cd /
    builtin-precompileModule /Users/admin/builder/spi-builder-workspace/.derivedData/Build/Intermediates.noindex/ExplicitPrecompiledModules/CoreServices-2O50WHTYNXPG0C2ZSLNJEDJT8.scan
PrecompileModule /Users/admin/builder/spi-builder-workspace/.derivedData/Build/Intermediates.noindex/ExplicitPrecompiledModules/ImageIO-5C72L378OMZD111KQFNNYWTDL.scan
    cd /
    builtin-precompileModule /Users/admin/builder/spi-builder-workspace/.derivedData/Build/Intermediates.noindex/ExplicitPrecompiledModules/ImageIO-5C72L378OMZD111KQFNNYWTDL.scan
PrecompileModule /Users/admin/builder/spi-builder-workspace/.derivedData/Build/Intermediates.noindex/ExplicitPrecompiledModules/CoreText-CPG4G80PQFU50NM49FDBV6QHP.scan
    cd /
    builtin-precompileModule /Users/admin/builder/spi-builder-workspace/.derivedData/Build/Intermediates.noindex/ExplicitPrecompiledModules/CoreText-CPG4G80PQFU50NM49FDBV6QHP.scan
PrecompileModule /Users/admin/builder/spi-builder-workspace/.derivedData/Build/Intermediates.noindex/ExplicitPrecompiledModules/Foundation-AQJZ2RIX2WT5KAE70I8GCBVLB.scan
    cd /
    builtin-precompileModule /Users/admin/builder/spi-builder-workspace/.derivedData/Build/Intermediates.noindex/ExplicitPrecompiledModules/Foundation-AQJZ2RIX2WT5KAE70I8GCBVLB.scan
PrecompileModule /Users/admin/builder/spi-builder-workspace/.derivedData/Build/Intermediates.noindex/ExplicitPrecompiledModules/ApplicationServices-1R86HZIC3418EXJ5XE7A2A1I4.scan
    cd /
    builtin-precompileModule /Users/admin/builder/spi-builder-workspace/.derivedData/Build/Intermediates.noindex/ExplicitPrecompiledModules/ApplicationServices-1R86HZIC3418EXJ5XE7A2A1I4.scan
PrecompileModule /Users/admin/builder/spi-builder-workspace/.derivedData/Build/Intermediates.noindex/ExplicitPrecompiledModules/_LocationEssentials-6HJMHREW3ZU8ZDH3LFQ4SIBWR.scan
    cd /
    builtin-precompileModule /Users/admin/builder/spi-builder-workspace/.derivedData/Build/Intermediates.noindex/ExplicitPrecompiledModules/_LocationEssentials-6HJMHREW3ZU8ZDH3LFQ4SIBWR.scan
PrecompileModule /Users/admin/builder/spi-builder-workspace/.derivedData/Build/Intermediates.noindex/ExplicitPrecompiledModules/Symbols-7N2FGTLPSNR7RV2TV6QUO7AMV.scan
    cd /
    builtin-precompileModule /Users/admin/builder/spi-builder-workspace/.derivedData/Build/Intermediates.noindex/ExplicitPrecompiledModules/Symbols-7N2FGTLPSNR7RV2TV6QUO7AMV.scan
PrecompileModule /Users/admin/builder/spi-builder-workspace/.derivedData/Build/Intermediates.noindex/ExplicitPrecompiledModules/IOSurface-BUFHS1428VYVBFY99F92I1TPN.scan
    cd /
    builtin-precompileModule /Users/admin/builder/spi-builder-workspace/.derivedData/Build/Intermediates.noindex/ExplicitPrecompiledModules/IOSurface-BUFHS1428VYVBFY99F92I1TPN.scan
PrecompileModule /Users/admin/builder/spi-builder-workspace/.derivedData/Build/Intermediates.noindex/ExplicitPrecompiledModules/CoreLocation-39Q0ESC2QIHCLOY377F0KCQPN.scan
    cd /
    builtin-precompileModule /Users/admin/builder/spi-builder-workspace/.derivedData/Build/Intermediates.noindex/ExplicitPrecompiledModules/CoreLocation-39Q0ESC2QIHCLOY377F0KCQPN.scan
PrecompileModule /Users/admin/builder/spi-builder-workspace/.derivedData/Build/Intermediates.noindex/ExplicitPrecompiledModules/Metal-EAH3LP37NVTJ4WGIYW3H95U0W.scan
    cd /
    builtin-precompileModule /Users/admin/builder/spi-builder-workspace/.derivedData/Build/Intermediates.noindex/ExplicitPrecompiledModules/Metal-EAH3LP37NVTJ4WGIYW3H95U0W.scan
PrecompileModule /Users/admin/builder/spi-builder-workspace/.derivedData/Build/Intermediates.noindex/ExplicitPrecompiledModules/CloudKit-11Q4INX9W3ERWYF6XBIU6WPD7.scan
    cd /
    builtin-precompileModule /Users/admin/builder/spi-builder-workspace/.derivedData/Build/Intermediates.noindex/ExplicitPrecompiledModules/CloudKit-11Q4INX9W3ERWYF6XBIU6WPD7.scan
PrecompileModule /Users/admin/builder/spi-builder-workspace/.derivedData/Build/Intermediates.noindex/ExplicitPrecompiledModules/CoreData-8512PO422RKXJRUCSOWR9XPW1.scan
    cd /
    builtin-precompileModule /Users/admin/builder/spi-builder-workspace/.derivedData/Build/Intermediates.noindex/ExplicitPrecompiledModules/CoreData-8512PO422RKXJRUCSOWR9XPW1.scan
PrecompileModule /Users/admin/builder/spi-builder-workspace/.derivedData/Build/Intermediates.noindex/ExplicitPrecompiledModules/CoreVideo-ASQC4ER2YOFFCBBKZXUD7PYT0.scan
    cd /
    builtin-precompileModule /Users/admin/builder/spi-builder-workspace/.derivedData/Build/Intermediates.noindex/ExplicitPrecompiledModules/CoreVideo-ASQC4ER2YOFFCBBKZXUD7PYT0.scan
PrecompileModule /Users/admin/builder/spi-builder-workspace/.derivedData/Build/Intermediates.noindex/ExplicitPrecompiledModules/QuartzCore-475GAO110CJAD8MXJOND4VK41.scan
    cd /
    builtin-precompileModule /Users/admin/builder/spi-builder-workspace/.derivedData/Build/Intermediates.noindex/ExplicitPrecompiledModules/QuartzCore-475GAO110CJAD8MXJOND4VK41.scan
PrecompileModule /Users/admin/builder/spi-builder-workspace/.derivedData/Build/Intermediates.noindex/ExplicitPrecompiledModules/CoreImage-8IX7UCORVEUJ9O78QE4N5RAZH.scan
    cd /
    builtin-precompileModule /Users/admin/builder/spi-builder-workspace/.derivedData/Build/Intermediates.noindex/ExplicitPrecompiledModules/CoreImage-8IX7UCORVEUJ9O78QE4N5RAZH.scan
PrecompileModule /Users/admin/builder/spi-builder-workspace/.derivedData/Build/Intermediates.noindex/ExplicitPrecompiledModules/AppKit-42NKEI1TJAYXCF1S4K0RG58DS.scan
    cd /
    builtin-precompileModule /Users/admin/builder/spi-builder-workspace/.derivedData/Build/Intermediates.noindex/ExplicitPrecompiledModules/AppKit-42NKEI1TJAYXCF1S4K0RG58DS.scan
CompileC /Users/admin/builder/spi-builder-workspace/.derivedData/Build/Intermediates.noindex/LSFileWrapper.build/Debug/LSFileWrapper-t.build/Objects-normal/arm64/LSFileWrapper.o /Users/admin/builder/spi-builder-workspace/LSFileWrapper.m normal arm64 objective-c com.apple.compilers.llvm.clang.1_0.compiler (in target 'LSFileWrapper' from project 'LSFileWrapper')
    cd /Users/admin/builder/spi-builder-workspace/.swiftpm/xcode

    Using response file: /Users/admin/builder/spi-builder-workspace/.derivedData/Build/Intermediates.noindex/LSFileWrapper.build/Debug/LSFileWrapper-t.build/Objects-normal/arm64/e6072d4f65d7061329687fe24e3d63a7-common-args.resp

    /Applications/Xcode-27.0.0-Release.Candidate.app/Contents/Developer/Toolchains/XcodeDefault.xctoolchain/usr/bin/clang -x objective-c -ivfsstatcache /Users/admin/builder/spi-builder-workspace/.derivedData/SDKStatCaches.noindex/macosx27.0-26A425-e829b21a6f8c9b70876ba0858053c0446a22442a12e9d48fe1a705f55a1adfc4.sdkstatcache -target arm64-apple-macos12.0 -fmessage-length\=0 -fdiagnostics-show-note-include-stack -fmacro-backtrace-limit\=0 -fno-color-diagnostics -fmodules-prune-interval\=86400 -fmodules-prune-after\=345600 -fbuild-session-file\=/Users/admin/builder/spi-builder-workspace/.derivedData/ModuleCache.noindex/Session.modulevalidation -fmodules-validate-once-per-build-session -Wnon-modular-include-in-framework-module -Werror\=non-modular-include-in-framework-module -Wno-trigraphs -Wno-missing-field-initializers -Wno-missing-prototypes -Wno-return-type -Wno-implicit-atomic-properties -Wno-objc-interface-ivars -Wno-arc-repeated-use-of-weak -Wno-missing-braces -Wparentheses -Wswitch -Wno-unused-function -Wno-unused-label -Wno-unused-parameter -Wno-unused-variable -Wunused-value -Wno-empty-body -Wno-uninitialized -Wno-unknown-pragmas -Wno-shadow -Wno-four-char-constants -Wno-conversion -Wno-constant-conversion -Wno-int-conversion -Wno-bool-conversion -Wno-enum-conversion -Wno-float-conversion -Wno-non-literal-null-conversion -Wno-objc-literal-conversion -Wshorten-64-to-32 -Wpointer-sign -Wno-newline-eof -Wno-selector -Wno-strict-selector-match -Wno-undeclared-selector -Wno-deprecated-implementations -Wno-implicit-fallthrough -isysroot /Applications/Xcode-27.0.0-Release.Candidate.app/Contents/Developer/Platforms/MacOSX.platform/Developer/SDKs/MacOSX27.0.sdk -fstrict-aliasing -Wprotocol -Wdeprecated-declarations -Wno-sign-conversion -Wno-infinite-recursion -Wno-comma -Wno-block-capture-autoreleasing -Wno-strict-prototypes -Wno-semicolon-before-method-body -index-store-path /Users/admin/builder/spi-builder-workspace/.derivedData/Index.noindex/DataStore @/Users/admin/builder/spi-builder-workspace/.derivedData/Build/Intermediates.noindex/LSFileWrapper.build/Debug/LSFileWrapper-t.build/Objects-normal/arm64/e6072d4f65d7061329687fe24e3d63a7-common-args.resp -MMD -MT dependencies -MF /Users/admin/builder/spi-builder-workspace/.derivedData/Build/Intermediates.noindex/LSFileWrapper.build/Debug/LSFileWrapper-t.build/Objects-normal/arm64/LSFileWrapper.d --serialize-diagnostics /Users/admin/builder/spi-builder-workspace/.derivedData/Build/Intermediates.noindex/LSFileWrapper.build/Debug/LSFileWrapper-t.build/Objects-normal/arm64/LSFileWrapper.dia -c /Users/admin/builder/spi-builder-workspace/LSFileWrapper.m -o /Users/admin/builder/spi-builder-workspace/.derivedData/Build/Intermediates.noindex/LSFileWrapper.build/Debug/LSFileWrapper-t.build/Objects-normal/arm64/LSFileWrapper.o -index-unit-output-path /LSFileWrapper.build/Debug/LSFileWrapper-t.build/Objects-normal/arm64/LSFileWrapper.o
/Users/admin/builder/spi-builder-workspace/LSFileWrapper.m:591:61: warning: 'initWithFocusedViewRect:' is deprecated: first deprecated in macOS 10.14 - Use -[NSView cacheDisplayInRect:toBitmapImageRep:] to snapshot a view. [-Wdeprecated-declarations]
  591 |     NSBitmapImageRep *bitmapRep = [[NSBitmapImageRep alloc] initWithFocusedViewRect:NSMakeRect(0, 0, image_.size.width, image_.size.height)];
      |                                                             ^
In module 'AppKit' imported from /Users/admin/builder/spi-builder-workspace/Headers/LSFileWrapper.h:15:
/Applications/Xcode-27.0.0-Release.Candidate.app/Contents/Developer/Platforms/MacOSX.platform/Developer/SDKs/MacOSX27.0.sdk/System/Library/Frameworks/AppKit.framework/Headers/NSBitmapImageRep.h:81:1: note: 'initWithFocusedViewRect:' has been explicitly marked deprecated here
   81 | - (nullable instancetype)initWithFocusedViewRect:(NSRect)rect API_DEPRECATED("Use -[NSView cacheDisplayInRect:toBitmapImageRep:] to snapshot a view.", macos(10.0, 10.14));
      | ^
/Users/admin/builder/spi-builder-workspace/LSFileWrapper.m:595:56: warning: 'NSPNGFileType' is deprecated: first deprecated in macOS 10.14 [-Wdeprecated-declarations]
  595 |         imageData = [bitmapRep representationUsingType:NSPNGFileType properties:@{}];
      |                                                        ^~~~~~~~~~~~~
      |                                                        NSBitmapImageFileTypePNG
In module 'AppKit' imported from /Users/admin/builder/spi-builder-workspace/Headers/LSFileWrapper.h:15:
/Applications/Xcode-27.0.0-Release.Candidate.app/Contents/Developer/Platforms/MacOSX.platform/Developer/SDKs/MacOSX27.0.sdk/System/Library/Frameworks/AppKit.framework/Headers/NSBitmapImageRep.h:159:36: note: 'NSPNGFileType' has been explicitly marked deprecated here
  159 | static const NSBitmapImageFileType NSPNGFileType API_DEPRECATED_WITH_REPLACEMENT("NSBitmapImageFileTypePNG", macos(10.0, 10.14)) = NSBitmapImageFileTypePNG;
      |                                    ^
/Users/admin/builder/spi-builder-workspace/LSFileWrapper.m:598:56: warning: 'NSJPEGFileType' is deprecated: first deprecated in macOS 10.14 [-Wdeprecated-declarations]
  598 |         imageData = [bitmapRep representationUsingType:NSJPEGFileType properties:@{}];
      |                                                        ^~~~~~~~~~~~~~
      |                                                        NSBitmapImageFileTypeJPEG
In module 'AppKit' imported from /Users/admin/builder/spi-builder-workspace/Headers/LSFileWrapper.h:15:
/Applications/Xcode-27.0.0-Release.Candidate.app/Contents/Developer/Platforms/MacOSX.platform/Developer/SDKs/MacOSX27.0.sdk/System/Library/Frameworks/AppKit.framework/Headers/NSBitmapImageRep.h:158:36: note: 'NSJPEGFileType' has been explicitly marked deprecated here
  158 | static const NSBitmapImageFileType NSJPEGFileType API_DEPRECATED_WITH_REPLACEMENT("NSBitmapImageFileTypeJPEG", macos(10.0, 10.14)) = NSBitmapImageFileTypeJPEG;
      |                                    ^
3 warnings generated.
Ld /Users/admin/builder/spi-builder-workspace/.derivedData/Build/Products/Debug/LSFileWrapper.o normal (in target 'LSFileWrapper' from project 'LSFileWrapper')
    cd /Users/admin/builder/spi-builder-workspace
    /Applications/Xcode-27.0.0-Release.Candidate.app/Contents/Developer/Toolchains/XcodeDefault.xctoolchain/usr/bin/clang -Xlinker -reproducible -target arm64-apple-macos12.0 -r -isysroot /Applications/Xcode-27.0.0-Release.Candidate.app/Contents/Developer/Platforms/MacOSX.platform/Developer/SDKs/MacOSX27.0.sdk -O0 -Xlinker -no_warn_duplicate_libraries -F/Users/admin/builder/spi-builder-workspace/.derivedData/Build/Intermediates.noindex/EagerLinkingTBDs/Debug -F/Users/admin/builder/spi-builder-workspace/.derivedData/Build/Products/Debug -iframework /Applications/Xcode-27.0.0-Release.Candidate.app/Contents/Developer/Platforms/MacOSX.platform/Developer/Library/Frameworks -filelist /Users/admin/builder/spi-builder-workspace/.derivedData/Build/Intermediates.noindex/LSFileWrapper.build/Debug/LSFileWrapper-t.build/Objects-normal/arm64/LSFileWrapper.LinkFileList -nostdlib -Xlinker -object_path_lto -Xlinker /Users/admin/builder/spi-builder-workspace/.derivedData/Build/Intermediates.noindex/LSFileWrapper.build/Debug/LSFileWrapper-t.build/Objects-normal/arm64/LSFileWrapper_lto.o -Xlinker -no_deduplicate -Xlinker -debug_variant -Xlinker -dependency_info -Xlinker /Users/admin/builder/spi-builder-workspace/.derivedData/Build/Intermediates.noindex/LSFileWrapper.build/Debug/LSFileWrapper-t.build/Objects-normal/arm64/LSFileWrapper_dependency_info.dat -fobjc-arc -fobjc-link-runtime -o /Users/admin/builder/spi-builder-workspace/.derivedData/Build/Products/Debug/LSFileWrapper.o
Ld /Users/admin/builder/spi-builder-workspace/.derivedData/Build/Products/Debug/PackageFrameworks/LSFileWrapper.framework/Versions/A/LSFileWrapper normal (in target 'LSFileWrapper-product' from project 'LSFileWrapper')
    cd /Users/admin/builder/spi-builder-workspace
    /Applications/Xcode-27.0.0-Release.Candidate.app/Contents/Developer/Toolchains/XcodeDefault.xctoolchain/usr/bin/clang -Xlinker -reproducible -target arm64-apple-macos12.0 -dynamiclib -isysroot /Applications/Xcode-27.0.0-Release.Candidate.app/Contents/Developer/Platforms/MacOSX.platform/Developer/SDKs/MacOSX27.0.sdk -O0 -Xlinker -no_warn_duplicate_libraries -L/Users/admin/builder/spi-builder-workspace/.derivedData/Build/Intermediates.noindex/EagerLinkingTBDs/Debug -L/Users/admin/builder/spi-builder-workspace/.derivedData/Build/Products/Debug -L/Applications/Xcode-27.0.0-Release.Candidate.app/Contents/Developer/Platforms/MacOSX.platform/Developer/usr/lib -F/Users/admin/builder/spi-builder-workspace/.derivedData/Build/Intermediates.noindex/EagerLinkingTBDs/Debug -F/Users/admin/builder/spi-builder-workspace/.derivedData/Build/Products/Debug/PackageFrameworks -F/Users/admin/builder/spi-builder-workspace/.derivedData/Build/Products/Debug -iframework /Applications/Xcode-27.0.0-Release.Candidate.app/Contents/Developer/Platforms/MacOSX.platform/Developer/Library/Frameworks -filelist /Users/admin/builder/spi-builder-workspace/.derivedData/Build/Intermediates.noindex/LSFileWrapper.build/Debug/LSFileWrapper-product-t.build/Objects-normal/arm64/LSFileWrapper.LinkFileList -install_name @rpath/LSFileWrapper.framework/Versions/A/LSFileWrapper -Xlinker -rpath -Xlinker @loader_path -Xlinker -rpath -Xlinker /Users/admin/builder/spi-builder-workspace/.derivedData/Build/Products/Debug/PackageFrameworks -Xlinker -object_path_lto -Xlinker /Users/admin/builder/spi-builder-workspace/.derivedData/Build/Intermediates.noindex/LSFileWrapper.build/Debug/LSFileWrapper-product-t.build/Objects-normal/arm64/LSFileWrapper_lto.o -rdynamic -Xlinker -no_deduplicate -Xlinker -debug_variant -Xlinker -dependency_info -Xlinker /Users/admin/builder/spi-builder-workspace/.derivedData/Build/Intermediates.noindex/LSFileWrapper.build/Debug/LSFileWrapper-product-t.build/Objects-normal/arm64/LSFileWrapper_dependency_info.dat -o /Users/admin/builder/spi-builder-workspace/.derivedData/Build/Products/Debug/PackageFrameworks/LSFileWrapper.framework/Versions/A/LSFileWrapper
Undefined symbols for architecture arm64:
  "___llvm_profile_runtime", referenced from:
      ___llvm_profile_runtime_user in LSFileWrapper.o
ld: symbol(s) not found for architecture arm64
/Users/admin/builder/spi-builder-workspace/Package.swift: LSFileWrapper-product: clang: error: linker command failed with exit code 1 (use -v to see invocation)
ProcessInfoPlistFile /Users/admin/builder/spi-builder-workspace/.derivedData/Build/Products/Debug/PackageFrameworks/LSFileWrapper.framework/Versions/A/Resources/Info.plist /Users/admin/builder/spi-builder-workspace/.derivedData/Build/Intermediates.noindex/LSFileWrapper.build/Debug/LSFileWrapper-product-t.build/empty-LSFileWrapper.plist (in target 'LSFileWrapper-product' from project 'LSFileWrapper')
    cd /Users/admin/builder/spi-builder-workspace
    builtin-infoPlistUtility /Users/admin/builder/spi-builder-workspace/.derivedData/Build/Intermediates.noindex/LSFileWrapper.build/Debug/LSFileWrapper-product-t.build/empty-LSFileWrapper.plist -producttype com.apple.product-type.framework -expandbuildsettings -platform macosx -o /Users/admin/builder/spi-builder-workspace/.derivedData/Build/Products/Debug/PackageFrameworks/LSFileWrapper.framework/Versions/A/Resources/Info.plist
PruneExplicitPrecompiledModules /Users/admin/builder/spi-builder-workspace/.derivedData/Build/Intermediates.noindex/ExplicitPrecompiledModules
PruneExplicitPrecompiledModules /Users/admin/builder/spi-builder-workspace/.derivedData/Build/Intermediates.noindex/SwiftExplicitPrecompiledModules
PruneExplicitPrecompiledModules /Users/admin/builder/spi-builder-workspace/.derivedData/SDKExplicitPrecompiledModules
2026-09-17 12:29:23.538 xcodebuild[651:4261] [MT] IDERunDestination: Supported platforms for the buildables in the current scheme is empty.
--- xcodebuild: WARNING: Using the first of multiple matching destinations:
{ platform:macOS, arch:arm64, id:51ab02f0f94b9be8ad956532e1105d9518e0b1a4, name:My Mac }
{ platform:macOS, arch:arm64, variant:Mac Catalyst, id:51ab02f0f94b9be8ad956532e1105d9518e0b1a4, name:My Mac }
{ platform:macOS, arch:arm64, variant:DriverKit, id:51ab02f0f94b9be8ad956532e1105d9518e0b1a4, name:My Mac }
{ platform:macOS, arch:arm64, variant:Designed for [iPad,iPhone], id:51ab02f0f94b9be8ad956532e1105d9518e0b1a4, name:My Mac }
** BUILD FAILED **
The following build commands failed:
	Ld /Users/admin/builder/spi-builder-workspace/.derivedData/Build/Products/Debug/PackageFrameworks/LSFileWrapper.framework/Versions/A/LSFileWrapper normal (in target 'LSFileWrapper-product' from project 'LSFileWrapper')
	Building workspace LSFileWrapper with scheme LSFileWrapper
(2 failures)
Command line invocation:
    /Applications/Xcode-27.0.0-Release.Candidate.app/Contents/Developer/usr/bin/xcodebuild -IDEClonedSourcePackagesDirPathOverride=/Users/admin/builder/spi-builder-workspace/.dependencies -resolvePackageDependencies
Resolve Package Graph
Resolved source packages:
  LSFileWrapper: /Users/admin/builder/spi-builder-workspace
resolved source packages: LSFileWrapper
2026-09-17 12:29:31.118 xcodebuild[723:4594] [MT] IDERunDestination: Supported platforms for the buildables in the current scheme is empty.
{
  "dependencies" : [
  ],
  "manifest_display_name" : "LSFileWrapper",
  "name" : "LSFileWrapper",
  "path" : "/Users/admin/builder/spi-builder-workspace",
  "platforms" : [
  ],
  "products" : [
    {
      "name" : "LSFileWrapper",
      "targets" : [
        "LSFileWrapper"
      ],
      "type" : {
        "library" : [
          "dynamic"
        ]
      }
    }
  ],
  "targets" : [
    {
      "c99name" : "LSFileWrapperTests",
      "module_type" : "SwiftTarget",
      "name" : "LSFileWrapperTests",
      "path" : "LSFileWrapperTests",
      "sources" : [
        "LSFileWrapperTests.swift"
      ],
      "target_dependencies" : [
        "LSFileWrapper"
      ],
      "type" : "test"
    },
    {
      "c99name" : "LSFileWrapper",
      "module_type" : "ClangTarget",
      "name" : "LSFileWrapper",
      "path" : ".",
      "product_memberships" : [
        "LSFileWrapper"
      ],
      "sources" : [
        "LSDocument.m",
        "LSFileWrapper.m"
      ],
      "type" : "library"
    }
  ],
  "tools_version" : "4.2"
}
{
  "workspace" : {
    "name" : "LSFileWrapper",
    "schemes" : [
      "LSFileWrapper"
    ]
  }
}
2026-09-17 12:29:32.335 xcodebuild[731:4665] [MT] IDERunDestination: Supported platforms for the buildables in the current scheme is empty.
Running build ...
env DEVELOPER_DIR=/Applications/Xcode-27.0.0-Release.Candidate.app xcrun xcodebuild -IDEClonedSourcePackagesDirPathOverride=$PWD/.dependencies -skipMacroValidation -skipPackagePluginValidation -derivedDataPath $PWD/.derivedData build -scheme LSFileWrapper -destination platform=macOS,arch=arm64
Command line invocation:
    /Applications/Xcode-27.0.0-Release.Candidate.app/Contents/Developer/usr/bin/xcodebuild -IDEClonedSourcePackagesDirPathOverride=/Users/admin/builder/spi-builder-workspace/.dependencies -skipMacroValidation -skipPackagePluginValidation -derivedDataPath /Users/admin/builder/spi-builder-workspace/.derivedData build -scheme LSFileWrapper -destination platform=macOS,arch=arm64
Resolve Package Graph
Resolved source packages:
  LSFileWrapper: /Users/admin/builder/spi-builder-workspace
ComputePackagePrebuildTargetDependencyGraph
Prepare packages
CreateBuildRequest
SendProjectDescription
CreateBuildOperation
ComputeTargetDependencyGraph
note: Building targets in dependency order
note: Target dependency graph (2 targets)
    Target 'LSFileWrapper-product' in project 'LSFileWrapper'
        ➜ Explicit dependency on target 'LSFileWrapper' in project 'LSFileWrapper'
    Target 'LSFileWrapper' in project 'LSFileWrapper' (no dependencies)
GatherProvisioningInputs
CreateBuildDescription
ClangStatCache /Applications/Xcode-27.0.0-Release.Candidate.app/Contents/Developer/Toolchains/XcodeDefault.xctoolchain/usr/bin/clang-stat-cache /Applications/Xcode-27.0.0-Release.Candidate.app/Contents/Developer/Platforms/MacOSX.platform/Developer/SDKs/MacOSX27.0.sdk /Users/admin/builder/spi-builder-workspace/.derivedData/SDKStatCaches.noindex/macosx27.0-26A425-e829b21a6f8c9b70876ba0858053c0446a22442a12e9d48fe1a705f55a1adfc4.sdkstatcache
    cd /Users/admin/builder/spi-builder-workspace/.swiftpm/xcode
    /Applications/Xcode-27.0.0-Release.Candidate.app/Contents/Developer/Toolchains/XcodeDefault.xctoolchain/usr/bin/clang-stat-cache /Applications/Xcode-27.0.0-Release.Candidate.app/Contents/Developer/Platforms/MacOSX.platform/Developer/SDKs/MacOSX27.0.sdk -o /Users/admin/builder/spi-builder-workspace/.derivedData/SDKStatCaches.noindex/macosx27.0-26A425-e829b21a6f8c9b70876ba0858053c0446a22442a12e9d48fe1a705f55a1adfc4.sdkstatcache
Ld /Users/admin/builder/spi-builder-workspace/.derivedData/Build/Products/Debug/PackageFrameworks/LSFileWrapper.framework/Versions/A/LSFileWrapper normal (in target 'LSFileWrapper-product' from project 'LSFileWrapper')
    cd /Users/admin/builder/spi-builder-workspace
    /Applications/Xcode-27.0.0-Release.Candidate.app/Contents/Developer/Toolchains/XcodeDefault.xctoolchain/usr/bin/clang -Xlinker -reproducible -target arm64-apple-macos12.0 -dynamiclib -isysroot /Applications/Xcode-27.0.0-Release.Candidate.app/Contents/Developer/Platforms/MacOSX.platform/Developer/SDKs/MacOSX27.0.sdk -O0 -Xlinker -no_warn_duplicate_libraries -L/Users/admin/builder/spi-builder-workspace/.derivedData/Build/Intermediates.noindex/EagerLinkingTBDs/Debug -L/Users/admin/builder/spi-builder-workspace/.derivedData/Build/Products/Debug -L/Applications/Xcode-27.0.0-Release.Candidate.app/Contents/Developer/Platforms/MacOSX.platform/Developer/usr/lib -F/Users/admin/builder/spi-builder-workspace/.derivedData/Build/Intermediates.noindex/EagerLinkingTBDs/Debug -F/Users/admin/builder/spi-builder-workspace/.derivedData/Build/Products/Debug/PackageFrameworks -F/Users/admin/builder/spi-builder-workspace/.derivedData/Build/Products/Debug -iframework /Applications/Xcode-27.0.0-Release.Candidate.app/Contents/Developer/Platforms/MacOSX.platform/Developer/Library/Frameworks -filelist /Users/admin/builder/spi-builder-workspace/.derivedData/Build/Intermediates.noindex/LSFileWrapper.build/Debug/LSFileWrapper-product-t.build/Objects-normal/arm64/LSFileWrapper.LinkFileList -install_name @rpath/LSFileWrapper.framework/Versions/A/LSFileWrapper -Xlinker -rpath -Xlinker @loader_path -Xlinker -rpath -Xlinker /Users/admin/builder/spi-builder-workspace/.derivedData/Build/Products/Debug/PackageFrameworks -Xlinker -object_path_lto -Xlinker /Users/admin/builder/spi-builder-workspace/.derivedData/Build/Intermediates.noindex/LSFileWrapper.build/Debug/LSFileWrapper-product-t.build/Objects-normal/arm64/LSFileWrapper_lto.o -rdynamic -Xlinker -no_deduplicate -Xlinker -debug_variant -Xlinker -dependency_info -Xlinker /Users/admin/builder/spi-builder-workspace/.derivedData/Build/Intermediates.noindex/LSFileWrapper.build/Debug/LSFileWrapper-product-t.build/Objects-normal/arm64/LSFileWrapper_dependency_info.dat -o /Users/admin/builder/spi-builder-workspace/.derivedData/Build/Products/Debug/PackageFrameworks/LSFileWrapper.framework/Versions/A/LSFileWrapper
Undefined symbols for architecture arm64:
  "___llvm_profile_runtime", referenced from:
      ___llvm_profile_runtime_user in LSFileWrapper.o
ld: symbol(s) not found for architecture arm64
/Users/admin/builder/spi-builder-workspace/Package.swift: LSFileWrapper-product: clang: error: linker command failed with exit code 1 (use -v to see invocation)
PruneExplicitPrecompiledModules /Users/admin/builder/spi-builder-workspace/.derivedData/SDKExplicitPrecompiledModules
PruneExplicitPrecompiledModules /Users/admin/builder/spi-builder-workspace/.derivedData/Build/Intermediates.noindex/ExplicitPrecompiledModules
PruneExplicitPrecompiledModules /Users/admin/builder/spi-builder-workspace/.derivedData/Build/Intermediates.noindex/SwiftExplicitPrecompiledModules
2026-09-17 12:29:33.272 xcodebuild[732:4690] [MT] IDERunDestination: Supported platforms for the buildables in the current scheme is empty.
--- xcodebuild: WARNING: Using the first of multiple matching destinations:
{ platform:macOS, arch:arm64, id:51ab02f0f94b9be8ad956532e1105d9518e0b1a4, name:My Mac }
{ platform:macOS, arch:arm64, variant:Mac Catalyst, id:51ab02f0f94b9be8ad956532e1105d9518e0b1a4, name:My Mac }
{ platform:macOS, arch:arm64, variant:DriverKit, id:51ab02f0f94b9be8ad956532e1105d9518e0b1a4, name:My Mac }
{ platform:macOS, arch:arm64, variant:Designed for [iPad,iPhone], id:51ab02f0f94b9be8ad956532e1105d9518e0b1a4, name:My Mac }
** BUILD FAILED **
The following build commands failed:
	Ld /Users/admin/builder/spi-builder-workspace/.derivedData/Build/Products/Debug/PackageFrameworks/LSFileWrapper.framework/Versions/A/LSFileWrapper normal (in target 'LSFileWrapper-product' from project 'LSFileWrapper')
	Building workspace LSFileWrapper with scheme LSFileWrapper
(2 failures)
BUILD FAILURE 6.4 macosXcodebuild