Build Information
Failed to build WWSegmentControlView, reference main (318fd8), with Swift 6.4 for macOS (Xcode) using Xcode 27.0 on 20 Sep 2026 10:48:57 UTC.
Build Command
env DEVELOPER_DIR=/Applications/Xcode-27.0.0-Release.Candidate.app xcrun xcodebuild -IDEClonedSourcePackagesDirPathOverride=$PWD/.dependencies -skipMacroValidation -skipPackagePluginValidation -derivedDataPath $PWD/.derivedData build -scheme WWSegmentControlView -destination platform=macOS,arch=arm64Build Log
========================================
RunAll
========================================
Builder version: 5.1.0
Interrupt handler set up.
========================================
Checkout
========================================
Clone URL: https://github.com/William-Weng/WWSegmentControlView.git
Reference: main
Initialized empty Git repository in /Users/admin/builder/spi-builder-workspace/.git/
From https://github.com/William-Weng/WWSegmentControlView
* branch main -> FETCH_HEAD
* [new branch] main -> origin/main
HEAD is now at 318fd81 - 加上PrivacyInfo.xcprivacy - 更新ReadMe
Cloned https://github.com/William-Weng/WWSegmentControlView.git
Revision (git rev-parse @):
318fd81dfc8c9926a633df4f9857a0d8b76f962f
SUCCESS checkout https://github.com/William-Weng/WWSegmentControlView.git at main
========================================
Build
========================================
Selected platform: macosXcodebuild
Swift version: 6.4
Building package at path: $PWD
https://github.com/William-Weng/WWSegmentControlView.git
Command line invocation:
/Applications/Xcode-27.0.0-Release.Candidate.app/Contents/Developer/usr/bin/xcodebuild -IDEClonedSourcePackagesDirPathOverride=/Users/admin/builder/spi-builder-workspace/.dependencies -resolvePackageDependencies
Resolve Package Graph
Resolve Package Graph
Resolve Package Graph
Resolved source packages:
WWSegmentControlView: /Users/admin/builder/spi-builder-workspace
resolved source packages: WWSegmentControlView
2026-09-20 06:48:09.283 xcodebuild[525:2988] [MT] IDERunDestination: Supported platforms for the buildables in the current scheme is empty.
{
"dependencies" : [
],
"manifest_display_name" : "WWSegmentControlView",
"name" : "WWSegmentControlView",
"path" : "/Users/admin/builder/spi-builder-workspace",
"platforms" : [
{
"name" : "ios",
"version" : "14.0"
}
],
"products" : [
{
"name" : "WWSegmentControlView",
"targets" : [
"WWSegmentControlView"
],
"type" : {
"library" : [
"automatic"
]
}
}
],
"swift_languages_versions" : [
"5"
],
"targets" : [
{
"c99name" : "WWSegmentControlView",
"module_type" : "SwiftTarget",
"name" : "WWSegmentControlView",
"path" : "Sources/WWSegmentControlView",
"product_memberships" : [
"WWSegmentControlView"
],
"resources" : [
{
"path" : "/Users/admin/builder/spi-builder-workspace/Sources/WWSegmentControlView/Privacy",
"rule" : {
"copy" : {
}
}
},
{
"path" : "/Users/admin/builder/spi-builder-workspace/Sources/WWSegmentControlView/Xib/WWSegmentControlView.xib",
"rule" : {
"process" : {
}
}
}
],
"sources" : [
"Extension+.swift",
"WWSegmentControlView.swift"
],
"type" : "library"
}
],
"tools_version" : "5.6"
}
{
"workspace" : {
"name" : "WWSegmentControlView",
"schemes" : [
"WWSegmentControlView"
]
}
}
2026-09-20 06:48:49.916 xcodebuild[623:3920] [MT] IDERunDestination: Supported platforms for the buildables in the current scheme is empty.
Running build ...
env DEVELOPER_DIR=/Applications/Xcode-27.0.0-Release.Candidate.app xcrun xcodebuild -IDEClonedSourcePackagesDirPathOverride=$PWD/.dependencies -skipMacroValidation -skipPackagePluginValidation -derivedDataPath $PWD/.derivedData build -scheme WWSegmentControlView -destination platform=macOS,arch=arm64
Command line invocation:
/Applications/Xcode-27.0.0-Release.Candidate.app/Contents/Developer/usr/bin/xcodebuild -IDEClonedSourcePackagesDirPathOverride=/Users/admin/builder/spi-builder-workspace/.dependencies -skipMacroValidation -skipPackagePluginValidation -derivedDataPath /Users/admin/builder/spi-builder-workspace/.derivedData build -scheme WWSegmentControlView -destination platform=macOS,arch=arm64
Resolve Package Graph
Resolved source packages:
WWSegmentControlView: /Users/admin/builder/spi-builder-workspace
ComputePackagePrebuildTargetDependencyGraph
Prepare packages
CreateBuildRequest
SendProjectDescription
CreateBuildOperation
ComputeTargetDependencyGraph
note: Building targets in dependency order
note: Target dependency graph (3 targets)
Target 'WWSegmentControlView-product' in project 'WWSegmentControlView'
➜ Explicit dependency on target 'WWSegmentControlView' in project 'WWSegmentControlView'
➜ Explicit dependency on target 'WWSegmentControlView_WWSegmentControlView' in project 'WWSegmentControlView'
Target 'WWSegmentControlView' in project 'WWSegmentControlView'
➜ Explicit dependency on target 'WWSegmentControlView_WWSegmentControlView' in project 'WWSegmentControlView'
Target 'WWSegmentControlView_WWSegmentControlView' in project 'WWSegmentControlView' (no dependencies)
GatherProvisioningInputs
CreateBuildDescription
ExecuteExternalTool /Applications/Xcode-27.0.0-Release.Candidate.app/Contents/Developer/Toolchains/XcodeDefault.xctoolchain/usr/bin/clang -v -E -dM -isysroot /Applications/Xcode-27.0.0-Release.Candidate.app/Contents/Developer/Platforms/MacOSX.platform/Developer/SDKs/MacOSX27.0.sdk -x c -c /dev/null
ExecuteExternalTool /Applications/Xcode-27.0.0-Release.Candidate.app/Contents/Developer/usr/bin/ibtool --version --output-format xml1
ExecuteExternalTool /Applications/Xcode-27.0.0-Release.Candidate.app/Contents/Developer/Toolchains/XcodeDefault.xctoolchain/usr/bin/swiftc --version
ExecuteExternalTool /Applications/Xcode-27.0.0-Release.Candidate.app/Contents/Developer/Toolchains/XcodeDefault.xctoolchain/usr/bin/ld -version_details
Build description signature: 0fad53363ae9f686e9ffa50d27949efb
Build description path: /Users/admin/builder/spi-builder-workspace/.derivedData/Build/Intermediates.noindex/XCBuildData/0fad53363ae9f686e9ffa50d27949efb.xcbuilddata
CreateBuildDirectory /Users/admin/builder/spi-builder-workspace/.derivedData/SDKExplicitPrecompiledModules
cd /Users/admin/builder/spi-builder-workspace/.swiftpm/xcode
builtin-create-build-directory /Users/admin/builder/spi-builder-workspace/.derivedData/SDKExplicitPrecompiledModules
CreateBuildDirectory /Users/admin/builder/spi-builder-workspace/.derivedData/ModuleCache.noindex
cd /Users/admin/builder/spi-builder-workspace/.swiftpm/xcode
builtin-create-build-directory /Users/admin/builder/spi-builder-workspace/.derivedData/ModuleCache.noindex
CreateBuildDirectory /Users/admin/builder/spi-builder-workspace/.derivedData/CompilationCache.noindex
cd /Users/admin/builder/spi-builder-workspace/.swiftpm/xcode
builtin-create-build-directory /Users/admin/builder/spi-builder-workspace/.derivedData/CompilationCache.noindex
CreateBuildDirectory /Users/admin/builder/spi-builder-workspace/.derivedData/Build/Intermediates.noindex
cd /Users/admin/builder/spi-builder-workspace/.swiftpm/xcode
builtin-create-build-directory /Users/admin/builder/spi-builder-workspace/.derivedData/Build/Intermediates.noindex
CreateBuildDirectory /Users/admin/builder/spi-builder-workspace/.derivedData/Build/Products
cd /Users/admin/builder/spi-builder-workspace/.swiftpm/xcode
builtin-create-build-directory /Users/admin/builder/spi-builder-workspace/.derivedData/Build/Products
ClangStatCache /Applications/Xcode-27.0.0-Release.Candidate.app/Contents/Developer/Toolchains/XcodeDefault.xctoolchain/usr/bin/clang-stat-cache /Applications/Xcode-27.0.0-Release.Candidate.app/Contents/Developer/Platforms/MacOSX.platform/Developer/SDKs/MacOSX27.0.sdk /Users/admin/builder/spi-builder-workspace/.derivedData/SDKStatCaches.noindex/macosx27.0-26A425-e829b21a6f8c9b70876ba0858053c0446a22442a12e9d48fe1a705f55a1adfc4.sdkstatcache
cd /Users/admin/builder/spi-builder-workspace/.swiftpm/xcode
/Applications/Xcode-27.0.0-Release.Candidate.app/Contents/Developer/Toolchains/XcodeDefault.xctoolchain/usr/bin/clang-stat-cache /Applications/Xcode-27.0.0-Release.Candidate.app/Contents/Developer/Platforms/MacOSX.platform/Developer/SDKs/MacOSX27.0.sdk -o /Users/admin/builder/spi-builder-workspace/.derivedData/SDKStatCaches.noindex/macosx27.0-26A425-e829b21a6f8c9b70876ba0858053c0446a22442a12e9d48fe1a705f55a1adfc4.sdkstatcache
CreateBuildDirectory /Users/admin/builder/spi-builder-workspace/.derivedData/Build/Intermediates.noindex/SwiftExplicitPrecompiledModules
cd /Users/admin/builder/spi-builder-workspace/.swiftpm/xcode
builtin-create-build-directory /Users/admin/builder/spi-builder-workspace/.derivedData/Build/Intermediates.noindex/SwiftExplicitPrecompiledModules
CreateBuildDirectory /Users/admin/builder/spi-builder-workspace/.derivedData/Build/Intermediates.noindex/PrecompiledHeaders
cd /Users/admin/builder/spi-builder-workspace/.swiftpm/xcode
builtin-create-build-directory /Users/admin/builder/spi-builder-workspace/.derivedData/Build/Intermediates.noindex/PrecompiledHeaders
CreateBuildDirectory /Users/admin/builder/spi-builder-workspace/.derivedData/Build/Intermediates.noindex/ExplicitPrecompiledModules
cd /Users/admin/builder/spi-builder-workspace/.swiftpm/xcode
builtin-create-build-directory /Users/admin/builder/spi-builder-workspace/.derivedData/Build/Intermediates.noindex/ExplicitPrecompiledModules
CreateBuildDirectory /Users/admin/builder/spi-builder-workspace/.derivedData/Build/Intermediates.noindex/EagerLinkingTBDs/Debug
cd /Users/admin/builder/spi-builder-workspace/.swiftpm/xcode
builtin-create-build-directory /Users/admin/builder/spi-builder-workspace/.derivedData/Build/Intermediates.noindex/EagerLinkingTBDs/Debug
CreateBuildDirectory /Users/admin/builder/spi-builder-workspace/.derivedData/Build/Products/Debug
cd /Users/admin/builder/spi-builder-workspace/.swiftpm/xcode
builtin-create-build-directory /Users/admin/builder/spi-builder-workspace/.derivedData/Build/Products/Debug
CreateBuildDirectory /Users/admin/builder/spi-builder-workspace/.derivedData/Build/Products/Debug/PackageFrameworks
cd /Users/admin/builder/spi-builder-workspace/.swiftpm/xcode
builtin-create-build-directory /Users/admin/builder/spi-builder-workspace/.derivedData/Build/Products/Debug/PackageFrameworks
WriteAuxiliaryFile /Users/admin/builder/spi-builder-workspace/.derivedData/Build/Intermediates.noindex/WWSegmentControlView.build/Debug/WWSegmentControlView-t.build/WWSegmentControlView.modulemap (in target 'WWSegmentControlView' from project 'WWSegmentControlView')
cd /Users/admin/builder/spi-builder-workspace
write-file /Users/admin/builder/spi-builder-workspace/.derivedData/Build/Intermediates.noindex/WWSegmentControlView.build/Debug/WWSegmentControlView-t.build/WWSegmentControlView.modulemap
WriteAuxiliaryFile /Users/admin/builder/spi-builder-workspace/.derivedData/Build/Intermediates.noindex/WWSegmentControlView.build/Debug/WWSegmentControlView-t.build/WWSegmentControlView.DependencyMetadataFileList (in target 'WWSegmentControlView' from project 'WWSegmentControlView')
cd /Users/admin/builder/spi-builder-workspace
write-file /Users/admin/builder/spi-builder-workspace/.derivedData/Build/Intermediates.noindex/WWSegmentControlView.build/Debug/WWSegmentControlView-t.build/WWSegmentControlView.DependencyMetadataFileList
WriteAuxiliaryFile /Users/admin/builder/spi-builder-workspace/.derivedData/Build/Intermediates.noindex/WWSegmentControlView.build/Debug/WWSegmentControlView_WWSegmentControlView-b.build/WWSegmentControlView_WWSegmentControlView.DependencyStaticMetadataFileList (in target 'WWSegmentControlView_WWSegmentControlView' from project 'WWSegmentControlView')
cd /Users/admin/builder/spi-builder-workspace
write-file /Users/admin/builder/spi-builder-workspace/.derivedData/Build/Intermediates.noindex/WWSegmentControlView.build/Debug/WWSegmentControlView_WWSegmentControlView-b.build/WWSegmentControlView_WWSegmentControlView.DependencyStaticMetadataFileList
WriteAuxiliaryFile /Users/admin/builder/spi-builder-workspace/.derivedData/Build/Intermediates.noindex/WWSegmentControlView.build/Debug/WWSegmentControlView_WWSegmentControlView-b.build/empty-WWSegmentControlView_WWSegmentControlView.plist (in target 'WWSegmentControlView_WWSegmentControlView' from project 'WWSegmentControlView')
cd /Users/admin/builder/spi-builder-workspace
write-file /Users/admin/builder/spi-builder-workspace/.derivedData/Build/Intermediates.noindex/WWSegmentControlView.build/Debug/WWSegmentControlView_WWSegmentControlView-b.build/empty-WWSegmentControlView_WWSegmentControlView.plist
WriteAuxiliaryFile /Users/admin/builder/spi-builder-workspace/.derivedData/Build/Intermediates.noindex/WWSegmentControlView.build/Debug/WWSegmentControlView_WWSegmentControlView-b.build/WWSegmentControlView_WWSegmentControlView.DependencyMetadataFileList (in target 'WWSegmentControlView_WWSegmentControlView' from project 'WWSegmentControlView')
cd /Users/admin/builder/spi-builder-workspace
write-file /Users/admin/builder/spi-builder-workspace/.derivedData/Build/Intermediates.noindex/WWSegmentControlView.build/Debug/WWSegmentControlView_WWSegmentControlView-b.build/WWSegmentControlView_WWSegmentControlView.DependencyMetadataFileList
WriteAuxiliaryFile /Users/admin/builder/spi-builder-workspace/.derivedData/Build/Intermediates.noindex/WWSegmentControlView.build/Debug/WWSegmentControlView-t.build/WWSegmentControlView.DependencyStaticMetadataFileList (in target 'WWSegmentControlView' from project 'WWSegmentControlView')
cd /Users/admin/builder/spi-builder-workspace
write-file /Users/admin/builder/spi-builder-workspace/.derivedData/Build/Intermediates.noindex/WWSegmentControlView.build/Debug/WWSegmentControlView-t.build/WWSegmentControlView.DependencyStaticMetadataFileList
WriteAuxiliaryFile /Users/admin/builder/spi-builder-workspace/.derivedData/Build/Intermediates.noindex/WWSegmentControlView.build/Debug/WWSegmentControlView-t.build/Objects-normal/arm64/WWSegmentControlView_const_extract_protocols.json (in target 'WWSegmentControlView' from project 'WWSegmentControlView')
cd /Users/admin/builder/spi-builder-workspace
write-file /Users/admin/builder/spi-builder-workspace/.derivedData/Build/Intermediates.noindex/WWSegmentControlView.build/Debug/WWSegmentControlView-t.build/Objects-normal/arm64/WWSegmentControlView_const_extract_protocols.json
WriteAuxiliaryFile /Users/admin/builder/spi-builder-workspace/.derivedData/Build/Intermediates.noindex/WWSegmentControlView.build/Debug/WWSegmentControlView-t.build/Objects-normal/arm64/WWSegmentControlView.SwiftFileList (in target 'WWSegmentControlView' from project 'WWSegmentControlView')
cd /Users/admin/builder/spi-builder-workspace
write-file /Users/admin/builder/spi-builder-workspace/.derivedData/Build/Intermediates.noindex/WWSegmentControlView.build/Debug/WWSegmentControlView-t.build/Objects-normal/arm64/WWSegmentControlView.SwiftFileList
WriteAuxiliaryFile /Users/admin/builder/spi-builder-workspace/.derivedData/Build/Intermediates.noindex/WWSegmentControlView.build/Debug/WWSegmentControlView-t.build/Objects-normal/arm64/WWSegmentControlView.SwiftConstValuesFileList (in target 'WWSegmentControlView' from project 'WWSegmentControlView')
cd /Users/admin/builder/spi-builder-workspace
write-file /Users/admin/builder/spi-builder-workspace/.derivedData/Build/Intermediates.noindex/WWSegmentControlView.build/Debug/WWSegmentControlView-t.build/Objects-normal/arm64/WWSegmentControlView.SwiftConstValuesFileList
WriteAuxiliaryFile /Users/admin/builder/spi-builder-workspace/.derivedData/Build/Intermediates.noindex/WWSegmentControlView.build/Debug/WWSegmentControlView-t.build/Objects-normal/arm64/WWSegmentControlView.LinkFileList (in target 'WWSegmentControlView' from project 'WWSegmentControlView')
cd /Users/admin/builder/spi-builder-workspace
write-file /Users/admin/builder/spi-builder-workspace/.derivedData/Build/Intermediates.noindex/WWSegmentControlView.build/Debug/WWSegmentControlView-t.build/Objects-normal/arm64/WWSegmentControlView.LinkFileList
WriteAuxiliaryFile /Users/admin/builder/spi-builder-workspace/.derivedData/Build/Intermediates.noindex/WWSegmentControlView.build/Debug/WWSegmentControlView-t.build/Objects-normal/arm64/WWSegmentControlView-OutputFileMap.json (in target 'WWSegmentControlView' from project 'WWSegmentControlView')
cd /Users/admin/builder/spi-builder-workspace
write-file /Users/admin/builder/spi-builder-workspace/.derivedData/Build/Intermediates.noindex/WWSegmentControlView.build/Debug/WWSegmentControlView-t.build/Objects-normal/arm64/WWSegmentControlView-OutputFileMap.json
WriteAuxiliaryFile /Users/admin/builder/spi-builder-workspace/.derivedData/Build/Intermediates.noindex/WWSegmentControlView.build/Debug/WWSegmentControlView-t.build/DerivedSources/resource_bundle_accessor.swift (in target 'WWSegmentControlView' from project 'WWSegmentControlView')
cd /Users/admin/builder/spi-builder-workspace
write-file /Users/admin/builder/spi-builder-workspace/.derivedData/Build/Intermediates.noindex/WWSegmentControlView.build/Debug/WWSegmentControlView-t.build/DerivedSources/resource_bundle_accessor.swift
MkDir /Users/admin/builder/spi-builder-workspace/.derivedData/Build/Products/Debug/WWSegmentControlView_WWSegmentControlView.bundle/Contents/Resources (in target 'WWSegmentControlView_WWSegmentControlView' from project 'WWSegmentControlView')
cd /Users/admin/builder/spi-builder-workspace
/bin/mkdir -p /Users/admin/builder/spi-builder-workspace/.derivedData/Build/Products/Debug/WWSegmentControlView_WWSegmentControlView.bundle/Contents/Resources
Copy /Users/admin/builder/spi-builder-workspace/.derivedData/Build/Intermediates.noindex/GeneratedModuleMaps/WWSegmentControlView.modulemap /Users/admin/builder/spi-builder-workspace/.derivedData/Build/Intermediates.noindex/WWSegmentControlView.build/Debug/WWSegmentControlView-t.build/WWSegmentControlView.modulemap (in target 'WWSegmentControlView' from project 'WWSegmentControlView')
cd /Users/admin/builder/spi-builder-workspace
builtin-copy -exclude .DS_Store -exclude CVS -exclude .svn -exclude .git -exclude .hg -resolve-src-symlinks /Users/admin/builder/spi-builder-workspace/.derivedData/Build/Intermediates.noindex/WWSegmentControlView.build/Debug/WWSegmentControlView-t.build/WWSegmentControlView.modulemap /Users/admin/builder/spi-builder-workspace/.derivedData/Build/Intermediates.noindex/GeneratedModuleMaps
MkDir /Users/admin/builder/spi-builder-workspace/.derivedData/Build/Products/Debug/WWSegmentControlView_WWSegmentControlView.bundle/Contents (in target 'WWSegmentControlView_WWSegmentControlView' from project 'WWSegmentControlView')
cd /Users/admin/builder/spi-builder-workspace
/bin/mkdir -p /Users/admin/builder/spi-builder-workspace/.derivedData/Build/Products/Debug/WWSegmentControlView_WWSegmentControlView.bundle/Contents
MkDir /Users/admin/builder/spi-builder-workspace/.derivedData/Build/Products/Debug/WWSegmentControlView_WWSegmentControlView.bundle (in target 'WWSegmentControlView_WWSegmentControlView' from project 'WWSegmentControlView')
cd /Users/admin/builder/spi-builder-workspace
/bin/mkdir -p /Users/admin/builder/spi-builder-workspace/.derivedData/Build/Products/Debug/WWSegmentControlView_WWSegmentControlView.bundle
CpResource /Users/admin/builder/spi-builder-workspace/.derivedData/Build/Products/Debug/WWSegmentControlView_WWSegmentControlView.bundle/Contents/Resources/Privacy /Users/admin/builder/spi-builder-workspace/Sources/WWSegmentControlView/Privacy (in target 'WWSegmentControlView_WWSegmentControlView' from project 'WWSegmentControlView')
cd /Users/admin/builder/spi-builder-workspace
builtin-copy -exclude .DS_Store -exclude CVS -exclude .svn -exclude .git -exclude .hg -resolve-src-symlinks /Users/admin/builder/spi-builder-workspace/Sources/WWSegmentControlView/Privacy /Users/admin/builder/spi-builder-workspace/.derivedData/Build/Products/Debug/WWSegmentControlView_WWSegmentControlView.bundle/Contents/Resources
CompileXIB /Users/admin/builder/spi-builder-workspace/Sources/WWSegmentControlView/Xib/WWSegmentControlView.xib (in target 'WWSegmentControlView_WWSegmentControlView' from project 'WWSegmentControlView')
cd /Users/admin/builder/spi-builder-workspace
/Applications/Xcode-27.0.0-Release.Candidate.app/Contents/Developer/usr/bin/ibtool --errors --warnings --notices --module WWSegmentControlView_WWSegmentControlView --output-partial-info-plist /Users/admin/builder/spi-builder-workspace/.derivedData/Build/Intermediates.noindex/WWSegmentControlView.build/Debug/WWSegmentControlView_WWSegmentControlView-b.build/WWSegmentControlView-PartialInfo.plist --auto-activate-custom-fonts --target-device mac --minimum-deployment-target 12.0 --output-format human-readable-text --compile /Users/admin/builder/spi-builder-workspace/.derivedData/Build/Products/Debug/WWSegmentControlView_WWSegmentControlView.bundle/Contents/Resources/WWSegmentControlView.nib /Users/admin/builder/spi-builder-workspace/Sources/WWSegmentControlView/Xib/WWSegmentControlView.xib
/* com.apple.ibtool.errors */
/Users/admin/builder/spi-builder-workspace/Sources/WWSegmentControlView/Xib/WWSegmentControlView.xib: error: iOS xibs do not support target device type "mac".
PruneExplicitPrecompiledModules /Users/admin/builder/spi-builder-workspace/.derivedData/SDKExplicitPrecompiledModules
PruneExplicitPrecompiledModules /Users/admin/builder/spi-builder-workspace/.derivedData/Build/Intermediates.noindex/ExplicitPrecompiledModules
PruneExplicitPrecompiledModules /Users/admin/builder/spi-builder-workspace/.derivedData/Build/Intermediates.noindex/SwiftExplicitPrecompiledModules
2026-09-20 06:48:51.534 xcodebuild[656:4196] [MT] IDERunDestination: Supported platforms for the buildables in the current scheme is empty.
--- xcodebuild: WARNING: Using the first of multiple matching destinations:
{ platform:macOS, arch:arm64, id:78bd46f513b59e6cd416df09a8171e02ff6dcdda, name:My Mac }
{ platform:macOS, arch:arm64, variant:Mac Catalyst, id:78bd46f513b59e6cd416df09a8171e02ff6dcdda, name:My Mac }
{ platform:macOS, arch:arm64, variant:DriverKit, id:78bd46f513b59e6cd416df09a8171e02ff6dcdda, name:My Mac }
{ platform:macOS, arch:arm64, variant:Designed for [iPad,iPhone], id:78bd46f513b59e6cd416df09a8171e02ff6dcdda, name:My Mac }
** BUILD FAILED **
The following build commands failed:
CompileXIB /Users/admin/builder/spi-builder-workspace/Sources/WWSegmentControlView/Xib/WWSegmentControlView.xib (in target 'WWSegmentControlView_WWSegmentControlView' from project 'WWSegmentControlView')
Building workspace WWSegmentControlView with scheme WWSegmentControlView
(2 failures)
Command line invocation:
/Applications/Xcode-27.0.0-Release.Candidate.app/Contents/Developer/usr/bin/xcodebuild -IDEClonedSourcePackagesDirPathOverride=/Users/admin/builder/spi-builder-workspace/.dependencies -resolvePackageDependencies
Resolve Package Graph
Resolved source packages:
WWSegmentControlView: /Users/admin/builder/spi-builder-workspace
resolved source packages: WWSegmentControlView
2026-09-20 06:48:55.073 xcodebuild[684:4380] [MT] IDERunDestination: Supported platforms for the buildables in the current scheme is empty.
{
"dependencies" : [
],
"manifest_display_name" : "WWSegmentControlView",
"name" : "WWSegmentControlView",
"path" : "/Users/admin/builder/spi-builder-workspace",
"platforms" : [
{
"name" : "ios",
"version" : "14.0"
}
],
"products" : [
{
"name" : "WWSegmentControlView",
"targets" : [
"WWSegmentControlView"
],
"type" : {
"library" : [
"automatic"
]
}
}
],
"swift_languages_versions" : [
"5"
],
"targets" : [
{
"c99name" : "WWSegmentControlView",
"module_type" : "SwiftTarget",
"name" : "WWSegmentControlView",
"path" : "Sources/WWSegmentControlView",
"product_memberships" : [
"WWSegmentControlView"
],
"resources" : [
{
"path" : "/Users/admin/builder/spi-builder-workspace/Sources/WWSegmentControlView/Privacy",
"rule" : {
"copy" : {
}
}
},
{
"path" : "/Users/admin/builder/spi-builder-workspace/Sources/WWSegmentControlView/Xib/WWSegmentControlView.xib",
"rule" : {
"process" : {
}
}
}
],
"sources" : [
"Extension+.swift",
"WWSegmentControlView.swift"
],
"type" : "library"
}
],
"tools_version" : "5.6"
}
{
"workspace" : {
"name" : "WWSegmentControlView",
"schemes" : [
"WWSegmentControlView"
]
}
}
2026-09-20 06:48:56.332 xcodebuild[692:4437] [MT] IDERunDestination: Supported platforms for the buildables in the current scheme is empty.
Running build ...
env DEVELOPER_DIR=/Applications/Xcode-27.0.0-Release.Candidate.app xcrun xcodebuild -IDEClonedSourcePackagesDirPathOverride=$PWD/.dependencies -skipMacroValidation -skipPackagePluginValidation -derivedDataPath $PWD/.derivedData build -scheme WWSegmentControlView -destination platform=macOS,arch=arm64
Command line invocation:
/Applications/Xcode-27.0.0-Release.Candidate.app/Contents/Developer/usr/bin/xcodebuild -IDEClonedSourcePackagesDirPathOverride=/Users/admin/builder/spi-builder-workspace/.dependencies -skipMacroValidation -skipPackagePluginValidation -derivedDataPath /Users/admin/builder/spi-builder-workspace/.derivedData build -scheme WWSegmentControlView -destination platform=macOS,arch=arm64
Resolve Package Graph
Resolved source packages:
WWSegmentControlView: /Users/admin/builder/spi-builder-workspace
ComputePackagePrebuildTargetDependencyGraph
Prepare packages
CreateBuildRequest
SendProjectDescription
CreateBuildOperation
ComputeTargetDependencyGraph
note: Building targets in dependency order
note: Target dependency graph (3 targets)
Target 'WWSegmentControlView-product' in project 'WWSegmentControlView'
➜ Explicit dependency on target 'WWSegmentControlView' in project 'WWSegmentControlView'
➜ Explicit dependency on target 'WWSegmentControlView_WWSegmentControlView' in project 'WWSegmentControlView'
Target 'WWSegmentControlView' in project 'WWSegmentControlView'
➜ Explicit dependency on target 'WWSegmentControlView_WWSegmentControlView' in project 'WWSegmentControlView'
Target 'WWSegmentControlView_WWSegmentControlView' in project 'WWSegmentControlView' (no dependencies)
GatherProvisioningInputs
CreateBuildDescription
ClangStatCache /Applications/Xcode-27.0.0-Release.Candidate.app/Contents/Developer/Toolchains/XcodeDefault.xctoolchain/usr/bin/clang-stat-cache /Applications/Xcode-27.0.0-Release.Candidate.app/Contents/Developer/Platforms/MacOSX.platform/Developer/SDKs/MacOSX27.0.sdk /Users/admin/builder/spi-builder-workspace/.derivedData/SDKStatCaches.noindex/macosx27.0-26A425-e829b21a6f8c9b70876ba0858053c0446a22442a12e9d48fe1a705f55a1adfc4.sdkstatcache
cd /Users/admin/builder/spi-builder-workspace/.swiftpm/xcode
/Applications/Xcode-27.0.0-Release.Candidate.app/Contents/Developer/Toolchains/XcodeDefault.xctoolchain/usr/bin/clang-stat-cache /Applications/Xcode-27.0.0-Release.Candidate.app/Contents/Developer/Platforms/MacOSX.platform/Developer/SDKs/MacOSX27.0.sdk -o /Users/admin/builder/spi-builder-workspace/.derivedData/SDKStatCaches.noindex/macosx27.0-26A425-e829b21a6f8c9b70876ba0858053c0446a22442a12e9d48fe1a705f55a1adfc4.sdkstatcache
CompileXIB /Users/admin/builder/spi-builder-workspace/Sources/WWSegmentControlView/Xib/WWSegmentControlView.xib (in target 'WWSegmentControlView_WWSegmentControlView' from project 'WWSegmentControlView')
cd /Users/admin/builder/spi-builder-workspace
/Applications/Xcode-27.0.0-Release.Candidate.app/Contents/Developer/usr/bin/ibtool --errors --warnings --notices --module WWSegmentControlView_WWSegmentControlView --output-partial-info-plist /Users/admin/builder/spi-builder-workspace/.derivedData/Build/Intermediates.noindex/WWSegmentControlView.build/Debug/WWSegmentControlView_WWSegmentControlView-b.build/WWSegmentControlView-PartialInfo.plist --auto-activate-custom-fonts --target-device mac --minimum-deployment-target 12.0 --output-format human-readable-text --compile /Users/admin/builder/spi-builder-workspace/.derivedData/Build/Products/Debug/WWSegmentControlView_WWSegmentControlView.bundle/Contents/Resources/WWSegmentControlView.nib /Users/admin/builder/spi-builder-workspace/Sources/WWSegmentControlView/Xib/WWSegmentControlView.xib
/* com.apple.ibtool.errors */
/Users/admin/builder/spi-builder-workspace/Sources/WWSegmentControlView/Xib/WWSegmentControlView.xib: error: iOS xibs do not support target device type "mac".
PruneExplicitPrecompiledModules /Users/admin/builder/spi-builder-workspace/.derivedData/Build/Intermediates.noindex/ExplicitPrecompiledModules
PruneExplicitPrecompiledModules /Users/admin/builder/spi-builder-workspace/.derivedData/Build/Intermediates.noindex/SwiftExplicitPrecompiledModules
PruneExplicitPrecompiledModules /Users/admin/builder/spi-builder-workspace/.derivedData/SDKExplicitPrecompiledModules
2026-09-20 06:48:57.296 xcodebuild[693:4460] [MT] IDERunDestination: Supported platforms for the buildables in the current scheme is empty.
--- xcodebuild: WARNING: Using the first of multiple matching destinations:
{ platform:macOS, arch:arm64, id:78bd46f513b59e6cd416df09a8171e02ff6dcdda, name:My Mac }
{ platform:macOS, arch:arm64, variant:Mac Catalyst, id:78bd46f513b59e6cd416df09a8171e02ff6dcdda, name:My Mac }
{ platform:macOS, arch:arm64, variant:DriverKit, id:78bd46f513b59e6cd416df09a8171e02ff6dcdda, name:My Mac }
{ platform:macOS, arch:arm64, variant:Designed for [iPad,iPhone], id:78bd46f513b59e6cd416df09a8171e02ff6dcdda, name:My Mac }
** BUILD FAILED **
The following build commands failed:
CompileXIB /Users/admin/builder/spi-builder-workspace/Sources/WWSegmentControlView/Xib/WWSegmentControlView.xib (in target 'WWSegmentControlView_WWSegmentControlView' from project 'WWSegmentControlView')
Building workspace WWSegmentControlView with scheme WWSegmentControlView
(2 failures)
BUILD FAILURE 6.4 macosXcodebuild