The Swift Package Index logo.Swift Package Index

Build Information

Failed to build GoogleCloudVMwareEngineV1, reference main (33c738), with Swift 6.2 for Android on 11 Oct 2026 10:27:50 UTC.

Build Command

bash -c docker run --pull=always --rm -v "checkouts-54344843-0":/host -w "$PWD" -e JAVA_HOME="/root/.sdkman/candidates/java/current" -e SPI_BUILD="1" -e SPI_PROCESSING="1" registry.gitlab.com/saguaro1/spi-images:android-6.2-latest swift build --swift-sdk aarch64-unknown-linux-android28 2>&1

Build Log

========================================
RunAll
========================================
Builder version: 5.1.1
Interrupt handler set up.
========================================
Checkout
========================================
Clone URL: https://github.com/googleapis/swift-google-cloud-vmwareengine-v1.git
Reference: main
Initialized empty Git repository in /host/spi-builder-workspace/.git/
hint: Using 'master' as the name for the initial branch. This default branch name
hint: is subject to change. To configure the initial branch name to use in all
hint: of your new repositories, which will suppress this warning, call:
hint:
hint: 	git config --global init.defaultBranch <name>
hint:
hint: Names commonly chosen instead of 'master' are 'main', 'trunk' and
hint: 'development'. The just-created branch can be renamed via this command:
hint:
hint: 	git branch -m <name>
From https://github.com/googleapis/swift-google-cloud-vmwareengine-v1
 * branch            main       -> FETCH_HEAD
 * [new branch]      main       -> origin/main
HEAD is now at 33c7384 chore: release circa 2026-10-07 (#1382)
Cloned https://github.com/googleapis/swift-google-cloud-vmwareengine-v1.git
Revision (git rev-parse @):
33c73842e04e30c3c5e884f1846b5ce020045159
SPI manifest file found: $PWD/.spi.yml
SUCCESS checkout https://github.com/googleapis/swift-google-cloud-vmwareengine-v1.git at main
========================================
Build
========================================
Selected platform:         android
Swift version:             6.2
Building package at path:  $PWD
https://github.com/googleapis/swift-google-cloud-vmwareengine-v1.git
Running build ...
bash -c docker run --pull=always --rm -v "checkouts-54344843-0":/host -w "$PWD" -e JAVA_HOME="/root/.sdkman/candidates/java/current" -e SPI_BUILD="1" -e SPI_PROCESSING="1" registry.gitlab.com/saguaro1/spi-images:android-6.2-latest swift build --swift-sdk aarch64-unknown-linux-android28 2>&1
android-6.2-latest: Pulling from saguaro1/spi-images
Digest: sha256:a839c9ce201f1dacc8eb056626ec7ab0a1c6d53d7b77c83feda395f4507c51be
Status: Image is up to date for registry.gitlab.com/saguaro1/spi-images:android-6.2-latest
Fetching https://github.com/googleapis/swift-google-gax
Fetching https://github.com/googleapis/swift-google-wkt
Fetching https://github.com/googleapis/swift-google-longrunning
Fetching https://github.com/googleapis/swift-google-iam-v1
Fetching https://github.com/googleapis/swift-google-rpc
Fetching https://github.com/apple/swift-log
[1/619] Fetching swift-google-longrunning
[620/1041] Fetching swift-google-longrunning, swift-google-rpc
[637/2789] Fetching swift-google-longrunning, swift-google-rpc, swift-google-gax
[655/3812] Fetching swift-google-longrunning, swift-google-rpc, swift-google-gax, swift-google-wkt
[850/4518] Fetching swift-google-longrunning, swift-google-rpc, swift-google-gax, swift-google-wkt, swift-google-iam-v1
[4065/12775] Fetching swift-google-longrunning, swift-google-rpc, swift-google-gax, swift-google-wkt, swift-google-iam-v1, swift-log
Fetched https://github.com/googleapis/swift-google-gax from cache (0.41s)
[3266/11027] Fetching swift-google-longrunning, swift-google-rpc, swift-google-wkt, swift-google-iam-v1, swift-log
Fetching https://github.com/googleapis/swift-google-cloud-location
Fetched https://github.com/googleapis/swift-google-rpc from cache (0.54s)
Fetched https://github.com/googleapis/swift-google-iam-v1 from cache (0.54s)
Fetched https://github.com/googleapis/swift-google-longrunning from cache (0.54s)
Fetched https://github.com/googleapis/swift-google-wkt from cache (0.54s)
Fetching https://github.com/googleapis/swift-google-auth
Fetched https://github.com/apple/swift-log from cache (0.54s)
[1/552] Fetching swift-google-cloud-location
Fetched https://github.com/googleapis/swift-google-cloud-location from cache (0.38s)
[1/1023] Fetching swift-google-auth
Fetched https://github.com/googleapis/swift-google-auth from cache (0.40s)
Computing version for https://github.com/googleapis/swift-google-wkt
Computed https://github.com/googleapis/swift-google-wkt at 0.5.0 (1.10s)
Fetching https://github.com/swift-extras/swift-extras-base64
[1/954] Fetching swift-extras-base64
Fetched https://github.com/swift-extras/swift-extras-base64 from cache (0.35s)
Computing version for https://github.com/googleapis/swift-google-rpc
Computed https://github.com/googleapis/swift-google-rpc at 0.5.0 (0.52s)
Computing version for https://github.com/googleapis/swift-google-longrunning
Computed https://github.com/googleapis/swift-google-longrunning at 0.5.0 (0.16s)
Computing version for https://github.com/googleapis/swift-google-iam-v1
Computed https://github.com/googleapis/swift-google-iam-v1 at 0.5.0 (0.17s)
Fetching https://github.com/googleapis/swift-google-type
[1/437] Fetching swift-google-type
Fetched https://github.com/googleapis/swift-google-type from cache (0.37s)
Computing version for https://github.com/googleapis/swift-google-gax
Computed https://github.com/googleapis/swift-google-gax at 0.5.0 (0.54s)
Fetching https://github.com/apple/swift-nio
Fetching https://github.com/swift-server/async-http-client.git
[1/16464] Fetching async-http-client
[16465/102838] Fetching async-http-client, swift-nio
Fetched https://github.com/swift-server/async-http-client.git from cache (3.23s)
Fetched https://github.com/apple/swift-nio from cache (3.26s)
Computing version for https://github.com/googleapis/swift-google-cloud-location
Computed https://github.com/googleapis/swift-google-cloud-location at 0.5.0 (3.43s)
Computing version for https://github.com/googleapis/swift-google-auth
Computed https://github.com/googleapis/swift-google-auth at 0.5.0 (0.16s)
Fetching https://github.com/apple/swift-system.git
Fetching https://github.com/vapor/jwt-kit.git
[1/7241] Fetching swift-system
[4346/17495] Fetching swift-system, jwt-kit
Fetched https://github.com/apple/swift-system.git from cache (0.85s)
Fetched https://github.com/vapor/jwt-kit.git from cache (0.86s)
Computing version for https://github.com/googleapis/swift-google-type
Computed https://github.com/googleapis/swift-google-type at 0.5.0 (1.02s)
Computing version for https://github.com/swift-extras/swift-extras-base64
Computed https://github.com/swift-extras/swift-extras-base64 at 1.2.0 (0.15s)
Computing version for https://github.com/swift-server/async-http-client.git
Computed https://github.com/swift-server/async-http-client.git at 1.36.2 (0.18s)
Fetching https://github.com/apple/swift-nio-extras.git
Fetching https://github.com/apple/swift-service-context.git
Fetching https://github.com/apple/swift-atomics.git
Fetching https://github.com/apple/swift-algorithms.git
Fetching https://github.com/apple/swift-configuration.git
Fetching https://github.com/apple/swift-distributed-tracing.git
[1/1500] Fetching swift-service-context
[256/3389] Fetching swift-service-context, swift-atomics
[545/7317] Fetching swift-service-context, swift-atomics, swift-configuration
[2115/13868] Fetching swift-service-context, swift-atomics, swift-configuration, swift-distributed-tracing
[2173/20571] Fetching swift-service-context, swift-atomics, swift-configuration, swift-distributed-tracing, swift-nio-extras
[6237/26735] Fetching swift-service-context, swift-atomics, swift-configuration, swift-distributed-tracing, swift-nio-extras, swift-algorithms
Fetched https://github.com/apple/swift-service-context.git from cache (0.61s)
Fetched https://github.com/apple/swift-atomics.git from cache (0.61s)
Fetched https://github.com/apple/swift-configuration.git from cache (0.61s)
Fetched https://github.com/apple/swift-nio-extras.git from cache (0.61s)
Fetching https://github.com/apple/swift-nio-http2.git
Fetching https://github.com/apple/swift-nio-ssl.git
Fetched https://github.com/apple/swift-algorithms.git from cache (0.62s)
Fetching https://github.com/apple/swift-nio-transport-services.git
Fetched https://github.com/apple/swift-distributed-tracing.git from cache (0.63s)
[1/16871] Fetching swift-nio-ssl
[170/29165] Fetching swift-nio-ssl, swift-nio-http2
[1660/32032] Fetching swift-nio-ssl, swift-nio-http2, swift-nio-transport-services
Fetched https://github.com/apple/swift-nio-transport-services.git from cache (0.64s)
[6528/29165] Fetching swift-nio-ssl, swift-nio-http2
Fetched https://github.com/apple/swift-nio-http2.git from cache (1.34s)
Fetched https://github.com/apple/swift-nio-ssl.git from cache (1.35s)
Computing version for https://github.com/apple/swift-service-context.git
Computed https://github.com/apple/swift-service-context.git at 1.3.0 (2.13s)
Computing version for https://github.com/apple/swift-algorithms.git
Computed https://github.com/apple/swift-algorithms.git at 1.2.1 (0.90s)
Fetching https://github.com/apple/swift-numerics.git
[1/6733] Fetching swift-numerics
Fetched https://github.com/apple/swift-numerics.git from cache (0.54s)
Computing version for https://github.com/apple/swift-log
Computed https://github.com/apple/swift-log at 1.16.1 (0.71s)
Computing version for https://github.com/apple/swift-distributed-tracing.git
Computed https://github.com/apple/swift-distributed-tracing.git at 1.5.0 (0.15s)
Computing version for https://github.com/apple/swift-atomics.git
Computed https://github.com/apple/swift-atomics.git at 1.3.1 (0.15s)
Computing version for https://github.com/apple/swift-numerics.git
Computed https://github.com/apple/swift-numerics.git at 1.1.1 (0.15s)
Computing version for https://github.com/apple/swift-nio
Computed https://github.com/apple/swift-nio at 2.104.0 (0.35s)
Fetching https://github.com/apple/swift-collections.git
[1/28703] Fetching swift-collections
Fetched https://github.com/apple/swift-collections.git from cache (1.20s)
Computing version for https://github.com/apple/swift-configuration.git
Computed https://github.com/apple/swift-configuration.git at 1.2.2 (2.01s)
Fetching https://github.com/swift-server/swift-service-lifecycle
[1/2867] Fetching swift-service-lifecycle
Fetched https://github.com/swift-server/swift-service-lifecycle from cache (0.41s)
Computing version for https://github.com/apple/swift-nio-transport-services.git
Computed https://github.com/apple/swift-nio-transport-services.git at 1.28.0 (0.58s)
Computing version for https://github.com/swift-server/swift-service-lifecycle
Computed https://github.com/swift-server/swift-service-lifecycle at 2.12.1 (0.15s)
Fetching https://github.com/apple/swift-async-algorithms.git
[1/6820] Fetching swift-async-algorithms
Fetched https://github.com/apple/swift-async-algorithms.git from cache (0.55s)
Computing version for https://github.com/apple/swift-async-algorithms.git
Computed https://github.com/apple/swift-async-algorithms.git at 1.1.7 (0.77s)
Computing version for https://github.com/apple/swift-collections.git
Computed https://github.com/apple/swift-collections.git at 1.7.2 (0.25s)
Computing version for https://github.com/apple/swift-nio-http2.git
Computed https://github.com/apple/swift-nio-http2.git at 1.46.0 (0.17s)
Computing version for https://github.com/vapor/jwt-kit.git
Computed https://github.com/vapor/jwt-kit.git at 5.7.1 (0.15s)
Fetching https://github.com/apple/swift-certificates.git
Fetching https://github.com/apple/swift-crypto.git
[1/18629] Fetching swift-crypto
[374/26238] Fetching swift-crypto, swift-certificates
Fetched https://github.com/apple/swift-certificates.git from cache (1.19s)
Fetched https://github.com/apple/swift-crypto.git from cache (1.20s)
Computing version for https://github.com/apple/swift-crypto.git
Computed https://github.com/apple/swift-crypto.git at 4.5.2 (1.82s)
Fetching https://github.com/apple/swift-asn1.git
[1/2009] Fetching swift-asn1
Fetched https://github.com/apple/swift-asn1.git from cache (0.39s)
Computing version for https://github.com/apple/swift-asn1.git
Computed https://github.com/apple/swift-asn1.git at 1.7.3 (0.58s)
Computing version for https://github.com/apple/swift-certificates.git
Computed https://github.com/apple/swift-certificates.git at 1.21.0 (0.22s)
Computing version for https://github.com/apple/swift-nio-ssl.git
Computed https://github.com/apple/swift-nio-ssl.git at 2.37.5 (0.19s)
Computing version for https://github.com/apple/swift-system.git
Computed https://github.com/apple/swift-system.git at 1.8.1 (0.18s)
Computing version for https://github.com/apple/swift-nio-extras.git
Computed https://github.com/apple/swift-nio-extras.git at 1.35.1 (0.27s)
Fetching https://github.com/apple/swift-http-types.git
Fetching https://github.com/apple/swift-http-structured-headers.git
[1/1253] Fetching swift-http-structured-headers
[1254/3192] Fetching swift-http-structured-headers, swift-http-types
Fetched https://github.com/apple/swift-http-structured-headers.git from cache (0.45s)
Fetched https://github.com/apple/swift-http-types.git from cache (0.45s)
Computing version for https://github.com/apple/swift-http-structured-headers.git
Computed https://github.com/apple/swift-http-structured-headers.git at 1.7.0 (0.61s)
Computing version for https://github.com/apple/swift-http-types.git
Computed https://github.com/apple/swift-http-types.git at 1.8.0 (0.18s)
Creating working copy for https://github.com/apple/swift-async-algorithms.git
Working copy of https://github.com/apple/swift-async-algorithms.git resolved at 1.1.7
Creating working copy for https://github.com/apple/swift-collections.git
Working copy of https://github.com/apple/swift-collections.git resolved at 1.7.2
Creating working copy for https://github.com/apple/swift-certificates.git
Working copy of https://github.com/apple/swift-certificates.git resolved at 1.21.0
Creating working copy for https://github.com/googleapis/swift-google-longrunning
Working copy of https://github.com/googleapis/swift-google-longrunning resolved at 0.5.0
Creating working copy for https://github.com/apple/swift-service-context.git
Working copy of https://github.com/apple/swift-service-context.git resolved at 1.3.0
Creating working copy for https://github.com/googleapis/swift-google-rpc
Working copy of https://github.com/googleapis/swift-google-rpc resolved at 0.5.0
Creating working copy for https://github.com/googleapis/swift-google-iam-v1
Working copy of https://github.com/googleapis/swift-google-iam-v1 resolved at 0.5.0
Creating working copy for https://github.com/googleapis/swift-google-gax
Working copy of https://github.com/googleapis/swift-google-gax resolved at 0.5.0
Creating working copy for https://github.com/apple/swift-algorithms.git
Working copy of https://github.com/apple/swift-algorithms.git resolved at 1.2.1
Creating working copy for https://github.com/apple/swift-nio-ssl.git
Working copy of https://github.com/apple/swift-nio-ssl.git resolved at 2.37.5
Creating working copy for https://github.com/apple/swift-http-structured-headers.git
Working copy of https://github.com/apple/swift-http-structured-headers.git resolved at 1.7.0
Creating working copy for https://github.com/apple/swift-atomics.git
Working copy of https://github.com/apple/swift-atomics.git resolved at 1.3.1
Creating working copy for https://github.com/apple/swift-crypto.git
Working copy of https://github.com/apple/swift-crypto.git resolved at 4.5.2
Creating working copy for https://github.com/googleapis/swift-google-type
Working copy of https://github.com/googleapis/swift-google-type resolved at 0.5.0
Creating working copy for https://github.com/googleapis/swift-google-auth
Working copy of https://github.com/googleapis/swift-google-auth resolved at 0.5.0
Creating working copy for https://github.com/swift-server/async-http-client.git
Working copy of https://github.com/swift-server/async-http-client.git resolved at 1.36.2
Creating working copy for https://github.com/apple/swift-nio-http2.git
Working copy of https://github.com/apple/swift-nio-http2.git resolved at 1.46.0
Creating working copy for https://github.com/apple/swift-log
Working copy of https://github.com/apple/swift-log resolved at 1.16.1
Creating working copy for https://github.com/googleapis/swift-google-wkt
Working copy of https://github.com/googleapis/swift-google-wkt resolved at 0.5.0
Creating working copy for https://github.com/swift-extras/swift-extras-base64
Working copy of https://github.com/swift-extras/swift-extras-base64 resolved at 1.2.0
Creating working copy for https://github.com/googleapis/swift-google-cloud-location
Working copy of https://github.com/googleapis/swift-google-cloud-location resolved at 0.5.0
Creating working copy for https://github.com/apple/swift-http-types.git
Working copy of https://github.com/apple/swift-http-types.git resolved at 1.8.0
Creating working copy for https://github.com/apple/swift-nio
Working copy of https://github.com/apple/swift-nio resolved at 2.104.0
Creating working copy for https://github.com/apple/swift-nio-extras.git
Working copy of https://github.com/apple/swift-nio-extras.git resolved at 1.35.1
Creating working copy for https://github.com/apple/swift-system.git
Working copy of https://github.com/apple/swift-system.git resolved at 1.8.1
Creating working copy for https://github.com/vapor/jwt-kit.git
Working copy of https://github.com/vapor/jwt-kit.git resolved at 5.7.1
Creating working copy for https://github.com/apple/swift-configuration.git
Working copy of https://github.com/apple/swift-configuration.git resolved at 1.2.2
Creating working copy for https://github.com/apple/swift-distributed-tracing.git
Working copy of https://github.com/apple/swift-distributed-tracing.git resolved at 1.5.0
Creating working copy for https://github.com/apple/swift-asn1.git
Working copy of https://github.com/apple/swift-asn1.git resolved at 1.7.3
Creating working copy for https://github.com/apple/swift-nio-transport-services.git
Working copy of https://github.com/apple/swift-nio-transport-services.git resolved at 1.28.0
Creating working copy for https://github.com/apple/swift-numerics.git
Working copy of https://github.com/apple/swift-numerics.git resolved at 1.1.1
Creating working copy for https://github.com/swift-server/swift-service-lifecycle
Working copy of https://github.com/swift-server/swift-service-lifecycle resolved at 2.12.1
Building for debugging...
[0/1222] Write sources
[91/1222] Write swift-version--11D90AFD9DD3AB2.txt
[92/1222] Compiling _NumericsShims _NumericsShims.c
[93/1233] Compiling cpu_arm_freebsd.cc
[94/1233] Write sources
[94/1233] Compiling cpu_aarch64_linux.cc
[94/1233] Write sources
[130/1233] Compiling cpu_aarch64_fuchsia.cc
[131/1233] Compiling _AtomicsShims.c
[132/1233] Compiling CXKCPShims shims.c
[133/1233] Compiling cpu_aarch64_sysreg.cc
[134/1258] Compiling cpu_aarch64_win.cc
[135/1258] Compiling cpu_aarch64_openbsd.cc
[136/1272] Compiling x_exten.cc
[138/1300] Emitting module _NIODataStructures
[139/1300] Emitting module Logging
[140/1301] Compiling InternalCollectionsUtilities RandomAccessCollection+Offsets.swift
[141/1301] Compiling InternalCollectionsUtilities Span+Extras.swift
[142/1303] Compiling RealModule RealFunctions.swift
[143/1304] Compiling InternalCollectionsUtilities Descriptions.swift
[144/1304] Compiling InternalCollectionsUtilities FixedWidthInteger+roundUpToPowerOfTwo.swift
[145/1304] Compiling InternalCollectionsUtilities Integer rank.swift
[146/1304] Compiling InternalCollectionsUtilities Debugging.swift
[148/1304] Emitting module _NIOBase64
[149/1304] Compiling _NIOBase64 Base64.swift
[151/1305] Compiling RealModule Real.swift
[152/1305] Compiling InternalCollectionsUtilities BorrowingIteratorProtocol+Equality.swift
[153/1305] Compiling InternalCollectionsUtilities BorrowingIteratorProtocol+Extras.swift
[156/1309] Compiling ServiceContextModule ServiceContextKey.swift
[157/1312] Compiling InternalCollectionsUtilities Strideable+LimitHelpers.swift
[158/1312] Compiling InternalCollectionsUtilities String+Padding.swift
[159/1312] Compiling InternalCollectionsUtilities TemporaryAllocation.swift
[160/1312] Compiling InternalCollectionsUtilities _UnsafeBitSet+Index.swift
[161/1313] Compiling SwiftASN1 DER.swift
[162/1313] Compiling SwiftASN1 Errors.swift
[163/1313] Compiling InternalCollectionsUtilities UnsafeBufferPointer+Extras.swift
[164/1313] Compiling InternalCollectionsUtilities UnsafeMutableBufferPointer+Extras.swift
[165/1313] Compiling Logging LoggingSystem.swift
[166/1313] Compiling InternalCollectionsUtilities UInt+first and last set bit.swift
[167/1313] Compiling InternalCollectionsUtilities UInt+reversed.swift
[168/1313] Compiling InternalCollectionsUtilities Iterable+CopyContents.swift
[169/1313] Compiling InternalCollectionsUtilities Iterable+Equality.swift
[170/1313] Compiling InternalCollectionsUtilities LifetimeOverride.swift
[171/1313] Compiling InternalCollectionsUtilities MutableRef.swift
[172/1313] Compiling InternalCollectionsUtilities MutableSpan+Extras.swift
[173/1313] Compiling InternalCollectionsUtilities OutputSpan+Extras.swift
[176/1313] Emitting module ServiceContextModule
[177/1313] Compiling ServiceContextModule ServiceContext.swift
[180/1313] Compiling RealModule RelaxedArithmetic.swift
[186/1314] Emitting module RealModule
[186/1314] Wrapping AST for _NIOBase64 for debugging
[190/1314] Emitting module InternalCollectionsUtilities
[195/1314] Compiling InternalCollectionsUtilities UnsafeMutablePointer+Extras.swift
[196/1314] Compiling InternalCollectionsUtilities UnsafeMutableRawBufferPointer+Extras.swift
[197/1314] Compiling InternalCollectionsUtilities UnsafePointer+Extras.swift
[198/1314] Emitting module _CertificateInternals
[199/1314] Compiling _CertificateInternals _TinyArray.swift
[201/1321] Compiling RealModule Float80+Real.swift
[202/1321] Compiling RealModule Float16+Real.swift
[203/1322] Compiling Logging Logger.swift
[204/1322] Compiling Logging Logger+With.swift
[205/1322] Compiling Instrumentation NoOpInstrument.swift
[205/1322] Wrapping AST for ServiceContextModule for debugging
[208/1322] Compiling InternalCollectionsUtilities UnsafeRawBufferPointer+Extras.swift
[209/1322] Compiling InternalCollectionsUtilities _SortedCollection.swift
[210/1322] Compiling InternalCollectionsUtilities _UniqueCollection.swift
[211/1323] Compiling Logging Logger+Attributes.swift
[212/1323] Compiling _NIODataStructures Heap.swift
[213/1323] Compiling _NIODataStructures _TinyArray.swift
[214/1323] Compiling _NIODataStructures PriorityQueue.swift
[214/1323] Wrapping AST for _CertificateInternals for debugging
[217/1324] Compiling Instrumentation MultiplexInstrument.swift
[217/1324] Compiling SimpleFIPS202.c
[219/1324] Wrapping AST for RealModule for debugging
[220/1324] Compiling KeccakSponge.c
[221/1328] Compiling KeccakHash.c
[222/1328] Wrapping AST for InternalCollectionsUtilities for debugging
[223/1328] Compiling CSystem shims.c
[224/1328] Wrapping AST for _NIODataStructures for debugging
[225/1338] Compiling CNIOWindows shim.c
[226/1356] Compiling CNIOWindows WSAStartup.c
[228/1365] Compiling SpanPreview OutputSpan+InputSpanHelpers.swift
[229/1365] Emitting module SpanPreview
[230/1365] Compiling SpanPreview InputSpan.swift
[231/1365] Compiling SpanPreview MutableSpan+InputSpanHelpers.swift
[231/1366] Compiling CNIOWASI CNIOWASI.c
[233/1366] Compiling CNIOPosix event_loop_id.c
[234/1366] Compiling CNIOOpenBSD shim.c
[236/1366] Compiling Instrumentation Instrument.swift
[237/1366] Compiling SystemPackage Errno.swift
[238/1366] Compiling SystemPackage ErrnoWindows.swift
[239/1366] Compiling SystemPackage FileDescriptor.swift
[239/1366] Compiling CNIOLinux shim.c
[240/1366] Wrapping AST for SpanPreview for debugging
[241/1366] Compiling CNIOLinux liburing_shims.c
[242/1408] Compiling KeccakP-1600-opt64.c
[243/1408] Compiling CNIOLLHTTP c_nio_llhttp.c
[244/1408] Compiling CNIOLLHTTP c_nio_api.c
[245/1408] Compiling CNIOLLHTTP c_nio_http.c
[246/1408] Compiling CNIOFreeBSD shim.c
[247/1408] Compiling CNIOExtrasZlib trees.c
[248/1408] Compiling CNIOExtrasZlib inftrees.c
[249/1408] Compiling CNIOExtrasZlib zutil.c
[250/1408] Compiling CNIOExtrasZlib inflate.c
[252/1408] Compiling DequeModule RigidDeque+ContainerOperations.swift
[253/1408] Compiling DequeModule RigidDeque+Deprecations.swift
[253/1408] Compiling CNIOExtrasZlib inffast.c
[254/1408] Compiling CNIOExtrasZlib crc32.c
[255/1408] Compiling CNIOExtrasZlib adler32.c
[256/1408] Compiling CNIODarwin shim.c
[257/1408] Compiling CNIOExtrasZlib deflate.c
[258/1408] Compiling fiat_p256_adx_sqr.S
[259/1408] Compiling fiat_p256_adx_mul.S
[261/1408] Compiling DequeModule RigidDeque+Descriptions.swift
[262/1408] Compiling DequeModule RigidDeque+Equatable.swift
[263/1408] Compiling DequeModule RigidDeque+Hashable.swift
[264/1408] Compiling DequeModule RigidDeque+Initializers.swift
[265/1408] Compiling DequeModule RigidDeque+Insertions.swift
[266/1408] Compiling DequeModule RigidDeque+Iterable.swift
[266/1413] Compiling CNIOBoringSSLShims shims.c
[267/1413] Compiling fiat_curve25519_adx_mul.S
[269/1413] Compiling ExtrasBase64 Base32+Span.swift
[269/1413] Compiling fiat_curve25519_adx_square.S
[271/1413] Compiling DequeModule UniqueDeque+Initializers.swift
[272/1413] Compiling DequeModule UniqueDeque+Insertions.swift
[273/1413] Compiling DequeModule UniqueDeque+Iterable.swift
[274/1413] Compiling DequeModule UniqueDeque+Prepend.swift
[275/1413] Compiling DequeModule UniqueDeque+Removals.swift
[276/1413] Compiling DequeModule UniqueDeque+Consumption.swift
[277/1413] Compiling DequeModule UniqueDeque+ContainerOperations.swift
[278/1413] Compiling DequeModule UniqueDeque+Deprecations.swift
[279/1413] Compiling DequeModule UniqueDeque+Descriptions.swift
[280/1413] Compiling DequeModule UniqueDeque+Equatable.swift
[281/1413] Compiling DequeModule UniqueDeque+Hashable.swift
[282/1413] Compiling DequeModule RigidDeque+Prepend.swift
[283/1413] Compiling DequeModule RigidDeque+Removals.swift
[284/1413] Compiling DequeModule RigidDeque+Replacements.swift
[285/1413] Compiling DequeModule RigidDeque+Testing.swift
[286/1413] Compiling DequeModule RigidDeque.swift
[287/1413] Compiling DequeModule UniqueDeque+Append.swift
[288/1413] Compiling DequeModule _DequeBuffer.swift
[289/1413] Compiling DequeModule _DequeBufferHeader.swift
[290/1413] Compiling DequeModule RigidDeque+Append.swift
[291/1413] Compiling DequeModule RigidDeque+Consumption.swift
[294/1413] Compiling DequeModule Deque+Codable.swift
[295/1413] Compiling DequeModule Deque+Collection.swift
[296/1413] Compiling DequeModule Deque+CustomReflectable.swift
[297/1413] Compiling DequeModule Deque+Descriptions.swift
[298/1413] Compiling DequeModule Deque+Equatable.swift
[299/1413] Compiling DequeModule Deque+ExpressibleByArrayLiteral.swift
[300/1413] Emitting module SystemPackage
[301/1418] Emitting module SwiftASN1
[302/1418] Compiling Logging MetadataProvider.swift
[320/1418] Compiling DequeModule Deque.swift
[327/1418] Compiling DequeModule Deque._UnsafeHandle.swift
[333/1420] Compiling DequeModule Deque+Extras.swift
[334/1420] Compiling DequeModule Deque+Hashable.swift
[335/1420] Compiling DequeModule Deque+Testing.swift
[336/1420] Compiling DequeModule Deque._Storage.swift
[339/1420] Compiling Instrumentation InstrumentationSystem.swift
[340/1420] Emitting module Instrumentation
[341/1420] Compiling Instrumentation Locks.swift
[342/1421] Wrapping AST for SwiftASN1 for debugging
[343/1421] Compiling tls_method.cc
[343/1421] Compiling tls_record.cc
[345/1421] Wrapping AST for Logging for debugging
[346/1429] Wrapping AST for Instrumentation for debugging
[364/1429] Compiling Tracing InstrumentationSystem+Tracing.swift
[365/1429] Emitting module Tracing
[366/1430] Compiling Tracing WithTracer.swift
[367/1430] Compiling Tracing TracingTime.swift
[368/1430] Compiling Tracing TracerProtocol.swift
[369/1430] Emitting module DequeModule
[370/1430] Compiling Tracing NoOpTracer.swift
[371/1430] Compiling Tracing Tracer.swift
[372/1430] Compiling Tracing SpanProtocol.swift
[373/1430] Compiling Tracing TracerProtocol+Legacy.swift
[375/1431] Compiling SystemPackage SystemString.swift
[376/1431] Compiling SystemPackage Util+StringArray.swift
[377/1431] Compiling SystemPackage Util.swift
[378/1431] Compiling SystemPackage UtilConsumers.swift
[379/1431] Compiling SystemPackage WinSDK+Overlay.swift
[380/1432] Compiling tls13_server.cc
[381/1432] Wrapping AST for Tracing for debugging
[382/1432] Wrapping AST for SystemPackage for debugging
[383/1432] Compiling tls13_client.cc
[384/1432] Compiling tls13_both.cc
[385/1432] Compiling tls13_enc.cc
[387/1432] Compiling DequeModule UniqueDeque+Replacements.swift
[388/1432] Compiling DequeModule UniqueDeque.swift
[389/1432] Compiling DequeModule _DequeSlot.swift
[390/1432] Compiling DequeModule _UnsafeDequeHandle.swift
[391/1432] Compiling DequeModule _UnsafeDequeSegments.swift
[392/1433] Compiling ssl_versions.cc
[393/1433] Compiling ssl_transcript.cc
[394/1433] Compiling t1_enc.cc
[396/1476] Compiling Configuration JSONSnapshot.swift
[397/1476] Compiling Configuration PropertyListSnapshot.swift
[398/1476] Compiling Configuration ReloadingFileProvider.swift
[399/1476] Compiling Configuration ReloadingFileProviderMetrics.swift
[400/1476] Compiling Configuration YAMLSnapshot.swift
[401/1476] Compiling Configuration InMemoryProvider.swift
[401/1478] Compiling ssl_lib.cc
[402/1481] Wrapping AST for DequeModule for debugging
[403/1481] Compiling ssl_privkey.cc
[404/1481] Compiling ssl_x509.cc
[406/1481] Emitting module ExtrasBase64
[406/1481] Compiling ssl_session.cc
[407/1481] Compiling ssl_stat.cc
[409/1481] Emitting module Configuration
[409/1481] Compiling ssl_buffer.cc
[410/1481] Compiling ssl_key_share.cc
[412/1481] Compiling ExtrasBase64 Base64+Span.swift
[413/1481] Compiling ExtrasBase64 Base32.swift
[414/1481] Compiling ExtrasBase64 Base64.swift
[415/1482] Compiling ssl_credential.cc
[416/1482] Compiling ssl_file.cc
[417/1513] Wrapping AST for ExtrasBase64 for debugging
[418/1513] Compiling ssl_cipher.cc
[419/1513] Compiling ssl_cert.cc
[421/1513] Compiling GoogleWKT WKTMixin.swift
[422/1513] Compiling GoogleWKT WKTOption.swift
[423/1513] Compiling GoogleWKT WKTValue.swift
[424/1513] Compiling GoogleWKT WKTApi.swift
[425/1513] Compiling GoogleWKT WKTEnum.swift
[426/1513] Compiling GoogleWKT WKTEnumValue.swift
[426/1513] Compiling ssl_asn1.cc
[427/1513] Compiling ssl_aead_ctx.cc
[428/1513] Compiling s3_pkt.cc
[430/1513] Emitting module GoogleWKT
[431/1517] Compiling GoogleWKT UnknownFields.swift
[432/1517] Compiling GoogleWKT WKTAny.swift
[433/1517] Compiling GoogleWKT WKTAnyError.swift
[434/1517] Compiling GoogleWKT WKTBoolValue.swift
[435/1517] Compiling GoogleWKT WKTBytesValue.swift
[436/1517] Compiling Configuration CombineLatestManyStorage.swift
[437/1517] Compiling Configuration AsyncSequences.swift
[438/1517] Compiling Configuration FoundationExtensions.swift
[439/1517] Compiling Configuration Span.swift
[440/1517] Compiling Configuration ConfigBytesFromStringDecoder.swift
[441/1517] Compiling GoogleWKT WKTFloatValue.swift
[442/1517] Compiling GoogleWKT WKTInt32Value.swift
[443/1517] Compiling GoogleWKT WKTInt64Value.swift
[444/1517] Compiling GoogleWKT WKTRecursive.swift
[445/1517] Compiling GoogleWKT AnyPackable.swift
[446/1517] Compiling GoogleWKT DecodeToDefault.swift
[447/1517] Compiling GoogleWKT DiscoveryBase64.swift
[448/1517] Compiling GoogleWKT ProtoJSONDecoder.swift
[449/1517] Compiling GoogleWKT ProtoJSONEncoder.swift
[457/1517] Compiling GoogleWKT WKTStringValue.swift
[458/1517] Compiling GoogleWKT WKTTimestamp.swift
[459/1517] Compiling GoogleWKT WKTUInt32Value.swift
[460/1517] Compiling GoogleWKT WKTUInt64Value.swift
[461/1517] Compiling GoogleWKT WKTField.swift
[462/1517] Compiling GoogleWKT WKTMethod.swift
[465/1517] Compiling GoogleWKT WKTDoubleValue.swift
[466/1517] Compiling GoogleWKT WKTDuration.swift
[467/1517] Compiling GoogleWKT WKTEmpty.swift
[468/1517] Compiling GoogleWKT WKTFieldMask.swift
[469/1517] Compiling Configuration MutableInMemoryProvider.swift
[470/1517] Compiling Configuration ConfigProvider+Operators.swift
[471/1517] Compiling Configuration KeyMappingProvider.swift
[472/1517] Compiling Configuration SecretsSpecifier.swift
[473/1517] Compiling Configuration AsyncCombineLatestManySequence.swift
[474/1517] Compiling Configuration CombineLatestManyStateMachine.swift
[479/1518] Compiling s3_both.cc
[492/1518] Compiling s3_lib.cc
[493/1518] Wrapping AST for Configuration for debugging
[495/1518] Compiling GoogleWKT WKTSourceContext.swift
[496/1518] Compiling GoogleWKT WKTSyntax.swift
[497/1518] Compiling GoogleWKT WKTType.swift
[498/1518] Compiling GoogleWKT PackageVersion.swift
[498/1518] Compiling handshake_server.cc
[499/1518] Compiling handshake.cc
[500/1518] Compiling handshake_client.cc
[507/1519] Compiling handoff.cc
[508/1519] Compiling encrypted_client_hello.cc
[509/1519] Compiling dtls_record.cc
[510/1537] Wrapping AST for GoogleWKT for debugging
[511/1552] Compiling d1_srtp.cc
[512/1552] Compiling dtls_method.cc
[513/1552] Compiling extensions.cc
[514/1552] Compiling md5-x86_64-linux.S
[515/1552] Compiling md5-x86_64-apple.S
[517/1552] Compiling GoogleType PostalAddress.swift
[518/1552] Compiling GoogleType Quaternion.swift
[518/1554] Compiling md5-586-linux.S
[520/1554] Compiling GoogleRpc ResourceInfo.swift
[521/1554] Compiling GoogleType Month.swift
[522/1554] Compiling GoogleRpc QuotaFailure.swift
[523/1554] Compiling GoogleRpc RequestInfo.swift
[523/1554] Compiling md5-586-apple.S
[525/1554] Compiling GoogleRpc Help.swift
[526/1554] Compiling GoogleRpc HttpHeader.swift
[527/1554] Compiling GoogleRpc DebugInfo.swift
[528/1554] Compiling GoogleRpc ErrorInfo.swift
[528/1556] Compiling chacha20_poly1305_x86_64-linux.S
[530/1556] Compiling GoogleRpc LocalizedMessage.swift
[531/1556] Compiling GoogleRpc PackageVersion.swift
[533/1556] Compiling chacha20_poly1305_x86_64-apple.S
[535/1556] Emitting module GoogleType
[535/1556] Compiling chacha20_poly1305_armv8-win.S
[537/1556] Compiling GoogleRpc HttpRequest.swift
[538/1556] Compiling GoogleRpc HttpResponse.swift
[539/1556] Compiling GoogleRpc PreconditionFailure.swift
[539/1556] Compiling chacha20_poly1305_armv8-linux.S
[543/1556] Compiling GoogleRpc BadRequest.swift
[544/1556] Compiling GoogleRpc Code.swift
[546/1556] Compiling err_data.cc
[548/1556] Compiling GoogleType TimeOfDay.swift
[549/1556] Compiling GoogleType TimeZone.swift
[549/1557] Compiling chacha20_poly1305_armv8-apple.S
[551/1557] Compiling chacha-x86_64-linux.S
[552/1557] Compiling chacha-x86_64-apple.S
[560/1557] Emitting module GoogleRpc
[562/1557] Compiling chacha-x86-linux.S
[563/1557] Wrapping AST for GoogleType for debugging
[564/1557] Compiling chacha-x86-apple.S
[565/1557] Compiling chacha-armv8-win.S
[566/1557] Compiling chacha-armv8-apple.S
[567/1557] Compiling chacha-armv8-linux.S
[568/1557] Compiling chacha-armv4-linux.S
[569/1557] Compiling aes128gcmsiv-x86_64-linux.S
[570/1557] Compiling aes128gcmsiv-x86_64-apple.S
[571/1557] Compiling x86_64-mont5-linux.S
[571/1557] Compiling x86_64-mont5-apple.S
[573/1557] Compiling x86_64-mont-linux.S
[575/1557] Compiling GoogleRpc RetryInfo.swift
[576/1557] Compiling GoogleRpc Status.swift
[576/1558] Compiling x86_64-mont-apple.S
[577/1558] Compiling x86-mont-linux.S
[578/1558] Compiling x86-mont-apple.S
[579/1558] Compiling d1_pkt.cc
[580/1558] Compiling bio_ssl.cc
[581/1558] Compiling vpaes-x86_64-linux.S
[583/1558] Compiling vpaes-x86_64-apple.S
[584/1558] Compiling vpaes-x86-apple.S
[585/1558] Compiling d1_lib.cc
[586/1558] Compiling vpaes-armv8-win.S
[587/1558] Compiling vpaes-x86-linux.S
[588/1558] Compiling vpaes-armv7-linux.S
[589/1558] Compiling vpaes-armv8-apple.S
[590/1558] Compiling sha512-x86_64-linux.S
[591/1558] Wrapping AST for GoogleRpc for debugging
[592/1558] Compiling vpaes-armv8-linux.S
[593/1558] Compiling sha512-x86_64-apple.S
[594/1558] Compiling sha512-armv8-win.S
[595/1558] Compiling d1_both.cc
[596/1558] Compiling sha512-armv8-apple.S
[597/1558] Compiling sha512-armv4-linux.S
[598/1558] Compiling sha512-586-linux.S
[599/1558] Compiling sha512-armv8-linux.S
[600/1558] Compiling sha256-armv8-win.S
[601/1558] Compiling sha256-x86_64-linux.S
[602/1558] Compiling sha512-586-apple.S
[603/1558] Compiling sha256-armv8-linux.S
[604/1558] Compiling sha256-armv8-apple.S
[605/1558] Compiling sha256-x86_64-apple.S
[606/1558] Compiling sha256-586-linux.S
[607/1558] Compiling sha256-armv4-linux.S
[608/1558] Compiling sha256-586-apple.S
[609/1558] Compiling sha1-x86_64-apple.S
[610/1558] Compiling sha1-x86_64-linux.S
[611/1558] Compiling sha1-armv8-win.S
[612/1558] Compiling sha1-armv8-apple.S
[613/1558] Compiling sha1-586-linux.S
[614/1558] Compiling sha1-586-apple.S
[615/1558] Compiling sha1-armv4-large-linux.S
[616/1558] Compiling rsaz-avx2-linux.S
[617/1558] Compiling rsaz-avx2-apple.S
[618/1558] Compiling sha1-armv8-linux.S
[619/1558] Compiling rdrand-x86_64-linux.S
[620/1558] Compiling p256_beeu-x86_64-asm-apple.S
[621/1558] Compiling rdrand-x86_64-apple.S
[622/1558] Compiling p256_beeu-x86_64-asm-linux.S
[623/1558] Compiling p256_beeu-armv8-asm-apple.S
[624/1558] Compiling p256-x86_64-asm-apple.S
[625/1558] Compiling p256_beeu-armv8-asm-win.S
[626/1558] Compiling p256-armv8-asm-win.S
[627/1558] Compiling p256_beeu-armv8-asm-linux.S
[628/1558] Compiling p256-x86_64-asm-linux.S
[629/1558] Compiling p256-armv8-asm-apple.S
[630/1558] Compiling ghashv8-armv7-linux.S
[631/1558] Compiling p256-armv8-asm-linux.S
[632/1558] Compiling ghashv8-armv8-linux.S
[633/1558] Compiling ghashv8-armv8-win.S
[634/1558] Compiling ghashv8-armv8-apple.S
[635/1558] Compiling ghash-x86_64-apple.S
[636/1558] Compiling ghash-x86_64-linux.S
[637/1558] Compiling ghash-ssse3-x86_64-linux.S
[638/1558] Compiling ghash-x86-linux.S
[639/1558] Compiling ghash-x86-apple.S
[640/1558] Compiling ghash-ssse3-x86_64-apple.S
[641/1558] Compiling ghash-ssse3-x86-apple.S
[642/1558] Compiling ghash-ssse3-x86-linux.S
[643/1558] Compiling ghash-neon-armv8-win.S
[644/1558] Compiling ghash-neon-armv8-linux.S
[645/1558] Compiling ghash-neon-armv8-apple.S
[646/1558] Compiling co-586-apple.S
[647/1558] Compiling co-586-linux.S
[648/1558] Compiling ghash-armv4-linux.S
[649/1558] Compiling bn-armv8-win.S
[650/1558] Compiling bn-armv8-linux.S
[651/1558] Compiling bsaes-armv7-linux.S
[652/1558] Compiling bn-armv8-apple.S
[653/1558] Compiling bn-586-linux.S
[654/1558] Compiling armv8-mont-win.S
[655/1558] Compiling armv4-mont-linux.S
[656/1558] Compiling aesv8-gcm-armv8-win.S
[657/1558] Compiling bn-586-apple.S
[658/1558] Compiling aesv8-gcm-armv8-apple.S
[659/1558] Compiling aesv8-gcm-armv8-linux.S
[660/1558] Compiling armv8-mont-linux.S
[661/1558] Compiling aesv8-armv8-linux.S
[662/1558] Compiling aesv8-armv8-win.S
[663/1558] Compiling armv8-mont-apple.S
[664/1558] Compiling aesv8-armv7-linux.S
[665/1558] Compiling aesv8-armv8-apple.S
[666/1558] Compiling aesni-x86_64-apple.S
[667/1558] Compiling aesni-x86-apple.S
[668/1558] Compiling aesni-x86-linux.S
[669/1558] Compiling aes-gcm-avx2-x86_64-linux.S
[670/1558] Compiling aesni-gcm-x86_64-apple.S
[670/1558] Compiling aesni-gcm-x86_64-linux.S
[672/1558] Compiling aesni-x86_64-linux.S
[673/1558] Compiling aes-gcm-avx2-x86_64-apple.S
[674/1558] Compiling aes-gcm-avx10-x86_64-linux.S
[675/1558] Compiling aes-gcm-avx10-x86_64-apple.S
[676/1558] Compiling x_val.cc
[677/1558] Compiling x_req.cc
[678/1558] Compiling x_exten.cc
[679/1558] Compiling x_x509a.cc
[680/1558] Compiling x_x509.cc
[681/1558] Compiling x_pubkey.cc
[682/1558] Compiling x_spki.cc
[683/1558] Compiling x_sig.cc
[684/1558] Compiling x_crl.cc
[685/1558] Compiling x_name.cc
[686/1558] Compiling x_attrib.cc
[687/1558] Compiling x509rset.cc
[688/1558] Compiling x509_vfy.cc
[689/1558] Compiling x_algor.cc
[690/1558] Compiling x_all.cc
[690/1558] Compiling x509spki.cc
[692/1558] Compiling x509_v3.cc
[693/1558] Compiling x509cset.cc
[694/1558] Compiling x509name.cc
[695/1558] Compiling x509_txt.cc
[696/1558] Compiling x509_vpm.cc
[697/1558] Compiling x509_trs.cc
[698/1558] Compiling x509_req.cc
[699/1558] Compiling x509_set.cc
[700/1558] Compiling x509_def.cc
[701/1558] Compiling x509_lu.cc
[702/1558] Compiling x509_obj.cc
[703/1558] Compiling x509_d2.cc
[704/1558] Compiling x509_ext.cc
[705/1558] Compiling x509_cmp.cc
[706/1558] Compiling x509_att.cc
[707/1558] Compiling x509.cc
[708/1558] Compiling v3_utl.cc
[709/1558] Compiling v3_skey.cc
[710/1558] Compiling v3_prn.cc
[711/1558] Compiling v3_purp.cc
[712/1558] Compiling v3_pmaps.cc
[713/1558] Compiling v3_ocsp.cc
[714/1558] Compiling v3_ncons.cc
[715/1558] Compiling v3_info.cc
[716/1558] Compiling v3_pcons.cc
[717/1558] Compiling v3_int.cc
[718/1558] Compiling v3_lib.cc
[719/1558] Compiling v3_crld.cc
[720/1558] Compiling v3_ia5.cc
[721/1558] Compiling v3_genn.cc
[722/1558] Compiling v3_conf.cc
[723/1558] Compiling v3_extku.cc
[724/1558] Compiling v3_enum.cc
[725/1558] Compiling v3_cpols.cc
[726/1558] Compiling v3_akeya.cc
[727/1558] Compiling v3_bcons.cc
[728/1558] Compiling v3_akey.cc
[729/1558] Compiling v3_bitst.cc
[730/1558] Compiling t_x509a.cc
[731/1558] Compiling v3_alt.cc
[732/1558] Compiling t_crl.cc
[733/1558] Compiling t_x509.cc
[734/1558] Compiling policy.cc
[735/1558] Compiling t_req.cc
[736/1558] Compiling name_print.cc
[737/1558] Compiling i2d_pr.cc
[738/1558] Compiling rsa_pss.cc
[739/1558] Compiling by_file.cc
[740/1558] Compiling a_sign.cc
[741/1558] Compiling a_digest.cc
[742/1558] Compiling by_dir.cc
[743/1558] Compiling algorithm.cc
[744/1558] Compiling asn1_gen.cc
[745/1558] Compiling pmbtoken.cc
[746/1558] Compiling trust_token.cc
[747/1558] Compiling thread_pthread.cc
[748/1558] Compiling voprf.cc
[749/1558] Compiling a_verify.cc
[750/1558] Compiling stack.cc
[751/1558] Compiling thread_none.cc
[752/1558] Compiling thread_win.cc
[753/1558] Compiling thread.cc
[754/1558] Compiling slhdsa.cc
[755/1558] Compiling sha256.cc
[756/1558] Compiling siphash.cc
[757/1558] Compiling rsa_print.cc
[758/1558] Compiling sha512.cc
[759/1558] Compiling sha1.cc
[760/1558] Compiling spake2plus.cc
[761/1558] Compiling rsa_extra.cc
[762/1558] Compiling rsa_crypt.cc
[763/1558] Compiling rc4.cc
[764/1558] Compiling rsa_asn1.cc
[765/1558] Compiling windows.cc
[766/1558] Compiling refcount.cc
[767/1558] Compiling trusty.cc
[768/1558] Compiling urandom.cc
[769/1558] Compiling ios.cc
[770/1558] Compiling rand.cc
[771/1558] Compiling poly1305_arm_asm.S
[772/1558] Compiling fork_detect.cc
[773/1558] Compiling forkunsafe.cc
[774/1558] Compiling passive.cc
[775/1558] Compiling getentropy.cc
[776/1558] Compiling poly1305_vec.cc
[777/1558] Compiling deterministic.cc
[778/1558] Compiling pool.cc
[779/1558] Compiling poly1305_arm.cc
[780/1558] Compiling pkcs7_x509.cc
[781/1558] Compiling pkcs7.cc
[782/1558] Compiling poly1305.cc
[783/1558] Compiling pkcs8_x509.cc
[784/1558] Compiling pem_xaux.cc
[785/1558] Compiling pem_pkey.cc
[786/1558] Compiling pkcs8.cc
[787/1558] Compiling p5_pbev2.cc
[788/1558] Compiling pem_x509.cc
[789/1558] Compiling pem_pk8.cc
[790/1558] Compiling pem_all.cc
[791/1558] Compiling pem_oth.cc
[792/1558] Compiling pem_lib.cc
[793/1558] Compiling mlkem.cc
[794/1558] Compiling pem_info.cc
[795/1558] Compiling mldsa.cc
[796/1558] Compiling obj_xref.cc
[797/1558] Compiling md5.cc
[798/1558] Compiling mem.cc
[799/1558] Compiling fips_shared_support.cc
[800/1558] Compiling poly_rq_mul.S
[801/1558] Compiling obj.cc
[802/1558] Compiling md4.cc
[803/1558] Compiling lhash.cc
[804/1558] Compiling ex_data.cc
[805/1558] Compiling sign.cc
[806/1558] Compiling scrypt.cc
[807/1558] Compiling pbkdf.cc
[808/1558] Compiling kyber.cc
[809/1558] Compiling print.cc
[810/1558] Compiling hpke.cc
[811/1558] Compiling hrss.cc
[812/1558] Compiling p_rsa_asn1.cc
[813/1558] Compiling p_x25519_asn1.cc
[814/1558] Compiling p_x25519.cc
[815/1558] Compiling p_hkdf.cc
[816/1558] Compiling p_rsa.cc
[817/1558] Compiling p_ed25519.cc
[818/1558] Compiling p_ed25519_asn1.cc
[819/1558] Compiling p_ec.cc
[820/1558] Compiling p_dh_asn1.cc
[821/1558] Compiling p_dh.cc
[822/1558] Compiling p_ec_asn1.cc
[823/1558] Compiling evp.cc
[824/1558] Compiling p_dsa_asn1.cc
[825/1558] Compiling evp_ctx.cc
[826/1558] Compiling err.cc
[827/1558] Compiling evp_asn1.cc
[828/1558] Compiling ecdh.cc
[829/1558] Compiling hash_to_curve.cc
[830/1558] Compiling engine.cc
[831/1558] Compiling ec_derive.cc
[832/1558] Compiling ecdsa_asn1.cc
[833/1558] Compiling dsa.cc
[834/1558] Compiling ec_asn1.cc
[835/1558] Compiling des.cc
[836/1558] Compiling params.cc
[837/1558] Compiling digest_extra.cc
[838/1558] Compiling curve25519_64_adx.cc
[839/1558] Compiling x25519-asm-arm.S
[840/1558] Compiling dsa_asn1.cc
[841/1558] Compiling dh_asn1.cc
[842/1558] Compiling bcm.cc
[843/1558] Compiling cpu_arm_linux.cc
[843/1558] Compiling cpu_intel.cc
[845/1558] Compiling spake25519.cc
[846/1558] Compiling crypto.cc
[847/1558] Compiling curve25519.cc
[848/1558] Compiling cpu_aarch64_sysreg.cc
[849/1558] Compiling cpu_arm_freebsd.cc
[850/1558] Compiling cpu_aarch64_win.cc
[851/1558] Compiling cpu_aarch64_apple.cc
[852/1558] Compiling cpu_aarch64_fuchsia.cc
[853/1558] Compiling cpu_aarch64_openbsd.cc
[854/1558] Compiling conf.cc
[855/1558] Compiling get_cipher.cc
[856/1558] Compiling e_rc4.cc
[857/1558] Compiling cpu_aarch64_linux.cc
[858/1558] Compiling e_tls.cc
[859/1558] Compiling e_des.cc
[860/1558] Compiling tls_cbc.cc
[861/1558] Compiling e_aesctrhmac.cc
[862/1558] Compiling e_null.cc
[863/1558] Compiling e_rc2.cc
[864/1558] Compiling e_aesgcmsiv.cc
[865/1558] Compiling derive_key.cc
[866/1558] Compiling e_chacha20poly1305.cc
[867/1558] Compiling chacha.cc
[868/1558] Compiling unicode.cc
[869/1558] Compiling convert.cc
[870/1558] Compiling buf.cc
[871/1558] Compiling cbb.cc
[872/1558] Compiling cbs.cc
[873/1558] Compiling ber.cc
[874/1558] Compiling asn1_compat.cc
[875/1558] Compiling socket_helper.cc
[876/1558] Compiling bn_asn1.cc
[877/1558] Compiling hexdump.cc
[878/1558] Compiling blake2.cc
[879/1558] Compiling fd.cc
[880/1558] Compiling printf.cc
[881/1558] Compiling socket.cc
[882/1558] Compiling file.cc
[883/1558] Compiling errno.cc
[884/1558] Compiling pair.cc
[885/1558] Compiling connect.cc
[886/1558] Compiling base64.cc
[887/1558] Compiling bio_mem.cc
[888/1558] Compiling tasn_typ.cc
[889/1558] Compiling tasn_utl.cc
[890/1558] Compiling tasn_enc.cc
[891/1558] Compiling tasn_new.cc
[892/1558] Compiling bio.cc
[893/1558] Compiling tasn_fre.cc
[894/1558] Compiling f_int.cc
[895/1558] Compiling f_string.cc
[896/1558] Compiling tasn_dec.cc
[897/1558] Compiling posix_time.cc
[898/1558] Compiling asn1_par.cc
[899/1558] Compiling asn_pack.cc
[900/1558] Compiling a_utctm.cc
[901/1558] Compiling a_type.cc
[902/1558] Compiling a_octet.cc
[903/1558] Compiling a_strnid.cc
[904/1558] Compiling a_strex.cc
[905/1558] Compiling asn1_lib.cc
[906/1558] Compiling a_object.cc
[907/1558] Compiling a_int.cc
[908/1558] Compiling a_time.cc
[909/1558] Compiling a_i2d_fp.cc
[910/1558] Compiling a_mbstr.cc
[911/1558] Compiling a_dup.cc
[912/1558] Compiling CGoogleGaxCRC32C CGoogleGaxCRC32C.c
[913/1558] Compiling fiat_p256_adx_sqr.S
[914/1558] Compiling fiat_p256_adx_mul.S
[915/1558] Compiling a_d2i_fp.cc
[916/1558] Compiling a_bitstr.cc
[916/1558] Compiling fiat_curve25519_adx_square.S
[918/1558] Compiling fiat_curve25519_adx_mul.S
[919/1558] Compiling md5-x86_64-linux.S
[920/1558] Compiling a_gentm.cc
[921/1558] Compiling md5-586-linux.S
[922/1558] Compiling md5-586-apple.S
[923/1558] Compiling md5-x86_64-apple.S
[923/1558] Compiling chacha20_poly1305_x86_64-linux.S
[925/1558] Compiling chacha20_poly1305_x86_64-apple.S
[926/1558] Compiling chacha20_poly1305_armv8-win.S
[927/1558] Compiling chacha20_poly1305_armv8-linux.S
[928/1558] Compiling a_bool.cc
[929/1558] Compiling chacha20_poly1305_armv8-apple.S
[930/1558] Compiling chacha-x86_64-linux.S
[931/1558] Compiling CCryptoBoringSSLShims shims.c
[932/1558] Compiling chacha-x86-apple.S
[932/1558] Compiling chacha-x86-linux.S
[934/1558] Compiling chacha-x86_64-apple.S
[935/1558] Compiling chacha-armv8-win.S
[936/1558] Compiling chacha-armv8-apple.S
[937/1558] Compiling aes128gcmsiv-x86_64-linux.S
[938/1558] Compiling chacha-armv8-linux.S
[939/1558] Compiling chacha-armv4-linux.S
[940/1558] Compiling aes128gcmsiv-x86_64-apple.S
[941/1558] Compiling x86_64-mont-linux.S
[942/1558] Compiling x86_64-mont-apple.S
[943/1558] Compiling x86_64-mont5-linux.S
[944/1558] Compiling x86_64-mont5-apple.S
[945/1558] Compiling x86-mont-apple.S
[946/1558] Compiling x86-mont-linux.S
[947/1558] Compiling vpaes-x86-linux.S
[948/1558] Compiling vpaes-x86_64-apple.S
[949/1558] Compiling vpaes-x86_64-linux.S
[950/1558] Compiling vpaes-armv8-win.S
[951/1558] Compiling vpaes-x86-apple.S
[952/1558] Compiling vpaes-armv8-apple.S
[953/1558] Compiling vpaes-armv8-linux.S
[954/1558] Compiling sha512-x86_64-linux.S
[955/1558] Compiling vpaes-armv7-linux.S
[956/1558] Compiling err_data.cc
[957/1558] Compiling sha512-armv8-win.S
[958/1558] Compiling sha512-x86_64-apple.S
[958/1558] Compiling sha512-armv8-apple.S
[960/1558] Compiling sha512-armv4-linux.S
[961/1558] Compiling sha512-586-apple.S
[962/1558] Compiling sha512-armv8-linux.S
[963/1558] Compiling sha512-586-linux.S
[964/1558] Compiling sha256-armv8-win.S
[965/1558] Compiling sha256-armv8-linux.S
[966/1558] Compiling sha256-x86_64-linux.S
[966/1558] Compiling sha256-x86_64-apple.S
[968/1558] Compiling sha256-armv8-apple.S
[969/1558] Compiling sha256-586-linux.S
[970/1558] Compiling sha256-586-apple.S
[971/1558] Compiling sha256-armv4-linux.S
[972/1558] Compiling sha1-x86_64-linux.S
[973/1558] Compiling sha1-x86_64-apple.S
[974/1558] Compiling sha1-armv8-win.S
[975/1558] Compiling sha1-armv8-apple.S
[976/1558] Compiling sha1-armv4-large-linux.S
[977/1558] Compiling sha1-armv8-linux.S
[978/1558] Compiling sha1-586-apple.S
[979/1558] Compiling sha1-586-linux.S
[980/1558] Compiling rsaz-avx2-linux.S
[981/1558] Compiling rsaz-avx2-apple.S
[982/1558] Compiling rdrand-x86_64-linux.S
[983/1558] Compiling rdrand-x86_64-apple.S
[984/1558] Compiling p256_beeu-x86_64-asm-linux.S
[985/1558] Compiling p256_beeu-x86_64-asm-apple.S
[986/1558] Compiling p256_beeu-armv8-asm-win.S
[987/1558] Compiling p256_beeu-armv8-asm-apple.S
[988/1558] Compiling p256_beeu-armv8-asm-linux.S
[989/1558] Compiling p256-x86_64-asm-apple.S
[990/1558] Compiling p256-x86_64-asm-linux.S
[991/1558] Compiling p256-armv8-asm-win.S
[992/1558] Compiling ghashv8-armv8-win.S
[993/1558] Compiling p256-armv8-asm-linux.S
[993/1558] Compiling p256-armv8-asm-apple.S
[995/1558] Compiling ghashv8-armv8-linux.S
[996/1558] Compiling ghashv8-armv8-apple.S
[997/1558] Compiling ghashv8-armv7-linux.S
[998/1558] Compiling ghash-x86_64-linux.S
[999/1558] Compiling ghash-x86-linux.S
[1000/1558] Compiling ghash-x86_64-apple.S
[1001/1558] Compiling ghash-ssse3-x86_64-apple.S
[1002/1558] Compiling ghash-x86-apple.S
[1003/1558] Compiling ghash-ssse3-x86-linux.S
[1004/1558] Compiling ghash-ssse3-x86_64-linux.S
[1005/1558] Compiling ghash-neon-armv8-win.S
[1006/1558] Compiling ghash-ssse3-x86-apple.S
[1007/1558] Compiling ghash-neon-armv8-linux.S
[1008/1558] Compiling ghash-neon-armv8-apple.S
[1009/1558] Compiling co-586-apple.S
[1010/1558] Compiling ghash-armv4-linux.S
[1011/1558] Compiling co-586-linux.S
[1012/1558] Compiling bn-armv8-win.S
[1013/1558] Compiling bsaes-armv7-linux.S
[1014/1558] Compiling bn-armv8-linux.S
[1015/1558] Compiling bn-armv8-apple.S
[1016/1558] Compiling bn-586-apple.S
[1017/1558] Compiling armv8-mont-win.S
[1018/1558] Compiling armv8-mont-apple.S
[1019/1558] Compiling bn-586-linux.S
[1020/1558] Compiling armv8-mont-linux.S
[1021/1558] Compiling aesv8-gcm-armv8-apple.S
[1022/1558] Compiling armv4-mont-linux.S
[1023/1558] Compiling aesv8-gcm-armv8-win.S
[1024/1558] Compiling aesv8-gcm-armv8-linux.S
[1025/1558] Compiling aesv8-armv8-win.S
[1026/1558] Compiling aesv8-armv8-apple.S
[1027/1558] Compiling aesv8-armv8-linux.S
[1028/1558] Compiling aesv8-armv7-linux.S
[1029/1558] Compiling aesni-x86_64-apple.S
[1030/1558] Compiling aesni-x86_64-linux.S
[1031/1558] Compiling aesni-gcm-x86_64-apple.S
[1032/1558] Compiling aesni-x86-apple.S
[1033/1558] Compiling aesni-x86-linux.S
[1034/1558] Compiling aes-gcm-avx512-x86_64-apple.S
[1035/1558] Compiling aesni-gcm-x86_64-linux.S
[1036/1558] Compiling aes-gcm-avx512-x86_64-linux.S
[1037/1558] Compiling aes-gcm-avx2-x86_64-linux.S
[1038/1558] Compiling aes-gcm-avx2-x86_64-apple.S
[1039/1558] Compiling x_sig.cc
[1040/1558] Compiling x_spki.cc
[1041/1558] Compiling x_x509a.cc
[1042/1558] Compiling xwing.cc
[1043/1558] Compiling c-nioatomics.c
[1044/1558] Compiling x_x509.cc
[1045/1558] Compiling x_pubkey.cc
[1046/1558] Compiling x_req.cc
[1047/1558] Compiling x_name.cc
[1048/1558] Compiling c-atomics.c
[1049/1558] Compiling x_crl.cc
[1051/1565] Compiling NIOConcurrencyHelpers NIOThreadPoolWorkAvailable.swift
[1051/1565] Compiling x509spki.cc
[1052/1565] Compiling x_all.cc
[1054/1565] Compiling NIOConcurrencyHelpers NIOLockedValueBox.swift
[1055/1565] Compiling NIOConcurrencyHelpers NIOLock.swift
[1055/1565] Compiling x509rset.cc
[1056/1565] Compiling x_attrib.cc
[1058/1565] Compiling NIOConcurrencyHelpers lock.swift
[1058/1565] Compiling x_algor.cc
[1060/1565] Compiling NIOConcurrencyHelpers atomics.swift
[1060/1565] Compiling x509name.cc
[1062/1565] Emitting module NIOConcurrencyHelpers
[1063/1565] Compiling NIOConcurrencyHelpers NIOAtomic.swift
[1064/1566] Compiling x509_vfy.cc
[1065/1566] Compiling x509cset.cc
[1066/1566] Compiling x509_trs.cc
[1067/1566] Wrapping AST for NIOConcurrencyHelpers for debugging
[1068/1566] Compiling x509_v3.cc
[1069/1566] Compiling x509_vpm.cc
[1070/1566] Compiling x509_txt.cc
[1071/1566] Compiling x509_set.cc
[1072/1566] Compiling x509_req.cc
[1073/1566] Compiling x509_d2.cc
[1074/1566] Compiling x509_cmp.cc
[1075/1566] Compiling x509_def.cc
[1076/1566] Compiling x509_lu.cc
[1077/1566] Compiling x509_ext.cc
[1078/1566] Compiling x509_obj.cc
[1079/1566] Compiling x509.cc
[1080/1566] Compiling x509_att.cc
[1081/1566] Compiling v3_prn.cc
[1082/1566] Compiling v3_skey.cc
[1083/1566] Compiling v3_purp.cc
[1084/1566] Compiling v3_utl.cc
[1085/1566] Compiling v3_pcons.cc
[1086/1566] Compiling v3_int.cc
[1087/1566] Compiling v3_pmaps.cc
[1088/1566] Compiling v3_ocsp.cc
[1089/1566] Compiling v3_ia5.cc
[1090/1566] Compiling v3_ncons.cc
[1091/1566] Compiling v3_lib.cc
[1092/1566] Compiling v3_info.cc
[1093/1566] Compiling v3_extku.cc
[1094/1566] Compiling v3_genn.cc
[1095/1566] Compiling v3_cpols.cc
[1096/1566] Compiling v3_enum.cc
[1097/1566] Compiling v3_alt.cc
[1098/1566] Compiling v3_akey.cc
[1099/1566] Compiling v3_crld.cc
[1100/1566] Compiling v3_bitst.cc
[1101/1566] Compiling v3_bcons.cc
[1102/1566] Compiling v3_conf.cc
[1103/1566] Compiling t_x509.cc
[1104/1566] Compiling t_req.cc
[1105/1566] Compiling v3_akeya.cc
[1106/1566] Compiling t_x509a.cc
[1107/1566] Compiling i2d_pr.cc
[1108/1566] Compiling t_crl.cc
[1109/1566] Compiling rsa_pss.cc
[1110/1566] Compiling policy.cc
[1111/1566] Compiling name_print.cc
[1112/1566] Compiling by_dir.cc
[1113/1566] Compiling algorithm.cc
[1114/1566] Compiling by_file.cc
[1115/1566] Compiling asn1_gen.cc
[1116/1566] Compiling thread_win.cc
[1117/1566] Compiling pmbtoken.cc
[1118/1566] Compiling thread_pthread.cc
[1119/1566] Compiling thread_none.cc
[1120/1566] Compiling thread.cc
[1121/1566] Compiling stack.cc
[1122/1566] Compiling a_digest.cc
[1123/1566] Compiling voprf.cc
[1124/1566] Compiling a_verify.cc
[1125/1566] Compiling trust_token.cc
[1126/1566] Compiling spake2plus.cc
[1127/1566] Compiling a_sign.cc
[1128/1566] Compiling sha256.cc
[1129/1566] Compiling siphash.cc
[1130/1566] Compiling rsa_crypt.cc
[1131/1566] Compiling slhdsa.cc
[1132/1566] Compiling rsa_extra.cc
[1133/1566] Compiling sha512.cc
[1134/1566] Compiling sha1.cc
[1135/1566] Compiling rc4.cc
[1136/1566] Compiling rsa_print.cc
[1137/1566] Compiling refcount.cc
[1138/1566] Compiling rand.cc
[1139/1566] Compiling windows.cc
[1140/1566] Compiling trusty.cc
[1141/1566] Compiling rsa_asn1.cc
[1142/1566] Compiling urandom.cc
[1143/1566] Compiling forkunsafe.cc
[1144/1566] Compiling poly1305_arm_asm.S
[1145/1566] Compiling passive.cc
[1146/1566] Compiling ios.cc
[1147/1566] Compiling getentropy.cc
[1148/1566] Compiling poly1305_arm.cc
[1149/1566] Compiling deterministic.cc
[1150/1566] Compiling fork_detect.cc
[1151/1566] Compiling pool.cc
[1152/1566] Compiling poly1305.cc
[1153/1566] Compiling poly1305_vec.cc
[1154/1566] Compiling pkcs8_x509.cc
[1155/1566] Compiling pkcs7_x509.cc
[1156/1566] Compiling pem_pkey.cc
[1157/1566] Compiling pem_pk8.cc
[1158/1566] Compiling pkcs7.cc
[1159/1566] Compiling pkcs8.cc
[1160/1566] Compiling p5_pbev2.cc
[1161/1566] Compiling pem_lib.cc
[1162/1566] Compiling pem_xaux.cc
[1163/1566] Compiling pem_oth.cc
[1164/1566] Compiling pem_info.cc
[1165/1566] Compiling pem_x509.cc
[1166/1566] Compiling mldsa.cc
[1167/1566] Compiling pem_all.cc
[1168/1566] Compiling obj_xref.cc
[1169/1566] Compiling mlkem.cc
[1170/1566] Compiling poly_rq_mul.S
[1171/1566] Compiling obj.cc
[1172/1566] Compiling mem.cc
[1173/1566] Compiling fips_shared_support.cc
[1174/1566] Compiling md5.cc
[1175/1566] Compiling fuzzer_mode.cc
[1176/1566] Compiling md4.cc
[1177/1566] Compiling lhash.cc
[1178/1566] Compiling hpke.cc
[1179/1566] Compiling scrypt.cc
[1180/1566] Compiling sign.cc
[1181/1566] Compiling hrss.cc
[1182/1566] Compiling kyber.cc
[1183/1566] Compiling ex_data.cc
[1184/1566] Compiling pbkdf.cc
[1185/1566] Compiling print.cc
[1186/1566] Compiling p_x25519.cc
[1187/1566] Compiling p_x25519_asn1.cc
[1188/1566] Compiling p_ed25519_asn1.cc
[1189/1566] Compiling p_rsa_asn1.cc
[1190/1566] Compiling p_ed25519.cc
[1191/1566] Compiling p_rsa.cc
[1192/1566] Compiling p_hkdf.cc
[1193/1566] Compiling p_ec_asn1.cc
[1194/1566] Compiling p_dh_asn1.cc
[1195/1566] Compiling p_ec.cc
[1196/1566] Compiling p_dh.cc
[1197/1566] Compiling p_dsa_asn1.cc
[1198/1566] Compiling ecdsa_p1363.cc
[1199/1566] Compiling evp_ctx.cc
[1200/1566] Compiling ecdh.cc
[1201/1566] Compiling err.cc
[1202/1566] Compiling engine.cc
[1203/1566] Compiling evp_asn1.cc
[1204/1566] Compiling ec_derive.cc
[1205/1566] Compiling hash_to_curve.cc
[1206/1566] Compiling evp.cc
[1207/1566] Compiling ecdsa_asn1.cc
[1208/1566] Compiling digest_extra.cc
[1209/1566] Compiling params.cc
[1210/1566] Compiling des.cc
[1211/1566] Compiling curve25519_64_adx.cc
[1212/1566] Compiling dsa.cc
[1213/1566] Compiling dsa_asn1.cc
[1214/1566] Compiling x25519-asm-arm.S
[1215/1566] Compiling ec_asn1.cc
[1216/1566] Compiling dh_asn1.cc
[1217/1566] Compiling crypto.cc
[1218/1566] Compiling cpu_arm_linux.cc
[1219/1566] Compiling cpu_intel.cc
[1220/1566] Compiling spake25519.cc
[1221/1566] Compiling cpu_aarch64_apple.cc
[1222/1566] Compiling curve25519.cc
[1223/1566] Compiling tls_cbc.cc
[1224/1566] Compiling conf.cc
[1225/1566] Compiling e_rc4.cc
[1226/1566] Compiling get_cipher.cc
[1227/1566] Compiling e_tls.cc
[1228/1566] Compiling e_des.cc
[1229/1566] Compiling e_chacha20poly1305.cc
[1230/1566] Compiling e_aesgcmsiv.cc
[1231/1566] Compiling e_rc2.cc
[1232/1566] Compiling e_null.cc
[1233/1566] Compiling cms.cc
[1234/1566] Compiling derive_key.cc
[1235/1566] Compiling e_aesctrhmac.cc
[1236/1566] Compiling e_aeseax.cc
[1237/1566] Compiling chacha.cc
[1238/1566] Compiling cbs.cc
[1239/1566] Compiling ber.cc
[1240/1566] Compiling cbb.cc
[1241/1566] Compiling sqrt.cc
[1242/1566] Compiling exponentiation.cc
[1243/1566] Compiling unicode.cc
[1244/1566] Compiling div.cc
[1245/1566] Compiling bn_asn1.cc
[1246/1566] Compiling blake2.cc
[1247/1566] Compiling buf.cc
[1248/1566] Compiling printf.cc
[1249/1566] Compiling convert.cc
[1250/1566] Compiling asn1_compat.cc
[1251/1566] Compiling fd.cc
[1252/1566] Compiling hexdump.cc
[1253/1566] Compiling file.cc
[1254/1566] Compiling pair.cc
[1255/1566] Compiling errno.cc
[1256/1566] Compiling tasn_typ.cc
[1257/1566] Compiling bio.cc
[1258/1566] Compiling bio_mem.cc
[1259/1566] Compiling base64.cc
[1260/1566] Compiling tasn_enc.cc
[1261/1566] Compiling f_string.cc
[1262/1566] Compiling tasn_new.cc
[1263/1566] Compiling tasn_utl.cc
[1264/1566] Compiling posix_time.cc
[1265/1566] Compiling tasn_fre.cc
[1266/1566] Compiling f_int.cc
[1267/1566] Compiling asn_pack.cc
[1268/1566] Compiling a_utctm.cc
[1269/1566] Compiling tasn_dec.cc
[1270/1566] Compiling asn1_lib.cc
[1271/1566] Compiling asn1_par.cc
[1272/1566] Compiling a_strex.cc
[1273/1566] Compiling a_mbstr.cc
[1274/1566] Compiling a_i2d_fp.cc
[1275/1566] Compiling a_int.cc
[1276/1566] Compiling a_type.cc
[1277/1566] Compiling a_octet.cc
[1278/1566] Compiling a_time.cc
[1279/1566] Compiling a_gentm.cc
[1280/1566] Compiling a_dup.cc
[1281/1566] Compiling CAsyncHTTPClient CAsyncHTTPClient.c
[1282/1566] Write sources
[1285/1591] Compiling a_strnid.cc
[1287/1609] Compiling Atomics ManagedAtomic.swift
[1288/1609] Compiling Atomics ManagedAtomicLazyReference.swift
[1288/1611] Compiling a_object.cc
[1290/1611] Compiling Atomics AtomicStorage.swift
[1291/1611] Compiling Atomics AtomicValue.swift
[1292/1611] Compiling Atomics AtomicMemoryOrderings.swift
[1293/1611] Compiling Atomics DoubleWord.swift
[1294/1611] Compiling Atomics Unmanaged extensions.swift
[1295/1611] Compiling Algorithms Stride.swift
[1296/1611] Compiling Algorithms Suffix.swift
[1297/1614] Compiling Atomics IntegerOperations.swift
[1298/1614] Compiling a_d2i_fp.cc
[1300/1614] Compiling Algorithms Trim.swift
[1301/1614] Compiling Algorithms Unique.swift
[1302/1614] Compiling Algorithms Windows.swift
[1303/1614] Compiling Atomics UnsafeAtomic.swift
[1304/1614] Compiling Atomics UnsafeAtomicLazyReference.swift
[1304/1614] Compiling aes.cc
[1305/1614] Compiling a_bitstr.cc
[1306/1614] Compiling a_bool.cc
[1308/1614] Compiling Atomics AtomicInteger.swift
[1309/1614] Compiling Atomics AtomicOptionalWrappable.swift
[1310/1614] Compiling Atomics AtomicReference.swift
[1311/1614] Compiling Atomics IntegerConformances.swift
[1312/1614] Compiling Atomics PointerConformances.swift
[1313/1614] Compiling Atomics Primitives.native.swift
[1315/1614] Compiling Atomics OptionalRawRepresentable.swift
[1316/1614] Compiling Atomics RawRepresentable.swift
[1317/1614] Compiling Atomics AtomicBool.swift
[1321/1614] Compiling Algorithms RandomSample.swift
[1322/1614] Compiling Algorithms Reductions.swift
[1323/1614] Compiling Algorithms Rotate.swift
[1326/1614] Compiling bcm.cc
[1339/1622] Emitting module Atomics
[1340/1628] Wrapping AST for Atomics for debugging
[1342/1687] Compiling CryptoBoringWrapper FiniteFieldArithmeticContext.swift
[1343/1687] Compiling CryptoBoringWrapper RandomBytes.swift
[1344/1687] Compiling CryptoBoringWrapper EllipticCurve.swift
[1345/1687] Compiling CryptoBoringWrapper EllipticCurvePoint.swift
[1346/1687] Compiling CryptoBoringWrapper BoringSSLAEAD.swift
[1347/1687] Emitting module CryptoBoringWrapper
[1348/1687] Compiling CryptoBoringWrapper ArbitraryPrecisionInteger.swift
[1349/1687] Compiling CryptoBoringWrapper CryptoKitErrors_boring.swift
[1351/1688] Emitting module Algorithms
[1353/1689] Compiling NIOCore IPProtocol.swift
[1354/1689] Compiling NIOCore IntegerBitPacking.swift
[1355/1689] Compiling NIOCore IntegerTypes.swift
[1356/1689] Compiling NIOCore Interfaces.swift
[1357/1689] Compiling NIOCore Linux.swift
[1358/1689] Compiling NIOCore MarkedCircularBuffer.swift
[1359/1689] Compiling NIOCore MulticastChannel.swift
[1360/1689] Compiling NIOCore NIOAny.swift
[1361/1689] Compiling NIOCore NIOCloseOnErrorHandler.swift
[1362/1689] Compiling NIOCore NIOCoreSendableMetatype.swift
[1363/1689] Compiling NIOCore NIODecodedAsyncSequence.swift
[1364/1689] Compiling NIOCore NIOLoopBound.swift
[1365/1689] Compiling NIOCore NIOPooledRecvBufferAllocator.swift
[1366/1689] Compiling NIOCore NIOScheduledCallback.swift
[1367/1689] Compiling NIOCore NIOSendable.swift
[1368/1689] Compiling NIOCore NIOSplitLinesMessageDecoder.swift
[1369/1689] Compiling NIOCore NIOTransportAccessibleChannelCore.swift
[1370/1689] Compiling NIOCore RecvByteBufferAllocator.swift
[1370/1697] Wrapping AST for CryptoBoringWrapper for debugging
[1371/1724] Wrapping AST for Algorithms for debugging
[1373/1781] Compiling Crypto ChaChaPoly.swift
[1374/1781] Compiling Crypto Cipher.swift
[1375/1781] Compiling Crypto Nonces.swift
[1376/1781] Compiling Crypto ASN1.swift
[1377/1781] Compiling Crypto ASN1Any.swift
[1378/1781] Compiling Crypto ASN1BitString.swift
[1379/1781] Compiling Crypto ASN1Boolean.swift
[1380/1781] Compiling Crypto ASN1Identifier.swift
[1381/1781] Compiling Crypto ASN1Integer.swift
[1382/1781] Compiling Crypto ASN1Null.swift
[1383/1781] Compiling Crypto ASN1OctetString.swift
[1384/1781] Compiling Crypto ASN1Strings.swift
[1385/1781] Compiling Crypto ArraySliceBigint.swift
[1386/1781] Compiling Crypto GeneralizedTime.swift
[1387/1781] Compiling Crypto ObjectIdentifier.swift
[1388/1781] Compiling Crypto ECDSASignature.swift
[1389/1781] Compiling Crypto PEMDocument.swift
[1390/1781] Compiling Crypto PKCS8PrivateKey.swift
[1391/1781] Compiling Crypto SEC1PrivateKey.swift
[1392/1781] Compiling Crypto SubjectPublicKeyInfo.swift
[1393/1781] Compiling Crypto CryptoError_boring.swift
[1394/1792] Compiling Crypto HPKE-LabeledExtract.swift
[1395/1792] Compiling Crypto HPKE-Utils.swift
[1396/1792] Compiling Crypto DHKEM.swift
[1397/1792] Compiling Crypto HPKE-KEM-Curve25519.swift
[1398/1792] Compiling Crypto HPKE-NIST-EC-KEMs.swift
[1399/1792] Compiling Crypto HPKE-KEM.swift
[1400/1792] Compiling Crypto HPKE-Errors.swift
[1401/1792] Compiling Crypto HPKE.swift
[1402/1792] Compiling Crypto HPKE-Context.swift
[1403/1792] Compiling Crypto HPKE-KeySchedule.swift
[1404/1792] Compiling Crypto HPKE-Modes.swift
[1405/1792] Compiling Crypto Insecure.swift
[1406/1792] Compiling Crypto MACFunctions.swift
[1407/1792] Compiling Crypto MessageAuthenticationCode.swift
[1408/1792] Compiling Crypto AES.swift
[1409/1792] Compiling Crypto ECDSASignature_boring.swift
[1410/1792] Compiling Crypto ECDSA_boring.swift
[1411/1792] Compiling Crypto EdDSA_boring.swift
[1412/1792] Compiling Crypto MLDSA_boring.swift
[1413/1792] Compiling Crypto MLDSA_wrapper.swift
[1414/1792] Compiling Crypto ECDSA.swift
[1415/1792] Compiling Crypto Ed25519.swift
[1416/1792] Compiling Crypto MLDSA.swift
[1426/1792] Compiling Crypto HKDF.swift
[1427/1792] Compiling Crypto AESWrap.swift
[1428/1792] Compiling Crypto AESWrap_boring.swift
[1429/1792] Compiling Crypto Ed25519_boring.swift
[1430/1792] Compiling Crypto NISTCurvesKeys_boring.swift
[1431/1792] Compiling Crypto X25519Keys_boring.swift
[1432/1792] Compiling Crypto Curve25519.swift
[1433/1792] Compiling Crypto Ed25519Keys.swift
[1434/1792] Compiling Crypto NISTCurvesKeys.swift
[1435/1792] Compiling Crypto X25519Keys.swift
[1436/1792] Compiling Crypto SymmetricKeys.swift
[1437/1792] Compiling Crypto HMAC.swift
[1438/1792] Compiling Crypto CryptoKitErrors.swift
[1439/1792] Compiling Crypto Digest_boring.swift
[1440/1792] Compiling Crypto Digest.swift
[1441/1792] Compiling Crypto Digests.swift
[1442/1792] Compiling Crypto HashFunctions.swift
[1443/1792] Compiling Crypto HashFunctions_SHA2.swift
[1444/1792] Compiling Crypto HashFunctions_SHA3.swift
[1445/1792] Compiling Crypto Digest_xkcp.swift
[1446/1792] Compiling Crypto HPKE-AEAD.swift
[1447/1792] Compiling Crypto HPKE-Ciphersuite.swift
[1448/1792] Compiling Crypto HPKE-KDF.swift
[1449/1792] Compiling Crypto HPKE-KexKeyDerivation.swift
[1450/1792] Compiling Crypto AES-GCM.swift
[1451/1792] Compiling Crypto AES-GCM_boring.swift
[1452/1792] Compiling Crypto ChaChaPoly_boring.swift
[1462/1792] Emitting module Crypto
[1471/1792] Compiling Crypto Signature.swift
[1472/1792] Compiling Crypto CryptoKitErrors_boring.swift
[1473/1792] Compiling Crypto Optional+withUnsafeBytes_boring.swift
[1474/1792] Compiling Crypto RNG_boring.swift
[1475/1792] Compiling Crypto SafeCompare_boring.swift
[1476/1792] Compiling Crypto Zeroization_boring.swift
[1477/1792] Compiling Crypto _CryptoModuleAnchor.swift
[1478/1792] Compiling Crypto PrettyBytes.swift
[1479/1792] Compiling Crypto SafeCompare.swift
[1480/1792] Compiling Crypto SecureBytes.swift
[1481/1792] Compiling Crypto Zeroization.swift
[1482/1792] Emitting module NIOCore
[1483/1792] Compiling Crypto Insecure_HashFunctions.swift
[1484/1792] Compiling Crypto MLKEM_boring.swift
[1485/1792] Compiling Crypto MLKEM_wrapper.swift
[1486/1792] Compiling Crypto XWing_boring.swift
[1487/1792] Compiling Crypto KEM-Errors.swift
[1488/1792] Compiling Crypto KEM.swift
[1489/1792] Compiling Crypto MLKEM.swift
[1490/1792] Compiling Crypto XWing.swift
[1491/1792] Compiling Crypto ECDH_boring.swift
[1492/1792] Compiling Crypto DH.swift
[1493/1792] Compiling Crypto ECDH.swift
[1494/1792] Compiling Crypto ANSIx963.swift
[1495/1793] Wrapping AST for Crypto for debugging
[1497/1855] Compiling CryptoExtras ARCServer.swift
[1498/1855] Compiling CryptoExtras ChaCha20CTR_boring.swift
[1499/1855] Compiling CryptoExtras ChaCha20CTR.swift
[1500/1855] Compiling CryptoExtras BoringSSLSHA512256Context.swift
[1501/1855] Compiling CryptoExtras BoringSSLSHA512256HashFunction.swift
[1502/1855] Compiling CryptoExtras SHA512256.swift
[1503/1855] Compiling CryptoExtras SHA512256Digest.swift
[1504/1855] Compiling CryptoExtras Curve25519+PEM.swift
[1505/1855] Compiling CryptoExtras ObjectIdentifier.swift
[1506/1863] Compiling CryptoExtras ThreadOps.swift
[1507/1863] Compiling CryptoExtras ThreadPosix.swift
[1508/1863] Compiling CryptoExtras ThreadSpecific.swift
[1509/1863] Compiling CryptoExtras ThreadWindows.swift
[1510/1863] Compiling CryptoExtras DLEQ.swift
[1511/1863] Compiling CryptoExtras Prover.swift
[1512/1863] Compiling CryptoExtras Verifier.swift
[1513/1863] Compiling CryptoExtras ZKPToolbox.swift
[1514/1863] Compiling CryptoExtras PKCS8DERRepresentation.swift
[1515/1863] Compiling CryptoExtras PKCS8PrivateKey.swift
[1516/1863] Compiling CryptoExtras RFC8410AlgorithmIdentifier.swift
[1517/1863] Compiling CryptoExtras ECToolbox_boring.swift
[1518/1863] Compiling CryptoExtras ECToolbox.swift
[1519/1863] Compiling CryptoExtras HashToField.swift
[1520/1863] Compiling CryptoExtras KDF.swift
[1521/1863] Compiling CryptoExtras PBKDF2_boring.swift
[1522/1863] Compiling CryptoExtras PBKDF2_commoncrypto.swift
[1523/1863] Compiling CryptoExtras PBKDF2.swift
[1524/1863] Compiling CryptoExtras Scrypt_boring.swift
[1525/1863] Compiling CryptoExtras Scrypt.swift
[1526/1863] Compiling CryptoExtras OPRF.swift
[1527/1863] Compiling CryptoExtras OPRFClient.swift
[1528/1863] Compiling CryptoExtras OPRFServer.swift
[1529/1863] Compiling CryptoExtras VOPRF+API.swift
[1530/1863] Compiling CryptoExtras VOPRFClient.swift
[1531/1863] Compiling CryptoExtras VOPRFServer.swift
[1532/1863] Compiling CryptoExtras AES_CBC.swift
[1533/1863] Compiling CryptoExtras AES_CFB.swift
[1534/1863] Compiling CryptoExtras AES_CTR.swift
[1535/1863] Compiling CryptoExtras AES_GCM_SIV.swift
[1536/1863] Compiling CryptoExtras Block Function.swift
[1537/1863] Compiling CryptoExtras AES_CBC_boring.swift
[1538/1863] Compiling CryptoExtras AES_CFB_boring.swift
[1539/1863] Compiling CryptoExtras AES_CTR_boring.swift
[1540/1863] Compiling CryptoExtras AES_GCM_SIV_boring.swift
[1541/1863] Compiling CryptoExtras BoringSSLPassphraseCallbackManager.swift
[1542/1863] Compiling CryptoExtras RSA+BlindSigning.swift
[1543/1863] Compiling CryptoExtras RSA.swift
[1544/1863] Compiling CryptoExtras RSA_boring.swift
[1545/1863] Compiling CryptoExtras Reexport.swift
[1546/1863] Compiling CryptoExtras Zeroization_boring.swift
[1547/1863] Compiling CryptoExtras BoringSSLHelpers.swift
[1548/1863] Compiling CryptoExtras CryptoKitErrors_boring.swift
[1549/1863] Compiling CryptoExtras Data+Extensions.swift
[1550/1863] Compiling CryptoExtras DigestType.swift
[1551/1863] Compiling CryptoExtras Error.swift
[1552/1863] Compiling CryptoExtras I2OSP.swift
[1553/1863] Compiling CryptoExtras IntegerEncoding.swift
[1554/1863] Compiling CryptoExtras PEMDocument.swift
[1555/1863] Compiling CryptoExtras PrettyBytes.swift
[1556/1863] Compiling CryptoExtras SubjectPublicKeyInfo.swift
[1557/1863] Compiling CryptoExtras CMAC.swift
[1558/1863] Compiling CryptoExtras ARC+API.swift
[1559/1863] Compiling CryptoExtras ARC.swift
[1560/1863] Compiling CryptoExtras ARCCredential.swift
[1561/1863] Compiling CryptoExtras ARCEncoding.swift
[1562/1863] Compiling CryptoExtras ARCPrecredential.swift
[1563/1863] Compiling CryptoExtras ARCPresentation.swift
[1564/1863] Compiling CryptoExtras ARCRequest.swift
[1565/1863] Compiling CryptoExtras ARCResponse.swift
[1566/1863] Emitting module CryptoExtras
[1567/1866] Wrapping AST for CryptoExtras for debugging
[1569/1866] Compiling _CryptoExtras Exports.swift
[1570/1866] Emitting module _CryptoExtras
[1571/1867] Wrapping AST for _CryptoExtras for debugging
[1573/1962] Compiling X509 DomainComponent.swift
[1574/1962] Compiling X509 EmailAddress.swift
[1575/1962] Compiling X509 LocalityName.swift
[1576/1962] Compiling X509 OrganizationName.swift
[1577/1962] Compiling X509 OrganizationalUnitName.swift
[1578/1962] Compiling X509 StateOrProvinceName.swift
[1579/1962] Compiling X509 StreetAddress.swift
[1580/1962] Compiling X509 Error.swift
[1581/1962] Compiling X509 AuthorityInformationAccess.swift
[1582/1962] Compiling X509 CertificationRequestInfo.swift
[1583/1962] Compiling X509 ExtensionRequest.swift
[1584/1962] Compiling X509 Certificate.swift
[1585/1962] Compiling X509 CertificatePrivateKey.swift
[1586/1962] Compiling X509 CertificatePublicKey.swift
[1587/1962] Compiling X509 CertificateSerialNumber.swift
[1588/1962] Compiling X509 CertificateVersion.swift
[1589/1962] Compiling X509 CMSAttribute.swift
[1590/1962] Compiling X509 CMSContentInfo.swift
[1591/1962] Compiling X509 AuthorityKeyIdentifier.swift
[1592/1962] Compiling X509 BasicConstraints.swift
[1593/1962] Compiling X509 ExtendedKeyUsage.swift
[1594/1962] Compiling X509 ExtensionIdentifiers.swift
[1595/1962] Compiling X509 KeyUsage.swift
[1596/1962] Compiling X509 CSRAttribute.swift
[1597/1962] Compiling X509 CSRAttributes.swift
[1598/1962] Compiling X509 CSRVersion.swift
[1599/1962] Compiling X509 CertificateSigningRequest.swift
[1600/1963] Wrapping AST for NIOCore for debugging
[1602/2020] Compiling NIOFoundationEssentialsCompat Codable+ByteBuffer.swift
[1603/2020] Emitting module NIOEmbedded
[1604/2020] Compiling NIOEmbedded AsyncTestingChannel.swift
[1605/2020] Compiling NIOFoundationEssentialsCompat ByteBuffer-foundation.swift
[1606/2020] Emitting module NIOFoundationEssentialsCompat
[1607/2021] Wrapping AST for NIOFoundationEssentialsCompat for debugging
[1609/2021] Compiling NIOEmbedded AsyncTestingEventLoop.swift
[1610/2021] Compiling NIOEmbedded Embedded.swift
[1611/2022] Wrapping AST for NIOEmbedded for debugging
[1613/2022] Compiling X509 OneOfPolicies.swift
[1614/2022] Compiling X509 PolicyBuilder.swift
[1615/2022] Compiling X509 BasicConstraintsPolicy.swift
[1616/2022] Compiling X509 DNSNames.swift
[1617/2022] Compiling X509 ExpiryPolicy.swift
[1618/2022] Compiling X509 IPConstraints.swift
[1619/2022] Compiling X509 NameConstraintsPolicy.swift
[1620/2022] Compiling X509 RFC5280Policy.swift
[1621/2022] Compiling X509 URIConstraints.swift
[1622/2022] Compiling X509 VersionPolicy.swift
[1623/2022] Compiling X509 ServerIdentityPolicy.swift
[1624/2022] Compiling X509 TrustRootLoading.swift
[1625/2022] Compiling X509 UnverifiedChain.swift
[1626/2035] Compiling X509 PKCS8PrivateKey.swift
[1627/2035] Compiling X509 PromiseAndFuture.swift
[1628/2035] Compiling X509 RDNAttribute.swift
[1629/2035] Compiling X509 RandomNumberGenerator+bytes.swift
[1630/2035] Compiling X509 RelativeDistinguishedName.swift
[1631/2035] Compiling X509 SEC1PrivateKey.swift
[1632/2035] Compiling X509 SecKeyWrapper.swift
[1633/2035] Compiling X509 Signature.swift
[1634/2035] Compiling X509 SignatureAlgorithm.swift
[1635/2035] Compiling X509 AllOfPolicies.swift
[1636/2035] Compiling X509 AnyPolicy.swift
[1637/2035] Compiling X509 CertificateStore.swift
[1638/2035] Compiling X509 CustomCertificateStore.swift
[1639/2035] Compiling X509 OCSPExtensionID.swift
[1640/2035] Compiling X509 OCSPNonce.swift
[1641/2035] Compiling X509 OCSPPolicy.swift
[1642/2035] Compiling X509 OCSPRequest.swift
[1643/2035] Compiling X509 OCSPResponse.swift
[1644/2035] Compiling X509 OCSPResponseBytes.swift
[1645/2035] Compiling X509 OCSPResponseData.swift
[1646/2035] Compiling X509 OCSPResponseStatus.swift
[1647/2035] Compiling X509 OCSPSignature.swift
[1648/2035] Compiling X509 OCSPSingleRequest.swift
[1649/2035] Compiling X509 OCSPSingleResponse.swift
[1650/2035] Compiling X509 OCSPTBSRequest.swift
[1651/2035] Compiling X509 OCSPVersion.swift
[1652/2035] Compiling NIOPosix BaseStreamSocketChannel.swift
[1653/2035] Compiling NIOPosix Bootstrap.swift
[1654/2035] Compiling NIOPosix ControlMessage.swift
[1655/2035] Compiling NIOPosix DatagramVectorReadManager.swift
[1656/2035] Compiling NIOPosix Errors+Any.swift
[1657/2035] Compiling NIOPosix FileDescriptor.swift
[1658/2035] Compiling NIOPosix GetaddrinfoResolver.swift
[1659/2035] Compiling NIOPosix BSDSocketAPICommon.swift
[1660/2035] Compiling NIOPosix BSDSocketAPIPosix.swift
[1661/2035] Compiling NIOPosix BSDSocketAPIWindows.swift
[1662/2035] Compiling NIOPosix BaseSocket.swift
[1663/2035] Compiling NIOPosix BaseSocketChannel+AccessibleTransport.swift
[1664/2035] Compiling NIOPosix BaseSocketChannel+SocketOptionProvider.swift
[1665/2035] Compiling NIOPosix BaseSocketChannel.swift
[1666/2035] Compiling NIOPosix System.swift
[1667/2035] Compiling NIOPosix PipeChannel.swift
[1668/2035] Compiling NIOPosix PipePair.swift
[1669/2035] Compiling NIOPosix Pool.swift
[1670/2035] Compiling NIOPosix PosixSingletons+ConcurrencyTakeOver.swift
[1671/2035] Compiling NIOPosix PosixSingletons.swift
[1672/2035] Compiling NIOPosix RawSocketBootstrap.swift
[1673/2035] Compiling NIOPosix Resolver.swift
[1674/2035] Compiling X509 CustomPrivateKey.swift
[1675/2035] Compiling X509 Digests.swift
[1676/2035] Compiling X509 DistinguishedName.swift
[1677/2035] Compiling X509 CommonName.swift
[1678/2035] Compiling X509 CountryName.swift
[1679/2035] Compiling X509 DNBuilder.swift
[1680/2035] Compiling NIOPosix Selectable.swift
[1681/2035] Compiling NIOPosix SelectableChannel.swift
[1682/2035] Compiling NIOPosix SelectableEventLoop.swift
[1683/2035] Compiling NIOPosix SelectorEpoll.swift
[1684/2035] Compiling NIOPosix SelectorGeneric.swift
[1685/2035] Compiling NIOPosix SelectorKqueue.swift
[1686/2035] Compiling NIOPosix SelectorUring.swift
[1687/2035] Compiling NIOPosix SelectorWSAPoll.swift
[1688/2035] Compiling NIOPosix ServerSocket.swift
[1689/2035] Compiling NIOPosix Socket.swift
[1690/2035] Compiling NIOPosix SocketChannel.swift
[1691/2035] Compiling NIOPosix SocketProtocols.swift
[1692/2035] Compiling NIOPosix StructuredConcurrencyHelpers.swift
[1693/2035] Compiling NIOPosix HappyEyeballs.swift
[1694/2035] Compiling NIOPosix IO.swift
[1695/2035] Compiling NIOPosix IntegerBitPacking.swift
[1696/2035] Compiling NIOPosix IntegerTypes.swift
[1697/2035] Compiling NIOPosix Linux.swift
[1698/2035] Compiling NIOPosix LinuxCPUSet.swift
[1699/2035] Compiling NIOPosix LinuxUring.swift
[1700/2035] Compiling NIOPosix MultiThreadedEventLoopGroup.swift
[1701/2035] Compiling NIOPosix NIOPosixSendableMetatype.swift
[1702/2035] Compiling NIOPosix NIORandomizedDNSResolver.swift
[1703/2035] Compiling NIOPosix NIOThreadPool.swift
[1704/2035] Compiling NIOPosix NonBlockingFileIO.swift
[1705/2035] Compiling NIOPosix PendingDatagramWritesManager.swift
[1706/2035] Compiling NIOPosix PendingWritesManager.swift
[1707/2035] Emitting module NIOPosix
[1743/2042] Compiling NIOPosix Thread.swift
[1744/2042] Compiling NIOPosix ThreadPosix.swift
[1745/2042] Compiling NIOPosix ThreadWindows.swift
[1746/2042] Compiling NIOPosix Utilities.swift
[1747/2042] Compiling NIOPosix VsockAddress.swift
[1748/2042] Compiling NIOPosix VsockChannelEvents.swift
[1749/2042] Compiling NIOPosix Windows.swift
[1750/2042] Emitting module X509
[1765/2043] Wrapping AST for NIOPosix for debugging
[1767/2045] Emitting module NIO
[1768/2045] Compiling NIO Exports.swift
[1769/2068] Wrapping AST for NIO for debugging
[1771/2085] Compiling NIOTLS TLSEvents.swift
[1772/2085] Compiling NIOFoundationCompat WaitSpinningRunLoop.swift
[1773/2085] Compiling NIOFoundationCompat Exports.swift
[1774/2085] Compiling NIOFoundationCompat JSONSerialization+ByteBuffer.swift
[1775/2085] Compiling NIOSOCKS SelectedAuthenticationMethod.swift
[1776/2086] Emitting module NIOFoundationCompat
[1777/2087] Compiling NIOSOCKS ClientStateMachine.swift
[1778/2087] Compiling NIOHTTP1 HTTPHeaderValidator.swift
[1779/2087] Compiling NIOHTTP1 HTTPHeaders+Validation.swift
[1780/2087] Emitting module NIOSOCKS
[1781/2087] Compiling NIOHTTP1 HTTPPipelineSetup.swift
[1782/2087] Compiling NIOHTTP1 ByteCollectionUtils.swift
[1784/2087] Emitting module NIOTLS
[1785/2087] Compiling NIOTLS ApplicationProtocolNegotiationHandler.swift
[1786/2087] Compiling NIOTLS NIOTypedApplicationProtocolNegotiationHandler.swift
[1787/2087] Compiling NIOSOCKS SOCKSResponse.swift
[1787/2087] Wrapping AST for NIOFoundationCompat for debugging
[1789/2087] Compiling NIOTLS ProtocolNegotiationHandlerStateMachine.swift
[1790/2087] Compiling NIOSOCKS ServerStateMachine.swift
[1791/2087] Compiling X509 ValidatedCertificateChain.swift
[1792/2087] Compiling X509 VerificationDiagnostic.swift
[1793/2087] Compiling X509 Verifier.swift
[1794/2087] Compiling X509 VerifierPolicy.swift
[1795/2087] Compiling X509 AlgorithmIdentifier.swift
[1796/2087] Compiling X509 ECDSASignature.swift
[1797/2087] Compiling X509 RSAPKCS1PublicKey.swift
[1798/2087] Compiling X509 SubjectPublicKeyInfo.swift
[1799/2087] Compiling X509 TBSCertificate.swift
[1800/2087] Compiling X509 Time.swift
[1801/2087] Compiling X509 TimeCalculations.swift
[1802/2087] Compiling X509 Validity.swift
[1803/2087] Compiling X509 X509SendableMetatype.swift
[1805/2088] Compiling NIOTLS SNIHandler.swift
[1806/2090] Wrapping AST for X509 for debugging
[1807/2138] Wrapping AST for NIOTLS for debugging
[1809/2156] Compiling JWTKit ECDSA.swift
[1810/2156] Compiling JWTKit ECDSACurve.swift
[1811/2156] Compiling JWTKit ECDSACurveType.swift
[1812/2156] Compiling JWTKit ECDSAError.swift
[1813/2187] Wrapping AST for NIOSOCKS for debugging
[1815/2187] Compiling NIOSSL AndroidCABundle.swift
[1816/2187] Compiling NIOSSL ByteBufferBIO.swift
[1817/2187] Compiling NIOSSL CustomPrivateKey.swift
[1818/2189] Compiling NIOSSL ObjectIdentifier.swift
[1819/2189] Compiling NIOSSL PosixPort.swift
[1820/2189] Compiling NIOSSL SSLConnection.swift
[1821/2189] Compiling NIOSSL NIOSSLServerHandler.swift
[1822/2189] Compiling JWTKit MLDSAType.swift
[1823/2189] Compiling JWTKit JWTKeyCollection+UnsecuredNone.swift
[1824/2189] Compiling JWTKit UnsecuredNoneSigner.swift
[1825/2189] Compiling JWTKit JWTKeyCollection+RSA.swift
[1826/2189] Compiling JWTKit RSA.swift
[1827/2189] Compiling JWTKit RSAError.swift
[1828/2189] Compiling JWTKit RSASigner.swift
[1829/2189] Compiling JWTKit Base64URL.swift
[1830/2189] Compiling JWTKit CryptoSigner.swift
[1831/2198] Emitting module JWTKit
[1832/2198] Compiling JWTKit JWTSerializer.swift
[1833/2198] Compiling JWTKit JWTSigner.swift
[1834/2198] Compiling JWTKit JWTKeyCollection+MLDSA.swift
[1835/2198] Compiling JWTKit MLDSA.swift
[1836/2198] Compiling JWTKit MLDSA65+MLDSAKey.swift
[1837/2198] Compiling JWTKit MLDSA87+MLDSAKey.swift
[1838/2198] Compiling JWTKit MLDSAError.swift
[1839/2198] Compiling JWTKit MLDSAKey.swift
[1840/2198] Compiling JWTKit MLDSASigner.swift
[1841/2198] Compiling JWTKit JWTAlgorithm.swift
[1842/2198] Compiling JWTKit JWTError.swift
[1843/2198] Compiling JWTKit JWTHeader+CommonFields.swift
[1844/2198] Compiling JWTKit JWTHeader.swift
[1845/2198] Compiling JWTKit JWTHeaderField.swift
[1846/2198] Compiling JWTKit JWTKeyCollection.swift
[1847/2198] Compiling JWTKit JWTParser+MandatoryVerificationFields.swift
[1848/2198] Compiling JWTKit JWTParser.swift
[1849/2198] Compiling JWTKit JWTPayload.swift
[1850/2198] Compiling NIOSSL NIOSSLClientHandler.swift
[1851/2198] Compiling NIOSSL NIOSSLHandler+Configuration.swift
[1852/2198] Compiling NIOSSL NIOSSLHandler.swift
[1853/2198] Compiling NIOSSL SSLCertificate.swift
[1854/2198] Compiling NIOSSL SSLCertificateExtensions.swift
[1855/2198] Compiling NIOSSL SSLCertificateName.swift
[1856/2198] Compiling NIOHTTP1 NIOTypedHTTPServerUpgradeHandler.swift
[1857/2198] Compiling NIOHTTP1 NIOTypedHTTPServerUpgraderStateMachine.swift
[1866/2198] Compiling NIOSSL SSLErrors.swift
[1867/2198] Compiling NIOSSL SSLInit.swift
[1871/2198] Compiling NIOSSL FreeBSDCABundle.swift
[1872/2198] Compiling NIOSSL IdentityVerification.swift
[1873/2198] Compiling NIOSSL LinuxCABundle.swift
[1878/2198] Compiling NIOSSL SSLPKCS12Bundle.swift
[1879/2198] Compiling NIOSSL SSLPrivateKey.swift
[1880/2198] Compiling NIOSSL SSLPublicKey.swift
[1881/2198] Compiling NIOSSL SecurityFrameworkCertificateVerification.swift
[1882/2198] Compiling NIOSSL String+unsafeUninitializedCapacity.swift
[1883/2198] Compiling NIOSSL SubjectAlternativeName.swift
[1884/2198] Compiling NIOSSL NIOSSLSecureBytes.swift
[1885/2198] Compiling NIOSSL RNG.swift
[1886/2198] Compiling NIOSSL SafeCompare.swift
[1887/2198] Compiling JWTKit JWTKeyCollection+EdDSA.swift
[1888/2198] Compiling JWTKit HMAC.swift
[1889/2198] Compiling JWTKit HMACError.swift
[1890/2198] Compiling JWTKit HMACSigner.swift
[1891/2198] Compiling JWTKit JWTKeyCollection+HMAC.swift
[1892/2198] Compiling JWTKit Insecure.swift
[1893/2198] Compiling JWTKit JWK.swift
[1894/2198] Compiling JWTKit JWKIdentifier.swift
[1895/2198] Compiling JWTKit JWKS.swift
[1896/2198] Compiling JWTKit JWKSigner.swift
[1897/2198] Emitting module NIOHTTP1
[1906/2203] Wrapping AST for NIOHTTP1 for debugging
[1908/2213] Compiling JWTKit CustomizedJSONCoders.swift
[1909/2213] Compiling JWTKit Utilities.swift
[1910/2213] Compiling JWTKit AppleIdentityToken.swift
[1911/2213] Compiling JWTKit FirebaseAuthIdentityToken.swift
[1912/2213] Compiling JWTKit GoogleIdentityToken.swift
[1913/2213] Compiling JWTKit MicrosoftIdentityToken.swift
[1914/2213] Compiling JWTKit EmptyPolicy.swift
[1915/2213] Compiling JWTKit ValidationTimePayload.swift
[1916/2213] Compiling JWTKit X5CVerifier.swift
[1925/2221] Wrapping AST for JWTKit for debugging
[1927/2221] Emitting module NIOSSL
[1928/2221] Compiling NIOHPACK HeaderTables.swift
[1932/2221] Compiling NIOHPACK IndexedHeaderTable.swift
[1933/2222] Compiling NIOHPACK IntegerCoding.swift
[1934/2222] Compiling NIOHPACK HuffmanTables.swift
[1935/2222] Emitting module NIOHTTPCompression
[1936/2222] Compiling NIOHTTPCompression HTTPCompression.swift
[1937/2222] Emitting module NIOHPACK
[1938/2222] Compiling NIOHPACK HuffmanCoding.swift
[1939/2222] Compiling NIOHPACK StaticHeaderTable.swift
[1940/2222] Compiling NIOHPACK HPACKEncoder.swift
[1941/2222] Compiling NIOHPACK HPACKErrors.swift
[1942/2222] Compiling NIOHPACK DynamicHeaderTable.swift
[1943/2222] Compiling NIOHPACK HPACKDecoder.swift
[1944/2222] Compiling NIOHTTPCompression HTTPRequestCompressor.swift
[1945/2222] Compiling NIOHTTPCompression HTTPDecompression.swift
[1946/2222] Compiling NIOHTTPCompression HTTPDecompressor.swift
[1947/2222] Compiling NIOHTTPCompression HTTPResponseCompressor.swift
[1961/2223] Compiling NIOHPACK HPACKHeader.swift
[1962/2224] Wrapping AST for NIOHTTPCompression for debugging
[1964/2224] Wrapping AST for NIOHPACK for debugging
[1966/2224] Compiling NIOSSL Zeroization.swift
[1967/2224] Compiling NIOSSL TLSConfiguration.swift
[1968/2224] Compiling NIOSSL UniversalBootstrapSupport.swift
[1969/2224] Compiling NIOSSL UnsafeKeyAndChainTarget.swift
[1970/2288] Wrapping AST for NIOSSL for debugging
[1972/2288] Compiling NIOHTTP2 HasFlowControlWindows.swift
[1973/2288] Compiling NIOHTTP2 HasLocalSettings.swift
[1974/2288] Compiling NIOHTTP2 HasRemoteSettings.swift
[1975/2288] Compiling NIOHTTP2 LocallyQuiescingState.swift
[1976/2288] Compiling NIOHTTP2 QuiescingState.swift
[1977/2288] Compiling NIOHTTP2 RemotelyQuiescingState.swift
[1978/2288] Compiling NIOHTTP2 SendAndReceiveGoawayState.swift
[1979/2288] Compiling NIOHTTP2 StateMachineResult.swift
[1980/2288] Compiling NIOHTTP2 ContentLengthVerifier.swift
[1981/2296] Compiling NIOHTTP2 DOSHeuristics.swift
[1982/2296] Compiling NIOHTTP2 Error+Any.swift
[1983/2296] Compiling NIOHTTP2 ConcurrentStreamBuffer.swift
[1984/2296] Compiling NIOHTTP2 ControlFrameBuffer.swift
[1985/2296] Compiling NIOHTTP2 OutboundFlowControlBuffer.swift
[1986/2296] Compiling NIOHTTP2 OutboundFrameBuffer.swift
[1987/2296] Compiling NIOHTTP2 GlitchesMonitor.swift
[1988/2296] Compiling NIOHTTP2 HPACKHeaders+Validation.swift
[1989/2296] Compiling NIOHTTP2 HTTP2ChannelHandler+InboundStreamMultiplexer.swift
[1990/2296] Compiling NIOHTTP2 MaySendFrames.swift
[1991/2296] Compiling NIOHTTP2 SendingDataState.swift
[1992/2296] Compiling NIOHTTP2 SendingGoawayState.swift
[1993/2296] Compiling NIOHTTP2 SendingHeadersState.swift
[1994/2296] Compiling NIOHTTP2 SendingPushPromiseState.swift
[1995/2296] Compiling NIOHTTP2 SendingRstStreamState.swift
[1996/2296] Compiling NIOHTTP2 SendingWindowUpdateState.swift
[1997/2296] Compiling NIOHTTP2 HTTP2SettingsState.swift
[1998/2296] Compiling NIOHTTP2 HasExtendedConnectSettings.swift
[1999/2296] Compiling NIOHTTP2 HTTP2StreamMultiplexer.swift
[2000/2296] Compiling NIOHTTP2 HTTP2ToHTTP1Codec.swift
[2001/2296] Compiling NIOHTTP2 HTTP2UserEvents.swift
[2002/2296] Compiling NIOHTTP2 InboundEventBuffer.swift
[2003/2296] Compiling NIOHTTP2 InboundWindowManager.swift
[2004/2296] Compiling NIOHTTP2 MultiplexerAbstractChannel.swift
[2005/2296] Compiling NIOHTTP2 NIOHTTP2FrameDelegate.swift
[2006/2296] Compiling NIOHTTP2 NIOHTTP2ServerConnectionManagementHandler+StateMachine.swift
[2007/2296] Compiling NIOHTTP2 NIOHTTP2ServerConnectionManagementHandler.swift
[2008/2296] Compiling NIOHTTP2 StreamChannelFlowController.swift
[2009/2296] Compiling NIOHTTP2 StreamChannelList.swift
[2010/2296] Compiling NIOHTTP2 StreamMap.swift
[2011/2296] Compiling NIOHTTP2 StreamStateMachine.swift
[2012/2296] Compiling NIOHTTP2 Timer.swift
[2013/2296] Compiling NIOHTTP2 UnsafeTransfer.swift
[2014/2296] Compiling NIOHTTP2 WatermarkedFlowController.swift
[2015/2296] Emitting module NIOHTTP2
[2016/2296] Compiling NIOHTTP2 ConnectionStateMachine.swift
[2017/2296] Compiling NIOHTTP2 ConnectionStreamsState.swift
[2018/2296] Compiling NIOHTTP2 MayReceiveFrames.swift
[2019/2296] Compiling NIOHTTP2 ReceivingDataState.swift
[2020/2296] Compiling NIOHTTP2 ReceivingGoAwayState.swift
[2021/2296] Compiling NIOHTTP2 ReceivingHeadersState.swift
[2022/2296] Compiling NIOHTTP2 ReceivingPushPromiseState.swift
[2023/2296] Compiling NIOHTTP2 ReceivingRstStreamState.swift
[2024/2296] Compiling NIOHTTP2 ReceivingWindowUpdateState.swift
[2025/2296] Compiling NIOHTTP2 HTTP2FrameParser.swift
[2026/2296] Compiling NIOHTTP2 HTTP2PingData.swift
[2027/2296] Compiling NIOHTTP2 HTTP2PipelineHelpers.swift
[2028/2296] Compiling NIOHTTP2 HTTP2Settings.swift
[2029/2296] Compiling NIOHTTP2 HTTP2Stream.swift
[2030/2296] Compiling NIOHTTP2 HTTP2StreamChannel+OutboundStreamMultiplexer.swift
[2031/2296] Compiling NIOHTTP2 HTTP2StreamChannel.swift
[2032/2296] Compiling NIOHTTP2 HTTP2StreamDelegate.swift
[2033/2296] Compiling NIOHTTP2 HTTP2StreamID.swift
[2034/2296] Compiling NIOHTTP2 HTTP2ChannelHandler+InlineStreamMultiplexer.swift
[2035/2296] Compiling NIOHTTP2 HTTP2ChannelHandler.swift
[2036/2296] Compiling NIOHTTP2 HTTP2CommonInboundStreamMultiplexer.swift
[2037/2296] Compiling NIOHTTP2 HTTP2ConnectionStateChange.swift
[2038/2296] Compiling NIOHTTP2 HTTP2Error.swift
[2039/2296] Compiling NIOHTTP2 HTTP2ErrorCode.swift
[2040/2296] Compiling NIOHTTP2 HTTP2FlowControlWindow.swift
[2041/2296] Compiling NIOHTTP2 HTTP2Frame.swift
[2042/2296] Compiling NIOHTTP2 HTTP2FrameEncoder.swift
[2043/2297] Wrapping AST for NIOHTTP2 for debugging
[2045/2361] Emitting module AsyncHTTPClient
[2046/2369] Compiling AsyncHTTPClient HTTPClientResponse.swift
[2047/2369] Compiling AsyncHTTPClient SingleIteratorPrecondition.swift
[2048/2369] Compiling AsyncHTTPClient Transaction+StateMachine.swift
[2049/2369] Compiling AsyncHTTPClient Transaction.swift
[2050/2369] Compiling AsyncHTTPClient Base64.swift
[2051/2369] Compiling AsyncHTTPClient BasicAuth.swift
[2052/2369] Compiling AsyncHTTPClient BestEffortHashableTLSConfiguration.swift
[2053/2369] Compiling AsyncHTTPClient Configuration+BrowserLike.swift
[2054/2369] Compiling AsyncHTTPClient ConnectionPool.swift
[2055/2369] Compiling AsyncHTTPClient RequestOptions.swift
[2056/2369] Compiling AsyncHTTPClient HTTPConnectionPool+Backoff.swift
[2057/2369] Compiling AsyncHTTPClient HTTPConnectionPool+HTTP1Connections.swift
[2058/2369] Compiling AsyncHTTPClient HTTPConnectionPool+HTTP1StateMachine.swift
[2059/2369] Compiling AsyncHTTPClient HTTPConnectionPool+HTTP2Connections.swift
[2060/2369] Compiling AsyncHTTPClient HTTPConnectionPool+HTTP2StateMachine.swift
[2061/2369] Compiling AsyncHTTPClient HTTPConnectionPool+RequestQueue.swift
[2062/2369] Compiling AsyncHTTPClient HTTPConnectionPool+StateMachine.swift
[2063/2369] Compiling AsyncHTTPClient ConnectionTarget.swift
[2064/2369] Compiling AsyncHTTPClient HTTP1ProxyConnectHandler.swift
[2065/2369] Compiling AsyncHTTPClient SOCKSEventsHandler.swift
[2066/2369] Compiling AsyncHTTPClient TLSEventsHandler.swift
[2067/2369] Compiling AsyncHTTPClient HTTP1ClientChannelHandler.swift
[2068/2369] Compiling AsyncHTTPClient HTTP1Connection.swift
[2069/2369] Compiling AsyncHTTPClient HTTP1ConnectionStateMachine.swift
[2070/2369] Compiling AsyncHTTPClient HTTP2ClientRequestHandler.swift
[2071/2369] Compiling AsyncHTTPClient HTTP2Connection.swift
[2072/2369] Compiling AsyncHTTPClient HTTP2IdleHandler.swift
[2073/2369] Compiling AsyncHTTPClient RequestValidation.swift
[2074/2369] Compiling AsyncHTTPClient SSLContextCache.swift
[2075/2369] Compiling AsyncHTTPClient Scheme.swift
[2076/2369] Compiling AsyncHTTPClient Singleton.swift
[2077/2369] Compiling AsyncHTTPClient StringConvertibleInstances.swift
[2078/2369] Compiling AsyncHTTPClient StructuredConcurrencyHelpers.swift
[2079/2369] Compiling AsyncHTTPClient TracingSupport.swift
[2080/2369] Compiling AsyncHTTPClient Utils.swift
[2081/2369] Compiling AsyncHTTPClient AnyAsyncSequence.swift
[2082/2369] Compiling AsyncHTTPClient AnyAsyncSequenceProucerDelete.swift
[2083/2369] Compiling AsyncHTTPClient AsyncLazySequence.swift
[2084/2369] Compiling AsyncHTTPClient HTTPClient+execute.swift
[2085/2369] Compiling AsyncHTTPClient HTTPClient+shutdown.swift
[2086/2369] Compiling AsyncHTTPClient HTTPClient+tracing.swift
[2087/2369] Compiling AsyncHTTPClient HTTPClientRequest+Prepared.swift
[2088/2369] Compiling AsyncHTTPClient HTTPClientRequest+auth.swift
[2089/2369] Compiling AsyncHTTPClient HTTPClientRequest.swift
[2090/2369] Compiling AsyncHTTPClient HTTPConnectionEvent.swift
[2091/2369] Compiling AsyncHTTPClient HTTPConnectionPool+Factory.swift
[2092/2369] Compiling AsyncHTTPClient HTTPConnectionPool+Manager.swift
[2093/2369] Compiling AsyncHTTPClient HTTPConnectionPool.swift
[2094/2369] Compiling AsyncHTTPClient HTTPExecutableRequest.swift
[2095/2369] Compiling AsyncHTTPClient HTTPRequestStateMachine+Demand.swift
[2096/2369] Compiling AsyncHTTPClient HTTPRequestStateMachine.swift
[2097/2369] Compiling AsyncHTTPClient RequestBodyLength.swift
[2098/2369] Compiling AsyncHTTPClient RequestFramingMetadata.swift
[2099/2369] Compiling AsyncHTTPClient DeconstructedURL.swift
[2100/2369] Compiling AsyncHTTPClient FileDownloadDelegate.swift
[2101/2369] Compiling AsyncHTTPClient FoundationExtensions.swift
[2102/2369] Compiling AsyncHTTPClient HTTPClient+HTTPCookie.swift
[2103/2369] Compiling AsyncHTTPClient HTTPClient+Proxy.swift
[2104/2369] Compiling AsyncHTTPClient HTTPClient+StructuredConcurrency.swift
[2105/2369] Compiling AsyncHTTPClient HTTPClient.swift
[2106/2369] Compiling AsyncHTTPClient HTTPClientConfiguration+SwiftConfiguration.swift
[2107/2369] Compiling AsyncHTTPClient HTTPHandler.swift
[2108/2369] Compiling AsyncHTTPClient LRUCache.swift
[2109/2369] Compiling AsyncHTTPClient NIOLoopBound+Execute.swift
[2110/2369] Compiling AsyncHTTPClient NWErrorHandler.swift
[2111/2369] Compiling AsyncHTTPClient NWWaitingHandler.swift
[2112/2369] Compiling AsyncHTTPClient TLSConfiguration.swift
[2113/2369] Compiling AsyncHTTPClient RedirectState.swift
[2114/2369] Compiling AsyncHTTPClient RequestBag+StateMachine.swift
[2115/2369] Compiling AsyncHTTPClient RequestBag+Tracing.swift
[2116/2369] Compiling AsyncHTTPClient RequestBag.swift
[2117/2370] Wrapping AST for AsyncHTTPClient for debugging
[2119/2393] Compiling GoogleAuth ADC.swift
[2120/2393] Compiling GoogleAuth ADCPath.swift
[2121/2393] Compiling GoogleAuth ADCResolver.swift
[2122/2393] Compiling GoogleAuth AuthHeaders.swift
[2123/2396] Compiling GoogleAuth SubjectTokenProvider.swift
[2124/2396] Compiling GoogleAuth MDSAccessTokenProvider.swift
[2125/2396] Compiling GoogleAuth MDSCredentials.swift
[2126/2396] Compiling GoogleAuth UserAccountData.swift
[2127/2396] Compiling GoogleAuth UserAccountTokenProvider.swift
[2128/2396] Compiling GoogleAuth UserCredentials.swift
[2129/2396] Compiling GoogleAuth ServiceAccountCredentials.swift
[2130/2396] Compiling GoogleAuth ServiceAccountData.swift
[2131/2396] Compiling GoogleAuth ServiceAccountTokenProvider.swift
[2132/2396] Compiling GoogleAuth AuthHTTPClient.swift
[2133/2396] Compiling GoogleAuth AuthHTTPError.swift
[2134/2396] Compiling GoogleAuth RetryEngine.swift
[2135/2396] Emitting module GoogleAuth
[2136/2396] Compiling GoogleAuth AnonymousCredentials.swift
[2137/2396] Compiling GoogleAuth ApiKeyCredentials.swift
[2138/2396] Compiling GoogleAuth ExternalAccountCredentials.swift
[2139/2396] Compiling GoogleAuth CredentialParserRegistry.swift
[2140/2396] Compiling GoogleAuth Credentials.swift
[2141/2396] Compiling GoogleAuth CredentialsError.swift
[2142/2396] Compiling GoogleAuth STSHandler.swift
[2143/2396] Compiling GoogleAuth TokenCache.swift
[2144/2396] Compiling GoogleAuth PackageVersion.swift
[2145/2397] Wrapping AST for GoogleAuth for debugging
[2147/2455] Emitting module GoogleGax
[2148/2463] Compiling GoogleGax AIP194+PollingErrorPolicy.swift
[2149/2463] Compiling GoogleGax AIP194+RetryPolicy.swift
[2150/2463] Compiling GoogleGax AIP194.swift
[2151/2463] Compiling GoogleGax AdaptiveThrottler.swift
[2152/2463] Compiling GoogleGax AlwaysPoll.swift
[2153/2463] Compiling GoogleGax AlwaysRetry.swift
[2154/2463] Compiling GoogleGax ApiClientHeader.swift
[2155/2463] Compiling GoogleGax BackoffPolicy.swift
[2156/2463] Compiling GoogleGax BasePollingErrorPolicy.swift
[2157/2463] Compiling GoogleGax Pagination.swift
/host/spi-builder-workspace/.build/checkouts/swift-google-gax/Sources/GoogleGax/Pagination.swift:44:22: error: cannot convert '@Sendable (String) async throws -> (response: ResponseType, items: [Item], nextToken: String)' to 'nonisolated(nonsending) @Sendable (String) async throws -> (response: ResponseType, items: [Item], nextToken: String)' because crossing of an isolation boundary requires parameter and result types to conform to 'Sendable' protocol
 42 |   ) where ResponseType: _PaginatedResponse<Item> {
 43 |     self.initialPageToken = initialPageToken ?? ""
 44 |     self.fetchPage = { token in
    |                      |- error: cannot convert '@Sendable (String) async throws -> (response: ResponseType, items: [Item], nextToken: String)' to 'nonisolated(nonsending) @Sendable (String) async throws -> (response: ResponseType, items: [Item], nextToken: String)' because crossing of an isolation boundary requires parameter and result types to conform to 'Sendable' protocol
    |                      `- note: type 'Item' does not conform to 'Sendable' protocol
 45 |       let response = try await listRpc(token)
 46 |       return (response, response._getPaginatedItems(), response._nextPageToken())
[2158/2463] Compiling GoogleGax PollingBackoffPolicy.swift
/host/spi-builder-workspace/.build/checkouts/swift-google-gax/Sources/GoogleGax/Pagination.swift:44:22: error: cannot convert '@Sendable (String) async throws -> (response: ResponseType, items: [Item], nextToken: String)' to 'nonisolated(nonsending) @Sendable (String) async throws -> (response: ResponseType, items: [Item], nextToken: String)' because crossing of an isolation boundary requires parameter and result types to conform to 'Sendable' protocol
 42 |   ) where ResponseType: _PaginatedResponse<Item> {
 43 |     self.initialPageToken = initialPageToken ?? ""
 44 |     self.fetchPage = { token in
    |                      |- error: cannot convert '@Sendable (String) async throws -> (response: ResponseType, items: [Item], nextToken: String)' to 'nonisolated(nonsending) @Sendable (String) async throws -> (response: ResponseType, items: [Item], nextToken: String)' because crossing of an isolation boundary requires parameter and result types to conform to 'Sendable' protocol
    |                      `- note: type 'Item' does not conform to 'Sendable' protocol
 45 |       let response = try await listRpc(token)
 46 |       return (response, response._getPaginatedItems(), response._nextPageToken())
[2159/2463] Compiling GoogleGax PollingErrorPolicy.swift
/host/spi-builder-workspace/.build/checkouts/swift-google-gax/Sources/GoogleGax/Pagination.swift:44:22: error: cannot convert '@Sendable (String) async throws -> (response: ResponseType, items: [Item], nextToken: String)' to 'nonisolated(nonsending) @Sendable (String) async throws -> (response: ResponseType, items: [Item], nextToken: String)' because crossing of an isolation boundary requires parameter and result types to conform to 'Sendable' protocol
 42 |   ) where ResponseType: _PaginatedResponse<Item> {
 43 |     self.initialPageToken = initialPageToken ?? ""
 44 |     self.fetchPage = { token in
    |                      |- error: cannot convert '@Sendable (String) async throws -> (response: ResponseType, items: [Item], nextToken: String)' to 'nonisolated(nonsending) @Sendable (String) async throws -> (response: ResponseType, items: [Item], nextToken: String)' because crossing of an isolation boundary requires parameter and result types to conform to 'Sendable' protocol
    |                      `- note: type 'Item' does not conform to 'Sendable' protocol
 45 |       let response = try await listRpc(token)
 46 |       return (response, response._getPaginatedItems(), response._nextPageToken())
[2160/2463] Compiling GoogleGax PollingResult.swift
/host/spi-builder-workspace/.build/checkouts/swift-google-gax/Sources/GoogleGax/Pagination.swift:44:22: error: cannot convert '@Sendable (String) async throws -> (response: ResponseType, items: [Item], nextToken: String)' to 'nonisolated(nonsending) @Sendable (String) async throws -> (response: ResponseType, items: [Item], nextToken: String)' because crossing of an isolation boundary requires parameter and result types to conform to 'Sendable' protocol
 42 |   ) where ResponseType: _PaginatedResponse<Item> {
 43 |     self.initialPageToken = initialPageToken ?? ""
 44 |     self.fetchPage = { token in
    |                      |- error: cannot convert '@Sendable (String) async throws -> (response: ResponseType, items: [Item], nextToken: String)' to 'nonisolated(nonsending) @Sendable (String) async throws -> (response: ResponseType, items: [Item], nextToken: String)' because crossing of an isolation boundary requires parameter and result types to conform to 'Sendable' protocol
    |                      `- note: type 'Item' does not conform to 'Sendable' protocol
 45 |       let response = try await listRpc(token)
 46 |       return (response, response._getPaginatedItems(), response._nextPageToken())
[2161/2463] Compiling GoogleGax PollingState.swift
/host/spi-builder-workspace/.build/checkouts/swift-google-gax/Sources/GoogleGax/Pagination.swift:44:22: error: cannot convert '@Sendable (String) async throws -> (response: ResponseType, items: [Item], nextToken: String)' to 'nonisolated(nonsending) @Sendable (String) async throws -> (response: ResponseType, items: [Item], nextToken: String)' because crossing of an isolation boundary requires parameter and result types to conform to 'Sendable' protocol
 42 |   ) where ResponseType: _PaginatedResponse<Item> {
 43 |     self.initialPageToken = initialPageToken ?? ""
 44 |     self.fetchPage = { token in
    |                      |- error: cannot convert '@Sendable (String) async throws -> (response: ResponseType, items: [Item], nextToken: String)' to 'nonisolated(nonsending) @Sendable (String) async throws -> (response: ResponseType, items: [Item], nextToken: String)' because crossing of an isolation boundary requires parameter and result types to conform to 'Sendable' protocol
    |                      `- note: type 'Item' does not conform to 'Sendable' protocol
 45 |       let response = try await listRpc(token)
 46 |       return (response, response._getPaginatedItems(), response._nextPageToken())
[2162/2463] Compiling GoogleGax ProtobufConversionError.swift
/host/spi-builder-workspace/.build/checkouts/swift-google-gax/Sources/GoogleGax/Pagination.swift:44:22: error: cannot convert '@Sendable (String) async throws -> (response: ResponseType, items: [Item], nextToken: String)' to 'nonisolated(nonsending) @Sendable (String) async throws -> (response: ResponseType, items: [Item], nextToken: String)' because crossing of an isolation boundary requires parameter and result types to conform to 'Sendable' protocol
 42 |   ) where ResponseType: _PaginatedResponse<Item> {
 43 |     self.initialPageToken = initialPageToken ?? ""
 44 |     self.fetchPage = { token in
    |                      |- error: cannot convert '@Sendable (String) async throws -> (response: ResponseType, items: [Item], nextToken: String)' to 'nonisolated(nonsending) @Sendable (String) async throws -> (response: ResponseType, items: [Item], nextToken: String)' because crossing of an isolation boundary requires parameter and result types to conform to 'Sendable' protocol
    |                      `- note: type 'Item' does not conform to 'Sendable' protocol
 45 |       let response = try await listRpc(token)
 46 |       return (response, response._getPaginatedItems(), response._nextPageToken())
[2163/2463] Compiling GoogleGax QueryParameter.swift
/host/spi-builder-workspace/.build/checkouts/swift-google-gax/Sources/GoogleGax/Pagination.swift:44:22: error: cannot convert '@Sendable (String) async throws -> (response: ResponseType, items: [Item], nextToken: String)' to 'nonisolated(nonsending) @Sendable (String) async throws -> (response: ResponseType, items: [Item], nextToken: String)' because crossing of an isolation boundary requires parameter and result types to conform to 'Sendable' protocol
 42 |   ) where ResponseType: _PaginatedResponse<Item> {
 43 |     self.initialPageToken = initialPageToken ?? ""
 44 |     self.fetchPage = { token in
    |                      |- error: cannot convert '@Sendable (String) async throws -> (response: ResponseType, items: [Item], nextToken: String)' to 'nonisolated(nonsending) @Sendable (String) async throws -> (response: ResponseType, items: [Item], nextToken: String)' because crossing of an isolation boundary requires parameter and result types to conform to 'Sendable' protocol
    |                      `- note: type 'Item' does not conform to 'Sendable' protocol
 45 |       let response = try await listRpc(token)
 46 |       return (response, response._getPaginatedItems(), response._nextPageToken())
[2164/2463] Compiling GoogleGax RequestError.swift
/host/spi-builder-workspace/.build/checkouts/swift-google-gax/Sources/GoogleGax/Pagination.swift:44:22: error: cannot convert '@Sendable (String) async throws -> (response: ResponseType, items: [Item], nextToken: String)' to 'nonisolated(nonsending) @Sendable (String) async throws -> (response: ResponseType, items: [Item], nextToken: String)' because crossing of an isolation boundary requires parameter and result types to conform to 'Sendable' protocol
 42 |   ) where ResponseType: _PaginatedResponse<Item> {
 43 |     self.initialPageToken = initialPageToken ?? ""
 44 |     self.fetchPage = { token in
    |                      |- error: cannot convert '@Sendable (String) async throws -> (response: ResponseType, items: [Item], nextToken: String)' to 'nonisolated(nonsending) @Sendable (String) async throws -> (response: ResponseType, items: [Item], nextToken: String)' because crossing of an isolation boundary requires parameter and result types to conform to 'Sendable' protocol
    |                      `- note: type 'Item' does not conform to 'Sendable' protocol
 45 |       let response = try await listRpc(token)
 46 |       return (response, response._getPaginatedItems(), response._nextPageToken())
[2165/2463] Compiling GoogleGax ContinueOnIO.swift
[2166/2463] Compiling GoogleGax CredentialsProtocol.swift
[2167/2463] Compiling GoogleGax ErrorWrapper.swift
[2168/2463] Compiling GoogleGax ExponentialBackoff+BackoffPolicy.swift
[2169/2463] Compiling GoogleGax ExponentialBackoff+PollingBackoffPolicy.swift
[2170/2463] Compiling GoogleGax ExponentialBackoff.swift
[2171/2463] Compiling GoogleGax HTTPClient.swift
[2172/2463] Compiling GoogleGax HTTPClientHolder.swift
[2173/2463] Compiling GoogleGax LimitedAttemptCount+PollingErrorPolicy.swift
[2174/2463] Compiling GoogleGax LimitedAttemptCount+RetryPolicy.swift
[2175/2463] Compiling GoogleGax LimitedAttemptCount.swift
[2176/2463] Compiling GoogleGax LimitedElapsedTime+PollingErrorPolicy.swift
[2177/2463] Compiling GoogleGax LimitedElapsedTime+RetryPolicy.swift
[2178/2463] Compiling GoogleGax LimitedElapsedTime.swift
[2179/2463] Compiling GoogleGax LongRunningOperations.swift
[2180/2463] Compiling GoogleGax NeverRetry.swift
[2181/2463] Compiling GoogleGax BaseRetryPolicy.swift
[2182/2463] Compiling GoogleGax BindingError.swift
[2183/2463] Compiling GoogleGax CRC32C.swift
[2184/2463] Compiling GoogleGax CircuitBreaker.swift
[2185/2463] Compiling GoogleGax ClientError.swift
[2186/2463] Compiling GoogleGax ClientOptions.swift
[2187/2463] Compiling GoogleGax ContinueOnIO+PollingErrorPolicy.swift
[2188/2463] Compiling GoogleGax ContinueOnIO+RetryPolicy.swift
[2189/2463] Compiling GoogleGax ServiceError.swift
[2190/2463] Compiling GoogleGax StatusDetail.swift
[2191/2463] Compiling GoogleGax StrictIdempotency.swift
[2192/2463] Compiling GoogleGax ThrottleResult.swift
[2193/2463] Compiling GoogleGax TooManyRequests+PollingErrorPolicy.swift
[2194/2463] Compiling GoogleGax TooManyRequests+RetryPolicy.swift
[2195/2463] Compiling GoogleGax TooManyRequests.swift
[2196/2463] Compiling GoogleGax PackageVersion.swift
[2197/2463] Compiling GoogleGax HTTPClientProtocol.swift
[2198/2463] Compiling GoogleGax HTTPClientRequest.swift
[2199/2463] Compiling GoogleGax HTTPClientResponse.swift
[2200/2463] Compiling GoogleGax HTTPHeaders.swift
[2201/2463] Compiling GoogleGax HTTPResponseBody.swift
[2202/2463] Compiling GoogleGax HeaderNames.swift
[2203/2463] Compiling GoogleGax Host.swift
[2204/2463] Compiling GoogleGax InProgressResult.swift
[2205/2463] Compiling GoogleGax RequestOptions.swift
[2206/2463] Compiling GoogleGax RetryLoop.swift
[2207/2463] Compiling GoogleGax RetryPolicy.swift
[2208/2463] Compiling GoogleGax RetryResult.swift
[2209/2463] Compiling GoogleGax RetryState.swift
[2210/2463] Compiling GoogleGax RetryThrottler.swift
[2211/2463] Compiling GoogleGax RetryThrottlerError.swift
[2212/2463] Compiling GoogleGax RoutingMatcher.swift
BUILD FAILURE 6.2 android