Build Information
Failed to build AIChatKit, reference 2.0.0 (93ff72), with Swift 6.1 for visionOS using Xcode 16.3 on 30 Sep 2026 12:13:36 UTC.
Build Command
env DEVELOPER_DIR=/Applications/Xcode-16.3.0.app xcrun xcodebuild -IDEClonedSourcePackagesDirPathOverride=$PWD/.dependencies -skipMacroValidation -skipPackagePluginValidation -derivedDataPath $PWD/.derivedData build -scheme AIChatKit-Package -destination generic/platform=xrOSBuild Log
cd /Users/admin/builder/spi-builder-workspace/.swiftpm/xcode
builtin-precompileModule /Users/admin/builder/spi-builder-workspace/.derivedData/Build/Intermediates.noindex/ExplicitPrecompiledModules/_sys_select-7P9US2GAJY1JEEY7379FACUO.scan
PrecompileModule /Users/admin/builder/spi-builder-workspace/.derivedData/Build/Intermediates.noindex/ExplicitPrecompiledModules/mach-DWSUOI5YX3ZRS9XBJAC8HOPAI.scan
cd /Users/admin/builder/spi-builder-workspace/.swiftpm/xcode
builtin-precompileModule /Users/admin/builder/spi-builder-workspace/.derivedData/Build/Intermediates.noindex/ExplicitPrecompiledModules/mach-DWSUOI5YX3ZRS9XBJAC8HOPAI.scan
PrecompileModule /Users/admin/builder/spi-builder-workspace/.derivedData/Build/Intermediates.noindex/ExplicitPrecompiledModules/netinet_in-5FBCOHDK98BVIJ7WC560SIRJ6.scan
cd /Users/admin/builder/spi-builder-workspace/.swiftpm/xcode
builtin-precompileModule /Users/admin/builder/spi-builder-workspace/.derivedData/Build/Intermediates.noindex/ExplicitPrecompiledModules/netinet_in-5FBCOHDK98BVIJ7WC560SIRJ6.scan
PrecompileModule /Users/admin/builder/spi-builder-workspace/.derivedData/Build/Intermediates.noindex/ExplicitPrecompiledModules/alloca-9SVU2J2CN6686P1IJJYK6NWRT.scan
cd /Users/admin/builder/spi-builder-workspace/.swiftpm/xcode
builtin-precompileModule /Users/admin/builder/spi-builder-workspace/.derivedData/Build/Intermediates.noindex/ExplicitPrecompiledModules/alloca-9SVU2J2CN6686P1IJJYK6NWRT.scan
PrecompileModule /Users/admin/builder/spi-builder-workspace/.derivedData/Build/Intermediates.noindex/ExplicitPrecompiledModules/runetype-5OT4GRDOH46WDR7CS8R04CG8T.scan
cd /Users/admin/builder/spi-builder-workspace/.swiftpm/xcode
builtin-precompileModule /Users/admin/builder/spi-builder-workspace/.derivedData/Build/Intermediates.noindex/ExplicitPrecompiledModules/runetype-5OT4GRDOH46WDR7CS8R04CG8T.scan
PrecompileModule /Users/admin/builder/spi-builder-workspace/.derivedData/Build/Intermediates.noindex/ExplicitPrecompiledModules/_errno-8S60UAEYRVRE5D56Z8CRB5LDJ.scan
cd /Users/admin/builder/spi-builder-workspace/.swiftpm/xcode
builtin-precompileModule /Users/admin/builder/spi-builder-workspace/.derivedData/Build/Intermediates.noindex/ExplicitPrecompiledModules/_errno-8S60UAEYRVRE5D56Z8CRB5LDJ.scan
PrecompileModule /Users/admin/builder/spi-builder-workspace/.derivedData/Build/Intermediates.noindex/ExplicitPrecompiledModules/_stdint-8V0B3O4XHQKZUDFILWAYPF0FA.scan
cd /Users/admin/builder/spi-builder-workspace/.swiftpm/xcode
builtin-precompileModule /Users/admin/builder/spi-builder-workspace/.derivedData/Build/Intermediates.noindex/ExplicitPrecompiledModules/_stdint-8V0B3O4XHQKZUDFILWAYPF0FA.scan
PrecompileModule /Users/admin/builder/spi-builder-workspace/.derivedData/Build/Intermediates.noindex/ExplicitPrecompiledModules/_assert-98SETKP4YSM5NAO4I4RRXY7DB.scan
cd /Users/admin/builder/spi-builder-workspace/.swiftpm/xcode
builtin-precompileModule /Users/admin/builder/spi-builder-workspace/.derivedData/Build/Intermediates.noindex/ExplicitPrecompiledModules/_assert-98SETKP4YSM5NAO4I4RRXY7DB.scan
PrecompileModule /Users/admin/builder/spi-builder-workspace/.derivedData/Build/Intermediates.noindex/ExplicitPrecompiledModules/_limits-2LNAK35S9KKYFE6CLAPRZ4I7C.scan
cd /Users/admin/builder/spi-builder-workspace/.swiftpm/xcode
builtin-precompileModule /Users/admin/builder/spi-builder-workspace/.derivedData/Build/Intermediates.noindex/ExplicitPrecompiledModules/_limits-2LNAK35S9KKYFE6CLAPRZ4I7C.scan
PrecompileModule /Users/admin/builder/spi-builder-workspace/.derivedData/Build/Intermediates.noindex/ExplicitPrecompiledModules/_strings-DG3A338DO1IOIRBVHW79E277L.scan
cd /Users/admin/builder/spi-builder-workspace/.swiftpm/xcode
builtin-precompileModule /Users/admin/builder/spi-builder-workspace/.derivedData/Build/Intermediates.noindex/ExplicitPrecompiledModules/_strings-DG3A338DO1IOIRBVHW79E277L.scan
PrecompileModule /Users/admin/builder/spi-builder-workspace/.derivedData/Build/Intermediates.noindex/ExplicitPrecompiledModules/sys_types-EIUB8D63PF5PDMG720PWH5JZQ.scan
cd /Users/admin/builder/spi-builder-workspace/.swiftpm/xcode
builtin-precompileModule /Users/admin/builder/spi-builder-workspace/.derivedData/Build/Intermediates.noindex/ExplicitPrecompiledModules/sys_types-EIUB8D63PF5PDMG720PWH5JZQ.scan
PrecompileModule /Users/admin/builder/spi-builder-workspace/.derivedData/Build/Intermediates.noindex/ExplicitPrecompiledModules/_ctype-A81BI4P3EO8SIRWNL6MRYFO9C.scan
cd /Users/admin/builder/spi-builder-workspace/.swiftpm/xcode
builtin-precompileModule /Users/admin/builder/spi-builder-workspace/.derivedData/Build/Intermediates.noindex/ExplicitPrecompiledModules/_ctype-A81BI4P3EO8SIRWNL6MRYFO9C.scan
PrecompileModule /Users/admin/builder/spi-builder-workspace/.derivedData/Build/Intermediates.noindex/ExplicitPrecompiledModules/_Builtin_stdint-60X0ETYTC18LD9NXR3N6BILLN.scan
cd /Users/admin/builder/spi-builder-workspace/.swiftpm/xcode
builtin-precompileModule /Users/admin/builder/spi-builder-workspace/.derivedData/Build/Intermediates.noindex/ExplicitPrecompiledModules/_Builtin_stdint-60X0ETYTC18LD9NXR3N6BILLN.scan
PrecompileModule /Users/admin/builder/spi-builder-workspace/.derivedData/Build/Intermediates.noindex/ExplicitPrecompiledModules/_Builtin_limits-7VV950ZPES0M5NXFHOLY0CZXS.scan
cd /Users/admin/builder/spi-builder-workspace/.swiftpm/xcode
builtin-precompileModule /Users/admin/builder/spi-builder-workspace/.derivedData/Build/Intermediates.noindex/ExplicitPrecompiledModules/_Builtin_limits-7VV950ZPES0M5NXFHOLY0CZXS.scan
CompileC /Users/admin/builder/spi-builder-workspace/.derivedData/Build/Intermediates.noindex/cmark-gfm.build/Debug-xros/cmark-gfm.build/Objects-normal/arm64/cmark_ctype.o /Users/admin/builder/spi-builder-workspace/.dependencies/checkouts/swift-cmark/src/cmark_ctype.c normal arm64 c com.apple.compilers.llvm.clang.1_0.compiler (in target 'cmark-gfm' from project 'cmark-gfm')
cd /Users/admin/builder/spi-builder-workspace/.swiftpm/xcode
Using response file: /Users/admin/builder/spi-builder-workspace/.derivedData/Build/Intermediates.noindex/cmark-gfm.build/Debug-xros/cmark-gfm.build/Objects-normal/arm64/7187679823f38a2a940e0043cdf9d637-common-args.resp
/Applications/Xcode-16.3.0.app/Contents/Developer/Toolchains/XcodeDefault.xctoolchain/usr/bin/clang -x c -ivfsstatcache /Users/admin/builder/spi-builder-workspace/.derivedData/SDKStatCaches.noindex/xros2.4-22O233-407b76dbb837030756cbe1ab3f0b01b6.sdkstatcache -fmessage-length\=0 -fdiagnostics-show-note-include-stack -fmacro-backtrace-limit\=0 -fno-color-diagnostics -fmodules-prune-interval\=86400 -fmodules-prune-after\=345600 -fbuild-session-file\=/Users/admin/builder/spi-builder-workspace/.derivedData/ModuleCache.noindex/Session.modulevalidation -fmodules-validate-once-per-build-session -Wnon-modular-include-in-framework-module -Werror\=non-modular-include-in-framework-module -Wno-trigraphs -Wno-missing-field-initializers -Wno-missing-prototypes -Wno-return-type -Wno-missing-braces -Wparentheses -Wswitch -Wno-unused-function -Wno-unused-label -Wno-unused-parameter -Wno-unused-variable -Wunused-value -Wno-empty-body -Wno-uninitialized -Wno-unknown-pragmas -w -Wno-shadow -Wno-four-char-constants -Wno-conversion -Wno-constant-conversion -Wno-int-conversion -Wno-bool-conversion -Wno-enum-conversion -Wno-float-conversion -Wno-non-literal-null-conversion -Wno-objc-literal-conversion -Wshorten-64-to-32 -Wpointer-sign -Wno-newline-eof -Wno-implicit-fallthrough -fstrict-aliasing -Wdeprecated-declarations -Wno-sign-conversion -Wno-infinite-recursion -Wno-comma -Wno-block-capture-autoreleasing -Wno-strict-prototypes -Wno-semicolon-before-method-body -index-store-path /Users/admin/builder/spi-builder-workspace/.derivedData/Index.noindex/DataStore @/Users/admin/builder/spi-builder-workspace/.derivedData/Build/Intermediates.noindex/cmark-gfm.build/Debug-xros/cmark-gfm.build/Objects-normal/arm64/7187679823f38a2a940e0043cdf9d637-common-args.resp -MMD -MT dependencies -MF /Users/admin/builder/spi-builder-workspace/.derivedData/Build/Intermediates.noindex/cmark-gfm.build/Debug-xros/cmark-gfm.build/Objects-normal/arm64/cmark_ctype.d --serialize-diagnostics /Users/admin/builder/spi-builder-workspace/.derivedData/Build/Intermediates.noindex/cmark-gfm.build/Debug-xros/cmark-gfm.build/Objects-normal/arm64/cmark_ctype.dia -c /Users/admin/builder/spi-builder-workspace/.dependencies/checkouts/swift-cmark/src/cmark_ctype.c -o /Users/admin/builder/spi-builder-workspace/.derivedData/Build/Intermediates.noindex/cmark-gfm.build/Debug-xros/cmark-gfm.build/Objects-normal/arm64/cmark_ctype.o -index-unit-output-path /cmark-gfm.build/Debug-xros/cmark-gfm.build/Objects-normal/arm64/cmark_ctype.o
PrecompileModule /Users/admin/builder/spi-builder-workspace/.derivedData/Build/Intermediates.noindex/ExplicitPrecompiledModules/_time-6MAQ36MB6BDKVIFMAI3UQF6W3.scan
cd /Users/admin/builder/spi-builder-workspace/.swiftpm/xcode
builtin-precompileModule /Users/admin/builder/spi-builder-workspace/.derivedData/Build/Intermediates.noindex/ExplicitPrecompiledModules/_time-6MAQ36MB6BDKVIFMAI3UQF6W3.scan
PrecompileModule /Users/admin/builder/spi-builder-workspace/.derivedData/Build/Intermediates.noindex/ExplicitPrecompiledModules/_signal-F4TPY0UH7XU84WMZCXBND1DEN.scan
cd /Users/admin/builder/spi-builder-workspace/.swiftpm/xcode
builtin-precompileModule /Users/admin/builder/spi-builder-workspace/.derivedData/Build/Intermediates.noindex/ExplicitPrecompiledModules/_signal-F4TPY0UH7XU84WMZCXBND1DEN.scan
PrecompileModule /Users/admin/builder/spi-builder-workspace/.derivedData/Build/Intermediates.noindex/ExplicitPrecompiledModules/_string-5X8T0PKXYZAYQFDQM5BXQJHW7.scan
cd /Users/admin/builder/spi-builder-workspace/.swiftpm/xcode
builtin-precompileModule /Users/admin/builder/spi-builder-workspace/.derivedData/Build/Intermediates.noindex/ExplicitPrecompiledModules/_string-5X8T0PKXYZAYQFDQM5BXQJHW7.scan
PrecompileModule /Users/admin/builder/spi-builder-workspace/.derivedData/Build/Intermediates.noindex/ExplicitPrecompiledModules/_stdio-1TJVCZVHSHNZXUJAI5OTWAOPX.scan
cd /Users/admin/builder/spi-builder-workspace/.swiftpm/xcode
builtin-precompileModule /Users/admin/builder/spi-builder-workspace/.derivedData/Build/Intermediates.noindex/ExplicitPrecompiledModules/_stdio-1TJVCZVHSHNZXUJAI5OTWAOPX.scan
PrecompileModule /Users/admin/builder/spi-builder-workspace/.derivedData/Build/Intermediates.noindex/ExplicitPrecompiledModules/sys_resource-7EWP4E39D7268S96J57GPL0J8.scan
cd /Users/admin/builder/spi-builder-workspace/.swiftpm/xcode
builtin-precompileModule /Users/admin/builder/spi-builder-workspace/.derivedData/Build/Intermediates.noindex/ExplicitPrecompiledModules/sys_resource-7EWP4E39D7268S96J57GPL0J8.scan
PrecompileModule /Users/admin/builder/spi-builder-workspace/.derivedData/Build/Intermediates.noindex/ExplicitPrecompiledModules/gethostuuid-BLH4X8XPSCZUSL2Z0H761MWO4.scan
cd /Users/admin/builder/spi-builder-workspace/.swiftpm/xcode
builtin-precompileModule /Users/admin/builder/spi-builder-workspace/.derivedData/Build/Intermediates.noindex/ExplicitPrecompiledModules/gethostuuid-BLH4X8XPSCZUSL2Z0H761MWO4.scan
CompileC /Users/admin/builder/spi-builder-workspace/.derivedData/Build/Intermediates.noindex/cmark-gfm.build/Debug-xros/cmark-gfm.build/Objects-normal/arm64/houdini_href_e.o /Users/admin/builder/spi-builder-workspace/.dependencies/checkouts/swift-cmark/src/houdini_href_e.c normal arm64 c com.apple.compilers.llvm.clang.1_0.compiler (in target 'cmark-gfm' from project 'cmark-gfm')
cd /Users/admin/builder/spi-builder-workspace/.swiftpm/xcode
Using response file: /Users/admin/builder/spi-builder-workspace/.derivedData/Build/Intermediates.noindex/cmark-gfm.build/Debug-xros/cmark-gfm.build/Objects-normal/arm64/7187679823f38a2a940e0043cdf9d637-common-args.resp
/Applications/Xcode-16.3.0.app/Contents/Developer/Toolchains/XcodeDefault.xctoolchain/usr/bin/clang -x c -ivfsstatcache /Users/admin/builder/spi-builder-workspace/.derivedData/SDKStatCaches.noindex/xros2.4-22O233-407b76dbb837030756cbe1ab3f0b01b6.sdkstatcache -fmessage-length\=0 -fdiagnostics-show-note-include-stack -fmacro-backtrace-limit\=0 -fno-color-diagnostics -fmodules-prune-interval\=86400 -fmodules-prune-after\=345600 -fbuild-session-file\=/Users/admin/builder/spi-builder-workspace/.derivedData/ModuleCache.noindex/Session.modulevalidation -fmodules-validate-once-per-build-session -Wnon-modular-include-in-framework-module -Werror\=non-modular-include-in-framework-module -Wno-trigraphs -Wno-missing-field-initializers -Wno-missing-prototypes -Wno-return-type -Wno-missing-braces -Wparentheses -Wswitch -Wno-unused-function -Wno-unused-label -Wno-unused-parameter -Wno-unused-variable -Wunused-value -Wno-empty-body -Wno-uninitialized -Wno-unknown-pragmas -w -Wno-shadow -Wno-four-char-constants -Wno-conversion -Wno-constant-conversion -Wno-int-conversion -Wno-bool-conversion -Wno-enum-conversion -Wno-float-conversion -Wno-non-literal-null-conversion -Wno-objc-literal-conversion -Wshorten-64-to-32 -Wpointer-sign -Wno-newline-eof -Wno-implicit-fallthrough -fstrict-aliasing -Wdeprecated-declarations -Wno-sign-conversion -Wno-infinite-recursion -Wno-comma -Wno-block-capture-autoreleasing -Wno-strict-prototypes -Wno-semicolon-before-method-body -index-store-path /Users/admin/builder/spi-builder-workspace/.derivedData/Index.noindex/DataStore @/Users/admin/builder/spi-builder-workspace/.derivedData/Build/Intermediates.noindex/cmark-gfm.build/Debug-xros/cmark-gfm.build/Objects-normal/arm64/7187679823f38a2a940e0043cdf9d637-common-args.resp -MMD -MT dependencies -MF /Users/admin/builder/spi-builder-workspace/.derivedData/Build/Intermediates.noindex/cmark-gfm.build/Debug-xros/cmark-gfm.build/Objects-normal/arm64/houdini_href_e.d --serialize-diagnostics /Users/admin/builder/spi-builder-workspace/.derivedData/Build/Intermediates.noindex/cmark-gfm.build/Debug-xros/cmark-gfm.build/Objects-normal/arm64/houdini_href_e.dia -c /Users/admin/builder/spi-builder-workspace/.dependencies/checkouts/swift-cmark/src/houdini_href_e.c -o /Users/admin/builder/spi-builder-workspace/.derivedData/Build/Intermediates.noindex/cmark-gfm.build/Debug-xros/cmark-gfm.build/Objects-normal/arm64/houdini_href_e.o -index-unit-output-path /cmark-gfm.build/Debug-xros/cmark-gfm.build/Objects-normal/arm64/houdini_href_e.o
CompileC /Users/admin/builder/spi-builder-workspace/.derivedData/Build/Intermediates.noindex/cmark-gfm.build/Debug-xros/cmark-gfm.build/Objects-normal/arm64/houdini_html_u.o /Users/admin/builder/spi-builder-workspace/.dependencies/checkouts/swift-cmark/src/houdini_html_u.c normal arm64 c com.apple.compilers.llvm.clang.1_0.compiler (in target 'cmark-gfm' from project 'cmark-gfm')
cd /Users/admin/builder/spi-builder-workspace/.swiftpm/xcode
Using response file: /Users/admin/builder/spi-builder-workspace/.derivedData/Build/Intermediates.noindex/cmark-gfm.build/Debug-xros/cmark-gfm.build/Objects-normal/arm64/7187679823f38a2a940e0043cdf9d637-common-args.resp
/Applications/Xcode-16.3.0.app/Contents/Developer/Toolchains/XcodeDefault.xctoolchain/usr/bin/clang -x c -ivfsstatcache /Users/admin/builder/spi-builder-workspace/.derivedData/SDKStatCaches.noindex/xros2.4-22O233-407b76dbb837030756cbe1ab3f0b01b6.sdkstatcache -fmessage-length\=0 -fdiagnostics-show-note-include-stack -fmacro-backtrace-limit\=0 -fno-color-diagnostics -fmodules-prune-interval\=86400 -fmodules-prune-after\=345600 -fbuild-session-file\=/Users/admin/builder/spi-builder-workspace/.derivedData/ModuleCache.noindex/Session.modulevalidation -fmodules-validate-once-per-build-session -Wnon-modular-include-in-framework-module -Werror\=non-modular-include-in-framework-module -Wno-trigraphs -Wno-missing-field-initializers -Wno-missing-prototypes -Wno-return-type -Wno-missing-braces -Wparentheses -Wswitch -Wno-unused-function -Wno-unused-label -Wno-unused-parameter -Wno-unused-variable -Wunused-value -Wno-empty-body -Wno-uninitialized -Wno-unknown-pragmas -w -Wno-shadow -Wno-four-char-constants -Wno-conversion -Wno-constant-conversion -Wno-int-conversion -Wno-bool-conversion -Wno-enum-conversion -Wno-float-conversion -Wno-non-literal-null-conversion -Wno-objc-literal-conversion -Wshorten-64-to-32 -Wpointer-sign -Wno-newline-eof -Wno-implicit-fallthrough -fstrict-aliasing -Wdeprecated-declarations -Wno-sign-conversion -Wno-infinite-recursion -Wno-comma -Wno-block-capture-autoreleasing -Wno-strict-prototypes -Wno-semicolon-before-method-body -index-store-path /Users/admin/builder/spi-builder-workspace/.derivedData/Index.noindex/DataStore @/Users/admin/builder/spi-builder-workspace/.derivedData/Build/Intermediates.noindex/cmark-gfm.build/Debug-xros/cmark-gfm.build/Objects-normal/arm64/7187679823f38a2a940e0043cdf9d637-common-args.resp -MMD -MT dependencies -MF /Users/admin/builder/spi-builder-workspace/.derivedData/Build/Intermediates.noindex/cmark-gfm.build/Debug-xros/cmark-gfm.build/Objects-normal/arm64/houdini_html_u.d --serialize-diagnostics /Users/admin/builder/spi-builder-workspace/.derivedData/Build/Intermediates.noindex/cmark-gfm.build/Debug-xros/cmark-gfm.build/Objects-normal/arm64/houdini_html_u.dia -c /Users/admin/builder/spi-builder-workspace/.dependencies/checkouts/swift-cmark/src/houdini_html_u.c -o /Users/admin/builder/spi-builder-workspace/.derivedData/Build/Intermediates.noindex/cmark-gfm.build/Debug-xros/cmark-gfm.build/Objects-normal/arm64/houdini_html_u.o -index-unit-output-path /cmark-gfm.build/Debug-xros/cmark-gfm.build/Objects-normal/arm64/houdini_html_u.o
CompileC /Users/admin/builder/spi-builder-workspace/.derivedData/Build/Intermediates.noindex/cmark-gfm.build/Debug-xros/cmark-gfm.build/Objects-normal/arm64/houdini_html_e.o /Users/admin/builder/spi-builder-workspace/.dependencies/checkouts/swift-cmark/src/houdini_html_e.c normal arm64 c com.apple.compilers.llvm.clang.1_0.compiler (in target 'cmark-gfm' from project 'cmark-gfm')
cd /Users/admin/builder/spi-builder-workspace/.swiftpm/xcode
Using response file: /Users/admin/builder/spi-builder-workspace/.derivedData/Build/Intermediates.noindex/cmark-gfm.build/Debug-xros/cmark-gfm.build/Objects-normal/arm64/7187679823f38a2a940e0043cdf9d637-common-args.resp
/Applications/Xcode-16.3.0.app/Contents/Developer/Toolchains/XcodeDefault.xctoolchain/usr/bin/clang -x c -ivfsstatcache /Users/admin/builder/spi-builder-workspace/.derivedData/SDKStatCaches.noindex/xros2.4-22O233-407b76dbb837030756cbe1ab3f0b01b6.sdkstatcache -fmessage-length\=0 -fdiagnostics-show-note-include-stack -fmacro-backtrace-limit\=0 -fno-color-diagnostics -fmodules-prune-interval\=86400 -fmodules-prune-after\=345600 -fbuild-session-file\=/Users/admin/builder/spi-builder-workspace/.derivedData/ModuleCache.noindex/Session.modulevalidation -fmodules-validate-once-per-build-session -Wnon-modular-include-in-framework-module -Werror\=non-modular-include-in-framework-module -Wno-trigraphs -Wno-missing-field-initializers -Wno-missing-prototypes -Wno-return-type -Wno-missing-braces -Wparentheses -Wswitch -Wno-unused-function -Wno-unused-label -Wno-unused-parameter -Wno-unused-variable -Wunused-value -Wno-empty-body -Wno-uninitialized -Wno-unknown-pragmas -w -Wno-shadow -Wno-four-char-constants -Wno-conversion -Wno-constant-conversion -Wno-int-conversion -Wno-bool-conversion -Wno-enum-conversion -Wno-float-conversion -Wno-non-literal-null-conversion -Wno-objc-literal-conversion -Wshorten-64-to-32 -Wpointer-sign -Wno-newline-eof -Wno-implicit-fallthrough -fstrict-aliasing -Wdeprecated-declarations -Wno-sign-conversion -Wno-infinite-recursion -Wno-comma -Wno-block-capture-autoreleasing -Wno-strict-prototypes -Wno-semicolon-before-method-body -index-store-path /Users/admin/builder/spi-builder-workspace/.derivedData/Index.noindex/DataStore @/Users/admin/builder/spi-builder-workspace/.derivedData/Build/Intermediates.noindex/cmark-gfm.build/Debug-xros/cmark-gfm.build/Objects-normal/arm64/7187679823f38a2a940e0043cdf9d637-common-args.resp -MMD -MT dependencies -MF /Users/admin/builder/spi-builder-workspace/.derivedData/Build/Intermediates.noindex/cmark-gfm.build/Debug-xros/cmark-gfm.build/Objects-normal/arm64/houdini_html_e.d --serialize-diagnostics /Users/admin/builder/spi-builder-workspace/.derivedData/Build/Intermediates.noindex/cmark-gfm.build/Debug-xros/cmark-gfm.build/Objects-normal/arm64/houdini_html_e.dia -c /Users/admin/builder/spi-builder-workspace/.dependencies/checkouts/swift-cmark/src/houdini_html_e.c -o /Users/admin/builder/spi-builder-workspace/.derivedData/Build/Intermediates.noindex/cmark-gfm.build/Debug-xros/cmark-gfm.build/Objects-normal/arm64/houdini_html_e.o -index-unit-output-path /cmark-gfm.build/Debug-xros/cmark-gfm.build/Objects-normal/arm64/houdini_html_e.o
PrecompileModule /Users/admin/builder/spi-builder-workspace/.derivedData/Build/Intermediates.noindex/ExplicitPrecompiledModules/sys_select-9C31BKGLTVBFKZMMGJ8V7F7JH.scan
cd /Users/admin/builder/spi-builder-workspace/.swiftpm/xcode
builtin-precompileModule /Users/admin/builder/spi-builder-workspace/.derivedData/Build/Intermediates.noindex/ExplicitPrecompiledModules/sys_select-9C31BKGLTVBFKZMMGJ8V7F7JH.scan
PrecompileModule /Users/admin/builder/spi-builder-workspace/.derivedData/Build/Intermediates.noindex/ExplicitPrecompiledModules/sys_wait-YYWYAQVJSTALEGJR2WC0YR0.scan
cd /Users/admin/builder/spi-builder-workspace/.swiftpm/xcode
builtin-precompileModule /Users/admin/builder/spi-builder-workspace/.derivedData/Build/Intermediates.noindex/ExplicitPrecompiledModules/sys_wait-YYWYAQVJSTALEGJR2WC0YR0.scan
PrecompileModule /Users/admin/builder/spi-builder-workspace/.derivedData/Build/Intermediates.noindex/ExplicitPrecompiledModules/pthread-1YC98M8UXA3BW3FLTGLB6OFLZ.scan
cd /Users/admin/builder/spi-builder-workspace/.swiftpm/xcode
builtin-precompileModule /Users/admin/builder/spi-builder-workspace/.derivedData/Build/Intermediates.noindex/ExplicitPrecompiledModules/pthread-1YC98M8UXA3BW3FLTGLB6OFLZ.scan
PrecompileModule /Users/admin/builder/spi-builder-workspace/.derivedData/Build/Intermediates.noindex/ExplicitPrecompiledModules/_stdlib-BND7EL7WXHRODD86MGYQY26PT.scan
cd /Users/admin/builder/spi-builder-workspace/.swiftpm/xcode
builtin-precompileModule /Users/admin/builder/spi-builder-workspace/.derivedData/Build/Intermediates.noindex/ExplicitPrecompiledModules/_stdlib-BND7EL7WXHRODD86MGYQY26PT.scan
PrecompileModule /Users/admin/builder/spi-builder-workspace/.derivedData/Build/Intermediates.noindex/ExplicitPrecompiledModules/unistd-3TLUINK4XTDQXNLLXXSD408CE.scan
cd /Users/admin/builder/spi-builder-workspace/.swiftpm/xcode
builtin-precompileModule /Users/admin/builder/spi-builder-workspace/.derivedData/Build/Intermediates.noindex/ExplicitPrecompiledModules/unistd-3TLUINK4XTDQXNLLXXSD408CE.scan
PrecompileModule /Users/admin/builder/spi-builder-workspace/.derivedData/Build/Intermediates.noindex/ExplicitPrecompiledModules/nl_types-9EE1JH7QPA3QH6IPJX59HDUH4.scan
cd /Users/admin/builder/spi-builder-workspace/.swiftpm/xcode
builtin-precompileModule /Users/admin/builder/spi-builder-workspace/.derivedData/Build/Intermediates.noindex/ExplicitPrecompiledModules/nl_types-9EE1JH7QPA3QH6IPJX59HDUH4.scan
PrecompileModule /Users/admin/builder/spi-builder-workspace/.derivedData/Build/Intermediates.noindex/ExplicitPrecompiledModules/_fenv-FXIPFAIEPIZZVKWT33UWEAO0.scan
cd /Users/admin/builder/spi-builder-workspace/.swiftpm/xcode
builtin-precompileModule /Users/admin/builder/spi-builder-workspace/.derivedData/Build/Intermediates.noindex/ExplicitPrecompiledModules/_fenv-FXIPFAIEPIZZVKWT33UWEAO0.scan
PrecompileModule /Users/admin/builder/spi-builder-workspace/.derivedData/Build/Intermediates.noindex/ExplicitPrecompiledModules/_inttypes-81UWVF7TNSD0OA3BN5YTTM7GI.scan
cd /Users/admin/builder/spi-builder-workspace/.swiftpm/xcode
builtin-precompileModule /Users/admin/builder/spi-builder-workspace/.derivedData/Build/Intermediates.noindex/ExplicitPrecompiledModules/_inttypes-81UWVF7TNSD0OA3BN5YTTM7GI.scan
PrecompileModule /Users/admin/builder/spi-builder-workspace/.derivedData/Build/Intermediates.noindex/ExplicitPrecompiledModules/_locale-BW8BIL70NR0NGKN6SVRDKJCZ4.scan
cd /Users/admin/builder/spi-builder-workspace/.swiftpm/xcode
builtin-precompileModule /Users/admin/builder/spi-builder-workspace/.derivedData/Build/Intermediates.noindex/ExplicitPrecompiledModules/_locale-BW8BIL70NR0NGKN6SVRDKJCZ4.scan
PrecompileModule /Users/admin/builder/spi-builder-workspace/.derivedData/Build/Intermediates.noindex/ExplicitPrecompiledModules/_float-767VDZ6IURLG3RNL4PX1ZHZW5.scan
cd /Users/admin/builder/spi-builder-workspace/.swiftpm/xcode
builtin-precompileModule /Users/admin/builder/spi-builder-workspace/.derivedData/Build/Intermediates.noindex/ExplicitPrecompiledModules/_float-767VDZ6IURLG3RNL4PX1ZHZW5.scan
PrecompileModule /Users/admin/builder/spi-builder-workspace/.derivedData/Build/Intermediates.noindex/ExplicitPrecompiledModules/TargetConditionals-7U1MNWY3FKZ2GHIGWJIRZNHG5.scan
cd /Users/admin/builder/spi-builder-workspace/.swiftpm/xcode
builtin-precompileModule /Users/admin/builder/spi-builder-workspace/.derivedData/Build/Intermediates.noindex/ExplicitPrecompiledModules/TargetConditionals-7U1MNWY3FKZ2GHIGWJIRZNHG5.scan
PrecompileModule /Users/admin/builder/spi-builder-workspace/.derivedData/Build/Intermediates.noindex/ExplicitPrecompiledModules/_math-AKFKHEHLTEJHBIRYSQBHD2EPR.scan
cd /Users/admin/builder/spi-builder-workspace/.swiftpm/xcode
builtin-precompileModule /Users/admin/builder/spi-builder-workspace/.derivedData/Build/Intermediates.noindex/ExplicitPrecompiledModules/_math-AKFKHEHLTEJHBIRYSQBHD2EPR.scan
PrecompileModule /Users/admin/builder/spi-builder-workspace/.derivedData/Build/Intermediates.noindex/ExplicitPrecompiledModules/__wctype-ESI99VWTUXMB4WLJ8A9TZQKY1.scan
cd /Users/admin/builder/spi-builder-workspace/.swiftpm/xcode
builtin-precompileModule /Users/admin/builder/spi-builder-workspace/.derivedData/Build/Intermediates.noindex/ExplicitPrecompiledModules/__wctype-ESI99VWTUXMB4WLJ8A9TZQKY1.scan
CompileC /Users/admin/builder/spi-builder-workspace/.derivedData/Build/Intermediates.noindex/cmark-gfm.build/Debug-xros/cmark-gfm.build/Objects-normal/arm64/xml.o /Users/admin/builder/spi-builder-workspace/.dependencies/checkouts/swift-cmark/src/xml.c normal arm64 c com.apple.compilers.llvm.clang.1_0.compiler (in target 'cmark-gfm' from project 'cmark-gfm')
cd /Users/admin/builder/spi-builder-workspace/.swiftpm/xcode
Using response file: /Users/admin/builder/spi-builder-workspace/.derivedData/Build/Intermediates.noindex/cmark-gfm.build/Debug-xros/cmark-gfm.build/Objects-normal/arm64/7187679823f38a2a940e0043cdf9d637-common-args.resp
/Applications/Xcode-16.3.0.app/Contents/Developer/Toolchains/XcodeDefault.xctoolchain/usr/bin/clang -x c -ivfsstatcache /Users/admin/builder/spi-builder-workspace/.derivedData/SDKStatCaches.noindex/xros2.4-22O233-407b76dbb837030756cbe1ab3f0b01b6.sdkstatcache -fmessage-length\=0 -fdiagnostics-show-note-include-stack -fmacro-backtrace-limit\=0 -fno-color-diagnostics -fmodules-prune-interval\=86400 -fmodules-prune-after\=345600 -fbuild-session-file\=/Users/admin/builder/spi-builder-workspace/.derivedData/ModuleCache.noindex/Session.modulevalidation -fmodules-validate-once-per-build-session -Wnon-modular-include-in-framework-module -Werror\=non-modular-include-in-framework-module -Wno-trigraphs -Wno-missing-field-initializers -Wno-missing-prototypes -Wno-return-type -Wno-missing-braces -Wparentheses -Wswitch -Wno-unused-function -Wno-unused-label -Wno-unused-parameter -Wno-unused-variable -Wunused-value -Wno-empty-body -Wno-uninitialized -Wno-unknown-pragmas -w -Wno-shadow -Wno-four-char-constants -Wno-conversion -Wno-constant-conversion -Wno-int-conversion -Wno-bool-conversion -Wno-enum-conversion -Wno-float-conversion -Wno-non-literal-null-conversion -Wno-objc-literal-conversion -Wshorten-64-to-32 -Wpointer-sign -Wno-newline-eof -Wno-implicit-fallthrough -fstrict-aliasing -Wdeprecated-declarations -Wno-sign-conversion -Wno-infinite-recursion -Wno-comma -Wno-block-capture-autoreleasing -Wno-strict-prototypes -Wno-semicolon-before-method-body -index-store-path /Users/admin/builder/spi-builder-workspace/.derivedData/Index.noindex/DataStore @/Users/admin/builder/spi-builder-workspace/.derivedData/Build/Intermediates.noindex/cmark-gfm.build/Debug-xros/cmark-gfm.build/Objects-normal/arm64/7187679823f38a2a940e0043cdf9d637-common-args.resp -MMD -MT dependencies -MF /Users/admin/builder/spi-builder-workspace/.derivedData/Build/Intermediates.noindex/cmark-gfm.build/Debug-xros/cmark-gfm.build/Objects-normal/arm64/xml.d --serialize-diagnostics /Users/admin/builder/spi-builder-workspace/.derivedData/Build/Intermediates.noindex/cmark-gfm.build/Debug-xros/cmark-gfm.build/Objects-normal/arm64/xml.dia -c /Users/admin/builder/spi-builder-workspace/.dependencies/checkouts/swift-cmark/src/xml.c -o /Users/admin/builder/spi-builder-workspace/.derivedData/Build/Intermediates.noindex/cmark-gfm.build/Debug-xros/cmark-gfm.build/Objects-normal/arm64/xml.o -index-unit-output-path /cmark-gfm.build/Debug-xros/cmark-gfm.build/Objects-normal/arm64/xml.o
CompileC /Users/admin/builder/spi-builder-workspace/.derivedData/Build/Intermediates.noindex/cmark-gfm.build/Debug-xros/cmark-gfm.build/Objects-normal/arm64/utf8.o /Users/admin/builder/spi-builder-workspace/.dependencies/checkouts/swift-cmark/src/utf8.c normal arm64 c com.apple.compilers.llvm.clang.1_0.compiler (in target 'cmark-gfm' from project 'cmark-gfm')
cd /Users/admin/builder/spi-builder-workspace/.swiftpm/xcode
Using response file: /Users/admin/builder/spi-builder-workspace/.derivedData/Build/Intermediates.noindex/cmark-gfm.build/Debug-xros/cmark-gfm.build/Objects-normal/arm64/7187679823f38a2a940e0043cdf9d637-common-args.resp
/Applications/Xcode-16.3.0.app/Contents/Developer/Toolchains/XcodeDefault.xctoolchain/usr/bin/clang -x c -ivfsstatcache /Users/admin/builder/spi-builder-workspace/.derivedData/SDKStatCaches.noindex/xros2.4-22O233-407b76dbb837030756cbe1ab3f0b01b6.sdkstatcache -fmessage-length\=0 -fdiagnostics-show-note-include-stack -fmacro-backtrace-limit\=0 -fno-color-diagnostics -fmodules-prune-interval\=86400 -fmodules-prune-after\=345600 -fbuild-session-file\=/Users/admin/builder/spi-builder-workspace/.derivedData/ModuleCache.noindex/Session.modulevalidation -fmodules-validate-once-per-build-session -Wnon-modular-include-in-framework-module -Werror\=non-modular-include-in-framework-module -Wno-trigraphs -Wno-missing-field-initializers -Wno-missing-prototypes -Wno-return-type -Wno-missing-braces -Wparentheses -Wswitch -Wno-unused-function -Wno-unused-label -Wno-unused-parameter -Wno-unused-variable -Wunused-value -Wno-empty-body -Wno-uninitialized -Wno-unknown-pragmas -w -Wno-shadow -Wno-four-char-constants -Wno-conversion -Wno-constant-conversion -Wno-int-conversion -Wno-bool-conversion -Wno-enum-conversion -Wno-float-conversion -Wno-non-literal-null-conversion -Wno-objc-literal-conversion -Wshorten-64-to-32 -Wpointer-sign -Wno-newline-eof -Wno-implicit-fallthrough -fstrict-aliasing -Wdeprecated-declarations -Wno-sign-conversion -Wno-infinite-recursion -Wno-comma -Wno-block-capture-autoreleasing -Wno-strict-prototypes -Wno-semicolon-before-method-body -index-store-path /Users/admin/builder/spi-builder-workspace/.derivedData/Index.noindex/DataStore @/Users/admin/builder/spi-builder-workspace/.derivedData/Build/Intermediates.noindex/cmark-gfm.build/Debug-xros/cmark-gfm.build/Objects-normal/arm64/7187679823f38a2a940e0043cdf9d637-common-args.resp -MMD -MT dependencies -MF /Users/admin/builder/spi-builder-workspace/.derivedData/Build/Intermediates.noindex/cmark-gfm.build/Debug-xros/cmark-gfm.build/Objects-normal/arm64/utf8.d --serialize-diagnostics /Users/admin/builder/spi-builder-workspace/.derivedData/Build/Intermediates.noindex/cmark-gfm.build/Debug-xros/cmark-gfm.build/Objects-normal/arm64/utf8.dia -c /Users/admin/builder/spi-builder-workspace/.dependencies/checkouts/swift-cmark/src/utf8.c -o /Users/admin/builder/spi-builder-workspace/.derivedData/Build/Intermediates.noindex/cmark-gfm.build/Debug-xros/cmark-gfm.build/Objects-normal/arm64/utf8.o -index-unit-output-path /cmark-gfm.build/Debug-xros/cmark-gfm.build/Objects-normal/arm64/utf8.o
CompileC /Users/admin/builder/spi-builder-workspace/.derivedData/Build/Intermediates.noindex/cmark-gfm.build/Debug-xros/cmark-gfm.build/Objects-normal/arm64/syntax_extension.o /Users/admin/builder/spi-builder-workspace/.dependencies/checkouts/swift-cmark/src/syntax_extension.c normal arm64 c com.apple.compilers.llvm.clang.1_0.compiler (in target 'cmark-gfm' from project 'cmark-gfm')
cd /Users/admin/builder/spi-builder-workspace/.swiftpm/xcode
Using response file: /Users/admin/builder/spi-builder-workspace/.derivedData/Build/Intermediates.noindex/cmark-gfm.build/Debug-xros/cmark-gfm.build/Objects-normal/arm64/7187679823f38a2a940e0043cdf9d637-common-args.resp
/Applications/Xcode-16.3.0.app/Contents/Developer/Toolchains/XcodeDefault.xctoolchain/usr/bin/clang -x c -ivfsstatcache /Users/admin/builder/spi-builder-workspace/.derivedData/SDKStatCaches.noindex/xros2.4-22O233-407b76dbb837030756cbe1ab3f0b01b6.sdkstatcache -fmessage-length\=0 -fdiagnostics-show-note-include-stack -fmacro-backtrace-limit\=0 -fno-color-diagnostics -fmodules-prune-interval\=86400 -fmodules-prune-after\=345600 -fbuild-session-file\=/Users/admin/builder/spi-builder-workspace/.derivedData/ModuleCache.noindex/Session.modulevalidation -fmodules-validate-once-per-build-session -Wnon-modular-include-in-framework-module -Werror\=non-modular-include-in-framework-module -Wno-trigraphs -Wno-missing-field-initializers -Wno-missing-prototypes -Wno-return-type -Wno-missing-braces -Wparentheses -Wswitch -Wno-unused-function -Wno-unused-label -Wno-unused-parameter -Wno-unused-variable -Wunused-value -Wno-empty-body -Wno-uninitialized -Wno-unknown-pragmas -w -Wno-shadow -Wno-four-char-constants -Wno-conversion -Wno-constant-conversion -Wno-int-conversion -Wno-bool-conversion -Wno-enum-conversion -Wno-float-conversion -Wno-non-literal-null-conversion -Wno-objc-literal-conversion -Wshorten-64-to-32 -Wpointer-sign -Wno-newline-eof -Wno-implicit-fallthrough -fstrict-aliasing -Wdeprecated-declarations -Wno-sign-conversion -Wno-infinite-recursion -Wno-comma -Wno-block-capture-autoreleasing -Wno-strict-prototypes -Wno-semicolon-before-method-body -index-store-path /Users/admin/builder/spi-builder-workspace/.derivedData/Index.noindex/DataStore @/Users/admin/builder/spi-builder-workspace/.derivedData/Build/Intermediates.noindex/cmark-gfm.build/Debug-xros/cmark-gfm.build/Objects-normal/arm64/7187679823f38a2a940e0043cdf9d637-common-args.resp -MMD -MT dependencies -MF /Users/admin/builder/spi-builder-workspace/.derivedData/Build/Intermediates.noindex/cmark-gfm.build/Debug-xros/cmark-gfm.build/Objects-normal/arm64/syntax_extension.d --serialize-diagnostics /Users/admin/builder/spi-builder-workspace/.derivedData/Build/Intermediates.noindex/cmark-gfm.build/Debug-xros/cmark-gfm.build/Objects-normal/arm64/syntax_extension.dia -c /Users/admin/builder/spi-builder-workspace/.dependencies/checkouts/swift-cmark/src/syntax_extension.c -o /Users/admin/builder/spi-builder-workspace/.derivedData/Build/Intermediates.noindex/cmark-gfm.build/Debug-xros/cmark-gfm.build/Objects-normal/arm64/syntax_extension.o -index-unit-output-path /cmark-gfm.build/Debug-xros/cmark-gfm.build/Objects-normal/arm64/syntax_extension.o
CompileC /Users/admin/builder/spi-builder-workspace/.derivedData/Build/Intermediates.noindex/cmark-gfm.build/Debug-xros/cmark-gfm.build/Objects-normal/arm64/scanners.o /Users/admin/builder/spi-builder-workspace/.dependencies/checkouts/swift-cmark/src/scanners.c normal arm64 c com.apple.compilers.llvm.clang.1_0.compiler (in target 'cmark-gfm' from project 'cmark-gfm')
cd /Users/admin/builder/spi-builder-workspace/.swiftpm/xcode
Using response file: /Users/admin/builder/spi-builder-workspace/.derivedData/Build/Intermediates.noindex/cmark-gfm.build/Debug-xros/cmark-gfm.build/Objects-normal/arm64/7187679823f38a2a940e0043cdf9d637-common-args.resp
/Applications/Xcode-16.3.0.app/Contents/Developer/Toolchains/XcodeDefault.xctoolchain/usr/bin/clang -x c -ivfsstatcache /Users/admin/builder/spi-builder-workspace/.derivedData/SDKStatCaches.noindex/xros2.4-22O233-407b76dbb837030756cbe1ab3f0b01b6.sdkstatcache -fmessage-length\=0 -fdiagnostics-show-note-include-stack -fmacro-backtrace-limit\=0 -fno-color-diagnostics -fmodules-prune-interval\=86400 -fmodules-prune-after\=345600 -fbuild-session-file\=/Users/admin/builder/spi-builder-workspace/.derivedData/ModuleCache.noindex/Session.modulevalidation -fmodules-validate-once-per-build-session -Wnon-modular-include-in-framework-module -Werror\=non-modular-include-in-framework-module -Wno-trigraphs -Wno-missing-field-initializers -Wno-missing-prototypes -Wno-return-type -Wno-missing-braces -Wparentheses -Wswitch -Wno-unused-function -Wno-unused-label -Wno-unused-parameter -Wno-unused-variable -Wunused-value -Wno-empty-body -Wno-uninitialized -Wno-unknown-pragmas -w -Wno-shadow -Wno-four-char-constants -Wno-conversion -Wno-constant-conversion -Wno-int-conversion -Wno-bool-conversion -Wno-enum-conversion -Wno-float-conversion -Wno-non-literal-null-conversion -Wno-objc-literal-conversion -Wshorten-64-to-32 -Wpointer-sign -Wno-newline-eof -Wno-implicit-fallthrough -fstrict-aliasing -Wdeprecated-declarations -Wno-sign-conversion -Wno-infinite-recursion -Wno-comma -Wno-block-capture-autoreleasing -Wno-strict-prototypes -Wno-semicolon-before-method-body -index-store-path /Users/admin/builder/spi-builder-workspace/.derivedData/Index.noindex/DataStore @/Users/admin/builder/spi-builder-workspace/.derivedData/Build/Intermediates.noindex/cmark-gfm.build/Debug-xros/cmark-gfm.build/Objects-normal/arm64/7187679823f38a2a940e0043cdf9d637-common-args.resp -MMD -MT dependencies -MF /Users/admin/builder/spi-builder-workspace/.derivedData/Build/Intermediates.noindex/cmark-gfm.build/Debug-xros/cmark-gfm.build/Objects-normal/arm64/scanners.d --serialize-diagnostics /Users/admin/builder/spi-builder-workspace/.derivedData/Build/Intermediates.noindex/cmark-gfm.build/Debug-xros/cmark-gfm.build/Objects-normal/arm64/scanners.dia -c /Users/admin/builder/spi-builder-workspace/.dependencies/checkouts/swift-cmark/src/scanners.c -o /Users/admin/builder/spi-builder-workspace/.derivedData/Build/Intermediates.noindex/cmark-gfm.build/Debug-xros/cmark-gfm.build/Objects-normal/arm64/scanners.o -index-unit-output-path /cmark-gfm.build/Debug-xros/cmark-gfm.build/Objects-normal/arm64/scanners.o
CompileC /Users/admin/builder/spi-builder-workspace/.derivedData/Build/Intermediates.noindex/cmark-gfm.build/Debug-xros/cmark-gfm.build/Objects-normal/arm64/render.o /Users/admin/builder/spi-builder-workspace/.dependencies/checkouts/swift-cmark/src/render.c normal arm64 c com.apple.compilers.llvm.clang.1_0.compiler (in target 'cmark-gfm' from project 'cmark-gfm')
cd /Users/admin/builder/spi-builder-workspace/.swiftpm/xcode
Using response file: /Users/admin/builder/spi-builder-workspace/.derivedData/Build/Intermediates.noindex/cmark-gfm.build/Debug-xros/cmark-gfm.build/Objects-normal/arm64/7187679823f38a2a940e0043cdf9d637-common-args.resp
/Applications/Xcode-16.3.0.app/Contents/Developer/Toolchains/XcodeDefault.xctoolchain/usr/bin/clang -x c -ivfsstatcache /Users/admin/builder/spi-builder-workspace/.derivedData/SDKStatCaches.noindex/xros2.4-22O233-407b76dbb837030756cbe1ab3f0b01b6.sdkstatcache -fmessage-length\=0 -fdiagnostics-show-note-include-stack -fmacro-backtrace-limit\=0 -fno-color-diagnostics -fmodules-prune-interval\=86400 -fmodules-prune-after\=345600 -fbuild-session-file\=/Users/admin/builder/spi-builder-workspace/.derivedData/ModuleCache.noindex/Session.modulevalidation -fmodules-validate-once-per-build-session -Wnon-modular-include-in-framework-module -Werror\=non-modular-include-in-framework-module -Wno-trigraphs -Wno-missing-field-initializers -Wno-missing-prototypes -Wno-return-type -Wno-missing-braces -Wparentheses -Wswitch -Wno-unused-function -Wno-unused-label -Wno-unused-parameter -Wno-unused-variable -Wunused-value -Wno-empty-body -Wno-uninitialized -Wno-unknown-pragmas -w -Wno-shadow -Wno-four-char-constants -Wno-conversion -Wno-constant-conversion -Wno-int-conversion -Wno-bool-conversion -Wno-enum-conversion -Wno-float-conversion -Wno-non-literal-null-conversion -Wno-objc-literal-conversion -Wshorten-64-to-32 -Wpointer-sign -Wno-newline-eof -Wno-implicit-fallthrough -fstrict-aliasing -Wdeprecated-declarations -Wno-sign-conversion -Wno-infinite-recursion -Wno-comma -Wno-block-capture-autoreleasing -Wno-strict-prototypes -Wno-semicolon-before-method-body -index-store-path /Users/admin/builder/spi-builder-workspace/.derivedData/Index.noindex/DataStore @/Users/admin/builder/spi-builder-workspace/.derivedData/Build/Intermediates.noindex/cmark-gfm.build/Debug-xros/cmark-gfm.build/Objects-normal/arm64/7187679823f38a2a940e0043cdf9d637-common-args.resp -MMD -MT dependencies -MF /Users/admin/builder/spi-builder-workspace/.derivedData/Build/Intermediates.noindex/cmark-gfm.build/Debug-xros/cmark-gfm.build/Objects-normal/arm64/render.d --serialize-diagnostics /Users/admin/builder/spi-builder-workspace/.derivedData/Build/Intermediates.noindex/cmark-gfm.build/Debug-xros/cmark-gfm.build/Objects-normal/arm64/render.dia -c /Users/admin/builder/spi-builder-workspace/.dependencies/checkouts/swift-cmark/src/render.c -o /Users/admin/builder/spi-builder-workspace/.derivedData/Build/Intermediates.noindex/cmark-gfm.build/Debug-xros/cmark-gfm.build/Objects-normal/arm64/render.o -index-unit-output-path /cmark-gfm.build/Debug-xros/cmark-gfm.build/Objects-normal/arm64/render.o
CompileC /Users/admin/builder/spi-builder-workspace/.derivedData/Build/Intermediates.noindex/cmark-gfm.build/Debug-xros/cmark-gfm.build/Objects-normal/arm64/registry.o /Users/admin/builder/spi-builder-workspace/.dependencies/checkouts/swift-cmark/src/registry.c normal arm64 c com.apple.compilers.llvm.clang.1_0.compiler (in target 'cmark-gfm' from project 'cmark-gfm')
cd /Users/admin/builder/spi-builder-workspace/.swiftpm/xcode
Using response file: /Users/admin/builder/spi-builder-workspace/.derivedData/Build/Intermediates.noindex/cmark-gfm.build/Debug-xros/cmark-gfm.build/Objects-normal/arm64/7187679823f38a2a940e0043cdf9d637-common-args.resp
/Applications/Xcode-16.3.0.app/Contents/Developer/Toolchains/XcodeDefault.xctoolchain/usr/bin/clang -x c -ivfsstatcache /Users/admin/builder/spi-builder-workspace/.derivedData/SDKStatCaches.noindex/xros2.4-22O233-407b76dbb837030756cbe1ab3f0b01b6.sdkstatcache -fmessage-length\=0 -fdiagnostics-show-note-include-stack -fmacro-backtrace-limit\=0 -fno-color-diagnostics -fmodules-prune-interval\=86400 -fmodules-prune-after\=345600 -fbuild-session-file\=/Users/admin/builder/spi-builder-workspace/.derivedData/ModuleCache.noindex/Session.modulevalidation -fmodules-validate-once-per-build-session -Wnon-modular-include-in-framework-module -Werror\=non-modular-include-in-framework-module -Wno-trigraphs -Wno-missing-field-initializers -Wno-missing-prototypes -Wno-return-type -Wno-missing-braces -Wparentheses -Wswitch -Wno-unused-function -Wno-unused-label -Wno-unused-parameter -Wno-unused-variable -Wunused-value -Wno-empty-body -Wno-uninitialized -Wno-unknown-pragmas -w -Wno-shadow -Wno-four-char-constants -Wno-conversion -Wno-constant-conversion -Wno-int-conversion -Wno-bool-conversion -Wno-enum-conversion -Wno-float-conversion -Wno-non-literal-null-conversion -Wno-objc-literal-conversion -Wshorten-64-to-32 -Wpointer-sign -Wno-newline-eof -Wno-implicit-fallthrough -fstrict-aliasing -Wdeprecated-declarations -Wno-sign-conversion -Wno-infinite-recursion -Wno-comma -Wno-block-capture-autoreleasing -Wno-strict-prototypes -Wno-semicolon-before-method-body -index-store-path /Users/admin/builder/spi-builder-workspace/.derivedData/Index.noindex/DataStore @/Users/admin/builder/spi-builder-workspace/.derivedData/Build/Intermediates.noindex/cmark-gfm.build/Debug-xros/cmark-gfm.build/Objects-normal/arm64/7187679823f38a2a940e0043cdf9d637-common-args.resp -MMD -MT dependencies -MF /Users/admin/builder/spi-builder-workspace/.derivedData/Build/Intermediates.noindex/cmark-gfm.build/Debug-xros/cmark-gfm.build/Objects-normal/arm64/registry.d --serialize-diagnostics /Users/admin/builder/spi-builder-workspace/.derivedData/Build/Intermediates.noindex/cmark-gfm.build/Debug-xros/cmark-gfm.build/Objects-normal/arm64/registry.dia -c /Users/admin/builder/spi-builder-workspace/.dependencies/checkouts/swift-cmark/src/registry.c -o /Users/admin/builder/spi-builder-workspace/.derivedData/Build/Intermediates.noindex/cmark-gfm.build/Debug-xros/cmark-gfm.build/Objects-normal/arm64/registry.o -index-unit-output-path /cmark-gfm.build/Debug-xros/cmark-gfm.build/Objects-normal/arm64/registry.o
CompileC /Users/admin/builder/spi-builder-workspace/.derivedData/Build/Intermediates.noindex/cmark-gfm.build/Debug-xros/cmark-gfm.build/Objects-normal/arm64/references.o /Users/admin/builder/spi-builder-workspace/.dependencies/checkouts/swift-cmark/src/references.c normal arm64 c com.apple.compilers.llvm.clang.1_0.compiler (in target 'cmark-gfm' from project 'cmark-gfm')
cd /Users/admin/builder/spi-builder-workspace/.swiftpm/xcode
Using response file: /Users/admin/builder/spi-builder-workspace/.derivedData/Build/Intermediates.noindex/cmark-gfm.build/Debug-xros/cmark-gfm.build/Objects-normal/arm64/7187679823f38a2a940e0043cdf9d637-common-args.resp
/Applications/Xcode-16.3.0.app/Contents/Developer/Toolchains/XcodeDefault.xctoolchain/usr/bin/clang -x c -ivfsstatcache /Users/admin/builder/spi-builder-workspace/.derivedData/SDKStatCaches.noindex/xros2.4-22O233-407b76dbb837030756cbe1ab3f0b01b6.sdkstatcache -fmessage-length\=0 -fdiagnostics-show-note-include-stack -fmacro-backtrace-limit\=0 -fno-color-diagnostics -fmodules-prune-interval\=86400 -fmodules-prune-after\=345600 -fbuild-session-file\=/Users/admin/builder/spi-builder-workspace/.derivedData/ModuleCache.noindex/Session.modulevalidation -fmodules-validate-once-per-build-session -Wnon-modular-include-in-framework-module -Werror\=non-modular-include-in-framework-module -Wno-trigraphs -Wno-missing-field-initializers -Wno-missing-prototypes -Wno-return-type -Wno-missing-braces -Wparentheses -Wswitch -Wno-unused-function -Wno-unused-label -Wno-unused-parameter -Wno-unused-variable -Wunused-value -Wno-empty-body -Wno-uninitialized -Wno-unknown-pragmas -w -Wno-shadow -Wno-four-char-constants -Wno-conversion -Wno-constant-conversion -Wno-int-conversion -Wno-bool-conversion -Wno-enum-conversion -Wno-float-conversion -Wno-non-literal-null-conversion -Wno-objc-literal-conversion -Wshorten-64-to-32 -Wpointer-sign -Wno-newline-eof -Wno-implicit-fallthrough -fstrict-aliasing -Wdeprecated-declarations -Wno-sign-conversion -Wno-infinite-recursion -Wno-comma -Wno-block-capture-autoreleasing -Wno-strict-prototypes -Wno-semicolon-before-method-body -index-store-path /Users/admin/builder/spi-builder-workspace/.derivedData/Index.noindex/DataStore @/Users/admin/builder/spi-builder-workspace/.derivedData/Build/Intermediates.noindex/cmark-gfm.build/Debug-xros/cmark-gfm.build/Objects-normal/arm64/7187679823f38a2a940e0043cdf9d637-common-args.resp -MMD -MT dependencies -MF /Users/admin/builder/spi-builder-workspace/.derivedData/Build/Intermediates.noindex/cmark-gfm.build/Debug-xros/cmark-gfm.build/Objects-normal/arm64/references.d --serialize-diagnostics /Users/admin/builder/spi-builder-workspace/.derivedData/Build/Intermediates.noindex/cmark-gfm.build/Debug-xros/cmark-gfm.build/Objects-normal/arm64/references.dia -c /Users/admin/builder/spi-builder-workspace/.dependencies/checkouts/swift-cmark/src/references.c -o /Users/admin/builder/spi-builder-workspace/.derivedData/Build/Intermediates.noindex/cmark-gfm.build/Debug-xros/cmark-gfm.build/Objects-normal/arm64/references.o -index-unit-output-path /cmark-gfm.build/Debug-xros/cmark-gfm.build/Objects-normal/arm64/references.o
CompileC /Users/admin/builder/spi-builder-workspace/.derivedData/Build/Intermediates.noindex/cmark-gfm.build/Debug-xros/cmark-gfm.build/Objects-normal/arm64/plugin.o /Users/admin/builder/spi-builder-workspace/.dependencies/checkouts/swift-cmark/src/plugin.c normal arm64 c com.apple.compilers.llvm.clang.1_0.compiler (in target 'cmark-gfm' from project 'cmark-gfm')
cd /Users/admin/builder/spi-builder-workspace/.swiftpm/xcode
Using response file: /Users/admin/builder/spi-builder-workspace/.derivedData/Build/Intermediates.noindex/cmark-gfm.build/Debug-xros/cmark-gfm.build/Objects-normal/arm64/7187679823f38a2a940e0043cdf9d637-common-args.resp
/Applications/Xcode-16.3.0.app/Contents/Developer/Toolchains/XcodeDefault.xctoolchain/usr/bin/clang -x c -ivfsstatcache /Users/admin/builder/spi-builder-workspace/.derivedData/SDKStatCaches.noindex/xros2.4-22O233-407b76dbb837030756cbe1ab3f0b01b6.sdkstatcache -fmessage-length\=0 -fdiagnostics-show-note-include-stack -fmacro-backtrace-limit\=0 -fno-color-diagnostics -fmodules-prune-interval\=86400 -fmodules-prune-after\=345600 -fbuild-session-file\=/Users/admin/builder/spi-builder-workspace/.derivedData/ModuleCache.noindex/Session.modulevalidation -fmodules-validate-once-per-build-session -Wnon-modular-include-in-framework-module -Werror\=non-modular-include-in-framework-module -Wno-trigraphs -Wno-missing-field-initializers -Wno-missing-prototypes -Wno-return-type -Wno-missing-braces -Wparentheses -Wswitch -Wno-unused-function -Wno-unused-label -Wno-unused-parameter -Wno-unused-variable -Wunused-value -Wno-empty-body -Wno-uninitialized -Wno-unknown-pragmas -w -Wno-shadow -Wno-four-char-constants -Wno-conversion -Wno-constant-conversion -Wno-int-conversion -Wno-bool-conversion -Wno-enum-conversion -Wno-float-conversion -Wno-non-literal-null-conversion -Wno-objc-literal-conversion -Wshorten-64-to-32 -Wpointer-sign -Wno-newline-eof -Wno-implicit-fallthrough -fstrict-aliasing -Wdeprecated-declarations -Wno-sign-conversion -Wno-infinite-recursion -Wno-comma -Wno-block-capture-autoreleasing -Wno-strict-prototypes -Wno-semicolon-before-method-body -index-store-path /Users/admin/builder/spi-builder-workspace/.derivedData/Index.noindex/DataStore @/Users/admin/builder/spi-builder-workspace/.derivedData/Build/Intermediates.noindex/cmark-gfm.build/Debug-xros/cmark-gfm.build/Objects-normal/arm64/7187679823f38a2a940e0043cdf9d637-common-args.resp -MMD -MT dependencies -MF /Users/admin/builder/spi-builder-workspace/.derivedData/Build/Intermediates.noindex/cmark-gfm.build/Debug-xros/cmark-gfm.build/Objects-normal/arm64/plugin.d --serialize-diagnostics /Users/admin/builder/spi-builder-workspace/.derivedData/Build/Intermediates.noindex/cmark-gfm.build/Debug-xros/cmark-gfm.build/Objects-normal/arm64/plugin.dia -c /Users/admin/builder/spi-builder-workspace/.dependencies/checkouts/swift-cmark/src/plugin.c -o /Users/admin/builder/spi-builder-workspace/.derivedData/Build/Intermediates.noindex/cmark-gfm.build/Debug-xros/cmark-gfm.build/Objects-normal/arm64/plugin.o -index-unit-output-path /cmark-gfm.build/Debug-xros/cmark-gfm.build/Objects-normal/arm64/plugin.o
CompileC /Users/admin/builder/spi-builder-workspace/.derivedData/Build/Intermediates.noindex/cmark-gfm.build/Debug-xros/cmark-gfm.build/Objects-normal/arm64/plaintext.o /Users/admin/builder/spi-builder-workspace/.dependencies/checkouts/swift-cmark/src/plaintext.c normal arm64 c com.apple.compilers.llvm.clang.1_0.compiler (in target 'cmark-gfm' from project 'cmark-gfm')
cd /Users/admin/builder/spi-builder-workspace/.swiftpm/xcode
Using response file: /Users/admin/builder/spi-builder-workspace/.derivedData/Build/Intermediates.noindex/cmark-gfm.build/Debug-xros/cmark-gfm.build/Objects-normal/arm64/7187679823f38a2a940e0043cdf9d637-common-args.resp
/Applications/Xcode-16.3.0.app/Contents/Developer/Toolchains/XcodeDefault.xctoolchain/usr/bin/clang -x c -ivfsstatcache /Users/admin/builder/spi-builder-workspace/.derivedData/SDKStatCaches.noindex/xros2.4-22O233-407b76dbb837030756cbe1ab3f0b01b6.sdkstatcache -fmessage-length\=0 -fdiagnostics-show-note-include-stack -fmacro-backtrace-limit\=0 -fno-color-diagnostics -fmodules-prune-interval\=86400 -fmodules-prune-after\=345600 -fbuild-session-file\=/Users/admin/builder/spi-builder-workspace/.derivedData/ModuleCache.noindex/Session.modulevalidation -fmodules-validate-once-per-build-session -Wnon-modular-include-in-framework-module -Werror\=non-modular-include-in-framework-module -Wno-trigraphs -Wno-missing-field-initializers -Wno-missing-prototypes -Wno-return-type -Wno-missing-braces -Wparentheses -Wswitch -Wno-unused-function -Wno-unused-label -Wno-unused-parameter -Wno-unused-variable -Wunused-value -Wno-empty-body -Wno-uninitialized -Wno-unknown-pragmas -w -Wno-shadow -Wno-four-char-constants -Wno-conversion -Wno-constant-conversion -Wno-int-conversion -Wno-bool-conversion -Wno-enum-conversion -Wno-float-conversion -Wno-non-literal-null-conversion -Wno-objc-literal-conversion -Wshorten-64-to-32 -Wpointer-sign -Wno-newline-eof -Wno-implicit-fallthrough -fstrict-aliasing -Wdeprecated-declarations -Wno-sign-conversion -Wno-infinite-recursion -Wno-comma -Wno-block-capture-autoreleasing -Wno-strict-prototypes -Wno-semicolon-before-method-body -index-store-path /Users/admin/builder/spi-builder-workspace/.derivedData/Index.noindex/DataStore @/Users/admin/builder/spi-builder-workspace/.derivedData/Build/Intermediates.noindex/cmark-gfm.build/Debug-xros/cmark-gfm.build/Objects-normal/arm64/7187679823f38a2a940e0043cdf9d637-common-args.resp -MMD -MT dependencies -MF /Users/admin/builder/spi-builder-workspace/.derivedData/Build/Intermediates.noindex/cmark-gfm.build/Debug-xros/cmark-gfm.build/Objects-normal/arm64/plaintext.d --serialize-diagnostics /Users/admin/builder/spi-builder-workspace/.derivedData/Build/Intermediates.noindex/cmark-gfm.build/Debug-xros/cmark-gfm.build/Objects-normal/arm64/plaintext.dia -c /Users/admin/builder/spi-builder-workspace/.dependencies/checkouts/swift-cmark/src/plaintext.c -o /Users/admin/builder/spi-builder-workspace/.derivedData/Build/Intermediates.noindex/cmark-gfm.build/Debug-xros/cmark-gfm.build/Objects-normal/arm64/plaintext.o -index-unit-output-path /cmark-gfm.build/Debug-xros/cmark-gfm.build/Objects-normal/arm64/plaintext.o
CompileC /Users/admin/builder/spi-builder-workspace/.derivedData/Build/Intermediates.noindex/cmark-gfm.build/Debug-xros/cmark-gfm.build/Objects-normal/arm64/node.o /Users/admin/builder/spi-builder-workspace/.dependencies/checkouts/swift-cmark/src/node.c normal arm64 c com.apple.compilers.llvm.clang.1_0.compiler (in target 'cmark-gfm' from project 'cmark-gfm')
cd /Users/admin/builder/spi-builder-workspace/.swiftpm/xcode
Using response file: /Users/admin/builder/spi-builder-workspace/.derivedData/Build/Intermediates.noindex/cmark-gfm.build/Debug-xros/cmark-gfm.build/Objects-normal/arm64/7187679823f38a2a940e0043cdf9d637-common-args.resp
/Applications/Xcode-16.3.0.app/Contents/Developer/Toolchains/XcodeDefault.xctoolchain/usr/bin/clang -x c -ivfsstatcache /Users/admin/builder/spi-builder-workspace/.derivedData/SDKStatCaches.noindex/xros2.4-22O233-407b76dbb837030756cbe1ab3f0b01b6.sdkstatcache -fmessage-length\=0 -fdiagnostics-show-note-include-stack -fmacro-backtrace-limit\=0 -fno-color-diagnostics -fmodules-prune-interval\=86400 -fmodules-prune-after\=345600 -fbuild-session-file\=/Users/admin/builder/spi-builder-workspace/.derivedData/ModuleCache.noindex/Session.modulevalidation -fmodules-validate-once-per-build-session -Wnon-modular-include-in-framework-module -Werror\=non-modular-include-in-framework-module -Wno-trigraphs -Wno-missing-field-initializers -Wno-missing-prototypes -Wno-return-type -Wno-missing-braces -Wparentheses -Wswitch -Wno-unused-function -Wno-unused-label -Wno-unused-parameter -Wno-unused-variable -Wunused-value -Wno-empty-body -Wno-uninitialized -Wno-unknown-pragmas -w -Wno-shadow -Wno-four-char-constants -Wno-conversion -Wno-constant-conversion -Wno-int-conversion -Wno-bool-conversion -Wno-enum-conversion -Wno-float-conversion -Wno-non-literal-null-conversion -Wno-objc-literal-conversion -Wshorten-64-to-32 -Wpointer-sign -Wno-newline-eof -Wno-implicit-fallthrough -fstrict-aliasing -Wdeprecated-declarations -Wno-sign-conversion -Wno-infinite-recursion -Wno-comma -Wno-block-capture-autoreleasing -Wno-strict-prototypes -Wno-semicolon-before-method-body -index-store-path /Users/admin/builder/spi-builder-workspace/.derivedData/Index.noindex/DataStore @/Users/admin/builder/spi-builder-workspace/.derivedData/Build/Intermediates.noindex/cmark-gfm.build/Debug-xros/cmark-gfm.build/Objects-normal/arm64/7187679823f38a2a940e0043cdf9d637-common-args.resp -MMD -MT dependencies -MF /Users/admin/builder/spi-builder-workspace/.derivedData/Build/Intermediates.noindex/cmark-gfm.build/Debug-xros/cmark-gfm.build/Objects-normal/arm64/node.d --serialize-diagnostics /Users/admin/builder/spi-builder-workspace/.derivedData/Build/Intermediates.noindex/cmark-gfm.build/Debug-xros/cmark-gfm.build/Objects-normal/arm64/node.dia -c /Users/admin/builder/spi-builder-workspace/.dependencies/checkouts/swift-cmark/src/node.c -o /Users/admin/builder/spi-builder-workspace/.derivedData/Build/Intermediates.noindex/cmark-gfm.build/Debug-xros/cmark-gfm.build/Objects-normal/arm64/node.o -index-unit-output-path /cmark-gfm.build/Debug-xros/cmark-gfm.build/Objects-normal/arm64/node.o
CompileC /Users/admin/builder/spi-builder-workspace/.derivedData/Build/Intermediates.noindex/cmark-gfm.build/Debug-xros/cmark-gfm.build/Objects-normal/arm64/map.o /Users/admin/builder/spi-builder-workspace/.dependencies/checkouts/swift-cmark/src/map.c normal arm64 c com.apple.compilers.llvm.clang.1_0.compiler (in target 'cmark-gfm' from project 'cmark-gfm')
cd /Users/admin/builder/spi-builder-workspace/.swiftpm/xcode
Using response file: /Users/admin/builder/spi-builder-workspace/.derivedData/Build/Intermediates.noindex/cmark-gfm.build/Debug-xros/cmark-gfm.build/Objects-normal/arm64/7187679823f38a2a940e0043cdf9d637-common-args.resp
/Applications/Xcode-16.3.0.app/Contents/Developer/Toolchains/XcodeDefault.xctoolchain/usr/bin/clang -x c -ivfsstatcache /Users/admin/builder/spi-builder-workspace/.derivedData/SDKStatCaches.noindex/xros2.4-22O233-407b76dbb837030756cbe1ab3f0b01b6.sdkstatcache -fmessage-length\=0 -fdiagnostics-show-note-include-stack -fmacro-backtrace-limit\=0 -fno-color-diagnostics -fmodules-prune-interval\=86400 -fmodules-prune-after\=345600 -fbuild-session-file\=/Users/admin/builder/spi-builder-workspace/.derivedData/ModuleCache.noindex/Session.modulevalidation -fmodules-validate-once-per-build-session -Wnon-modular-include-in-framework-module -Werror\=non-modular-include-in-framework-module -Wno-trigraphs -Wno-missing-field-initializers -Wno-missing-prototypes -Wno-return-type -Wno-missing-braces -Wparentheses -Wswitch -Wno-unused-function -Wno-unused-label -Wno-unused-parameter -Wno-unused-variable -Wunused-value -Wno-empty-body -Wno-uninitialized -Wno-unknown-pragmas -w -Wno-shadow -Wno-four-char-constants -Wno-conversion -Wno-constant-conversion -Wno-int-conversion -Wno-bool-conversion -Wno-enum-conversion -Wno-float-conversion -Wno-non-literal-null-conversion -Wno-objc-literal-conversion -Wshorten-64-to-32 -Wpointer-sign -Wno-newline-eof -Wno-implicit-fallthrough -fstrict-aliasing -Wdeprecated-declarations -Wno-sign-conversion -Wno-infinite-recursion -Wno-comma -Wno-block-capture-autoreleasing -Wno-strict-prototypes -Wno-semicolon-before-method-body -index-store-path /Users/admin/builder/spi-builder-workspace/.derivedData/Index.noindex/DataStore @/Users/admin/builder/spi-builder-workspace/.derivedData/Build/Intermediates.noindex/cmark-gfm.build/Debug-xros/cmark-gfm.build/Objects-normal/arm64/7187679823f38a2a940e0043cdf9d637-common-args.resp -MMD -MT dependencies -MF /Users/admin/builder/spi-builder-workspace/.derivedData/Build/Intermediates.noindex/cmark-gfm.build/Debug-xros/cmark-gfm.build/Objects-normal/arm64/map.d --serialize-diagnostics /Users/admin/builder/spi-builder-workspace/.derivedData/Build/Intermediates.noindex/cmark-gfm.build/Debug-xros/cmark-gfm.build/Objects-normal/arm64/map.dia -c /Users/admin/builder/spi-builder-workspace/.dependencies/checkouts/swift-cmark/src/map.c -o /Users/admin/builder/spi-builder-workspace/.derivedData/Build/Intermediates.noindex/cmark-gfm.build/Debug-xros/cmark-gfm.build/Objects-normal/arm64/map.o -index-unit-output-path /cmark-gfm.build/Debug-xros/cmark-gfm.build/Objects-normal/arm64/map.o
CompileC /Users/admin/builder/spi-builder-workspace/.derivedData/Build/Intermediates.noindex/cmark-gfm.build/Debug-xros/cmark-gfm.build/Objects-normal/arm64/man.o /Users/admin/builder/spi-builder-workspace/.dependencies/checkouts/swift-cmark/src/man.c normal arm64 c com.apple.compilers.llvm.clang.1_0.compiler (in target 'cmark-gfm' from project 'cmark-gfm')
cd /Users/admin/builder/spi-builder-workspace/.swiftpm/xcode
Using response file: /Users/admin/builder/spi-builder-workspace/.derivedData/Build/Intermediates.noindex/cmark-gfm.build/Debug-xros/cmark-gfm.build/Objects-normal/arm64/7187679823f38a2a940e0043cdf9d637-common-args.resp
/Applications/Xcode-16.3.0.app/Contents/Developer/Toolchains/XcodeDefault.xctoolchain/usr/bin/clang -x c -ivfsstatcache /Users/admin/builder/spi-builder-workspace/.derivedData/SDKStatCaches.noindex/xros2.4-22O233-407b76dbb837030756cbe1ab3f0b01b6.sdkstatcache -fmessage-length\=0 -fdiagnostics-show-note-include-stack -fmacro-backtrace-limit\=0 -fno-color-diagnostics -fmodules-prune-interval\=86400 -fmodules-prune-after\=345600 -fbuild-session-file\=/Users/admin/builder/spi-builder-workspace/.derivedData/ModuleCache.noindex/Session.modulevalidation -fmodules-validate-once-per-build-session -Wnon-modular-include-in-framework-module -Werror\=non-modular-include-in-framework-module -Wno-trigraphs -Wno-missing-field-initializers -Wno-missing-prototypes -Wno-return-type -Wno-missing-braces -Wparentheses -Wswitch -Wno-unused-function -Wno-unused-label -Wno-unused-parameter -Wno-unused-variable -Wunused-value -Wno-empty-body -Wno-uninitialized -Wno-unknown-pragmas -w -Wno-shadow -Wno-four-char-constants -Wno-conversion -Wno-constant-conversion -Wno-int-conversion -Wno-bool-conversion -Wno-enum-conversion -Wno-float-conversion -Wno-non-literal-null-conversion -Wno-objc-literal-conversion -Wshorten-64-to-32 -Wpointer-sign -Wno-newline-eof -Wno-implicit-fallthrough -fstrict-aliasing -Wdeprecated-declarations -Wno-sign-conversion -Wno-infinite-recursion -Wno-comma -Wno-block-capture-autoreleasing -Wno-strict-prototypes -Wno-semicolon-before-method-body -index-store-path /Users/admin/builder/spi-builder-workspace/.derivedData/Index.noindex/DataStore @/Users/admin/builder/spi-builder-workspace/.derivedData/Build/Intermediates.noindex/cmark-gfm.build/Debug-xros/cmark-gfm.build/Objects-normal/arm64/7187679823f38a2a940e0043cdf9d637-common-args.resp -MMD -MT dependencies -MF /Users/admin/builder/spi-builder-workspace/.derivedData/Build/Intermediates.noindex/cmark-gfm.build/Debug-xros/cmark-gfm.build/Objects-normal/arm64/man.d --serialize-diagnostics /Users/admin/builder/spi-builder-workspace/.derivedData/Build/Intermediates.noindex/cmark-gfm.build/Debug-xros/cmark-gfm.build/Objects-normal/arm64/man.dia -c /Users/admin/builder/spi-builder-workspace/.dependencies/checkouts/swift-cmark/src/man.c -o /Users/admin/builder/spi-builder-workspace/.derivedData/Build/Intermediates.noindex/cmark-gfm.build/Debug-xros/cmark-gfm.build/Objects-normal/arm64/man.o -index-unit-output-path /cmark-gfm.build/Debug-xros/cmark-gfm.build/Objects-normal/arm64/man.o
CompileC /Users/admin/builder/spi-builder-workspace/.derivedData/Build/Intermediates.noindex/cmark-gfm.build/Debug-xros/cmark-gfm.build/Objects-normal/arm64/linked_list.o /Users/admin/builder/spi-builder-workspace/.dependencies/checkouts/swift-cmark/src/linked_list.c normal arm64 c com.apple.compilers.llvm.clang.1_0.compiler (in target 'cmark-gfm' from project 'cmark-gfm')
cd /Users/admin/builder/spi-builder-workspace/.swiftpm/xcode
Using response file: /Users/admin/builder/spi-builder-workspace/.derivedData/Build/Intermediates.noindex/cmark-gfm.build/Debug-xros/cmark-gfm.build/Objects-normal/arm64/7187679823f38a2a940e0043cdf9d637-common-args.resp
/Applications/Xcode-16.3.0.app/Contents/Developer/Toolchains/XcodeDefault.xctoolchain/usr/bin/clang -x c -ivfsstatcache /Users/admin/builder/spi-builder-workspace/.derivedData/SDKStatCaches.noindex/xros2.4-22O233-407b76dbb837030756cbe1ab3f0b01b6.sdkstatcache -fmessage-length\=0 -fdiagnostics-show-note-include-stack -fmacro-backtrace-limit\=0 -fno-color-diagnostics -fmodules-prune-interval\=86400 -fmodules-prune-after\=345600 -fbuild-session-file\=/Users/admin/builder/spi-builder-workspace/.derivedData/ModuleCache.noindex/Session.modulevalidation -fmodules-validate-once-per-build-session -Wnon-modular-include-in-framework-module -Werror\=non-modular-include-in-framework-module -Wno-trigraphs -Wno-missing-field-initializers -Wno-missing-prototypes -Wno-return-type -Wno-missing-braces -Wparentheses -Wswitch -Wno-unused-function -Wno-unused-label -Wno-unused-parameter -Wno-unused-variable -Wunused-value -Wno-empty-body -Wno-uninitialized -Wno-unknown-pragmas -w -Wno-shadow -Wno-four-char-constants -Wno-conversion -Wno-constant-conversion -Wno-int-conversion -Wno-bool-conversion -Wno-enum-conversion -Wno-float-conversion -Wno-non-literal-null-conversion -Wno-objc-literal-conversion -Wshorten-64-to-32 -Wpointer-sign -Wno-newline-eof -Wno-implicit-fallthrough -fstrict-aliasing -Wdeprecated-declarations -Wno-sign-conversion -Wno-infinite-recursion -Wno-comma -Wno-block-capture-autoreleasing -Wno-strict-prototypes -Wno-semicolon-before-method-body -index-store-path /Users/admin/builder/spi-builder-workspace/.derivedData/Index.noindex/DataStore @/Users/admin/builder/spi-builder-workspace/.derivedData/Build/Intermediates.noindex/cmark-gfm.build/Debug-xros/cmark-gfm.build/Objects-normal/arm64/7187679823f38a2a940e0043cdf9d637-common-args.resp -MMD -MT dependencies -MF /Users/admin/builder/spi-builder-workspace/.derivedData/Build/Intermediates.noindex/cmark-gfm.build/Debug-xros/cmark-gfm.build/Objects-normal/arm64/linked_list.d --serialize-diagnostics /Users/admin/builder/spi-builder-workspace/.derivedData/Build/Intermediates.noindex/cmark-gfm.build/Debug-xros/cmark-gfm.build/Objects-normal/arm64/linked_list.dia -c /Users/admin/builder/spi-builder-workspace/.dependencies/checkouts/swift-cmark/src/linked_list.c -o /Users/admin/builder/spi-builder-workspace/.derivedData/Build/Intermediates.noindex/cmark-gfm.build/Debug-xros/cmark-gfm.build/Objects-normal/arm64/linked_list.o -index-unit-output-path /cmark-gfm.build/Debug-xros/cmark-gfm.build/Objects-normal/arm64/linked_list.o
CompileC /Users/admin/builder/spi-builder-workspace/.derivedData/Build/Intermediates.noindex/cmark-gfm.build/Debug-xros/cmark-gfm.build/Objects-normal/arm64/latex.o /Users/admin/builder/spi-builder-workspace/.dependencies/checkouts/swift-cmark/src/latex.c normal arm64 c com.apple.compilers.llvm.clang.1_0.compiler (in target 'cmark-gfm' from project 'cmark-gfm')
cd /Users/admin/builder/spi-builder-workspace/.swiftpm/xcode
Using response file: /Users/admin/builder/spi-builder-workspace/.derivedData/Build/Intermediates.noindex/cmark-gfm.build/Debug-xros/cmark-gfm.build/Objects-normal/arm64/7187679823f38a2a940e0043cdf9d637-common-args.resp
/Applications/Xcode-16.3.0.app/Contents/Developer/Toolchains/XcodeDefault.xctoolchain/usr/bin/clang -x c -ivfsstatcache /Users/admin/builder/spi-builder-workspace/.derivedData/SDKStatCaches.noindex/xros2.4-22O233-407b76dbb837030756cbe1ab3f0b01b6.sdkstatcache -fmessage-length\=0 -fdiagnostics-show-note-include-stack -fmacro-backtrace-limit\=0 -fno-color-diagnostics -fmodules-prune-interval\=86400 -fmodules-prune-after\=345600 -fbuild-session-file\=/Users/admin/builder/spi-builder-workspace/.derivedData/ModuleCache.noindex/Session.modulevalidation -fmodules-validate-once-per-build-session -Wnon-modular-include-in-framework-module -Werror\=non-modular-include-in-framework-module -Wno-trigraphs -Wno-missing-field-initializers -Wno-missing-prototypes -Wno-return-type -Wno-missing-braces -Wparentheses -Wswitch -Wno-unused-function -Wno-unused-label -Wno-unused-parameter -Wno-unused-variable -Wunused-value -Wno-empty-body -Wno-uninitialized -Wno-unknown-pragmas -w -Wno-shadow -Wno-four-char-constants -Wno-conversion -Wno-constant-conversion -Wno-int-conversion -Wno-bool-conversion -Wno-enum-conversion -Wno-float-conversion -Wno-non-literal-null-conversion -Wno-objc-literal-conversion -Wshorten-64-to-32 -Wpointer-sign -Wno-newline-eof -Wno-implicit-fallthrough -fstrict-aliasing -Wdeprecated-declarations -Wno-sign-conversion -Wno-infinite-recursion -Wno-comma -Wno-block-capture-autoreleasing -Wno-strict-prototypes -Wno-semicolon-before-method-body -index-store-path /Users/admin/builder/spi-builder-workspace/.derivedData/Index.noindex/DataStore @/Users/admin/builder/spi-builder-workspace/.derivedData/Build/Intermediates.noindex/cmark-gfm.build/Debug-xros/cmark-gfm.build/Objects-normal/arm64/7187679823f38a2a940e0043cdf9d637-common-args.resp -MMD -MT dependencies -MF /Users/admin/builder/spi-builder-workspace/.derivedData/Build/Intermediates.noindex/cmark-gfm.build/Debug-xros/cmark-gfm.build/Objects-normal/arm64/latex.d --serialize-diagnostics /Users/admin/builder/spi-builder-workspace/.derivedData/Build/Intermediates.noindex/cmark-gfm.build/Debug-xros/cmark-gfm.build/Objects-normal/arm64/latex.dia -c /Users/admin/builder/spi-builder-workspace/.dependencies/checkouts/swift-cmark/src/latex.c -o /Users/admin/builder/spi-builder-workspace/.derivedData/Build/Intermediates.noindex/cmark-gfm.build/Debug-xros/cmark-gfm.build/Objects-normal/arm64/latex.o -index-unit-output-path /cmark-gfm.build/Debug-xros/cmark-gfm.build/Objects-normal/arm64/latex.o
CompileC /Users/admin/builder/spi-builder-workspace/.derivedData/Build/Intermediates.noindex/cmark-gfm.build/Debug-xros/cmark-gfm.build/Objects-normal/arm64/iterator.o /Users/admin/builder/spi-builder-workspace/.dependencies/checkouts/swift-cmark/src/iterator.c normal arm64 c com.apple.compilers.llvm.clang.1_0.compiler (in target 'cmark-gfm' from project 'cmark-gfm')
cd /Users/admin/builder/spi-builder-workspace/.swiftpm/xcode
Using response file: /Users/admin/builder/spi-builder-workspace/.derivedData/Build/Intermediates.noindex/cmark-gfm.build/Debug-xros/cmark-gfm.build/Objects-normal/arm64/7187679823f38a2a940e0043cdf9d637-common-args.resp
/Applications/Xcode-16.3.0.app/Contents/Developer/Toolchains/XcodeDefault.xctoolchain/usr/bin/clang -x c -ivfsstatcache /Users/admin/builder/spi-builder-workspace/.derivedData/SDKStatCaches.noindex/xros2.4-22O233-407b76dbb837030756cbe1ab3f0b01b6.sdkstatcache -fmessage-length\=0 -fdiagnostics-show-note-include-stack -fmacro-backtrace-limit\=0 -fno-color-diagnostics -fmodules-prune-interval\=86400 -fmodules-prune-after\=345600 -fbuild-session-file\=/Users/admin/builder/spi-builder-workspace/.derivedData/ModuleCache.noindex/Session.modulevalidation -fmodules-validate-once-per-build-session -Wnon-modular-include-in-framework-module -Werror\=non-modular-include-in-framework-module -Wno-trigraphs -Wno-missing-field-initializers -Wno-missing-prototypes -Wno-return-type -Wno-missing-braces -Wparentheses -Wswitch -Wno-unused-function -Wno-unused-label -Wno-unused-parameter -Wno-unused-variable -Wunused-value -Wno-empty-body -Wno-uninitialized -Wno-unknown-pragmas -w -Wno-shadow -Wno-four-char-constants -Wno-conversion -Wno-constant-conversion -Wno-int-conversion -Wno-bool-conversion -Wno-enum-conversion -Wno-float-conversion -Wno-non-literal-null-conversion -Wno-objc-literal-conversion -Wshorten-64-to-32 -Wpointer-sign -Wno-newline-eof -Wno-implicit-fallthrough -fstrict-aliasing -Wdeprecated-declarations -Wno-sign-conversion -Wno-infinite-recursion -Wno-comma -Wno-block-capture-autoreleasing -Wno-strict-prototypes -Wno-semicolon-before-method-body -index-store-path /Users/admin/builder/spi-builder-workspace/.derivedData/Index.noindex/DataStore @/Users/admin/builder/spi-builder-workspace/.derivedData/Build/Intermediates.noindex/cmark-gfm.build/Debug-xros/cmark-gfm.build/Objects-normal/arm64/7187679823f38a2a940e0043cdf9d637-common-args.resp -MMD -MT dependencies -MF /Users/admin/builder/spi-builder-workspace/.derivedData/Build/Intermediates.noindex/cmark-gfm.build/Debug-xros/cmark-gfm.build/Objects-normal/arm64/iterator.d --serialize-diagnostics /Users/admin/builder/spi-builder-workspace/.derivedData/Build/Intermediates.noindex/cmark-gfm.build/Debug-xros/cmark-gfm.build/Objects-normal/arm64/iterator.dia -c /Users/admin/builder/spi-builder-workspace/.dependencies/checkouts/swift-cmark/src/iterator.c -o /Users/admin/builder/spi-builder-workspace/.derivedData/Build/Intermediates.noindex/cmark-gfm.build/Debug-xros/cmark-gfm.build/Objects-normal/arm64/iterator.o -index-unit-output-path /cmark-gfm.build/Debug-xros/cmark-gfm.build/Objects-normal/arm64/iterator.o
CompileC /Users/admin/builder/spi-builder-workspace/.derivedData/Build/Intermediates.noindex/cmark-gfm.build/Debug-xros/cmark-gfm.build/Objects-normal/arm64/inlines.o /Users/admin/builder/spi-builder-workspace/.dependencies/checkouts/swift-cmark/src/inlines.c normal arm64 c com.apple.compilers.llvm.clang.1_0.compiler (in target 'cmark-gfm' from project 'cmark-gfm')
cd /Users/admin/builder/spi-builder-workspace/.swiftpm/xcode
Using response file: /Users/admin/builder/spi-builder-workspace/.derivedData/Build/Intermediates.noindex/cmark-gfm.build/Debug-xros/cmark-gfm.build/Objects-normal/arm64/7187679823f38a2a940e0043cdf9d637-common-args.resp
/Applications/Xcode-16.3.0.app/Contents/Developer/Toolchains/XcodeDefault.xctoolchain/usr/bin/clang -x c -ivfsstatcache /Users/admin/builder/spi-builder-workspace/.derivedData/SDKStatCaches.noindex/xros2.4-22O233-407b76dbb837030756cbe1ab3f0b01b6.sdkstatcache -fmessage-length\=0 -fdiagnostics-show-note-include-stack -fmacro-backtrace-limit\=0 -fno-color-diagnostics -fmodules-prune-interval\=86400 -fmodules-prune-after\=345600 -fbuild-session-file\=/Users/admin/builder/spi-builder-workspace/.derivedData/ModuleCache.noindex/Session.modulevalidation -fmodules-validate-once-per-build-session -Wnon-modular-include-in-framework-module -Werror\=non-modular-include-in-framework-module -Wno-trigraphs -Wno-missing-field-initializers -Wno-missing-prototypes -Wno-return-type -Wno-missing-braces -Wparentheses -Wswitch -Wno-unused-function -Wno-unused-label -Wno-unused-parameter -Wno-unused-variable -Wunused-value -Wno-empty-body -Wno-uninitialized -Wno-unknown-pragmas -w -Wno-shadow -Wno-four-char-constants -Wno-conversion -Wno-constant-conversion -Wno-int-conversion -Wno-bool-conversion -Wno-enum-conversion -Wno-float-conversion -Wno-non-literal-null-conversion -Wno-objc-literal-conversion -Wshorten-64-to-32 -Wpointer-sign -Wno-newline-eof -Wno-implicit-fallthrough -fstrict-aliasing -Wdeprecated-declarations -Wno-sign-conversion -Wno-infinite-recursion -Wno-comma -Wno-block-capture-autoreleasing -Wno-strict-prototypes -Wno-semicolon-before-method-body -index-store-path /Users/admin/builder/spi-builder-workspace/.derivedData/Index.noindex/DataStore @/Users/admin/builder/spi-builder-workspace/.derivedData/Build/Intermediates.noindex/cmark-gfm.build/Debug-xros/cmark-gfm.build/Objects-normal/arm64/7187679823f38a2a940e0043cdf9d637-common-args.resp -MMD -MT dependencies -MF /Users/admin/builder/spi-builder-workspace/.derivedData/Build/Intermediates.noindex/cmark-gfm.build/Debug-xros/cmark-gfm.build/Objects-normal/arm64/inlines.d --serialize-diagnostics /Users/admin/builder/spi-builder-workspace/.derivedData/Build/Intermediates.noindex/cmark-gfm.build/Debug-xros/cmark-gfm.build/Objects-normal/arm64/inlines.dia -c /Users/admin/builder/spi-builder-workspace/.dependencies/checkouts/swift-cmark/src/inlines.c -o /Users/admin/builder/spi-builder-workspace/.derivedData/Build/Intermediates.noindex/cmark-gfm.build/Debug-xros/cmark-gfm.build/Objects-normal/arm64/inlines.o -index-unit-output-path /cmark-gfm.build/Debug-xros/cmark-gfm.build/Objects-normal/arm64/inlines.o
CompileC /Users/admin/builder/spi-builder-workspace/.derivedData/Build/Intermediates.noindex/cmark-gfm.build/Debug-xros/cmark-gfm.build/Objects-normal/arm64/html.o /Users/admin/builder/spi-builder-workspace/.dependencies/checkouts/swift-cmark/src/html.c normal arm64 c com.apple.compilers.llvm.clang.1_0.compiler (in target 'cmark-gfm' from project 'cmark-gfm')
cd /Users/admin/builder/spi-builder-workspace/.swiftpm/xcode
Using response file: /Users/admin/builder/spi-builder-workspace/.derivedData/Build/Intermediates.noindex/cmark-gfm.build/Debug-xros/cmark-gfm.build/Objects-normal/arm64/7187679823f38a2a940e0043cdf9d637-common-args.resp
/Applications/Xcode-16.3.0.app/Contents/Developer/Toolchains/XcodeDefault.xctoolchain/usr/bin/clang -x c -ivfsstatcache /Users/admin/builder/spi-builder-workspace/.derivedData/SDKStatCaches.noindex/xros2.4-22O233-407b76dbb837030756cbe1ab3f0b01b6.sdkstatcache -fmessage-length\=0 -fdiagnostics-show-note-include-stack -fmacro-backtrace-limit\=0 -fno-color-diagnostics -fmodules-prune-interval\=86400 -fmodules-prune-after\=345600 -fbuild-session-file\=/Users/admin/builder/spi-builder-workspace/.derivedData/ModuleCache.noindex/Session.modulevalidation -fmodules-validate-once-per-build-session -Wnon-modular-include-in-framework-module -Werror\=non-modular-include-in-framework-module -Wno-trigraphs -Wno-missing-field-initializers -Wno-missing-prototypes -Wno-return-type -Wno-missing-braces -Wparentheses -Wswitch -Wno-unused-function -Wno-unused-label -Wno-unused-parameter -Wno-unused-variable -Wunused-value -Wno-empty-body -Wno-uninitialized -Wno-unknown-pragmas -w -Wno-shadow -Wno-four-char-constants -Wno-conversion -Wno-constant-conversion -Wno-int-conversion -Wno-bool-conversion -Wno-enum-conversion -Wno-float-conversion -Wno-non-literal-null-conversion -Wno-objc-literal-conversion -Wshorten-64-to-32 -Wpointer-sign -Wno-newline-eof -Wno-implicit-fallthrough -fstrict-aliasing -Wdeprecated-declarations -Wno-sign-conversion -Wno-infinite-recursion -Wno-comma -Wno-block-capture-autoreleasing -Wno-strict-prototypes -Wno-semicolon-before-method-body -index-store-path /Users/admin/builder/spi-builder-workspace/.derivedData/Index.noindex/DataStore @/Users/admin/builder/spi-builder-workspace/.derivedData/Build/Intermediates.noindex/cmark-gfm.build/Debug-xros/cmark-gfm.build/Objects-normal/arm64/7187679823f38a2a940e0043cdf9d637-common-args.resp -MMD -MT dependencies -MF /Users/admin/builder/spi-builder-workspace/.derivedData/Build/Intermediates.noindex/cmark-gfm.build/Debug-xros/cmark-gfm.build/Objects-normal/arm64/html.d --serialize-diagnostics /Users/admin/builder/spi-builder-workspace/.derivedData/Build/Intermediates.noindex/cmark-gfm.build/Debug-xros/cmark-gfm.build/Objects-normal/arm64/html.dia -c /Users/admin/builder/spi-builder-workspace/.dependencies/checkouts/swift-cmark/src/html.c -o /Users/admin/builder/spi-builder-workspace/.derivedData/Build/Intermediates.noindex/cmark-gfm.build/Debug-xros/cmark-gfm.build/Objects-normal/arm64/html.o -index-unit-output-path /cmark-gfm.build/Debug-xros/cmark-gfm.build/Objects-normal/arm64/html.o
CompileC /Users/admin/builder/spi-builder-workspace/.derivedData/Build/Intermediates.noindex/cmark-gfm.build/Debug-xros/cmark-gfm.build/Objects-normal/arm64/footnotes.o /Users/admin/builder/spi-builder-workspace/.dependencies/checkouts/swift-cmark/src/footnotes.c normal arm64 c com.apple.compilers.llvm.clang.1_0.compiler (in target 'cmark-gfm' from project 'cmark-gfm')
cd /Users/admin/builder/spi-builder-workspace/.swiftpm/xcode
Using response file: /Users/admin/builder/spi-builder-workspace/.derivedData/Build/Intermediates.noindex/cmark-gfm.build/Debug-xros/cmark-gfm.build/Objects-normal/arm64/7187679823f38a2a940e0043cdf9d637-common-args.resp
/Applications/Xcode-16.3.0.app/Contents/Developer/Toolchains/XcodeDefault.xctoolchain/usr/bin/clang -x c -ivfsstatcache /Users/admin/builder/spi-builder-workspace/.derivedData/SDKStatCaches.noindex/xros2.4-22O233-407b76dbb837030756cbe1ab3f0b01b6.sdkstatcache -fmessage-length\=0 -fdiagnostics-show-note-include-stack -fmacro-backtrace-limit\=0 -fno-color-diagnostics -fmodules-prune-interval\=86400 -fmodules-prune-after\=345600 -fbuild-session-file\=/Users/admin/builder/spi-builder-workspace/.derivedData/ModuleCache.noindex/Session.modulevalidation -fmodules-validate-once-per-build-session -Wnon-modular-include-in-framework-module -Werror\=non-modular-include-in-framework-module -Wno-trigraphs -Wno-missing-field-initializers -Wno-missing-prototypes -Wno-return-type -Wno-missing-braces -Wparentheses -Wswitch -Wno-unused-function -Wno-unused-label -Wno-unused-parameter -Wno-unused-variable -Wunused-value -Wno-empty-body -Wno-uninitialized -Wno-unknown-pragmas -w -Wno-shadow -Wno-four-char-constants -Wno-conversion -Wno-constant-conversion -Wno-int-conversion -Wno-bool-conversion -Wno-enum-conversion -Wno-float-conversion -Wno-non-literal-null-conversion -Wno-objc-literal-conversion -Wshorten-64-to-32 -Wpointer-sign -Wno-newline-eof -Wno-implicit-fallthrough -fstrict-aliasing -Wdeprecated-declarations -Wno-sign-conversion -Wno-infinite-recursion -Wno-comma -Wno-block-capture-autoreleasing -Wno-strict-prototypes -Wno-semicolon-before-method-body -index-store-path /Users/admin/builder/spi-builder-workspace/.derivedData/Index.noindex/DataStore @/Users/admin/builder/spi-builder-workspace/.derivedData/Build/Intermediates.noindex/cmark-gfm.build/Debug-xros/cmark-gfm.build/Objects-normal/arm64/7187679823f38a2a940e0043cdf9d637-common-args.resp -MMD -MT dependencies -MF /Users/admin/builder/spi-builder-workspace/.derivedData/Build/Intermediates.noindex/cmark-gfm.build/Debug-xros/cmark-gfm.build/Objects-normal/arm64/footnotes.d --serialize-diagnostics /Users/admin/builder/spi-builder-workspace/.derivedData/Build/Intermediates.noindex/cmark-gfm.build/Debug-xros/cmark-gfm.build/Objects-normal/arm64/footnotes.dia -c /Users/admin/builder/spi-builder-workspace/.dependencies/checkouts/swift-cmark/src/footnotes.c -o /Users/admin/builder/spi-builder-workspace/.derivedData/Build/Intermediates.noindex/cmark-gfm.build/Debug-xros/cmark-gfm.build/Objects-normal/arm64/footnotes.o -index-unit-output-path /cmark-gfm.build/Debug-xros/cmark-gfm.build/Objects-normal/arm64/footnotes.o
CompileC /Users/admin/builder/spi-builder-workspace/.derivedData/Build/Intermediates.noindex/cmark-gfm.build/Debug-xros/cmark-gfm.build/Objects-normal/arm64/commonmark.o /Users/admin/builder/spi-builder-workspace/.dependencies/checkouts/swift-cmark/src/commonmark.c normal arm64 c com.apple.compilers.llvm.clang.1_0.compiler (in target 'cmark-gfm' from project 'cmark-gfm')
cd /Users/admin/builder/spi-builder-workspace/.swiftpm/xcode
Using response file: /Users/admin/builder/spi-builder-workspace/.derivedData/Build/Intermediates.noindex/cmark-gfm.build/Debug-xros/cmark-gfm.build/Objects-normal/arm64/7187679823f38a2a940e0043cdf9d637-common-args.resp
/Applications/Xcode-16.3.0.app/Contents/Developer/Toolchains/XcodeDefault.xctoolchain/usr/bin/clang -x c -ivfsstatcache /Users/admin/builder/spi-builder-workspace/.derivedData/SDKStatCaches.noindex/xros2.4-22O233-407b76dbb837030756cbe1ab3f0b01b6.sdkstatcache -fmessage-length\=0 -fdiagnostics-show-note-include-stack -fmacro-backtrace-limit\=0 -fno-color-diagnostics -fmodules-prune-interval\=86400 -fmodules-prune-after\=345600 -fbuild-session-file\=/Users/admin/builder/spi-builder-workspace/.derivedData/ModuleCache.noindex/Session.modulevalidation -fmodules-validate-once-per-build-session -Wnon-modular-include-in-framework-module -Werror\=non-modular-include-in-framework-module -Wno-trigraphs -Wno-missing-field-initializers -Wno-missing-prototypes -Wno-return-type -Wno-missing-braces -Wparentheses -Wswitch -Wno-unused-function -Wno-unused-label -Wno-unused-parameter -Wno-unused-variable -Wunused-value -Wno-empty-body -Wno-uninitialized -Wno-unknown-pragmas -w -Wno-shadow -Wno-four-char-constants -Wno-conversion -Wno-constant-conversion -Wno-int-conversion -Wno-bool-conversion -Wno-enum-conversion -Wno-float-conversion -Wno-non-literal-null-conversion -Wno-objc-literal-conversion -Wshorten-64-to-32 -Wpointer-sign -Wno-newline-eof -Wno-implicit-fallthrough -fstrict-aliasing -Wdeprecated-declarations -Wno-sign-conversion -Wno-infinite-recursion -Wno-comma -Wno-block-capture-autoreleasing -Wno-strict-prototypes -Wno-semicolon-before-method-body -index-store-path /Users/admin/builder/spi-builder-workspace/.derivedData/Index.noindex/DataStore @/Users/admin/builder/spi-builder-workspace/.derivedData/Build/Intermediates.noindex/cmark-gfm.build/Debug-xros/cmark-gfm.build/Objects-normal/arm64/7187679823f38a2a940e0043cdf9d637-common-args.resp -MMD -MT dependencies -MF /Users/admin/builder/spi-builder-workspace/.derivedData/Build/Intermediates.noindex/cmark-gfm.build/Debug-xros/cmark-gfm.build/Objects-normal/arm64/commonmark.d --serialize-diagnostics /Users/admin/builder/spi-builder-workspace/.derivedData/Build/Intermediates.noindex/cmark-gfm.build/Debug-xros/cmark-gfm.build/Objects-normal/arm64/commonmark.dia -c /Users/admin/builder/spi-builder-workspace/.dependencies/checkouts/swift-cmark/src/commonmark.c -o /Users/admin/builder/spi-builder-workspace/.derivedData/Build/Intermediates.noindex/cmark-gfm.build/Debug-xros/cmark-gfm.build/Objects-normal/arm64/commonmark.o -index-unit-output-path /cmark-gfm.build/Debug-xros/cmark-gfm.build/Objects-normal/arm64/commonmark.o
CompileC /Users/admin/builder/spi-builder-workspace/.derivedData/Build/Intermediates.noindex/cmark-gfm.build/Debug-xros/cmark-gfm.build/Objects-normal/arm64/cmark.o /Users/admin/builder/spi-builder-workspace/.dependencies/checkouts/swift-cmark/src/cmark.c normal arm64 c com.apple.compilers.llvm.clang.1_0.compiler (in target 'cmark-gfm' from project 'cmark-gfm')
cd /Users/admin/builder/spi-builder-workspace/.swiftpm/xcode
Using response file: /Users/admin/builder/spi-builder-workspace/.derivedData/Build/Intermediates.noindex/cmark-gfm.build/Debug-xros/cmark-gfm.build/Objects-normal/arm64/7187679823f38a2a940e0043cdf9d637-common-args.resp
/Applications/Xcode-16.3.0.app/Contents/Developer/Toolchains/XcodeDefault.xctoolchain/usr/bin/clang -x c -ivfsstatcache /Users/admin/builder/spi-builder-workspace/.derivedData/SDKStatCaches.noindex/xros2.4-22O233-407b76dbb837030756cbe1ab3f0b01b6.sdkstatcache -fmessage-length\=0 -fdiagnostics-show-note-include-stack -fmacro-backtrace-limit\=0 -fno-color-diagnostics -fmodules-prune-interval\=86400 -fmodules-prune-after\=345600 -fbuild-session-file\=/Users/admin/builder/spi-builder-workspace/.derivedData/ModuleCache.noindex/Session.modulevalidation -fmodules-validate-once-per-build-session -Wnon-modular-include-in-framework-module -Werror\=non-modular-include-in-framework-module -Wno-trigraphs -Wno-missing-field-initializers -Wno-missing-prototypes -Wno-return-type -Wno-missing-braces -Wparentheses -Wswitch -Wno-unused-function -Wno-unused-label -Wno-unused-parameter -Wno-unused-variable -Wunused-value -Wno-empty-body -Wno-uninitialized -Wno-unknown-pragmas -w -Wno-shadow -Wno-four-char-constants -Wno-conversion -Wno-constant-conversion -Wno-int-conversion -Wno-bool-conversion -Wno-enum-conversion -Wno-float-conversion -Wno-non-literal-null-conversion -Wno-objc-literal-conversion -Wshorten-64-to-32 -Wpointer-sign -Wno-newline-eof -Wno-implicit-fallthrough -fstrict-aliasing -Wdeprecated-declarations -Wno-sign-conversion -Wno-infinite-recursion -Wno-comma -Wno-block-capture-autoreleasing -Wno-strict-prototypes -Wno-semicolon-before-method-body -index-store-path /Users/admin/builder/spi-builder-workspace/.derivedData/Index.noindex/DataStore @/Users/admin/builder/spi-builder-workspace/.derivedData/Build/Intermediates.noindex/cmark-gfm.build/Debug-xros/cmark-gfm.build/Objects-normal/arm64/7187679823f38a2a940e0043cdf9d637-common-args.resp -MMD -MT dependencies -MF /Users/admin/builder/spi-builder-workspace/.derivedData/Build/Intermediates.noindex/cmark-gfm.build/Debug-xros/cmark-gfm.build/Objects-normal/arm64/cmark.d --serialize-diagnostics /Users/admin/builder/spi-builder-workspace/.derivedData/Build/Intermediates.noindex/cmark-gfm.build/Debug-xros/cmark-gfm.build/Objects-normal/arm64/cmark.dia -c /Users/admin/builder/spi-builder-workspace/.dependencies/checkouts/swift-cmark/src/cmark.c -o /Users/admin/builder/spi-builder-workspace/.derivedData/Build/Intermediates.noindex/cmark-gfm.build/Debug-xros/cmark-gfm.build/Objects-normal/arm64/cmark.o -index-unit-output-path /cmark-gfm.build/Debug-xros/cmark-gfm.build/Objects-normal/arm64/cmark.o
CompileC /Users/admin/builder/spi-builder-workspace/.derivedData/Build/Intermediates.noindex/cmark-gfm.build/Debug-xros/cmark-gfm.build/Objects-normal/arm64/buffer.o /Users/admin/builder/spi-builder-workspace/.dependencies/checkouts/swift-cmark/src/buffer.c normal arm64 c com.apple.compilers.llvm.clang.1_0.compiler (in target 'cmark-gfm' from project 'cmark-gfm')
cd /Users/admin/builder/spi-builder-workspace/.swiftpm/xcode
Using response file: /Users/admin/builder/spi-builder-workspace/.derivedData/Build/Intermediates.noindex/cmark-gfm.build/Debug-xros/cmark-gfm.build/Objects-normal/arm64/7187679823f38a2a940e0043cdf9d637-common-args.resp
/Applications/Xcode-16.3.0.app/Contents/Developer/Toolchains/XcodeDefault.xctoolchain/usr/bin/clang -x c -ivfsstatcache /Users/admin/builder/spi-builder-workspace/.derivedData/SDKStatCaches.noindex/xros2.4-22O233-407b76dbb837030756cbe1ab3f0b01b6.sdkstatcache -fmessage-length\=0 -fdiagnostics-show-note-include-stack -fmacro-backtrace-limit\=0 -fno-color-diagnostics -fmodules-prune-interval\=86400 -fmodules-prune-after\=345600 -fbuild-session-file\=/Users/admin/builder/spi-builder-workspace/.derivedData/ModuleCache.noindex/Session.modulevalidation -fmodules-validate-once-per-build-session -Wnon-modular-include-in-framework-module -Werror\=non-modular-include-in-framework-module -Wno-trigraphs -Wno-missing-field-initializers -Wno-missing-prototypes -Wno-return-type -Wno-missing-braces -Wparentheses -Wswitch -Wno-unused-function -Wno-unused-label -Wno-unused-parameter -Wno-unused-variable -Wunused-value -Wno-empty-body -Wno-uninitialized -Wno-unknown-pragmas -w -Wno-shadow -Wno-four-char-constants -Wno-conversion -Wno-constant-conversion -Wno-int-conversion -Wno-bool-conversion -Wno-enum-conversion -Wno-float-conversion -Wno-non-literal-null-conversion -Wno-objc-literal-conversion -Wshorten-64-to-32 -Wpointer-sign -Wno-newline-eof -Wno-implicit-fallthrough -fstrict-aliasing -Wdeprecated-declarations -Wno-sign-conversion -Wno-infinite-recursion -Wno-comma -Wno-block-capture-autoreleasing -Wno-strict-prototypes -Wno-semicolon-before-method-body -index-store-path /Users/admin/builder/spi-builder-workspace/.derivedData/Index.noindex/DataStore @/Users/admin/builder/spi-builder-workspace/.derivedData/Build/Intermediates.noindex/cmark-gfm.build/Debug-xros/cmark-gfm.build/Objects-normal/arm64/7187679823f38a2a940e0043cdf9d637-common-args.resp -MMD -MT dependencies -MF /Users/admin/builder/spi-builder-workspace/.derivedData/Build/Intermediates.noindex/cmark-gfm.build/Debug-xros/cmark-gfm.build/Objects-normal/arm64/buffer.d --serialize-diagnostics /Users/admin/builder/spi-builder-workspace/.derivedData/Build/Intermediates.noindex/cmark-gfm.build/Debug-xros/cmark-gfm.build/Objects-normal/arm64/buffer.dia -c /Users/admin/builder/spi-builder-workspace/.dependencies/checkouts/swift-cmark/src/buffer.c -o /Users/admin/builder/spi-builder-workspace/.derivedData/Build/Intermediates.noindex/cmark-gfm.build/Debug-xros/cmark-gfm.build/Objects-normal/arm64/buffer.o -index-unit-output-path /cmark-gfm.build/Debug-xros/cmark-gfm.build/Objects-normal/arm64/buffer.o
CompileC /Users/admin/builder/spi-builder-workspace/.derivedData/Build/Intermediates.noindex/cmark-gfm.build/Debug-xros/cmark-gfm.build/Objects-normal/arm64/blocks.o /Users/admin/builder/spi-builder-workspace/.dependencies/checkouts/swift-cmark/src/blocks.c normal arm64 c com.apple.compilers.llvm.clang.1_0.compiler (in target 'cmark-gfm' from project 'cmark-gfm')
cd /Users/admin/builder/spi-builder-workspace/.swiftpm/xcode
Using response file: /Users/admin/builder/spi-builder-workspace/.derivedData/Build/Intermediates.noindex/cmark-gfm.build/Debug-xros/cmark-gfm.build/Objects-normal/arm64/7187679823f38a2a940e0043cdf9d637-common-args.resp
/Applications/Xcode-16.3.0.app/Contents/Developer/Toolchains/XcodeDefault.xctoolchain/usr/bin/clang -x c -ivfsstatcache /Users/admin/builder/spi-builder-workspace/.derivedData/SDKStatCaches.noindex/xros2.4-22O233-407b76dbb837030756cbe1ab3f0b01b6.sdkstatcache -fmessage-length\=0 -fdiagnostics-show-note-include-stack -fmacro-backtrace-limit\=0 -fno-color-diagnostics -fmodules-prune-interval\=86400 -fmodules-prune-after\=345600 -fbuild-session-file\=/Users/admin/builder/spi-builder-workspace/.derivedData/ModuleCache.noindex/Session.modulevalidation -fmodules-validate-once-per-build-session -Wnon-modular-include-in-framework-module -Werror\=non-modular-include-in-framework-module -Wno-trigraphs -Wno-missing-field-initializers -Wno-missing-prototypes -Wno-return-type -Wno-missing-braces -Wparentheses -Wswitch -Wno-unused-function -Wno-unused-label -Wno-unused-parameter -Wno-unused-variable -Wunused-value -Wno-empty-body -Wno-uninitialized -Wno-unknown-pragmas -w -Wno-shadow -Wno-four-char-constants -Wno-conversion -Wno-constant-conversion -Wno-int-conversion -Wno-bool-conversion -Wno-enum-conversion -Wno-float-conversion -Wno-non-literal-null-conversion -Wno-objc-literal-conversion -Wshorten-64-to-32 -Wpointer-sign -Wno-newline-eof -Wno-implicit-fallthrough -fstrict-aliasing -Wdeprecated-declarations -Wno-sign-conversion -Wno-infinite-recursion -Wno-comma -Wno-block-capture-autoreleasing -Wno-strict-prototypes -Wno-semicolon-before-method-body -index-store-path /Users/admin/builder/spi-builder-workspace/.derivedData/Index.noindex/DataStore @/Users/admin/builder/spi-builder-workspace/.derivedData/Build/Intermediates.noindex/cmark-gfm.build/Debug-xros/cmark-gfm.build/Objects-normal/arm64/7187679823f38a2a940e0043cdf9d637-common-args.resp -MMD -MT dependencies -MF /Users/admin/builder/spi-builder-workspace/.derivedData/Build/Intermediates.noindex/cmark-gfm.build/Debug-xros/cmark-gfm.build/Objects-normal/arm64/blocks.d --serialize-diagnostics /Users/admin/builder/spi-builder-workspace/.derivedData/Build/Intermediates.noindex/cmark-gfm.build/Debug-xros/cmark-gfm.build/Objects-normal/arm64/blocks.dia -c /Users/admin/builder/spi-builder-workspace/.dependencies/checkouts/swift-cmark/src/blocks.c -o /Users/admin/builder/spi-builder-workspace/.derivedData/Build/Intermediates.noindex/cmark-gfm.build/Debug-xros/cmark-gfm.build/Objects-normal/arm64/blocks.o -index-unit-output-path /cmark-gfm.build/Debug-xros/cmark-gfm.build/Objects-normal/arm64/blocks.o
CompileC /Users/admin/builder/spi-builder-workspace/.derivedData/Build/Intermediates.noindex/cmark-gfm.build/Debug-xros/cmark-gfm.build/Objects-normal/arm64/arena.o /Users/admin/builder/spi-builder-workspace/.dependencies/checkouts/swift-cmark/src/arena.c normal arm64 c com.apple.compilers.llvm.clang.1_0.compiler (in target 'cmark-gfm' from project 'cmark-gfm')
cd /Users/admin/builder/spi-builder-workspace/.swiftpm/xcode
Using response file: /Users/admin/builder/spi-builder-workspace/.derivedData/Build/Intermediates.noindex/cmark-gfm.build/Debug-xros/cmark-gfm.build/Objects-normal/arm64/7187679823f38a2a940e0043cdf9d637-common-args.resp
/Applications/Xcode-16.3.0.app/Contents/Developer/Toolchains/XcodeDefault.xctoolchain/usr/bin/clang -x c -ivfsstatcache /Users/admin/builder/spi-builder-workspace/.derivedData/SDKStatCaches.noindex/xros2.4-22O233-407b76dbb837030756cbe1ab3f0b01b6.sdkstatcache -fmessage-length\=0 -fdiagnostics-show-note-include-stack -fmacro-backtrace-limit\=0 -fno-color-diagnostics -fmodules-prune-interval\=86400 -fmodules-prune-after\=345600 -fbuild-session-file\=/Users/admin/builder/spi-builder-workspace/.derivedData/ModuleCache.noindex/Session.modulevalidation -fmodules-validate-once-per-build-session -Wnon-modular-include-in-framework-module -Werror\=non-modular-include-in-framework-module -Wno-trigraphs -Wno-missing-field-initializers -Wno-missing-prototypes -Wno-return-type -Wno-missing-braces -Wparentheses -Wswitch -Wno-unused-function -Wno-unused-label -Wno-unused-parameter -Wno-unused-variable -Wunused-value -Wno-empty-body -Wno-uninitialized -Wno-unknown-pragmas -w -Wno-shadow -Wno-four-char-constants -Wno-conversion -Wno-constant-conversion -Wno-int-conversion -Wno-bool-conversion -Wno-enum-conversion -Wno-float-conversion -Wno-non-literal-null-conversion -Wno-objc-literal-conversion -Wshorten-64-to-32 -Wpointer-sign -Wno-newline-eof -Wno-implicit-fallthrough -fstrict-aliasing -Wdeprecated-declarations -Wno-sign-conversion -Wno-infinite-recursion -Wno-comma -Wno-block-capture-autoreleasing -Wno-strict-prototypes -Wno-semicolon-before-method-body -index-store-path /Users/admin/builder/spi-builder-workspace/.derivedData/Index.noindex/DataStore @/Users/admin/builder/spi-builder-workspace/.derivedData/Build/Intermediates.noindex/cmark-gfm.build/Debug-xros/cmark-gfm.build/Objects-normal/arm64/7187679823f38a2a940e0043cdf9d637-common-args.resp -MMD -MT dependencies -MF /Users/admin/builder/spi-builder-workspace/.derivedData/Build/Intermediates.noindex/cmark-gfm.build/Debug-xros/cmark-gfm.build/Objects-normal/arm64/arena.d --serialize-diagnostics /Users/admin/builder/spi-builder-workspace/.derivedData/Build/Intermediates.noindex/cmark-gfm.build/Debug-xros/cmark-gfm.build/Objects-normal/arm64/arena.dia -c /Users/admin/builder/spi-builder-workspace/.dependencies/checkouts/swift-cmark/src/arena.c -o /Users/admin/builder/spi-builder-workspace/.derivedData/Build/Intermediates.noindex/cmark-gfm.build/Debug-xros/cmark-gfm.build/Objects-normal/arm64/arena.o -index-unit-output-path /cmark-gfm.build/Debug-xros/cmark-gfm.build/Objects-normal/arm64/arena.o
PrecompileModule /Users/admin/builder/spi-builder-workspace/.derivedData/Build/Intermediates.noindex/ExplicitPrecompiledModules/_Builtin_float-DS6VNLWND4ZXWTY1YPGCIVK2J.scan
cd /Users/admin/builder/spi-builder-workspace/.swiftpm/xcode
builtin-precompileModule /Users/admin/builder/spi-builder-workspace/.derivedData/Build/Intermediates.noindex/ExplicitPrecompiledModules/_Builtin_float-DS6VNLWND4ZXWTY1YPGCIVK2J.scan
PrecompileModule /Users/admin/builder/spi-builder-workspace/.derivedData/Build/Intermediates.noindex/ExplicitPrecompiledModules/_Builtin_iso646-DOWPODWVUGDECNJBRZYN8KA26.scan
cd /Users/admin/builder/spi-builder-workspace/.swiftpm/xcode
builtin-precompileModule /Users/admin/builder/spi-builder-workspace/.derivedData/Build/Intermediates.noindex/ExplicitPrecompiledModules/_Builtin_iso646-DOWPODWVUGDECNJBRZYN8KA26.scan
PrecompileModule /Users/admin/builder/spi-builder-workspace/.derivedData/Build/Intermediates.noindex/ExplicitPrecompiledModules/_complex-29Q8MJLS6KPWPSLRV0B72T5QP.scan
cd /Users/admin/builder/spi-builder-workspace/.swiftpm/xcode
builtin-precompileModule /Users/admin/builder/spi-builder-workspace/.derivedData/Build/Intermediates.noindex/ExplicitPrecompiledModules/_complex-29Q8MJLS6KPWPSLRV0B72T5QP.scan
PrecompileModule /Users/admin/builder/spi-builder-workspace/.derivedData/Build/Intermediates.noindex/ExplicitPrecompiledModules/cmark_gfm-AT0VNWCVFHFVFCU2G62C5E409.scan
cd /Users/admin/builder/spi-builder-workspace/.swiftpm/xcode
builtin-precompileModule /Users/admin/builder/spi-builder-workspace/.derivedData/Build/Intermediates.noindex/ExplicitPrecompiledModules/cmark_gfm-AT0VNWCVFHFVFCU2G62C5E409.scan
PrecompileModule /Users/admin/builder/spi-builder-workspace/.derivedData/Build/Intermediates.noindex/ExplicitPrecompiledModules/_wchar-1B47YWD20VWTCR9RKS5B3RLN8.scan
cd /Users/admin/builder/spi-builder-workspace/.swiftpm/xcode
builtin-precompileModule /Users/admin/builder/spi-builder-workspace/.derivedData/Build/Intermediates.noindex/ExplicitPrecompiledModules/_wchar-1B47YWD20VWTCR9RKS5B3RLN8.scan
PrecompileModule /Users/admin/builder/spi-builder-workspace/.derivedData/Build/Intermediates.noindex/ExplicitPrecompiledModules/_Builtin_inttypes-8DE8CQN5PWXCRSFOP4LBNR89T.scan
cd /Users/admin/builder/spi-builder-workspace/.swiftpm/xcode
builtin-precompileModule /Users/admin/builder/spi-builder-workspace/.derivedData/Build/Intermediates.noindex/ExplicitPrecompiledModules/_Builtin_inttypes-8DE8CQN5PWXCRSFOP4LBNR89T.scan
PrecompileModule /Users/admin/builder/spi-builder-workspace/.derivedData/Build/Intermediates.noindex/ExplicitPrecompiledModules/_wctype-8OM6OFYG6R25LXPHAP3A9S1LN.scan
cd /Users/admin/builder/spi-builder-workspace/.swiftpm/xcode
builtin-precompileModule /Users/admin/builder/spi-builder-workspace/.derivedData/Build/Intermediates.noindex/ExplicitPrecompiledModules/_wctype-8OM6OFYG6R25LXPHAP3A9S1LN.scan
PrecompileModule /Users/admin/builder/spi-builder-workspace/.derivedData/Build/Intermediates.noindex/ExplicitPrecompiledModules/xlocale-862DW68ITVX1MQG50SQCSI0WA.scan
cd /Users/admin/builder/spi-builder-workspace/.swiftpm/xcode
builtin-precompileModule /Users/admin/builder/spi-builder-workspace/.derivedData/Build/Intermediates.noindex/ExplicitPrecompiledModules/xlocale-862DW68ITVX1MQG50SQCSI0WA.scan
PrecompileModule /Users/admin/builder/spi-builder-workspace/.derivedData/Build/Intermediates.noindex/ExplicitPrecompiledModules/_tgmath-2KA71B507A9QXCVLDAFLGU7XS.scan
cd /Users/admin/builder/spi-builder-workspace/.swiftpm/xcode
builtin-precompileModule /Users/admin/builder/spi-builder-workspace/.derivedData/Build/Intermediates.noindex/ExplicitPrecompiledModules/_tgmath-2KA71B507A9QXCVLDAFLGU7XS.scan
PrecompileModule /Users/admin/builder/spi-builder-workspace/.derivedData/Build/Intermediates.noindex/ExplicitPrecompiledModules/_setjmp-2KPGDTLVS4C1D9OT83N0Q04E0.scan
cd /Users/admin/builder/spi-builder-workspace/.swiftpm/xcode
builtin-precompileModule /Users/admin/builder/spi-builder-workspace/.derivedData/Build/Intermediates.noindex/ExplicitPrecompiledModules/_setjmp-2KPGDTLVS4C1D9OT83N0Q04E0.scan
PrecompileModule /Users/admin/builder/spi-builder-workspace/.derivedData/Build/Intermediates.noindex/ExplicitPrecompiledModules/_Builtin_stdatomic-8SDU6CHP3Y4WI9QSFJP0YEVUC.scan
cd /Users/admin/builder/spi-builder-workspace/.swiftpm/xcode
builtin-precompileModule /Users/admin/builder/spi-builder-workspace/.derivedData/Build/Intermediates.noindex/ExplicitPrecompiledModules/_Builtin_stdatomic-8SDU6CHP3Y4WI9QSFJP0YEVUC.scan
CompileC /Users/admin/builder/spi-builder-workspace/.derivedData/Build/Intermediates.noindex/cmark-gfm.build/Debug-xros/cmark-gfm-extensions.build/Objects-normal/arm64/tasklist.o /Users/admin/builder/spi-builder-workspace/.dependencies/checkouts/swift-cmark/extensions/tasklist.c normal arm64 c com.apple.compilers.llvm.clang.1_0.compiler (in target 'cmark-gfm-extensions' from project 'cmark-gfm')
cd /Users/admin/builder/spi-builder-workspace/.swiftpm/xcode
Using response file: /Users/admin/builder/spi-builder-workspace/.derivedData/Build/Intermediates.noindex/cmark-gfm.build/Debug-xros/cmark-gfm-extensions.build/Objects-normal/arm64/7187679823f38a2a940e0043cdf9d637-common-args.resp
/Applications/Xcode-16.3.0.app/Contents/Developer/Toolchains/XcodeDefault.xctoolchain/usr/bin/clang -x c -ivfsstatcache /Users/admin/builder/spi-builder-workspace/.derivedData/SDKStatCaches.noindex/xros2.4-22O233-407b76dbb837030756cbe1ab3f0b01b6.sdkstatcache -fmessage-length\=0 -fdiagnostics-show-note-include-stack -fmacro-backtrace-limit\=0 -fno-color-diagnostics -fmodules-prune-interval\=86400 -fmodules-prune-after\=345600 -fbuild-session-file\=/Users/admin/builder/spi-builder-workspace/.derivedData/ModuleCache.noindex/Session.modulevalidation -fmodules-validate-once-per-build-session -Wnon-modular-include-in-framework-module -Werror\=non-modular-include-in-framework-module -Wno-trigraphs -Wno-missing-field-initializers -Wno-missing-prototypes -Wno-return-type -Wno-missing-braces -Wparentheses -Wswitch -Wno-unused-function -Wno-unused-label -Wno-unused-parameter -Wno-unused-variable -Wunused-value -Wno-empty-body -Wno-uninitialized -Wno-unknown-pragmas -w -Wno-shadow -Wno-four-char-constants -Wno-conversion -Wno-constant-conversion -Wno-int-conversion -Wno-bool-conversion -Wno-enum-conversion -Wno-float-conversion -Wno-non-literal-null-conversion -Wno-objc-literal-conversion -Wshorten-64-to-32 -Wpointer-sign -Wno-newline-eof -Wno-implicit-fallthrough -fstrict-aliasing -Wdeprecated-declarations -Wno-sign-conversion -Wno-infinite-recursion -Wno-comma -Wno-block-capture-autoreleasing -Wno-strict-prototypes -Wno-semicolon-before-method-body -index-store-path /Users/admin/builder/spi-builder-workspace/.derivedData/Index.noindex/DataStore @/Users/admin/builder/spi-builder-workspace/.derivedData/Build/Intermediates.noindex/cmark-gfm.build/Debug-xros/cmark-gfm-extensions.build/Objects-normal/arm64/7187679823f38a2a940e0043cdf9d637-common-args.resp -MMD -MT dependencies -MF /Users/admin/builder/spi-builder-workspace/.derivedData/Build/Intermediates.noindex/cmark-gfm.build/Debug-xros/cmark-gfm-extensions.build/Objects-normal/arm64/tasklist.d --serialize-diagnostics /Users/admin/builder/spi-builder-workspace/.derivedData/Build/Intermediates.noindex/cmark-gfm.build/Debug-xros/cmark-gfm-extensions.build/Objects-normal/arm64/tasklist.dia -c /Users/admin/builder/spi-builder-workspace/.dependencies/checkouts/swift-cmark/extensions/tasklist.c -o /Users/admin/builder/spi-builder-workspace/.derivedData/Build/Intermediates.noindex/cmark-gfm.build/Debug-xros/cmark-gfm-extensions.build/Objects-normal/arm64/tasklist.o -index-unit-output-path /cmark-gfm.build/Debug-xros/cmark-gfm-extensions.build/Objects-normal/arm64/tasklist.o
CompileC /Users/admin/builder/spi-builder-workspace/.derivedData/Build/Intermediates.noindex/cmark-gfm.build/Debug-xros/cmark-gfm-extensions.build/Objects-normal/arm64/tagfilter.o /Users/admin/builder/spi-builder-workspace/.dependencies/checkouts/swift-cmark/extensions/tagfilter.c normal arm64 c com.apple.compilers.llvm.clang.1_0.compiler (in target 'cmark-gfm-extensions' from project 'cmark-gfm')
cd /Users/admin/builder/spi-builder-workspace/.swiftpm/xcode
Using response file: /Users/admin/builder/spi-builder-workspace/.derivedData/Build/Intermediates.noindex/cmark-gfm.build/Debug-xros/cmark-gfm-extensions.build/Objects-normal/arm64/7187679823f38a2a940e0043cdf9d637-common-args.resp
/Applications/Xcode-16.3.0.app/Contents/Developer/Toolchains/XcodeDefault.xctoolchain/usr/bin/clang -x c -ivfsstatcache /Users/admin/builder/spi-builder-workspace/.derivedData/SDKStatCaches.noindex/xros2.4-22O233-407b76dbb837030756cbe1ab3f0b01b6.sdkstatcache -fmessage-length\=0 -fdiagnostics-show-note-include-stack -fmacro-backtrace-limit\=0 -fno-color-diagnostics -fmodules-prune-interval\=86400 -fmodules-prune-after\=345600 -fbuild-session-file\=/Users/admin/builder/spi-builder-workspace/.derivedData/ModuleCache.noindex/Session.modulevalidation -fmodules-validate-once-per-build-session -Wnon-modular-include-in-framework-module -Werror\=non-modular-include-in-framework-module -Wno-trigraphs -Wno-missing-field-initializers -Wno-missing-prototypes -Wno-return-type -Wno-missing-braces -Wparentheses -Wswitch -Wno-unused-function -Wno-unused-label -Wno-unused-parameter -Wno-unused-variable -Wunused-value -Wno-empty-body -Wno-uninitialized -Wno-unknown-pragmas -w -Wno-shadow -Wno-four-char-constants -Wno-conversion -Wno-constant-conversion -Wno-int-conversion -Wno-bool-conversion -Wno-enum-conversion -Wno-float-conversion -Wno-non-literal-null-conversion -Wno-objc-literal-conversion -Wshorten-64-to-32 -Wpointer-sign -Wno-newline-eof -Wno-implicit-fallthrough -fstrict-aliasing -Wdeprecated-declarations -Wno-sign-conversion -Wno-infinite-recursion -Wno-comma -Wno-block-capture-autoreleasing -Wno-strict-prototypes -Wno-semicolon-before-method-body -index-store-path /Users/admin/builder/spi-builder-workspace/.derivedData/Index.noindex/DataStore @/Users/admin/builder/spi-builder-workspace/.derivedData/Build/Intermediates.noindex/cmark-gfm.build/Debug-xros/cmark-gfm-extensions.build/Objects-normal/arm64/7187679823f38a2a940e0043cdf9d637-common-args.resp -MMD -MT dependencies -MF /Users/admin/builder/spi-builder-workspace/.derivedData/Build/Intermediates.noindex/cmark-gfm.build/Debug-xros/cmark-gfm-extensions.build/Objects-normal/arm64/tagfilter.d --serialize-diagnostics /Users/admin/builder/spi-builder-workspace/.derivedData/Build/Intermediates.noindex/cmark-gfm.build/Debug-xros/cmark-gfm-extensions.build/Objects-normal/arm64/tagfilter.dia -c /Users/admin/builder/spi-builder-workspace/.dependencies/checkouts/swift-cmark/extensions/tagfilter.c -o /Users/admin/builder/spi-builder-workspace/.derivedData/Build/Intermediates.noindex/cmark-gfm.build/Debug-xros/cmark-gfm-extensions.build/Objects-normal/arm64/tagfilter.o -index-unit-output-path /cmark-gfm.build/Debug-xros/cmark-gfm-extensions.build/Objects-normal/arm64/tagfilter.o
CompileC /Users/admin/builder/spi-builder-workspace/.derivedData/Build/Intermediates.noindex/cmark-gfm.build/Debug-xros/cmark-gfm-extensions.build/Objects-normal/arm64/table.o /Users/admin/builder/spi-builder-workspace/.dependencies/checkouts/swift-cmark/extensions/table.c normal arm64 c com.apple.compilers.llvm.clang.1_0.compiler (in target 'cmark-gfm-extensions' from project 'cmark-gfm')
cd /Users/admin/builder/spi-builder-workspace/.swiftpm/xcode
Using response file: /Users/admin/builder/spi-builder-workspace/.derivedData/Build/Intermediates.noindex/cmark-gfm.build/Debug-xros/cmark-gfm-extensions.build/Objects-normal/arm64/7187679823f38a2a940e0043cdf9d637-common-args.resp
/Applications/Xcode-16.3.0.app/Contents/Developer/Toolchains/XcodeDefault.xctoolchain/usr/bin/clang -x c -ivfsstatcache /Users/admin/builder/spi-builder-workspace/.derivedData/SDKStatCaches.noindex/xros2.4-22O233-407b76dbb837030756cbe1ab3f0b01b6.sdkstatcache -fmessage-length\=0 -fdiagnostics-show-note-include-stack -fmacro-backtrace-limit\=0 -fno-color-diagnostics -fmodules-prune-interval\=86400 -fmodules-prune-after\=345600 -fbuild-session-file\=/Users/admin/builder/spi-builder-workspace/.derivedData/ModuleCache.noindex/Session.modulevalidation -fmodules-validate-once-per-build-session -Wnon-modular-include-in-framework-module -Werror\=non-modular-include-in-framework-module -Wno-trigraphs -Wno-missing-field-initializers -Wno-missing-prototypes -Wno-return-type -Wno-missing-braces -Wparentheses -Wswitch -Wno-unused-function -Wno-unused-label -Wno-unused-parameter -Wno-unused-variable -Wunused-value -Wno-empty-body -Wno-uninitialized -Wno-unknown-pragmas -w -Wno-shadow -Wno-four-char-constants -Wno-conversion -Wno-constant-conversion -Wno-int-conversion -Wno-bool-conversion -Wno-enum-conversion -Wno-float-conversion -Wno-non-literal-null-conversion -Wno-objc-literal-conversion -Wshorten-64-to-32 -Wpointer-sign -Wno-newline-eof -Wno-implicit-fallthrough -fstrict-aliasing -Wdeprecated-declarations -Wno-sign-conversion -Wno-infinite-recursion -Wno-comma -Wno-block-capture-autoreleasing -Wno-strict-prototypes -Wno-semicolon-before-method-body -index-store-path /Users/admin/builder/spi-builder-workspace/.derivedData/Index.noindex/DataStore @/Users/admin/builder/spi-builder-workspace/.derivedData/Build/Intermediates.noindex/cmark-gfm.build/Debug-xros/cmark-gfm-extensions.build/Objects-normal/arm64/7187679823f38a2a940e0043cdf9d637-common-args.resp -MMD -MT dependencies -MF /Users/admin/builder/spi-builder-workspace/.derivedData/Build/Intermediates.noindex/cmark-gfm.build/Debug-xros/cmark-gfm-extensions.build/Objects-normal/arm64/table.d --serialize-diagnostics /Users/admin/builder/spi-builder-workspace/.derivedData/Build/Intermediates.noindex/cmark-gfm.build/Debug-xros/cmark-gfm-extensions.build/Objects-normal/arm64/table.dia -c /Users/admin/builder/spi-builder-workspace/.dependencies/checkouts/swift-cmark/extensions/table.c -o /Users/admin/builder/spi-builder-workspace/.derivedData/Build/Intermediates.noindex/cmark-gfm.build/Debug-xros/cmark-gfm-extensions.build/Objects-normal/arm64/table.o -index-unit-output-path /cmark-gfm.build/Debug-xros/cmark-gfm-extensions.build/Objects-normal/arm64/table.o
CompileC /Users/admin/builder/spi-builder-workspace/.derivedData/Build/Intermediates.noindex/cmark-gfm.build/Debug-xros/cmark-gfm-extensions.build/Objects-normal/arm64/strikethrough.o /Users/admin/builder/spi-builder-workspace/.dependencies/checkouts/swift-cmark/extensions/strikethrough.c normal arm64 c com.apple.compilers.llvm.clang.1_0.compiler (in target 'cmark-gfm-extensions' from project 'cmark-gfm')
cd /Users/admin/builder/spi-builder-workspace/.swiftpm/xcode
Using response file: /Users/admin/builder/spi-builder-workspace/.derivedData/Build/Intermediates.noindex/cmark-gfm.build/Debug-xros/cmark-gfm-extensions.build/Objects-normal/arm64/7187679823f38a2a940e0043cdf9d637-common-args.resp
/Applications/Xcode-16.3.0.app/Contents/Developer/Toolchains/XcodeDefault.xctoolchain/usr/bin/clang -x c -ivfsstatcache /Users/admin/builder/spi-builder-workspace/.derivedData/SDKStatCaches.noindex/xros2.4-22O233-407b76dbb837030756cbe1ab3f0b01b6.sdkstatcache -fmessage-length\=0 -fdiagnostics-show-note-include-stack -fmacro-backtrace-limit\=0 -fno-color-diagnostics -fmodules-prune-interval\=86400 -fmodules-prune-after\=345600 -fbuild-session-file\=/Users/admin/builder/spi-builder-workspace/.derivedData/ModuleCache.noindex/Session.modulevalidation -fmodules-validate-once-per-build-session -Wnon-modular-include-in-framework-module -Werror\=non-modular-include-in-framework-module -Wno-trigraphs -Wno-missing-field-initializers -Wno-missing-prototypes -Wno-return-type -Wno-missing-braces -Wparentheses -Wswitch -Wno-unused-function -Wno-unused-label -Wno-unused-parameter -Wno-unused-variable -Wunused-value -Wno-empty-body -Wno-uninitialized -Wno-unknown-pragmas -w -Wno-shadow -Wno-four-char-constants -Wno-conversion -Wno-constant-conversion -Wno-int-conversion -Wno-bool-conversion -Wno-enum-conversion -Wno-float-conversion -Wno-non-literal-null-conversion -Wno-objc-literal-conversion -Wshorten-64-to-32 -Wpointer-sign -Wno-newline-eof -Wno-implicit-fallthrough -fstrict-aliasing -Wdeprecated-declarations -Wno-sign-conversion -Wno-infinite-recursion -Wno-comma -Wno-block-capture-autoreleasing -Wno-strict-prototypes -Wno-semicolon-before-method-body -index-store-path /Users/admin/builder/spi-builder-workspace/.derivedData/Index.noindex/DataStore @/Users/admin/builder/spi-builder-workspace/.derivedData/Build/Intermediates.noindex/cmark-gfm.build/Debug-xros/cmark-gfm-extensions.build/Objects-normal/arm64/7187679823f38a2a940e0043cdf9d637-common-args.resp -MMD -MT dependencies -MF /Users/admin/builder/spi-builder-workspace/.derivedData/Build/Intermediates.noindex/cmark-gfm.build/Debug-xros/cmark-gfm-extensions.build/Objects-normal/arm64/strikethrough.d --serialize-diagnostics /Users/admin/builder/spi-builder-workspace/.derivedData/Build/Intermediates.noindex/cmark-gfm.build/Debug-xros/cmark-gfm-extensions.build/Objects-normal/arm64/strikethrough.dia -c /Users/admin/builder/spi-builder-workspace/.dependencies/checkouts/swift-cmark/extensions/strikethrough.c -o /Users/admin/builder/spi-builder-workspace/.derivedData/Build/Intermediates.noindex/cmark-gfm.build/Debug-xros/cmark-gfm-extensions.build/Objects-normal/arm64/strikethrough.o -index-unit-output-path /cmark-gfm.build/Debug-xros/cmark-gfm-extensions.build/Objects-normal/arm64/strikethrough.o
Ld /Users/admin/builder/spi-builder-workspace/.derivedData/Build/Products/Debug-xros/cmark-gfm.o normal (in target 'cmark-gfm' from project 'cmark-gfm')
cd /Users/admin/builder/spi-builder-workspace/.dependencies/checkouts/swift-cmark
/Applications/Xcode-16.3.0.app/Contents/Developer/Toolchains/XcodeDefault.xctoolchain/usr/bin/clang -Xlinker -reproducible -target arm64-apple-xros1.0 -r -isysroot /Applications/Xcode-16.3.0.app/Contents/Developer/Platforms/XROS.platform/Developer/SDKs/XROS2.4.sdk -O0 -w -L/Users/admin/builder/spi-builder-workspace/.derivedData/Build/Intermediates.noindex/EagerLinkingTBDs/Debug-xros -L/Users/admin/builder/spi-builder-workspace/.derivedData/Build/Products/Debug-xros -L/Applications/Xcode-16.3.0.app/Contents/Developer/Platforms/XROS.platform/Developer/usr/lib -F/Users/admin/builder/spi-builder-workspace/.derivedData/Build/Intermediates.noindex/EagerLinkingTBDs/Debug-xros -F/Users/admin/builder/spi-builder-workspace/.derivedData/Build/Products/Debug-xros -iframework /Applications/Xcode-16.3.0.app/Contents/Developer/Platforms/XROS.platform/Developer/Library/Frameworks -iframework /Applications/Xcode-16.3.0.app/Contents/Developer/Platforms/XROS.platform/Developer/SDKs/XROS2.4.sdk/Developer/Library/Frameworks -filelist /Users/admin/builder/spi-builder-workspace/.derivedData/Build/Intermediates.noindex/cmark-gfm.build/Debug-xros/cmark-gfm.build/Objects-normal/arm64/cmark-gfm.LinkFileList -nostdlib -Xlinker -object_path_lto -Xlinker /Users/admin/builder/spi-builder-workspace/.derivedData/Build/Intermediates.noindex/cmark-gfm.build/Debug-xros/cmark-gfm.build/Objects-normal/arm64/cmark-gfm_lto.o -rdynamic -Xlinker -no_deduplicate -Xlinker -debug_variant -Xlinker -dependency_info -Xlinker /Users/admin/builder/spi-builder-workspace/.derivedData/Build/Intermediates.noindex/cmark-gfm.build/Debug-xros/cmark-gfm.build/Objects-normal/arm64/cmark-gfm_dependency_info.dat -o /Users/admin/builder/spi-builder-workspace/.derivedData/Build/Products/Debug-xros/cmark-gfm.o
CompileC /Users/admin/builder/spi-builder-workspace/.derivedData/Build/Intermediates.noindex/cmark-gfm.build/Debug-xros/cmark-gfm-extensions.build/Objects-normal/arm64/ext_scanners.o /Users/admin/builder/spi-builder-workspace/.dependencies/checkouts/swift-cmark/extensions/ext_scanners.c normal arm64 c com.apple.compilers.llvm.clang.1_0.compiler (in target 'cmark-gfm-extensions' from project 'cmark-gfm')
cd /Users/admin/builder/spi-builder-workspace/.swiftpm/xcode
Using response file: /Users/admin/builder/spi-builder-workspace/.derivedData/Build/Intermediates.noindex/cmark-gfm.build/Debug-xros/cmark-gfm-extensions.build/Objects-normal/arm64/7187679823f38a2a940e0043cdf9d637-common-args.resp
/Applications/Xcode-16.3.0.app/Contents/Developer/Toolchains/XcodeDefault.xctoolchain/usr/bin/clang -x c -ivfsstatcache /Users/admin/builder/spi-builder-workspace/.derivedData/SDKStatCaches.noindex/xros2.4-22O233-407b76dbb837030756cbe1ab3f0b01b6.sdkstatcache -fmessage-length\=0 -fdiagnostics-show-note-include-stack -fmacro-backtrace-limit\=0 -fno-color-diagnostics -fmodules-prune-interval\=86400 -fmodules-prune-after\=345600 -fbuild-session-file\=/Users/admin/builder/spi-builder-workspace/.derivedData/ModuleCache.noindex/Session.modulevalidation -fmodules-validate-once-per-build-session -Wnon-modular-include-in-framework-module -Werror\=non-modular-include-in-framework-module -Wno-trigraphs -Wno-missing-field-initializers -Wno-missing-prototypes -Wno-return-type -Wno-missing-braces -Wparentheses -Wswitch -Wno-unused-function -Wno-unused-label -Wno-unused-parameter -Wno-unused-variable -Wunused-value -Wno-empty-body -Wno-uninitialized -Wno-unknown-pragmas -w -Wno-shadow -Wno-four-char-constants -Wno-conversion -Wno-constant-conversion -Wno-int-conversion -Wno-bool-conversion -Wno-enum-conversion -Wno-float-conversion -Wno-non-literal-null-conversion -Wno-objc-literal-conversion -Wshorten-64-to-32 -Wpointer-sign -Wno-newline-eof -Wno-implicit-fallthrough -fstrict-aliasing -Wdeprecated-declarations -Wno-sign-conversion -Wno-infinite-recursion -Wno-comma -Wno-block-capture-autoreleasing -Wno-strict-prototypes -Wno-semicolon-before-method-body -index-store-path /Users/admin/builder/spi-builder-workspace/.derivedData/Index.noindex/DataStore @/Users/admin/builder/spi-builder-workspace/.derivedData/Build/Intermediates.noindex/cmark-gfm.build/Debug-xros/cmark-gfm-extensions.build/Objects-normal/arm64/7187679823f38a2a940e0043cdf9d637-common-args.resp -MMD -MT dependencies -MF /Users/admin/builder/spi-builder-workspace/.derivedData/Build/Intermediates.noindex/cmark-gfm.build/Debug-xros/cmark-gfm-extensions.build/Objects-normal/arm64/ext_scanners.d --serialize-diagnostics /Users/admin/builder/spi-builder-workspace/.derivedData/Build/Intermediates.noindex/cmark-gfm.build/Debug-xros/cmark-gfm-extensions.build/Objects-normal/arm64/ext_scanners.dia -c /Users/admin/builder/spi-builder-workspace/.dependencies/checkouts/swift-cmark/extensions/ext_scanners.c -o /Users/admin/builder/spi-builder-workspace/.derivedData/Build/Intermediates.noindex/cmark-gfm.build/Debug-xros/cmark-gfm-extensions.build/Objects-normal/arm64/ext_scanners.o -index-unit-output-path /cmark-gfm.build/Debug-xros/cmark-gfm-extensions.build/Objects-normal/arm64/ext_scanners.o
CompileC /Users/admin/builder/spi-builder-workspace/.derivedData/Build/Intermediates.noindex/cmark-gfm.build/Debug-xros/cmark-gfm-extensions.build/Objects-normal/arm64/core-extensions.o /Users/admin/builder/spi-builder-workspace/.dependencies/checkouts/swift-cmark/extensions/core-extensions.c normal arm64 c com.apple.compilers.llvm.clang.1_0.compiler (in target 'cmark-gfm-extensions' from project 'cmark-gfm')
cd /Users/admin/builder/spi-builder-workspace/.swiftpm/xcode
Using response file: /Users/admin/builder/spi-builder-workspace/.derivedData/Build/Intermediates.noindex/cmark-gfm.build/Debug-xros/cmark-gfm-extensions.build/Objects-normal/arm64/7187679823f38a2a940e0043cdf9d637-common-args.resp
/Applications/Xcode-16.3.0.app/Contents/Developer/Toolchains/XcodeDefault.xctoolchain/usr/bin/clang -x c -ivfsstatcache /Users/admin/builder/spi-builder-workspace/.derivedData/SDKStatCaches.noindex/xros2.4-22O233-407b76dbb837030756cbe1ab3f0b01b6.sdkstatcache -fmessage-length\=0 -fdiagnostics-show-note-include-stack -fmacro-backtrace-limit\=0 -fno-color-diagnostics -fmodules-prune-interval\=86400 -fmodules-prune-after\=345600 -fbuild-session-file\=/Users/admin/builder/spi-builder-workspace/.derivedData/ModuleCache.noindex/Session.modulevalidation -fmodules-validate-once-per-build-session -Wnon-modular-include-in-framework-module -Werror\=non-modular-include-in-framework-module -Wno-trigraphs -Wno-missing-field-initializers -Wno-missing-prototypes -Wno-return-type -Wno-missing-braces -Wparentheses -Wswitch -Wno-unused-function -Wno-unused-label -Wno-unused-parameter -Wno-unused-variable -Wunused-value -Wno-empty-body -Wno-uninitialized -Wno-unknown-pragmas -w -Wno-shadow -Wno-four-char-constants -Wno-conversion -Wno-constant-conversion -Wno-int-conversion -Wno-bool-conversion -Wno-enum-conversion -Wno-float-conversion -Wno-non-literal-null-conversion -Wno-objc-literal-conversion -Wshorten-64-to-32 -Wpointer-sign -Wno-newline-eof -Wno-implicit-fallthrough -fstrict-aliasing -Wdeprecated-declarations -Wno-sign-conversion -Wno-infinite-recursion -Wno-comma -Wno-block-capture-autoreleasing -Wno-strict-prototypes -Wno-semicolon-before-method-body -index-store-path /Users/admin/builder/spi-builder-workspace/.derivedData/Index.noindex/DataStore @/Users/admin/builder/spi-builder-workspace/.derivedData/Build/Intermediates.noindex/cmark-gfm.build/Debug-xros/cmark-gfm-extensions.build/Objects-normal/arm64/7187679823f38a2a940e0043cdf9d637-common-args.resp -MMD -MT dependencies -MF /Users/admin/builder/spi-builder-workspace/.derivedData/Build/Intermediates.noindex/cmark-gfm.build/Debug-xros/cmark-gfm-extensions.build/Objects-normal/arm64/core-extensions.d --serialize-diagnostics /Users/admin/builder/spi-builder-workspace/.derivedData/Build/Intermediates.noindex/cmark-gfm.build/Debug-xros/cmark-gfm-extensions.build/Objects-normal/arm64/core-extensions.dia -c /Users/admin/builder/spi-builder-workspace/.dependencies/checkouts/swift-cmark/extensions/core-extensions.c -o /Users/admin/builder/spi-builder-workspace/.derivedData/Build/Intermediates.noindex/cmark-gfm.build/Debug-xros/cmark-gfm-extensions.build/Objects-normal/arm64/core-extensions.o -index-unit-output-path /cmark-gfm.build/Debug-xros/cmark-gfm-extensions.build/Objects-normal/arm64/core-extensions.o
PrecompileModule /Users/admin/builder/spi-builder-workspace/.derivedData/Build/Intermediates.noindex/ExplicitPrecompiledModules/_Builtin_tgmath-42MG4AB0OYK25EAOI916I1JR.scan
cd /Users/admin/builder/spi-builder-workspace/.swiftpm/xcode
builtin-precompileModule /Users/admin/builder/spi-builder-workspace/.derivedData/Build/Intermediates.noindex/ExplicitPrecompiledModules/_Builtin_tgmath-42MG4AB0OYK25EAOI916I1JR.scan
PrecompileModule /Users/admin/builder/spi-builder-workspace/.derivedData/Build/Intermediates.noindex/ExplicitPrecompiledModules/Darwin-32SRW4FJOJAP75GRV7LT9YM4W.scan
cd /Users/admin/builder/spi-builder-workspace/.swiftpm/xcode
builtin-precompileModule /Users/admin/builder/spi-builder-workspace/.derivedData/Build/Intermediates.noindex/ExplicitPrecompiledModules/Darwin-32SRW4FJOJAP75GRV7LT9YM4W.scan
RegisterExecutionPolicyException /Users/admin/builder/spi-builder-workspace/.derivedData/Build/Products/Debug-xros/cmark-gfm.o (in target 'cmark-gfm' from project 'cmark-gfm')
cd /Users/admin/builder/spi-builder-workspace/.dependencies/checkouts/swift-cmark
builtin-RegisterExecutionPolicyException /Users/admin/builder/spi-builder-workspace/.derivedData/Build/Products/Debug-xros/cmark-gfm.o
CompileC /Users/admin/builder/spi-builder-workspace/.derivedData/Build/Intermediates.noindex/cmark-gfm.build/Debug-xros/cmark-gfm-extensions.build/Objects-normal/arm64/autolink.o /Users/admin/builder/spi-builder-workspace/.dependencies/checkouts/swift-cmark/extensions/autolink.c normal arm64 c com.apple.compilers.llvm.clang.1_0.compiler (in target 'cmark-gfm-extensions' from project 'cmark-gfm')
cd /Users/admin/builder/spi-builder-workspace/.swiftpm/xcode
Using response file: /Users/admin/builder/spi-builder-workspace/.derivedData/Build/Intermediates.noindex/cmark-gfm.build/Debug-xros/cmark-gfm-extensions.build/Objects-normal/arm64/7187679823f38a2a940e0043cdf9d637-common-args.resp
/Applications/Xcode-16.3.0.app/Contents/Developer/Toolchains/XcodeDefault.xctoolchain/usr/bin/clang -x c -ivfsstatcache /Users/admin/builder/spi-builder-workspace/.derivedData/SDKStatCaches.noindex/xros2.4-22O233-407b76dbb837030756cbe1ab3f0b01b6.sdkstatcache -fmessage-length\=0 -fdiagnostics-show-note-include-stack -fmacro-backtrace-limit\=0 -fno-color-diagnostics -fmodules-prune-interval\=86400 -fmodules-prune-after\=345600 -fbuild-session-file\=/Users/admin/builder/spi-builder-workspace/.derivedData/ModuleCache.noindex/Session.modulevalidation -fmodules-validate-once-per-build-session -Wnon-modular-include-in-framework-module -Werror\=non-modular-include-in-framework-module -Wno-trigraphs -Wno-missing-field-initializers -Wno-missing-prototypes -Wno-return-type -Wno-missing-braces -Wparentheses -Wswitch -Wno-unused-function -Wno-unused-label -Wno-unused-parameter -Wno-unused-variable -Wunused-value -Wno-empty-body -Wno-uninitialized -Wno-unknown-pragmas -w -Wno-shadow -Wno-four-char-constants -Wno-conversion -Wno-constant-conversion -Wno-int-conversion -Wno-bool-conversion -Wno-enum-conversion -Wno-float-conversion -Wno-non-literal-null-conversion -Wno-objc-literal-conversion -Wshorten-64-to-32 -Wpointer-sign -Wno-newline-eof -Wno-implicit-fallthrough -fstrict-aliasing -Wdeprecated-declarations -Wno-sign-conversion -Wno-infinite-recursion -Wno-comma -Wno-block-capture-autoreleasing -Wno-strict-prototypes -Wno-semicolon-before-method-body -index-store-path /Users/admin/builder/spi-builder-workspace/.derivedData/Index.noindex/DataStore @/Users/admin/builder/spi-builder-workspace/.derivedData/Build/Intermediates.noindex/cmark-gfm.build/Debug-xros/cmark-gfm-extensions.build/Objects-normal/arm64/7187679823f38a2a940e0043cdf9d637-common-args.resp -MMD -MT dependencies -MF /Users/admin/builder/spi-builder-workspace/.derivedData/Build/Intermediates.noindex/cmark-gfm.build/Debug-xros/cmark-gfm-extensions.build/Objects-normal/arm64/autolink.d --serialize-diagnostics /Users/admin/builder/spi-builder-workspace/.derivedData/Build/Intermediates.noindex/cmark-gfm.build/Debug-xros/cmark-gfm-extensions.build/Objects-normal/arm64/autolink.dia -c /Users/admin/builder/spi-builder-workspace/.dependencies/checkouts/swift-cmark/extensions/autolink.c -o /Users/admin/builder/spi-builder-workspace/.derivedData/Build/Intermediates.noindex/cmark-gfm.build/Debug-xros/cmark-gfm-extensions.build/Objects-normal/arm64/autolink.o -index-unit-output-path /cmark-gfm.build/Debug-xros/cmark-gfm-extensions.build/Objects-normal/arm64/autolink.o
Ld /Users/admin/builder/spi-builder-workspace/.derivedData/Build/Products/Debug-xros/cmark-gfm-extensions.o normal (in target 'cmark-gfm-extensions' from project 'cmark-gfm')
cd /Users/admin/builder/spi-builder-workspace/.dependencies/checkouts/swift-cmark
/Applications/Xcode-16.3.0.app/Contents/Developer/Toolchains/XcodeDefault.xctoolchain/usr/bin/clang -Xlinker -reproducible -target arm64-apple-xros1.0 -r -isysroot /Applications/Xcode-16.3.0.app/Contents/Developer/Platforms/XROS.platform/Developer/SDKs/XROS2.4.sdk -O0 -w -L/Users/admin/builder/spi-builder-workspace/.derivedData/Build/Intermediates.noindex/EagerLinkingTBDs/Debug-xros -L/Users/admin/builder/spi-builder-workspace/.derivedData/Build/Products/Debug-xros -L/Applications/Xcode-16.3.0.app/Contents/Developer/Platforms/XROS.platform/Developer/usr/lib -F/Users/admin/builder/spi-builder-workspace/.derivedData/Build/Intermediates.noindex/EagerLinkingTBDs/Debug-xros -F/Users/admin/builder/spi-builder-workspace/.derivedData/Build/Products/Debug-xros/PackageFrameworks -F/Users/admin/builder/spi-builder-workspace/.derivedData/Build/Products/Debug-xros -iframework /Applications/Xcode-16.3.0.app/Contents/Developer/Platforms/XROS.platform/Developer/Library/Frameworks -iframework /Applications/Xcode-16.3.0.app/Contents/Developer/Platforms/XROS.platform/Developer/SDKs/XROS2.4.sdk/Developer/Library/Frameworks -filelist /Users/admin/builder/spi-builder-workspace/.derivedData/Build/Intermediates.noindex/cmark-gfm.build/Debug-xros/cmark-gfm-extensions.build/Objects-normal/arm64/cmark-gfm-extensions.LinkFileList -nostdlib -Xlinker -object_path_lto -Xlinker /Users/admin/builder/spi-builder-workspace/.derivedData/Build/Intermediates.noindex/cmark-gfm.build/Debug-xros/cmark-gfm-extensions.build/Objects-normal/arm64/cmark-gfm-extensions_lto.o -rdynamic -Xlinker -no_deduplicate -Xlinker -debug_variant -Xlinker -dependency_info -Xlinker /Users/admin/builder/spi-builder-workspace/.derivedData/Build/Intermediates.noindex/cmark-gfm.build/Debug-xros/cmark-gfm-extensions.build/Objects-normal/arm64/cmark-gfm-extensions_dependency_info.dat -o /Users/admin/builder/spi-builder-workspace/.derivedData/Build/Products/Debug-xros/cmark-gfm-extensions.o
RegisterExecutionPolicyException /Users/admin/builder/spi-builder-workspace/.derivedData/Build/Products/Debug-xros/cmark-gfm-extensions.o (in target 'cmark-gfm-extensions' from project 'cmark-gfm')
cd /Users/admin/builder/spi-builder-workspace/.dependencies/checkouts/swift-cmark
builtin-RegisterExecutionPolicyException /Users/admin/builder/spi-builder-workspace/.derivedData/Build/Products/Debug-xros/cmark-gfm-extensions.o
SwiftCompile normal arm64 Compiling\ JSONSchema+Array.swift /Users/admin/builder/spi-builder-workspace/.dependencies/checkouts/swift-json-schema/Sources/JSONSchema/JSONSchema+Array.swift (in target 'JSONSchema' from project 'JSONSchema')
SwiftCompile normal arm64 /Users/admin/builder/spi-builder-workspace/.dependencies/checkouts/swift-json-schema/Sources/JSONSchema/JSONSchema+Array.swift (in target 'JSONSchema' from project 'JSONSchema')
cd /Users/admin/builder/spi-builder-workspace/.swiftpm/xcode
SwiftCompile normal arm64 Compiling\ JSONSchema+Integer.swift /Users/admin/builder/spi-builder-workspace/.dependencies/checkouts/swift-json-schema/Sources/JSONSchema/JSONSchema+Integer.swift (in target 'JSONSchema' from project 'JSONSchema')
SwiftCompile normal arm64 /Users/admin/builder/spi-builder-workspace/.dependencies/checkouts/swift-json-schema/Sources/JSONSchema/JSONSchema+Integer.swift (in target 'JSONSchema' from project 'JSONSchema')
cd /Users/admin/builder/spi-builder-workspace/.swiftpm/xcode
SwiftEmitModule normal arm64 Emitting\ module\ for\ JSONSchema (in target 'JSONSchema' from project 'JSONSchema')
EmitSwiftModule normal arm64 (in target 'JSONSchema' from project 'JSONSchema')
cd /Users/admin/builder/spi-builder-workspace/.swiftpm/xcode
SwiftCompile normal arm64 Compiling\ JSONSchema+Null.swift /Users/admin/builder/spi-builder-workspace/.dependencies/checkouts/swift-json-schema/Sources/JSONSchema/JSONSchema+Null.swift (in target 'JSONSchema' from project 'JSONSchema')
SwiftCompile normal arm64 /Users/admin/builder/spi-builder-workspace/.dependencies/checkouts/swift-json-schema/Sources/JSONSchema/JSONSchema+Null.swift (in target 'JSONSchema' from project 'JSONSchema')
cd /Users/admin/builder/spi-builder-workspace/.swiftpm/xcode
SwiftCompile normal arm64 Compiling\ JSONSchema+Object.swift /Users/admin/builder/spi-builder-workspace/.dependencies/checkouts/swift-json-schema/Sources/JSONSchema/JSONSchema+Object.swift (in target 'JSONSchema' from project 'JSONSchema')
SwiftCompile normal arm64 /Users/admin/builder/spi-builder-workspace/.dependencies/checkouts/swift-json-schema/Sources/JSONSchema/JSONSchema+Object.swift (in target 'JSONSchema' from project 'JSONSchema')
cd /Users/admin/builder/spi-builder-workspace/.swiftpm/xcode
SwiftCompile normal arm64 Compiling\ JSONSchema+Enum.swift /Users/admin/builder/spi-builder-workspace/.dependencies/checkouts/swift-json-schema/Sources/JSONSchema/JSONSchema+Enum.swift (in target 'JSONSchema' from project 'JSONSchema')
SwiftCompile normal arm64 /Users/admin/builder/spi-builder-workspace/.dependencies/checkouts/swift-json-schema/Sources/JSONSchema/JSONSchema+Enum.swift (in target 'JSONSchema' from project 'JSONSchema')
cd /Users/admin/builder/spi-builder-workspace/.swiftpm/xcode
SwiftCompile normal arm64 Compiling\ JSONSchema.swift /Users/admin/builder/spi-builder-workspace/.dependencies/checkouts/swift-json-schema/Sources/JSONSchema/JSONSchema.swift (in target 'JSONSchema' from project 'JSONSchema')
SwiftCompile normal arm64 /Users/admin/builder/spi-builder-workspace/.dependencies/checkouts/swift-json-schema/Sources/JSONSchema/JSONSchema.swift (in target 'JSONSchema' from project 'JSONSchema')
cd /Users/admin/builder/spi-builder-workspace/.swiftpm/xcode
SwiftCompile normal arm64 Compiling\ JSONSchema+Boolean.swift /Users/admin/builder/spi-builder-workspace/.dependencies/checkouts/swift-json-schema/Sources/JSONSchema/JSONSchema+Boolean.swift (in target 'JSONSchema' from project 'JSONSchema')
SwiftCompile normal arm64 /Users/admin/builder/spi-builder-workspace/.dependencies/checkouts/swift-json-schema/Sources/JSONSchema/JSONSchema+Boolean.swift (in target 'JSONSchema' from project 'JSONSchema')
cd /Users/admin/builder/spi-builder-workspace/.swiftpm/xcode
SwiftCompile normal arm64 Compiling\ JSONSchema+Number.swift /Users/admin/builder/spi-builder-workspace/.dependencies/checkouts/swift-json-schema/Sources/JSONSchema/JSONSchema+Number.swift (in target 'JSONSchema' from project 'JSONSchema')
SwiftCompile normal arm64 /Users/admin/builder/spi-builder-workspace/.dependencies/checkouts/swift-json-schema/Sources/JSONSchema/JSONSchema+Number.swift (in target 'JSONSchema' from project 'JSONSchema')
cd /Users/admin/builder/spi-builder-workspace/.swiftpm/xcode
SwiftCompile normal arm64 Compiling\ JSONSchema+String.swift /Users/admin/builder/spi-builder-workspace/.dependencies/checkouts/swift-json-schema/Sources/JSONSchema/JSONSchema+String.swift (in target 'JSONSchema' from project 'JSONSchema')
SwiftCompile normal arm64 /Users/admin/builder/spi-builder-workspace/.dependencies/checkouts/swift-json-schema/Sources/JSONSchema/JSONSchema+String.swift (in target 'JSONSchema' from project 'JSONSchema')
cd /Users/admin/builder/spi-builder-workspace/.swiftpm/xcode
SwiftEmitModule normal arm64 Emitting\ module\ for\ Splash (in target 'Splash' from project 'Splash')
Failed frontend command:
/Applications/Xcode-16.3.0.app/Contents/Developer/Toolchains/XcodeDefault.xctoolchain/usr/bin/swift-frontend -frontend -emit-module -experimental-skip-non-inlinable-function-bodies-without-types /Users/admin/builder/spi-builder-workspace/.dependencies/checkouts/Splash/Sources/Splash/Extensions/CharacterSet/CharacterSet+Contains.swift /Users/admin/builder/spi-builder-workspace/.dependencies/checkouts/Splash/Sources/Splash/Extensions/Equatable/Equatable+AnyOf.swift /Users/admin/builder/spi-builder-workspace/.dependencies/checkouts/Splash/Sources/Splash/Extensions/Int/Int+IsOdd.swift /Users/admin/builder/spi-builder-workspace/.dependencies/checkouts/Splash/Sources/Splash/Extensions/Sequence/Sequence+AnyOf.swift /Users/admin/builder/spi-builder-workspace/.dependencies/checkouts/Splash/Sources/Splash/Extensions/Sequence/Sequence+Occurrences.swift /Users/admin/builder/spi-builder-workspace/.dependencies/checkouts/Splash/Sources/Splash/Extensions/Strings/String+HTMLEntities.swift /Users/admin/builder/spi-builder-workspace/.dependencies/checkouts/Splash/Sources/Splash/Extensions/Strings/String+IsNumber.swift /Users/admin/builder/spi-builder-workspace/.dependencies/checkouts/Splash/Sources/Splash/Extensions/Strings/String+PrefixChecking.swift /Users/admin/builder/spi-builder-workspace/.dependencies/checkouts/Splash/Sources/Splash/Extensions/Strings/String+Removing.swift /Users/admin/builder/spi-builder-workspace/.dependencies/checkouts/Splash/Sources/Splash/Extensions/Strings/Substring+HasSuffix.swift /Users/admin/builder/spi-builder-workspace/.dependencies/checkouts/Splash/Sources/Splash/Grammar/Grammar.swift /Users/admin/builder/spi-builder-workspace/.dependencies/checkouts/Splash/Sources/Splash/Grammar/SwiftGrammar.swift /Users/admin/builder/spi-builder-workspace/.dependencies/checkouts/Splash/Sources/Splash/Output/AttributedStringOutputFormat.swift /Users/admin/builder/spi-builder-workspace/.dependencies/checkouts/Splash/Sources/Splash/Output/HTMLOutputFormat.swift /Users/admin/builder/spi-builder-workspace/.dependencies/checkouts/Splash/Sources/Splash/Output/MarkdownDecorator.swift /Users/admin/builder/spi-builder-workspace/.dependencies/checkouts/Splash/Sources/Splash/Output/OutputBuilder.swift /Users/admin/builder/spi-builder-workspace/.dependencies/checkouts/Splash/Sources/Splash/Output/OutputFormat.swift /Users/admin/builder/spi-builder-workspace/.dependencies/checkouts/Splash/Sources/Splash/Syntax/SyntaxHighlighter.swift /Users/admin/builder/spi-builder-workspace/.dependencies/checkouts/Splash/Sources/Splash/Syntax/SyntaxRule.swift /Users/admin/builder/spi-builder-workspace/.dependencies/checkouts/Splash/Sources/Splash/Theming/Color.swift /Users/admin/builder/spi-builder-workspace/.dependencies/checkouts/Splash/Sources/Splash/Theming/Font.swift /Users/admin/builder/spi-builder-workspace/.dependencies/checkouts/Splash/Sources/Splash/Theming/Theme+Defaults.swift /Users/admin/builder/spi-builder-workspace/.dependencies/checkouts/Splash/Sources/Splash/Theming/Theme.swift /Users/admin/builder/spi-builder-workspace/.dependencies/checkouts/Splash/Sources/Splash/Tokenizing/Segment.swift /Users/admin/builder/spi-builder-workspace/.dependencies/checkouts/Splash/Sources/Splash/Tokenizing/TokenType.swift /Users/admin/builder/spi-builder-workspace/.dependencies/checkouts/Splash/Sources/Splash/Tokenizing/Tokenizer.swift -target arm64-apple-xros1.0 -Xllvm -aarch64-use-tbi -enable-objc-interop -stack-check -sdk /Applications/Xcode-16.3.0.app/Contents/Developer/Platforms/XROS.platform/Developer/SDKs/XROS2.4.sdk -I /Users/admin/builder/spi-builder-workspace/.derivedData/Build/Products/Debug-xros -I /Applications/Xcode-16.3.0.app/Contents/Developer/Platforms/XROS.platform/Developer/usr/lib -F /Users/admin/builder/spi-builder-workspace/.derivedData/Build/Products/Debug-xros -F /Applications/Xcode-16.3.0.app/Contents/Developer/Platforms/XROS.platform/Developer/Library/Frameworks -F /Applications/Xcode-16.3.0.app/Contents/Developer/Platforms/XROS.platform/Developer/SDKs/XROS2.4.sdk/Developer/Library/Frameworks -no-color-diagnostics -enable-testing -g -debug-info-format\=dwarf -dwarf-version\=4 -module-cache-path /Users/admin/builder/spi-builder-workspace/.derivedData/ModuleCache.noindex -suppress-warnings -profile-generate -profile-coverage-mapping -swift-version 5 -enforce-exclusivity\=checked -stats-output-dir /Users/admin/builder/spi-builder-workspace/.swiftpm/xcode/.stats -Onone -D SWIFT_PACKAGE -D DEBUG -serialize-debugging-options -const-gather-protocols-file /Users/admin/builder/spi-builder-workspace/.derivedData/Build/Intermediates.noindex/Splash.build/Debug-xros/Splash.build/Objects-normal/arm64/Splash_const_extract_protocols.json -enable-upcoming-feature StrictConcurrency -enable-upcoming-feature DisableOutwardActorInference -enable-upcoming-feature GlobalActorIsolatedTypesUsability -enable-upcoming-feature InferSendableFromCaptures -enable-experimental-feature DebugDescriptionMacro -strict-concurrency\=complete -empty-abi-descriptor -plugin-path /Applications/Xcode-16.3.0.app/Contents/Developer/Toolchains/XcodeDefault.xctoolchain/usr/lib/swift/host/plugins/testing -validate-clang-modules-once -clang-build-session-file /Users/admin/builder/spi-builder-workspace/.derivedData/ModuleCache.noindex/Session.modulevalidation -Xcc -working-directory -Xcc /Users/admin/builder/spi-builder-workspace/.swiftpm/xcode -resource-dir /Applications/Xcode-16.3.0.app/Contents/Developer/Toolchains/XcodeDefault.xctoolchain/usr/lib/swift -enable-anonymous-context-mangled-names -file-compilation-dir /Users/admin/builder/spi-builder-workspace/.swiftpm/xcode -Xcc -ivfsstatcache -Xcc /Users/admin/builder/spi-builder-workspace/.derivedData/SDKStatCaches.noindex/xros2.4-22O233-407b76dbb837030756cbe1ab3f0b01b6.sdkstatcache -Xcc -I/Users/admin/builder/spi-builder-workspace/.derivedData/Build/Intermediates.noindex/Splash.build/Debug-xros/Splash.build/swift-overrides.hmap -Xcc -I/Users/admin/builder/spi-builder-workspace/.derivedData/Build/Products/Debug-xros/include -Xcc -I/Users/admin/builder/spi-builder-workspace/.derivedData/Build/Intermediates.noindex/Splash.build/Debug-xros/Splash.build/DerivedSources-normal/arm64 -Xcc -I/Users/admin/builder/spi-builder-workspace/.derivedData/Build/Intermediates.noindex/Splash.build/Debug-xros/Splash.build/DerivedSources/arm64 -Xcc -I/Users/admin/builder/spi-builder-workspace/.derivedData/Build/Intermediates.noindex/Splash.build/Debug-xros/Splash.build/DerivedSources -Xcc -DSWIFT_PACKAGE -Xcc -DDEBUG\=1 -module-name Splash -frontend-parseable-output -disable-clang-spi -target-sdk-version 2.4 -target-sdk-name xros2.4 -external-plugin-path /Applications/Xcode-16.3.0.app/Contents/Developer/Platforms/XROS.platform/Developer/usr/lib/swift/host/plugins\#/Applications/Xcode-16.3.0.app/Contents/Developer/Platforms/XROS.platform/Developer/usr/bin/swift-plugin-server -external-plugin-path /Applications/Xcode-16.3.0.app/Contents/Developer/Platforms/XROS.platform/Developer/usr/local/lib/swift/host/plugins\#/Applications/Xcode-16.3.0.app/Contents/Developer/Platforms/XROS.platform/Developer/usr/bin/swift-plugin-server -in-process-plugin-server-path /Applications/Xcode-16.3.0.app/Contents/Developer/Toolchains/XcodeDefault.xctoolchain/usr/lib/swift/host/libSwiftInProcPluginServer.dylib -plugin-path /Applications/Xcode-16.3.0.app/Contents/Developer/Toolchains/XcodeDefault.xctoolchain/usr/lib/swift/host/plugins -plugin-path /Applications/Xcode-16.3.0.app/Contents/Developer/Toolchains/XcodeDefault.xctoolchain/usr/local/lib/swift/host/plugins -emit-module-doc-path /Users/admin/builder/spi-builder-workspace/.derivedData/Build/Intermediates.noindex/Splash.build/Debug-xros/Splash.build/Objects-normal/arm64/Splash.swiftdoc -emit-module-source-info-path /Users/admin/builder/spi-builder-workspace/.derivedData/Build/Intermediates.noindex/Splash.build/Debug-xros/Splash.build/Objects-normal/arm64/Splash.swiftsourceinfo -emit-objc-header-path /Users/admin/builder/spi-builder-workspace/.derivedData/Build/Intermediates.noindex/Splash.build/Debug-xros/Splash.build/Objects-normal/arm64/Splash-Swift.h -serialize-diagnostics-path /Users/admin/builder/spi-builder-workspace/.derivedData/Build/Intermediates.noindex/Splash.build/Debug-xros/Splash.build/Objects-normal/arm64/Splash-master-emit-module.dia -emit-dependencies-path /Users/admin/builder/spi-builder-workspace/.derivedData/Build/Intermediates.noindex/Splash.build/Debug-xros/Splash.build/Objects-normal/arm64/Splash-master-emit-module.d -o /Users/admin/builder/spi-builder-workspace/.derivedData/Build/Intermediates.noindex/Splash.build/Debug-xros/Splash.build/Objects-normal/arm64/Splash.swiftmodule -emit-abi-descriptor-path /Users/admin/builder/spi-builder-workspace/.derivedData/Build/Intermediates.noindex/Splash.build/Debug-xros/Splash.build/Objects-normal/arm64/Splash.abi.json
EmitSwiftModule normal arm64 (in target 'Splash' from project 'Splash')
cd /Users/admin/builder/spi-builder-workspace/.swiftpm/xcode
/Users/admin/builder/spi-builder-workspace/.dependencies/checkouts/Splash/Sources/Splash/Theming/Theme.swift:18:32: error: cannot find type 'Color' in scope
public var plainTextColor: Color
^~~~~
/Users/admin/builder/spi-builder-workspace/.dependencies/checkouts/Splash/Sources/Splash/Theming/Theme.swift:20:33: error: cannot find type 'Color' in scope
public var backgroundColor: Color
^~~~~
/Users/admin/builder/spi-builder-workspace/.dependencies/checkouts/Splash/Sources/Splash/Theming/Theme.swift:22:41: error: cannot find type 'Color' in scope
public var tokenColors: [TokenType: Color]
^~~~~
/Users/admin/builder/spi-builder-workspace/.dependencies/checkouts/Splash/Sources/Splash/Theming/Font.swift:42:24: error: cannot find type 'Loaded' in scope
case preloaded(Loaded)
^~~~~~
/Users/admin/builder/spi-builder-workspace/.dependencies/checkouts/Splash/Sources/Splash/Theming/Font.swift:49:20: error: cannot find type 'Loaded' in scope
func load() -> Loaded {
^~~~~~
/Users/admin/builder/spi-builder-workspace/.dependencies/checkouts/Splash/Sources/Splash/Output/AttributedStringOutputFormat.swift:57:46: error: 'Loaded' is not a member type of struct 'Splash.Font'
func append(_ string: String, font: Font.Loaded, color: Color) {
~~~~ ^
/Users/admin/builder/spi-builder-workspace/.dependencies/checkouts/Splash/Sources/Splash/Theming/Font.swift:15:15: note: 'Font' declared here
public struct Font {
^
/Users/admin/builder/spi-builder-workspace/.dependencies/checkouts/Splash/Sources/Splash/Output/AttributedStringOutputFormat.swift:57:61: error: cannot find type 'Color' in scope
func append(_ string: String, font: Font.Loaded, color: Color) {
^~~~~
/Users/admin/builder/spi-builder-workspace/.dependencies/checkouts/Splash/Sources/Splash/Theming/Color.swift:16:20: error: cannot find type 'Color' in scope
internal extension Color {
^~~~~
/Users/admin/builder/spi-builder-workspace/.dependencies/checkouts/Splash/Sources/Splash/Theming/Font.swift:60:39: error: cannot find type 'Loaded' in scope
private func loadDefaultFont() -> Loaded {
^~~~~~
/Users/admin/builder/spi-builder-workspace/.dependencies/checkouts/Splash/Sources/Splash/Theming/Font.swift:72:49: error: cannot find type 'Loaded' in scope
private func load(fromPath path: String) -> Loaded? {
^~~~~~
/Users/admin/builder/spi-builder-workspace/.dependencies/checkouts/Splash/Sources/Splash/Theming/Theme.swift:25:33: error: cannot find type 'Color' in scope
plainTextColor: Color,
^~~~~
/Users/admin/builder/spi-builder-workspace/.dependencies/checkouts/Splash/Sources/Splash/Theming/Theme.swift:26:42: error: cannot find type 'Color' in scope
tokenColors: [TokenType: Color],
^~~~~
/Users/admin/builder/spi-builder-workspace/.dependencies/checkouts/Splash/Sources/Splash/Theming/Theme.swift:27:34: error: cannot find type 'Color' in scope
backgroundColor: Color = Color(white: 0.12, alpha: 1)) {
^~~~~
SwiftDriverJobDiscovery normal arm64 Emitting module for JSONSchema (in target 'JSONSchema' from project 'JSONSchema')
SwiftEmitModule normal arm64 Emitting\ module\ for\ NetworkImage (in target 'NetworkImage' from project 'NetworkImage')
Command SwiftEmitModule failed with a nonzero exit code
** BUILD FAILED **
The following build commands failed:
SwiftEmitModule normal arm64 Emitting\ module\ for\ Splash (in target 'Splash' from project 'Splash')
EmitSwiftModule normal arm64 (in target 'Splash' from project 'Splash')
SwiftEmitModule normal arm64 Emitting\ module\ for\ NetworkImage (in target 'NetworkImage' from project 'NetworkImage')
Building workspace spi-builder-workspace with scheme AIChatKit-Package
(4 failures)
Command line invocation:
/Applications/Xcode-16.3.0.app/Contents/Developer/usr/bin/xcodebuild -IDEClonedSourcePackagesDirPathOverride=/Users/admin/builder/spi-builder-workspace/.dependencies -resolvePackageDependencies
Resolve Package Graph
Resolved source packages:
cmark-gfm: https://github.com/swiftlang/swift-cmark @ 0.9.0
Splash: https://github.com/JohnSundell/Splash.git @ 0.16.0
NetworkImage: https://github.com/gonzalezreal/NetworkImage @ 6.0.1
swift-markdown-ui: https://github.com/gonzalezreal/swift-markdown-ui.git @ 2.4.1
JSONSchema: https://github.com/kevinhermawan/swift-json-schema.git @ 2.0.1
AIChatKit: /Users/admin/builder/spi-builder-workspace
resolved source packages: cmark-gfm, Splash, NetworkImage, swift-markdown-ui, JSONSchema, AIChatKit
{
"dependencies" : [
{
"identity" : "swift-json-schema",
"requirement" : {
"range" : [
{
"lower_bound" : "2.0.1",
"upper_bound" : "3.0.0"
}
]
},
"type" : "sourceControl",
"url" : "https://github.com/kevinhermawan/swift-json-schema.git"
},
{
"identity" : "swift-markdown-ui",
"requirement" : {
"range" : [
{
"lower_bound" : "2.4.0",
"upper_bound" : "3.0.0"
}
]
},
"type" : "sourceControl",
"url" : "https://github.com/gonzalezreal/swift-markdown-ui.git"
},
{
"identity" : "splash",
"requirement" : {
"exact" : [
"0.16.0"
]
},
"type" : "sourceControl",
"url" : "https://github.com/JohnSundell/Splash.git"
}
],
"manifest_display_name" : "AIChatKit",
"name" : "AIChatKit",
"path" : "/Users/admin/builder/spi-builder-workspace",
"platforms" : [
{
"name" : "macos",
"version" : "14.0"
},
{
"name" : "ios",
"version" : "17.0"
}
],
"products" : [
{
"name" : "AIChatCore",
"targets" : [
"AIChatCore"
],
"type" : {
"library" : [
"automatic"
]
}
},
{
"name" : "AIChatOpenAI",
"targets" : [
"AIChatOpenAI"
],
"type" : {
"library" : [
"automatic"
]
}
},
{
"name" : "AIChatAnthropic",
"targets" : [
"AIChatAnthropic"
],
"type" : {
"library" : [
"automatic"
]
}
},
{
"name" : "AIChatFoundationModels",
"targets" : [
"AIChatFoundationModels"
],
"type" : {
"library" : [
"automatic"
]
}
},
{
"name" : "AIChatUI",
"targets" : [
"AIChatUI"
],
"type" : {
"library" : [
"automatic"
]
}
}
],
"targets" : [
{
"c99name" : "AIChatUITests",
"module_type" : "SwiftTarget",
"name" : "AIChatUITests",
"path" : "Tests/AIChatUITests",
"sources" : [
"ChatSessionLifecycleTests.swift",
"ChatSessionReasoningEntryTests.swift",
"ChatSessionTests.swift",
"ThinkingTileViewTests.swift",
"UserMessageRowTests.swift"
],
"target_dependencies" : [
"AIChatUI"
],
"type" : "test"
},
{
"c99name" : "AIChatUI",
"module_type" : "SwiftTarget",
"name" : "AIChatUI",
"path" : "Sources/AIChatUI",
"product_dependencies" : [
"MarkdownUI",
"Splash"
],
"product_memberships" : [
"AIChatUI"
],
"sources" : [
"ChatClipboard.swift",
"ChatSession.swift",
"ChatView.swift",
"Views/ComposerView.swift",
"Views/ConversationView.swift",
"Views/KnowledgeRetrievalView.swift",
"Views/MarkdownMessageView.swift",
"Views/ThinkingTileView.swift",
"Views/ToolCallView.swift"
],
"target_dependencies" : [
"AIChatCore"
],
"type" : "library"
},
{
"c99name" : "AIChatOpenAITests",
"module_type" : "SwiftTarget",
"name" : "AIChatOpenAITests",
"path" : "Tests/AIChatOpenAITests",
"sources" : [
"OpenAIRequestBuilderTests.swift",
"OpenAIStreamProcessorTests.swift"
],
"target_dependencies" : [
"AIChatOpenAI"
],
"type" : "test"
},
{
"c99name" : "AIChatOpenAI",
"module_type" : "SwiftTarget",
"name" : "AIChatOpenAI",
"path" : "Sources/AIChatOpenAI",
"product_memberships" : [
"AIChatOpenAI"
],
"sources" : [
"OpenAIModels.swift",
"OpenAIProvider.swift",
"OpenAIRequestBuilder.swift",
"OpenAIStreamProcessor.swift"
],
"target_dependencies" : [
"AIChatCore"
],
"type" : "library"
},
{
"c99name" : "AIChatFoundationModelsTests",
"module_type" : "SwiftTarget",
"name" : "AIChatFoundationModelsTests",
"path" : "Tests/AIChatFoundationModelsTests",
"sources" : [
"FoundationModelsProviderTests.swift"
],
"target_dependencies" : [
"AIChatFoundationModels"
],
"type" : "test"
},
{
"c99name" : "AIChatFoundationModels",
"module_type" : "SwiftTarget",
"name" : "AIChatFoundationModels",
"path" : "Sources/AIChatFoundationModels",
"product_memberships" : [
"AIChatFoundationModels"
],
"sources" : [
"FoundationModelsProvider.swift"
],
"target_dependencies" : [
"AIChatCore"
],
"type" : "library"
},
{
"c99name" : "AIChatCoreTests",
"module_type" : "SwiftTarget",
"name" : "AIChatCoreTests",
"path" : "Tests/AIChatCoreTests",
"sources" : [
"BalancedEmitterTests.swift",
"ChatErrorTests.swift",
"ChatMessageTests.swift",
"SSEParserTests.swift"
],
"target_dependencies" : [
"AIChatCore"
],
"type" : "test"
},
{
"c99name" : "AIChatCore",
"module_type" : "SwiftTarget",
"name" : "AIChatCore",
"path" : "Sources/AIChatCore",
"product_dependencies" : [
"JSONSchema"
],
"product_memberships" : [
"AIChatCore",
"AIChatOpenAI",
"AIChatAnthropic",
"AIChatFoundationModels",
"AIChatUI"
],
"sources" : [
"BalancedEmitter.swift",
"ChatError.swift",
"ChatLog.swift",
"ChatMessage.swift",
"ChatProvider.swift",
"ChatRequestOptions.swift",
"ChatStreamEvent.swift",
"SSEParser.swift"
],
"type" : "library"
},
{
"c99name" : "AIChatAnthropicTests",
"module_type" : "SwiftTarget",
"name" : "AIChatAnthropicTests",
"path" : "Tests/AIChatAnthropicTests",
"sources" : [
"AnthropicRequestBuilderTests.swift",
"AnthropicStreamProcessorTests.swift"
],
"target_dependencies" : [
"AIChatAnthropic"
],
"type" : "test"
},
{
"c99name" : "AIChatAnthropic",
"module_type" : "SwiftTarget",
"name" : "AIChatAnthropic",
"path" : "Sources/AIChatAnthropic",
"product_memberships" : [
"AIChatAnthropic"
],
"sources" : [
"AnthropicModels.swift",
"AnthropicProvider.swift",
"AnthropicRequestBuilder.swift",
"AnthropicStreamProcessor.swift"
],
"target_dependencies" : [
"AIChatCore"
],
"type" : "library"
}
],
"tools_version" : "5.10"
}
{
"workspace" : {
"name" : "spi-builder-workspace",
"schemes" : [
"AIChatAnthropic",
"AIChatCore",
"AIChatFoundationModels",
"AIChatKit-Package",
"AIChatOpenAI",
"AIChatUI",
"MarkdownUI"
]
}
}
{
"workspace" : {
"name" : "spi-builder-workspace",
"schemes" : [
"AIChatAnthropic",
"AIChatCore",
"AIChatFoundationModels",
"AIChatKit-Package",
"AIChatOpenAI",
"AIChatUI",
"MarkdownUI"
]
}
}
Running build ...
env DEVELOPER_DIR=/Applications/Xcode-16.3.0.app xcrun xcodebuild -IDEClonedSourcePackagesDirPathOverride=$PWD/.dependencies -skipMacroValidation -skipPackagePluginValidation -derivedDataPath $PWD/.derivedData build -scheme AIChatKit-Package -destination generic/platform=xrOS
Command line invocation:
/Applications/Xcode-16.3.0.app/Contents/Developer/usr/bin/xcodebuild -IDEClonedSourcePackagesDirPathOverride=/Users/admin/builder/spi-builder-workspace/.dependencies -skipMacroValidation -skipPackagePluginValidation -derivedDataPath /Users/admin/builder/spi-builder-workspace/.derivedData build -scheme AIChatKit-Package -destination generic/platform=xrOS
Resolve Package Graph
Resolved source packages:
NetworkImage: https://github.com/gonzalezreal/NetworkImage @ 6.0.1
cmark-gfm: https://github.com/swiftlang/swift-cmark @ 0.9.0
AIChatKit: /Users/admin/builder/spi-builder-workspace
JSONSchema: https://github.com/kevinhermawan/swift-json-schema.git @ 2.0.1
swift-markdown-ui: https://github.com/gonzalezreal/swift-markdown-ui.git @ 2.4.1
Splash: https://github.com/JohnSundell/Splash.git @ 0.16.0
ComputePackagePrebuildTargetDependencyGraph
Prepare packages
CreateBuildRequest
SendProjectDescription
CreateBuildOperation
ComputeTargetDependencyGraph
note: Building targets in dependency order
note: Target dependency graph (22 targets)
Target 'AIChatUI' in project 'AIChatKit'
➜ Explicit dependency on target 'AIChatUI' in project 'AIChatKit'
➜ Explicit dependency on target 'AIChatCore' in project 'AIChatKit'
➜ Explicit dependency on target 'JSONSchema' in project 'JSONSchema'
➜ Explicit dependency on target 'MarkdownUI' in project 'swift-markdown-ui'
➜ Explicit dependency on target 'Splash' in project 'Splash'
Target 'AIChatUI' in project 'AIChatKit'
➜ Explicit dependency on target 'AIChatCore' in project 'AIChatKit'
➜ Explicit dependency on target 'JSONSchema' in project 'JSONSchema'
➜ Explicit dependency on target 'MarkdownUI' in project 'swift-markdown-ui'
➜ Explicit dependency on target 'Splash' in project 'Splash'
Target 'Splash' in project 'Splash'
➜ Explicit dependency on target 'Splash' in project 'Splash'
Target 'Splash' in project 'Splash' (no dependencies)
Target 'MarkdownUI' in project 'swift-markdown-ui'
➜ Explicit dependency on target 'MarkdownUI' in project 'swift-markdown-ui'
➜ Explicit dependency on target 'cmark-gfm' in project 'cmark-gfm'
➜ Explicit dependency on target 'cmark-gfm-extensions' in project 'cmark-gfm'
➜ Explicit dependency on target 'NetworkImage' in project 'NetworkImage'
Target 'MarkdownUI' in project 'swift-markdown-ui'
➜ Explicit dependency on target 'cmark-gfm' in project 'cmark-gfm'
➜ Explicit dependency on target 'cmark-gfm-extensions' in project 'cmark-gfm'
➜ Explicit dependency on target 'NetworkImage' in project 'NetworkImage'
Target 'NetworkImage' in project 'NetworkImage'
➜ Explicit dependency on target 'NetworkImage' in project 'NetworkImage'
Target 'NetworkImage' in project 'NetworkImage' (no dependencies)
Target 'cmark-gfm-extensions' in project 'cmark-gfm'
➜ Explicit dependency on target 'cmark-gfm-extensions' in project 'cmark-gfm'
➜ Explicit dependency on target 'cmark-gfm' in project 'cmark-gfm'
Target 'cmark-gfm-extensions' in project 'cmark-gfm'
➜ Explicit dependency on target 'cmark-gfm' in project 'cmark-gfm'
Target 'cmark-gfm' in project 'cmark-gfm'
➜ Explicit dependency on target 'cmark-gfm' in project 'cmark-gfm'
Target 'cmark-gfm' in project 'cmark-gfm' (no dependencies)
Target 'AIChatOpenAI' in project 'AIChatKit'
➜ Explicit dependency on target 'AIChatOpenAI' in project 'AIChatKit'
➜ Explicit dependency on target 'AIChatCore' in project 'AIChatKit'
➜ Explicit dependency on target 'JSONSchema' in project 'JSONSchema'
Target 'AIChatOpenAI' in project 'AIChatKit'
➜ Explicit dependency on target 'AIChatCore' in project 'AIChatKit'
➜ Explicit dependency on target 'JSONSchema' in project 'JSONSchema'
Target 'AIChatFoundationModels' in project 'AIChatKit'
➜ Explicit dependency on target 'AIChatFoundationModels' in project 'AIChatKit'
➜ Explicit dependency on target 'AIChatCore' in project 'AIChatKit'
➜ Explicit dependency on target 'JSONSchema' in project 'JSONSchema'
Target 'AIChatFoundationModels' in project 'AIChatKit'
➜ Explicit dependency on target 'AIChatCore' in project 'AIChatKit'
➜ Explicit dependency on target 'JSONSchema' in project 'JSONSchema'
Target 'AIChatCore' in project 'AIChatKit'
➜ Explicit dependency on target 'AIChatCore' in project 'AIChatKit'
➜ Explicit dependency on target 'JSONSchema' in project 'JSONSchema'
Target 'AIChatAnthropic' in project 'AIChatKit'
➜ Explicit dependency on target 'AIChatAnthropic' in project 'AIChatKit'
➜ Explicit dependency on target 'AIChatCore' in project 'AIChatKit'
➜ Explicit dependency on target 'JSONSchema' in project 'JSONSchema'
Target 'AIChatAnthropic' in project 'AIChatKit'
➜ Explicit dependency on target 'AIChatCore' in project 'AIChatKit'
➜ Explicit dependency on target 'JSONSchema' in project 'JSONSchema'
Target 'AIChatCore' in project 'AIChatKit'
➜ Explicit dependency on target 'JSONSchema' in project 'JSONSchema'
Target 'JSONSchema' in project 'JSONSchema'
➜ Explicit dependency on target 'JSONSchema' in project 'JSONSchema'
Target 'JSONSchema' in project 'JSONSchema' (no dependencies)
GatherProvisioningInputs
CreateBuildDescription
ExecuteExternalTool /Applications/Xcode-16.3.0.app/Contents/Developer/Toolchains/XcodeDefault.xctoolchain/usr/bin/swiftc --version
ExecuteExternalTool /Applications/Xcode-16.3.0.app/Contents/Developer/Toolchains/XcodeDefault.xctoolchain/usr/bin/clang -v -E -dM -arch arm64 -isysroot /Applications/Xcode-16.3.0.app/Contents/Developer/Platforms/XROS.platform/Developer/SDKs/XROS2.4.sdk -x c -c /dev/null
ExecuteExternalTool /Applications/Xcode-16.3.0.app/Contents/Developer/Toolchains/XcodeDefault.xctoolchain/usr/bin/clang -v -E -dM -isysroot /Applications/Xcode-16.3.0.app/Contents/Developer/Platforms/XROS.platform/Developer/SDKs/XROS2.4.sdk -x c -c /dev/null
ExecuteExternalTool /Applications/Xcode-16.3.0.app/Contents/Developer/Toolchains/XcodeDefault.xctoolchain/usr/bin/ld -version_details
ReadFileContents /Applications/Xcode-16.3.0.app/Contents/Developer/Toolchains/XcodeDefault.xctoolchain/usr/share/docc/features.json
Build description signature: 6fa8d50de00e8308c427e51edb948d8c
Build description path: /Users/admin/builder/spi-builder-workspace/.derivedData/Build/Intermediates.noindex/XCBuildData/6fa8d50de00e8308c427e51edb948d8c.xcbuilddata
ClangStatCache /Applications/Xcode-16.3.0.app/Contents/Developer/Toolchains/XcodeDefault.xctoolchain/usr/bin/clang-stat-cache /Applications/Xcode-16.3.0.app/Contents/Developer/Platforms/XROS.platform/Developer/SDKs/XROS2.4.sdk /Users/admin/builder/spi-builder-workspace/.derivedData/SDKStatCaches.noindex/xros2.4-22O233-407b76dbb837030756cbe1ab3f0b01b6.sdkstatcache
cd /Users/admin/builder/spi-builder-workspace/.swiftpm/xcode
/Applications/Xcode-16.3.0.app/Contents/Developer/Toolchains/XcodeDefault.xctoolchain/usr/bin/clang-stat-cache /Applications/Xcode-16.3.0.app/Contents/Developer/Platforms/XROS.platform/Developer/SDKs/XROS2.4.sdk -o /Users/admin/builder/spi-builder-workspace/.derivedData/SDKStatCaches.noindex/xros2.4-22O233-407b76dbb837030756cbe1ab3f0b01b6.sdkstatcache
SwiftDriver Splash normal arm64 com.apple.xcode.tools.swift.compiler (in target 'Splash' from project 'Splash')
cd /Users/admin/builder/spi-builder-workspace/.swiftpm/xcode
builtin-SwiftDriver -- /Applications/Xcode-16.3.0.app/Contents/Developer/Toolchains/XcodeDefault.xctoolchain/usr/bin/swiftc -module-name Splash -Onone -enforce-exclusivity\=checked @/Users/admin/builder/spi-builder-workspace/.derivedData/Build/Intermediates.noindex/Splash.build/Debug-xros/Splash.build/Objects-normal/arm64/Splash.SwiftFileList -DSWIFT_PACKAGE -DDEBUG -DXcode -plugin-path /Applications/Xcode-16.3.0.app/Contents/Developer/Toolchains/XcodeDefault.xctoolchain/usr/lib/swift/host/plugins/testing -enable-experimental-feature DebugDescriptionMacro -sdk /Applications/Xcode-16.3.0.app/Contents/Developer/Platforms/XROS.platform/Developer/SDKs/XROS2.4.sdk -target arm64-apple-xros1.0 -g -module-cache-path /Users/admin/builder/spi-builder-workspace/.derivedData/ModuleCache.noindex -Xfrontend -serialize-debugging-options -profile-coverage-mapping -profile-generate -enable-testing -suppress-warnings -index-store-path /Users/admin/builder/spi-builder-workspace/.derivedData/Index.noindex/DataStore -swift-version 5 -I /Users/admin/builder/spi-builder-workspace/.derivedData/Build/Products/Debug-xros -I /Applications/Xcode-16.3.0.app/Contents/Developer/Platforms/XROS.platform/Developer/usr/lib -F /Users/admin/builder/spi-builder-workspace/.derivedData/Build/Products/Debug-xros -F /Applications/Xcode-16.3.0.app/Contents/Developer/Platforms/XROS.platform/Developer/Library/Frameworks -F /Applications/Xcode-16.3.0.app/Contents/Developer/Platforms/XROS.platform/Developer/SDKs/XROS2.4.sdk/Developer/Library/Frameworks -c -j10 -enable-batch-mode -incremental -Xcc -ivfsstatcache -Xcc /Users/admin/builder/spi-builder-workspace/.derivedData/SDKStatCaches.noindex/xros2.4-22O233-407b76dbb837030756cbe1ab3f0b01b6.sdkstatcache -output-file-map /Users/admin/builder/spi-builder-workspace/.derivedData/Build/Intermediates.noindex/Splash.build/Debug-xros/Splash.build/Objects-normal/arm64/Splash-OutputFileMap.json -use-frontend-parseable-output -save-temps -no-color-diagnostics -serialize-diagnostics -emit-dependencies -emit-module -emit-module-path /Users/admin/builder/spi-builder-workspace/.derivedData/Build/Intermediates.noindex/Splash.build/Debug-xros/Splash.build/Objects-normal/arm64/Splash.swiftmodule -validate-clang-modules-once -clang-build-session-file /Users/admin/builder/spi-builder-workspace/.derivedData/ModuleCache.noindex/Session.modulevalidation -Xcc -I/Users/admin/builder/spi-builder-workspace/.derivedData/Build/Intermediates.noindex/Splash.build/Debug-xros/Splash.build/swift-overrides.hmap -emit-const-values -Xfrontend -const-gather-protocols-file -Xfrontend /Users/admin/builder/spi-builder-workspace/.derivedData/Build/Intermediates.noindex/Splash.build/Debug-xros/Splash.build/Objects-normal/arm64/Splash_const_extract_protocols.json -Xcc -I/Users/admin/builder/spi-builder-workspace/.derivedData/Build/Products/Debug-xros/include -Xcc -I/Users/admin/builder/spi-builder-workspace/.derivedData/Build/Intermediates.noindex/Splash.build/Debug-xros/Splash.build/DerivedSources-normal/arm64 -Xcc -I/Users/admin/builder/spi-builder-workspace/.derivedData/Build/Intermediates.noindex/Splash.build/Debug-xros/Splash.build/DerivedSources/arm64 -Xcc -I/Users/admin/builder/spi-builder-workspace/.derivedData/Build/Intermediates.noindex/Splash.build/Debug-xros/Splash.build/DerivedSources -Xcc -DSWIFT_PACKAGE -Xcc -DDEBUG\=1 -emit-objc-header -emit-objc-header-path /Users/admin/builder/spi-builder-workspace/.derivedData/Build/Intermediates.noindex/Splash.build/Debug-xros/Splash.build/Objects-normal/arm64/Splash-Swift.h -working-directory /Users/admin/builder/spi-builder-workspace/.swiftpm/xcode -experimental-emit-module-separately -disable-cmo
SwiftDriver NetworkImage normal arm64 com.apple.xcode.tools.swift.compiler (in target 'NetworkImage' from project 'NetworkImage')
cd /Users/admin/builder/spi-builder-workspace/.swiftpm/xcode
builtin-SwiftDriver -- /Applications/Xcode-16.3.0.app/Contents/Developer/Toolchains/XcodeDefault.xctoolchain/usr/bin/swiftc -module-name NetworkImage -Onone -enforce-exclusivity\=checked @/Users/admin/builder/spi-builder-workspace/.derivedData/Build/Intermediates.noindex/NetworkImage.build/Debug-xros/NetworkImage.build/Objects-normal/arm64/NetworkImage.SwiftFileList -DSWIFT_PACKAGE -DDEBUG -DXcode -plugin-path /Applications/Xcode-16.3.0.app/Contents/Developer/Toolchains/XcodeDefault.xctoolchain/usr/lib/swift/host/plugins/testing -enable-experimental-feature DebugDescriptionMacro -sdk /Applications/Xcode-16.3.0.app/Contents/Developer/Platforms/XROS.platform/Developer/SDKs/XROS2.4.sdk -target arm64-apple-xros1.0 -g -module-cache-path /Users/admin/builder/spi-builder-workspace/.derivedData/ModuleCache.noindex -Xfrontend -serialize-debugging-options -profile-coverage-mapping -profile-generate -enable-testing -suppress-warnings -index-store-path /Users/admin/builder/spi-builder-workspace/.derivedData/Index.noindex/DataStore -swift-version 6 -I /Users/admin/builder/spi-builder-workspace/.derivedData/Build/Products/Debug-xros -I /Applications/Xcode-16.3.0.app/Contents/Developer/Platforms/XROS.platform/Developer/usr/lib -F /Users/admin/builder/spi-builder-workspace/.derivedData/Build/Products/Debug-xros -F /Applications/Xcode-16.3.0.app/Contents/Developer/Platforms/XROS.platform/Developer/Library/Frameworks -F /Applications/Xcode-16.3.0.app/Contents/Developer/Platforms/XROS.platform/Developer/SDKs/XROS2.4.sdk/Developer/Library/Frameworks -c -j10 -enable-batch-mode -incremental -Xcc -ivfsstatcache -Xcc /Users/admin/builder/spi-builder-workspace/.derivedData/SDKStatCaches.noindex/xros2.4-22O233-407b76dbb837030756cbe1ab3f0b01b6.sdkstatcache -output-file-map /Users/admin/builder/spi-builder-workspace/.derivedData/Build/Intermediates.noindex/NetworkImage.build/Debug-xros/NetworkImage.build/Objects-normal/arm64/NetworkImage-OutputFileMap.json -use-frontend-parseable-output -save-temps -no-color-diagnostics -serialize-diagnostics -emit-dependencies -emit-module -emit-module-path /Users/admin/builder/spi-builder-workspace/.derivedData/Build/Intermediates.noindex/NetworkImage.build/Debug-xros/NetworkImage.build/Objects-normal/arm64/NetworkImage.swiftmodule -user-module-version 6.0.1 -validate-clang-modules-once -clang-build-session-file /Users/admin/builder/spi-builder-workspace/.derivedData/ModuleCache.noindex/Session.modulevalidation -package-name networkimage -Xcc -I/Users/admin/builder/spi-builder-workspace/.derivedData/Build/Intermediates.noindex/NetworkImage.build/Debug-xros/NetworkImage.build/swift-overrides.hmap -emit-const-values -Xfrontend -const-gather-protocols-file -Xfrontend /Users/admin/builder/spi-builder-workspace/.derivedData/Build/Intermediates.noindex/NetworkImage.build/Debug-xros/NetworkImage.build/Objects-normal/arm64/NetworkImage_const_extract_protocols.json -Xcc -I/Users/admin/builder/spi-builder-workspace/.derivedData/Build/Products/Debug-xros/include -Xcc -I/Users/admin/builder/spi-builder-workspace/.derivedData/Build/Intermediates.noindex/NetworkImage.build/Debug-xros/NetworkImage.build/DerivedSources-normal/arm64 -Xcc -I/Users/admin/builder/spi-builder-workspace/.derivedData/Build/Intermediates.noindex/NetworkImage.build/Debug-xros/NetworkImage.build/DerivedSources/arm64 -Xcc -I/Users/admin/builder/spi-builder-workspace/.derivedData/Build/Intermediates.noindex/NetworkImage.build/Debug-xros/NetworkImage.build/DerivedSources -Xcc -DSWIFT_PACKAGE -Xcc -DDEBUG\=1 -emit-objc-header -emit-objc-header-path /Users/admin/builder/spi-builder-workspace/.derivedData/Build/Intermediates.noindex/NetworkImage.build/Debug-xros/NetworkImage.build/Objects-normal/arm64/NetworkImage-Swift.h -working-directory /Users/admin/builder/spi-builder-workspace/.swiftpm/xcode -experimental-emit-module-separately -disable-cmo
SwiftDriver JSONSchema normal arm64 com.apple.xcode.tools.swift.compiler (in target 'JSONSchema' from project 'JSONSchema')
cd /Users/admin/builder/spi-builder-workspace/.swiftpm/xcode
builtin-SwiftDriver -- /Applications/Xcode-16.3.0.app/Contents/Developer/Toolchains/XcodeDefault.xctoolchain/usr/bin/swiftc -module-name JSONSchema -Onone -enforce-exclusivity\=checked @/Users/admin/builder/spi-builder-workspace/.derivedData/Build/Intermediates.noindex/JSONSchema.build/Debug-xros/JSONSchema.build/Objects-normal/arm64/JSONSchema.SwiftFileList -DSWIFT_PACKAGE -DDEBUG -DXcode -plugin-path /Applications/Xcode-16.3.0.app/Contents/Developer/Toolchains/XcodeDefault.xctoolchain/usr/lib/swift/host/plugins/testing -enable-experimental-feature DebugDescriptionMacro -sdk /Applications/Xcode-16.3.0.app/Contents/Developer/Platforms/XROS.platform/Developer/SDKs/XROS2.4.sdk -target arm64-apple-xros1.0 -g -module-cache-path /Users/admin/builder/spi-builder-workspace/.derivedData/ModuleCache.noindex -Xfrontend -serialize-debugging-options -profile-coverage-mapping -profile-generate -enable-testing -suppress-warnings -index-store-path /Users/admin/builder/spi-builder-workspace/.derivedData/Index.noindex/DataStore -swift-version 5 -I /Users/admin/builder/spi-builder-workspace/.derivedData/Build/Products/Debug-xros -I /Applications/Xcode-16.3.0.app/Contents/Developer/Platforms/XROS.platform/Developer/usr/lib -F /Users/admin/builder/spi-builder-workspace/.derivedData/Build/Products/Debug-xros -F /Applications/Xcode-16.3.0.app/Contents/Developer/Platforms/XROS.platform/Developer/Library/Frameworks -F /Applications/Xcode-16.3.0.app/Contents/Developer/Platforms/XROS.platform/Developer/SDKs/XROS2.4.sdk/Developer/Library/Frameworks -c -j10 -enable-batch-mode -incremental -Xcc -ivfsstatcache -Xcc /Users/admin/builder/spi-builder-workspace/.derivedData/SDKStatCaches.noindex/xros2.4-22O233-407b76dbb837030756cbe1ab3f0b01b6.sdkstatcache -output-file-map /Users/admin/builder/spi-builder-workspace/.derivedData/Build/Intermediates.noindex/JSONSchema.build/Debug-xros/JSONSchema.build/Objects-normal/arm64/JSONSchema-OutputFileMap.json -use-frontend-parseable-output -save-temps -no-color-diagnostics -serialize-diagnostics -emit-dependencies -emit-module -emit-module-path /Users/admin/builder/spi-builder-workspace/.derivedData/Build/Intermediates.noindex/JSONSchema.build/Debug-xros/JSONSchema.build/Objects-normal/arm64/JSONSchema.swiftmodule -validate-clang-modules-once -clang-build-session-file /Users/admin/builder/spi-builder-workspace/.derivedData/ModuleCache.noindex/Session.modulevalidation -Xcc -I/Users/admin/builder/spi-builder-workspace/.derivedData/Build/Intermediates.noindex/JSONSchema.build/Debug-xros/JSONSchema.build/swift-overrides.hmap -emit-const-values -Xfrontend -const-gather-protocols-file -Xfrontend /Users/admin/builder/spi-builder-workspace/.derivedData/Build/Intermediates.noindex/JSONSchema.build/Debug-xros/JSONSchema.build/Objects-normal/arm64/JSONSchema_const_extract_protocols.json -Xcc -I/Users/admin/builder/spi-builder-workspace/.derivedData/Build/Products/Debug-xros/include -Xcc -I/Users/admin/builder/spi-builder-workspace/.derivedData/Build/Intermediates.noindex/JSONSchema.build/Debug-xros/JSONSchema.build/DerivedSources-normal/arm64 -Xcc -I/Users/admin/builder/spi-builder-workspace/.derivedData/Build/Intermediates.noindex/JSONSchema.build/Debug-xros/JSONSchema.build/DerivedSources/arm64 -Xcc -I/Users/admin/builder/spi-builder-workspace/.derivedData/Build/Intermediates.noindex/JSONSchema.build/Debug-xros/JSONSchema.build/DerivedSources -Xcc -DSWIFT_PACKAGE -Xcc -DDEBUG\=1 -emit-objc-header -emit-objc-header-path /Users/admin/builder/spi-builder-workspace/.derivedData/Build/Intermediates.noindex/JSONSchema.build/Debug-xros/JSONSchema.build/Objects-normal/arm64/JSONSchema-Swift.h -working-directory /Users/admin/builder/spi-builder-workspace/.swiftpm/xcode -experimental-emit-module-separately -disable-cmo
SwiftCompile normal arm64 Compiling\ Deprecations.swift /Users/admin/builder/spi-builder-workspace/.dependencies/checkouts/NetworkImage/Sources/NetworkImage/Deprecations.swift (in target 'NetworkImage' from project 'NetworkImage')
SwiftCompile normal arm64 /Users/admin/builder/spi-builder-workspace/.dependencies/checkouts/NetworkImage/Sources/NetworkImage/Deprecations.swift (in target 'NetworkImage' from project 'NetworkImage')
cd /Users/admin/builder/spi-builder-workspace/.swiftpm/xcode
SwiftCompile normal arm64 Compiling\ NetworkImage.swift /Users/admin/builder/spi-builder-workspace/.dependencies/checkouts/NetworkImage/Sources/NetworkImage/NetworkImage.swift (in target 'NetworkImage' from project 'NetworkImage')
SwiftCompile normal arm64 /Users/admin/builder/spi-builder-workspace/.dependencies/checkouts/NetworkImage/Sources/NetworkImage/NetworkImage.swift (in target 'NetworkImage' from project 'NetworkImage')
cd /Users/admin/builder/spi-builder-workspace/.swiftpm/xcode
SwiftCompile normal arm64 Compiling\ ImageSource.swift /Users/admin/builder/spi-builder-workspace/.dependencies/checkouts/NetworkImage/Sources/NetworkImage/ImageSource.swift (in target 'NetworkImage' from project 'NetworkImage')
SwiftCompile normal arm64 /Users/admin/builder/spi-builder-workspace/.dependencies/checkouts/NetworkImage/Sources/NetworkImage/ImageSource.swift (in target 'NetworkImage' from project 'NetworkImage')
cd /Users/admin/builder/spi-builder-workspace/.swiftpm/xcode
SwiftCompile normal arm64 Compiling\ NetworkImageCache.swift /Users/admin/builder/spi-builder-workspace/.dependencies/checkouts/NetworkImage/Sources/NetworkImage/NetworkImageCache.swift (in target 'NetworkImage' from project 'NetworkImage')
SwiftCompile normal arm64 /Users/admin/builder/spi-builder-workspace/.dependencies/checkouts/NetworkImage/Sources/NetworkImage/NetworkImageCache.swift (in target 'NetworkImage' from project 'NetworkImage')
cd /Users/admin/builder/spi-builder-workspace/.swiftpm/xcode
SwiftEmitModule normal arm64 Emitting\ module\ for\ NetworkImage (in target 'NetworkImage' from project 'NetworkImage')
EmitSwiftModule normal arm64 (in target 'NetworkImage' from project 'NetworkImage')
cd /Users/admin/builder/spi-builder-workspace/.swiftpm/xcode
SwiftEmitModule normal arm64 Emitting\ module\ for\ JSONSchema (in target 'JSONSchema' from project 'JSONSchema')
EmitSwiftModule normal arm64 (in target 'JSONSchema' from project 'JSONSchema')
cd /Users/admin/builder/spi-builder-workspace/.swiftpm/xcode
SwiftCompile normal arm64 Compiling\ CharacterSet+Contains.swift,\ Equatable+AnyOf.swift,\ Int+IsOdd.swift /Users/admin/builder/spi-builder-workspace/.dependencies/checkouts/Splash/Sources/Splash/Extensions/CharacterSet/CharacterSet+Contains.swift /Users/admin/builder/spi-builder-workspace/.dependencies/checkouts/Splash/Sources/Splash/Extensions/Equatable/Equatable+AnyOf.swift /Users/admin/builder/spi-builder-workspace/.dependencies/checkouts/Splash/Sources/Splash/Extensions/Int/Int+IsOdd.swift (in target 'Splash' from project 'Splash')
SwiftCompile normal arm64 /Users/admin/builder/spi-builder-workspace/.dependencies/checkouts/Splash/Sources/Splash/Extensions/CharacterSet/CharacterSet+Contains.swift (in target 'Splash' from project 'Splash')
cd /Users/admin/builder/spi-builder-workspace/.swiftpm/xcode
SwiftCompile normal arm64 /Users/admin/builder/spi-builder-workspace/.dependencies/checkouts/Splash/Sources/Splash/Extensions/Equatable/Equatable+AnyOf.swift (in target 'Splash' from project 'Splash')
cd /Users/admin/builder/spi-builder-workspace/.swiftpm/xcode
SwiftCompile normal arm64 /Users/admin/builder/spi-builder-workspace/.dependencies/checkouts/Splash/Sources/Splash/Extensions/Int/Int+IsOdd.swift (in target 'Splash' from project 'Splash')
cd /Users/admin/builder/spi-builder-workspace/.swiftpm/xcode
SwiftCompile normal arm64 Compiling\ TaskModifier.swift /Users/admin/builder/spi-builder-workspace/.dependencies/checkouts/NetworkImage/Sources/NetworkImage/TaskModifier.swift (in target 'NetworkImage' from project 'NetworkImage')
SwiftCompile normal arm64 /Users/admin/builder/spi-builder-workspace/.dependencies/checkouts/NetworkImage/Sources/NetworkImage/TaskModifier.swift (in target 'NetworkImage' from project 'NetworkImage')
cd /Users/admin/builder/spi-builder-workspace/.swiftpm/xcode
SwiftCompile normal arm64 Compiling\ URLSession+NetworkImage.swift /Users/admin/builder/spi-builder-workspace/.dependencies/checkouts/NetworkImage/Sources/NetworkImage/URLSession+NetworkImage.swift (in target 'NetworkImage' from project 'NetworkImage')
SwiftCompile normal arm64 /Users/admin/builder/spi-builder-workspace/.dependencies/checkouts/NetworkImage/Sources/NetworkImage/URLSession+NetworkImage.swift (in target 'NetworkImage' from project 'NetworkImage')
cd /Users/admin/builder/spi-builder-workspace/.swiftpm/xcode
SwiftCompile normal arm64 Compiling\ NetworkImageModel.swift /Users/admin/builder/spi-builder-workspace/.dependencies/checkouts/NetworkImage/Sources/NetworkImage/NetworkImageModel.swift (in target 'NetworkImage' from project 'NetworkImage')
SwiftCompile normal arm64 /Users/admin/builder/spi-builder-workspace/.dependencies/checkouts/NetworkImage/Sources/NetworkImage/NetworkImageModel.swift (in target 'NetworkImage' from project 'NetworkImage')
cd /Users/admin/builder/spi-builder-workspace/.swiftpm/xcode
SwiftEmitModule normal arm64 Emitting\ module\ for\ Splash (in target 'Splash' from project 'Splash')
Failed frontend command:
/Applications/Xcode-16.3.0.app/Contents/Developer/Toolchains/XcodeDefault.xctoolchain/usr/bin/swift-frontend -frontend -emit-module -experimental-skip-non-inlinable-function-bodies-without-types /Users/admin/builder/spi-builder-workspace/.dependencies/checkouts/Splash/Sources/Splash/Extensions/CharacterSet/CharacterSet+Contains.swift /Users/admin/builder/spi-builder-workspace/.dependencies/checkouts/Splash/Sources/Splash/Extensions/Equatable/Equatable+AnyOf.swift /Users/admin/builder/spi-builder-workspace/.dependencies/checkouts/Splash/Sources/Splash/Extensions/Int/Int+IsOdd.swift /Users/admin/builder/spi-builder-workspace/.dependencies/checkouts/Splash/Sources/Splash/Extensions/Sequence/Sequence+AnyOf.swift /Users/admin/builder/spi-builder-workspace/.dependencies/checkouts/Splash/Sources/Splash/Extensions/Sequence/Sequence+Occurrences.swift /Users/admin/builder/spi-builder-workspace/.dependencies/checkouts/Splash/Sources/Splash/Extensions/Strings/String+HTMLEntities.swift /Users/admin/builder/spi-builder-workspace/.dependencies/checkouts/Splash/Sources/Splash/Extensions/Strings/String+IsNumber.swift /Users/admin/builder/spi-builder-workspace/.dependencies/checkouts/Splash/Sources/Splash/Extensions/Strings/String+PrefixChecking.swift /Users/admin/builder/spi-builder-workspace/.dependencies/checkouts/Splash/Sources/Splash/Extensions/Strings/String+Removing.swift /Users/admin/builder/spi-builder-workspace/.dependencies/checkouts/Splash/Sources/Splash/Extensions/Strings/Substring+HasSuffix.swift /Users/admin/builder/spi-builder-workspace/.dependencies/checkouts/Splash/Sources/Splash/Grammar/Grammar.swift /Users/admin/builder/spi-builder-workspace/.dependencies/checkouts/Splash/Sources/Splash/Grammar/SwiftGrammar.swift /Users/admin/builder/spi-builder-workspace/.dependencies/checkouts/Splash/Sources/Splash/Output/AttributedStringOutputFormat.swift /Users/admin/builder/spi-builder-workspace/.dependencies/checkouts/Splash/Sources/Splash/Output/HTMLOutputFormat.swift /Users/admin/builder/spi-builder-workspace/.dependencies/checkouts/Splash/Sources/Splash/Output/MarkdownDecorator.swift /Users/admin/builder/spi-builder-workspace/.dependencies/checkouts/Splash/Sources/Splash/Output/OutputBuilder.swift /Users/admin/builder/spi-builder-workspace/.dependencies/checkouts/Splash/Sources/Splash/Output/OutputFormat.swift /Users/admin/builder/spi-builder-workspace/.dependencies/checkouts/Splash/Sources/Splash/Syntax/SyntaxHighlighter.swift /Users/admin/builder/spi-builder-workspace/.dependencies/checkouts/Splash/Sources/Splash/Syntax/SyntaxRule.swift /Users/admin/builder/spi-builder-workspace/.dependencies/checkouts/Splash/Sources/Splash/Theming/Color.swift /Users/admin/builder/spi-builder-workspace/.dependencies/checkouts/Splash/Sources/Splash/Theming/Font.swift /Users/admin/builder/spi-builder-workspace/.dependencies/checkouts/Splash/Sources/Splash/Theming/Theme+Defaults.swift /Users/admin/builder/spi-builder-workspace/.dependencies/checkouts/Splash/Sources/Splash/Theming/Theme.swift /Users/admin/builder/spi-builder-workspace/.dependencies/checkouts/Splash/Sources/Splash/Tokenizing/Segment.swift /Users/admin/builder/spi-builder-workspace/.dependencies/checkouts/Splash/Sources/Splash/Tokenizing/TokenType.swift /Users/admin/builder/spi-builder-workspace/.dependencies/checkouts/Splash/Sources/Splash/Tokenizing/Tokenizer.swift -target arm64-apple-xros1.0 -Xllvm -aarch64-use-tbi -enable-objc-interop -stack-check -sdk /Applications/Xcode-16.3.0.app/Contents/Developer/Platforms/XROS.platform/Developer/SDKs/XROS2.4.sdk -I /Users/admin/builder/spi-builder-workspace/.derivedData/Build/Products/Debug-xros -I /Applications/Xcode-16.3.0.app/Contents/Developer/Platforms/XROS.platform/Developer/usr/lib -F /Users/admin/builder/spi-builder-workspace/.derivedData/Build/Products/Debug-xros -F /Applications/Xcode-16.3.0.app/Contents/Developer/Platforms/XROS.platform/Developer/Library/Frameworks -F /Applications/Xcode-16.3.0.app/Contents/Developer/Platforms/XROS.platform/Developer/SDKs/XROS2.4.sdk/Developer/Library/Frameworks -no-color-diagnostics -enable-testing -g -debug-info-format\=dwarf -dwarf-version\=4 -module-cache-path /Users/admin/builder/spi-builder-workspace/.derivedData/ModuleCache.noindex -suppress-warnings -profile-generate -profile-coverage-mapping -swift-version 5 -enforce-exclusivity\=checked -Onone -D SWIFT_PACKAGE -D DEBUG -D Xcode -serialize-debugging-options -const-gather-protocols-file /Users/admin/builder/spi-builder-workspace/.derivedData/Build/Intermediates.noindex/Splash.build/Debug-xros/Splash.build/Objects-normal/arm64/Splash_const_extract_protocols.json -enable-experimental-feature DebugDescriptionMacro -empty-abi-descriptor -plugin-path /Applications/Xcode-16.3.0.app/Contents/Developer/Toolchains/XcodeDefault.xctoolchain/usr/lib/swift/host/plugins/testing -validate-clang-modules-once -clang-build-session-file /Users/admin/builder/spi-builder-workspace/.derivedData/ModuleCache.noindex/Session.modulevalidation -Xcc -working-directory -Xcc /Users/admin/builder/spi-builder-workspace/.swiftpm/xcode -resource-dir /Applications/Xcode-16.3.0.app/Contents/Developer/Toolchains/XcodeDefault.xctoolchain/usr/lib/swift -enable-anonymous-context-mangled-names -file-compilation-dir /Users/admin/builder/spi-builder-workspace/.swiftpm/xcode -Xcc -ivfsstatcache -Xcc /Users/admin/builder/spi-builder-workspace/.derivedData/SDKStatCaches.noindex/xros2.4-22O233-407b76dbb837030756cbe1ab3f0b01b6.sdkstatcache -Xcc -I/Users/admin/builder/spi-builder-workspace/.derivedData/Build/Intermediates.noindex/Splash.build/Debug-xros/Splash.build/swift-overrides.hmap -Xcc -I/Users/admin/builder/spi-builder-workspace/.derivedData/Build/Products/Debug-xros/include -Xcc -I/Users/admin/builder/spi-builder-workspace/.derivedData/Build/Intermediates.noindex/Splash.build/Debug-xros/Splash.build/DerivedSources-normal/arm64 -Xcc -I/Users/admin/builder/spi-builder-workspace/.derivedData/Build/Intermediates.noindex/Splash.build/Debug-xros/Splash.build/DerivedSources/arm64 -Xcc -I/Users/admin/builder/spi-builder-workspace/.derivedData/Build/Intermediates.noindex/Splash.build/Debug-xros/Splash.build/DerivedSources -Xcc -DSWIFT_PACKAGE -Xcc -DDEBUG\=1 -module-name Splash -frontend-parseable-output -disable-clang-spi -target-sdk-version 2.4 -target-sdk-name xros2.4 -external-plugin-path /Applications/Xcode-16.3.0.app/Contents/Developer/Platforms/XROS.platform/Developer/usr/lib/swift/host/plugins\#/Applications/Xcode-16.3.0.app/Contents/Developer/Platforms/XROS.platform/Developer/usr/bin/swift-plugin-server -external-plugin-path /Applications/Xcode-16.3.0.app/Contents/Developer/Platforms/XROS.platform/Developer/usr/local/lib/swift/host/plugins\#/Applications/Xcode-16.3.0.app/Contents/Developer/Platforms/XROS.platform/Developer/usr/bin/swift-plugin-server -in-process-plugin-server-path /Applications/Xcode-16.3.0.app/Contents/Developer/Toolchains/XcodeDefault.xctoolchain/usr/lib/swift/host/libSwiftInProcPluginServer.dylib -plugin-path /Applications/Xcode-16.3.0.app/Contents/Developer/Toolchains/XcodeDefault.xctoolchain/usr/lib/swift/host/plugins -plugin-path /Applications/Xcode-16.3.0.app/Contents/Developer/Toolchains/XcodeDefault.xctoolchain/usr/local/lib/swift/host/plugins -emit-module-doc-path /Users/admin/builder/spi-builder-workspace/.derivedData/Build/Intermediates.noindex/Splash.build/Debug-xros/Splash.build/Objects-normal/arm64/Splash.swiftdoc -emit-module-source-info-path /Users/admin/builder/spi-builder-workspace/.derivedData/Build/Intermediates.noindex/Splash.build/Debug-xros/Splash.build/Objects-normal/arm64/Splash.swiftsourceinfo -emit-objc-header-path /Users/admin/builder/spi-builder-workspace/.derivedData/Build/Intermediates.noindex/Splash.build/Debug-xros/Splash.build/Objects-normal/arm64/Splash-Swift.h -serialize-diagnostics-path /Users/admin/builder/spi-builder-workspace/.derivedData/Build/Intermediates.noindex/Splash.build/Debug-xros/Splash.build/Objects-normal/arm64/Splash-master-emit-module.dia -emit-dependencies-path /Users/admin/builder/spi-builder-workspace/.derivedData/Build/Intermediates.noindex/Splash.build/Debug-xros/Splash.build/Objects-normal/arm64/Splash-master-emit-module.d -o /Users/admin/builder/spi-builder-workspace/.derivedData/Build/Intermediates.noindex/Splash.build/Debug-xros/Splash.build/Objects-normal/arm64/Splash.swiftmodule -emit-abi-descriptor-path /Users/admin/builder/spi-builder-workspace/.derivedData/Build/Intermediates.noindex/Splash.build/Debug-xros/Splash.build/Objects-normal/arm64/Splash.abi.json
EmitSwiftModule normal arm64 (in target 'Splash' from project 'Splash')
cd /Users/admin/builder/spi-builder-workspace/.swiftpm/xcode
/Users/admin/builder/spi-builder-workspace/.dependencies/checkouts/Splash/Sources/Splash/Theming/Theme.swift:18:32: error: cannot find type 'Color' in scope
public var plainTextColor: Color
^~~~~
/Users/admin/builder/spi-builder-workspace/.dependencies/checkouts/Splash/Sources/Splash/Theming/Theme.swift:20:33: error: cannot find type 'Color' in scope
public var backgroundColor: Color
^~~~~
/Users/admin/builder/spi-builder-workspace/.dependencies/checkouts/Splash/Sources/Splash/Theming/Theme.swift:22:41: error: cannot find type 'Color' in scope
public var tokenColors: [TokenType: Color]
^~~~~
/Users/admin/builder/spi-builder-workspace/.dependencies/checkouts/Splash/Sources/Splash/Theming/Font.swift:42:24: error: cannot find type 'Loaded' in scope
case preloaded(Loaded)
^~~~~~
/Users/admin/builder/spi-builder-workspace/.dependencies/checkouts/Splash/Sources/Splash/Theming/Font.swift:49:20: error: cannot find type 'Loaded' in scope
func load() -> Loaded {
^~~~~~
/Users/admin/builder/spi-builder-workspace/.dependencies/checkouts/Splash/Sources/Splash/Output/AttributedStringOutputFormat.swift:57:46: error: 'Loaded' is not a member type of struct 'Splash.Font'
func append(_ string: String, font: Font.Loaded, color: Color) {
~~~~ ^
/Users/admin/builder/spi-builder-workspace/.dependencies/checkouts/Splash/Sources/Splash/Theming/Font.swift:15:15: note: 'Font' declared here
public struct Font {
^
/Users/admin/builder/spi-builder-workspace/.dependencies/checkouts/Splash/Sources/Splash/Output/AttributedStringOutputFormat.swift:57:61: error: cannot find type 'Color' in scope
func append(_ string: String, font: Font.Loaded, color: Color) {
^~~~~
/Users/admin/builder/spi-builder-workspace/.dependencies/checkouts/Splash/Sources/Splash/Theming/Color.swift:16:20: error: cannot find type 'Color' in scope
internal extension Color {
^~~~~
/Users/admin/builder/spi-builder-workspace/.dependencies/checkouts/Splash/Sources/Splash/Theming/Font.swift:60:39: error: cannot find type 'Loaded' in scope
private func loadDefaultFont() -> Loaded {
^~~~~~
/Users/admin/builder/spi-builder-workspace/.dependencies/checkouts/Splash/Sources/Splash/Theming/Font.swift:72:49: error: cannot find type 'Loaded' in scope
private func load(fromPath path: String) -> Loaded? {
^~~~~~
/Users/admin/builder/spi-builder-workspace/.dependencies/checkouts/Splash/Sources/Splash/Theming/Theme.swift:25:33: error: cannot find type 'Color' in scope
plainTextColor: Color,
^~~~~
/Users/admin/builder/spi-builder-workspace/.dependencies/checkouts/Splash/Sources/Splash/Theming/Theme.swift:26:42: error: cannot find type 'Color' in scope
tokenColors: [TokenType: Color],
^~~~~
/Users/admin/builder/spi-builder-workspace/.dependencies/checkouts/Splash/Sources/Splash/Theming/Theme.swift:27:34: error: cannot find type 'Color' in scope
backgroundColor: Color = Color(white: 0.12, alpha: 1)) {
^~~~~
SwiftDriverJobDiscovery normal arm64 Emitting module for JSONSchema (in target 'JSONSchema' from project 'JSONSchema')
SwiftDriver\ Compilation\ Requirements JSONSchema normal arm64 com.apple.xcode.tools.swift.compiler (in target 'JSONSchema' from project 'JSONSchema')
cd /Users/admin/builder/spi-builder-workspace/.swiftpm/xcode
builtin-Swift-Compilation-Requirements -- /Applications/Xcode-16.3.0.app/Contents/Developer/Toolchains/XcodeDefault.xctoolchain/usr/bin/swiftc -module-name JSONSchema -Onone -enforce-exclusivity\=checked @/Users/admin/builder/spi-builder-workspace/.derivedData/Build/Intermediates.noindex/JSONSchema.build/Debug-xros/JSONSchema.build/Objects-normal/arm64/JSONSchema.SwiftFileList -DSWIFT_PACKAGE -DDEBUG -DXcode -plugin-path /Applications/Xcode-16.3.0.app/Contents/Developer/Toolchains/XcodeDefault.xctoolchain/usr/lib/swift/host/plugins/testing -enable-experimental-feature DebugDescriptionMacro -sdk /Applications/Xcode-16.3.0.app/Contents/Developer/Platforms/XROS.platform/Developer/SDKs/XROS2.4.sdk -target arm64-apple-xros1.0 -g -module-cache-path /Users/admin/builder/spi-builder-workspace/.derivedData/ModuleCache.noindex -Xfrontend -serialize-debugging-options -profile-coverage-mapping -profile-generate -enable-testing -suppress-warnings -index-store-path /Users/admin/builder/spi-builder-workspace/.derivedData/Index.noindex/DataStore -swift-version 5 -I /Users/admin/builder/spi-builder-workspace/.derivedData/Build/Products/Debug-xros -I /Applications/Xcode-16.3.0.app/Contents/Developer/Platforms/XROS.platform/Developer/usr/lib -F /Users/admin/builder/spi-builder-workspace/.derivedData/Build/Products/Debug-xros -F /Applications/Xcode-16.3.0.app/Contents/Developer/Platforms/XROS.platform/Developer/Library/Frameworks -F /Applications/Xcode-16.3.0.app/Contents/Developer/Platforms/XROS.platform/Developer/SDKs/XROS2.4.sdk/Developer/Library/Frameworks -c -j10 -enable-batch-mode -incremental -Xcc -ivfsstatcache -Xcc /Users/admin/builder/spi-builder-workspace/.derivedData/SDKStatCaches.noindex/xros2.4-22O233-407b76dbb837030756cbe1ab3f0b01b6.sdkstatcache -output-file-map /Users/admin/builder/spi-builder-workspace/.derivedData/Build/Intermediates.noindex/JSONSchema.build/Debug-xros/JSONSchema.build/Objects-normal/arm64/JSONSchema-OutputFileMap.json -use-frontend-parseable-output -save-temps -no-color-diagnostics -serialize-diagnostics -emit-dependencies -emit-module -emit-module-path /Users/admin/builder/spi-builder-workspace/.derivedData/Build/Intermediates.noindex/JSONSchema.build/Debug-xros/JSONSchema.build/Objects-normal/arm64/JSONSchema.swiftmodule -validate-clang-modules-once -clang-build-session-file /Users/admin/builder/spi-builder-workspace/.derivedData/ModuleCache.noindex/Session.modulevalidation -Xcc -I/Users/admin/builder/spi-builder-workspace/.derivedData/Build/Intermediates.noindex/JSONSchema.build/Debug-xros/JSONSchema.build/swift-overrides.hmap -emit-const-values -Xfrontend -const-gather-protocols-file -Xfrontend /Users/admin/builder/spi-builder-workspace/.derivedData/Build/Intermediates.noindex/JSONSchema.build/Debug-xros/JSONSchema.build/Objects-normal/arm64/JSONSchema_const_extract_protocols.json -Xcc -I/Users/admin/builder/spi-builder-workspace/.derivedData/Build/Products/Debug-xros/include -Xcc -I/Users/admin/builder/spi-builder-workspace/.derivedData/Build/Intermediates.noindex/JSONSchema.build/Debug-xros/JSONSchema.build/DerivedSources-normal/arm64 -Xcc -I/Users/admin/builder/spi-builder-workspace/.derivedData/Build/Intermediates.noindex/JSONSchema.build/Debug-xros/JSONSchema.build/DerivedSources/arm64 -Xcc -I/Users/admin/builder/spi-builder-workspace/.derivedData/Build/Intermediates.noindex/JSONSchema.build/Debug-xros/JSONSchema.build/DerivedSources -Xcc -DSWIFT_PACKAGE -Xcc -DDEBUG\=1 -emit-objc-header -emit-objc-header-path /Users/admin/builder/spi-builder-workspace/.derivedData/Build/Intermediates.noindex/JSONSchema.build/Debug-xros/JSONSchema.build/Objects-normal/arm64/JSONSchema-Swift.h -working-directory /Users/admin/builder/spi-builder-workspace/.swiftpm/xcode -experimental-emit-module-separately -disable-cmo
** BUILD FAILED **
The following build commands failed:
SwiftEmitModule normal arm64 Emitting\ module\ for\ Splash (in target 'Splash' from project 'Splash')
EmitSwiftModule normal arm64 (in target 'Splash' from project 'Splash')
Building workspace spi-builder-workspace with scheme AIChatKit-Package
(3 failures)
BUILD FAILURE 6.1 visionOS