The Swift Package Index logo.Swift Package Index

Build Information

Failed to build SGLOpenGL with Swift 5.10 for iOS using Xcode 15.3 at 3.1.1.

Build Command

env DEVELOPER_DIR=/Applications/Xcode-15.3.0-Beta.2.app xcrun xcodebuild -IDEClonedSourcePackagesDirPathOverride=$workDir/.dependencies -skipMacroValidation -skipPackagePluginValidation -derivedDataPath $workDir/.derivedData build -scheme SGLOpenGL-Package -destination generic/platform=ios

Build Log

========================================
RunAll
========================================
Builder version: 4.29.0
Interrupt handler set up.
========================================
Checkout
========================================
Clone URL: https://github.com/SwiftGL/OpenGL.git
Reference: 3.1.1
Initialized empty Git repository in /Users/builder/builds/UKfvDsi8u/3/finestructure/swiftpackageindex-builder/spi-builder-workspace/.git/
From https://github.com/SwiftGL/OpenGL
 * tag               3.1.1      -> FETCH_HEAD
HEAD is now at 70b7654 Renamed Tools target to glgen.
Cloned https://github.com/SwiftGL/OpenGL.git
Revision (git rev-parse @):
70b765437206a2b8b45c373bb70abbeb61004325
SUCCESS checkout https://github.com/SwiftGL/OpenGL.git at 3.1.1
========================================
Build
========================================
Selected platform:         iOS
Swift version:             5.10
Building package at path:  $workDir
https://github.com/SwiftGL/OpenGL.git
Command line invocation:
    /Applications/Xcode-15.3.0-Beta.2.app/Contents/Developer/usr/bin/xcodebuild -IDEClonedSourcePackagesDirPathOverride=/Users/builder/builds/UKfvDsi8u/3/finestructure/swiftpackageindex-builder/spi-builder-workspace/.dependencies -resolvePackageDependencies
User defaults from command line:
    IDEClonedSourcePackagesDirPathOverride = /Users/builder/builds/UKfvDsi8u/3/finestructure/swiftpackageindex-builder/spi-builder-workspace/.dependencies
    IDEPackageSupportUseBuiltinSCM = YES
resolved source packages:
2024-02-14 05:02:50.008 xcodebuild[97003:263259] Requested but did not find extension point with identifier Xcode.DVTDeviceFoundation.Aspect for extension Xcode.IDEiOSSupportCore.Aspect.NBDD of plug-in com.apple.dt.IDE.IDEiOSSupportCore
2024-02-14 05:02:50.278 xcodebuild[97003:263259] [MT] DVTPlugInQuery: Requested but did not find extension point with identifier 'Xcode.DVTDeviceFoundation.CompatibleDeviceFamilyPair'. This is programmer error; code should only request extension points that are defined by itself or its dependencies.
{
  "project" : {
    "configurations" : [
      "Debug",
      "Release"
    ],
    "name" : "SGLOpenGL",
    "schemes" : [
      "glgen",
      "SGLOpenGL-Package",
      "SGLOpenGLPackageDescription",
      "Tools"
    ],
    "targets" : [
      "SGLOpenGLPackageDescription",
      "SGLOpenGL",
      "Tools",
      "glgen"
    ]
  }
}
2024-02-14 05:02:50.545 xcodebuild[97004:263295] Requested but did not find extension point with identifier Xcode.DVTDeviceFoundation.Aspect for extension Xcode.IDEiOSSupportCore.Aspect.NBDD of plug-in com.apple.dt.IDE.IDEiOSSupportCore
2024-02-14 05:02:50.808 xcodebuild[97004:263295] [MT] DVTPlugInQuery: Requested but did not find extension point with identifier 'Xcode.DVTDeviceFoundation.CompatibleDeviceFamilyPair'. This is programmer error; code should only request extension points that are defined by itself or its dependencies.
Running build ...
env DEVELOPER_DIR=/Applications/Xcode-15.3.0-Beta.2.app xcrun xcodebuild -IDEClonedSourcePackagesDirPathOverride=$workDir/.dependencies -skipMacroValidation -skipPackagePluginValidation -derivedDataPath $workDir/.derivedData build -scheme SGLOpenGL-Package -destination generic/platform=ios
Command line invocation:
    /Applications/Xcode-15.3.0-Beta.2.app/Contents/Developer/usr/bin/xcodebuild -IDEClonedSourcePackagesDirPathOverride=/Users/builder/builds/UKfvDsi8u/3/finestructure/swiftpackageindex-builder/spi-builder-workspace/.dependencies -skipMacroValidation -skipPackagePluginValidation -derivedDataPath /Users/builder/builds/UKfvDsi8u/3/finestructure/swiftpackageindex-builder/spi-builder-workspace/.derivedData build -scheme SGLOpenGL-Package -destination generic/platform=ios
User defaults from command line:
    IDEClonedSourcePackagesDirPathOverride = /Users/builder/builds/UKfvDsi8u/3/finestructure/swiftpackageindex-builder/spi-builder-workspace/.dependencies
    IDEDerivedDataPathOverride = /Users/builder/builds/UKfvDsi8u/3/finestructure/swiftpackageindex-builder/spi-builder-workspace/.derivedData
    IDEPackageSupportUseBuiltinSCM = YES
Prepare packages
ComputeTargetDependencyGraph
note: Building targets in dependency order
note: Target dependency graph (2 targets)
    Target 'Tools' in project 'SGLOpenGL' (no dependencies)
    Target 'SGLOpenGL' in project 'SGLOpenGL' (no dependencies)
GatherProvisioningInputs
CreateBuildDescription
ExecuteExternalTool /Applications/Xcode-15.3.0-Beta.2.app/Contents/Developer/Toolchains/XcodeDefault.xctoolchain/usr/bin/clang -v -E -dM -isysroot /Applications/Xcode-15.3.0-Beta.2.app/Contents/Developer/Platforms/iPhoneOS.platform/Developer/SDKs/iPhoneOS17.4.sdk -x c -c /dev/null
ExecuteExternalTool /Applications/Xcode-15.3.0-Beta.2.app/Contents/Developer/Toolchains/XcodeDefault.xctoolchain/usr/bin/swiftc -v
ExecuteExternalTool /Applications/Xcode-15.3.0-Beta.2.app/Contents/Developer/Toolchains/XcodeDefault.xctoolchain/usr/bin/ld -version_details
Build description signature: 0ef1ded135a4e8f0fe0c0d15de51b3ab
Build description path: /Users/builder/builds/UKfvDsi8u/3/finestructure/swiftpackageindex-builder/spi-builder-workspace/.derivedData/Build/Intermediates.noindex/XCBuildData/0ef1ded135a4e8f0fe0c0d15de51b3ab.xcbuilddata
/Users/builder/builds/UKfvDsi8u/3/finestructure/swiftpackageindex-builder/spi-builder-workspace/SGLOpenGL.xcodeproj: error: Signing for "Tools" requires a development team. Select a development team in the Signing & Capabilities editor. (in target 'Tools' from project 'SGLOpenGL')
2024-02-14 05:02:51.077 xcodebuild[97005:263322] Requested but did not find extension point with identifier Xcode.DVTDeviceFoundation.Aspect for extension Xcode.IDEiOSSupportCore.Aspect.NBDD of plug-in com.apple.dt.IDE.IDEiOSSupportCore
2024-02-14 05:02:51.340 xcodebuild[97005:263322] [MT] DVTPlugInQuery: Requested but did not find extension point with identifier 'Xcode.DVTDeviceFoundation.CompatibleDeviceFamilyPair'. This is programmer error; code should only request extension points that are defined by itself or its dependencies.
** BUILD FAILED **
Command line invocation:
    /Applications/Xcode-15.3.0-Beta.2.app/Contents/Developer/usr/bin/xcodebuild -IDEClonedSourcePackagesDirPathOverride=/Users/builder/builds/UKfvDsi8u/3/finestructure/swiftpackageindex-builder/spi-builder-workspace/.dependencies -skipMacroValidation -skipPackagePluginValidation -derivedDataPath /Users/builder/builds/UKfvDsi8u/3/finestructure/swiftpackageindex-builder/spi-builder-workspace/.derivedData build -scheme SGLOpenGL-Package -destination generic/platform=ios
User defaults from command line:
    IDEClonedSourcePackagesDirPathOverride = /Users/builder/builds/UKfvDsi8u/3/finestructure/swiftpackageindex-builder/spi-builder-workspace/.dependencies
    IDEDerivedDataPathOverride = /Users/builder/builds/UKfvDsi8u/3/finestructure/swiftpackageindex-builder/spi-builder-workspace/.derivedData
    IDEPackageSupportUseBuiltinSCM = YES
Prepare packages
ComputeTargetDependencyGraph
note: Building targets in dependency order
note: Target dependency graph (2 targets)
    Target 'Tools' in project 'SGLOpenGL' (no dependencies)
    Target 'SGLOpenGL' in project 'SGLOpenGL' (no dependencies)
GatherProvisioningInputs
CreateBuildDescription
/Users/builder/builds/UKfvDsi8u/3/finestructure/swiftpackageindex-builder/spi-builder-workspace/SGLOpenGL.xcodeproj: error: Signing for "Tools" requires a development team. Select a development team in the Signing & Capabilities editor. (in target 'Tools' from project 'SGLOpenGL')
2024-02-14 05:02:51.986 xcodebuild[97024:263400] Requested but did not find extension point with identifier Xcode.DVTDeviceFoundation.Aspect for extension Xcode.IDEiOSSupportCore.Aspect.NBDD of plug-in com.apple.dt.IDE.IDEiOSSupportCore
2024-02-14 05:02:52.254 xcodebuild[97024:263400] [MT] DVTPlugInQuery: Requested but did not find extension point with identifier 'Xcode.DVTDeviceFoundation.CompatibleDeviceFamilyPair'. This is programmer error; code should only request extension points that are defined by itself or its dependencies.
** BUILD FAILED **
BUILD FAILURE 5.10 iOS

Build Machine: Mac 7