The Swift Package Index logo.Swift Package Index

Build Information

Failed to build DeviceAuthority, reference main (6e9f5a), with Swift 6.4 for macOS (Xcode) using Xcode 27.0 on 19 Sep 2026 02:06:17 UTC.

Build Command

env DEVELOPER_DIR=/Applications/Xcode-27.0.0-Release.Candidate.app xcrun xcodebuild -IDEClonedSourcePackagesDirPathOverride=$PWD/.dependencies -skipMacroValidation -skipPackagePluginValidation -derivedDataPath $PWD/.derivedData build -scheme DeviceAuthority-Package -destination platform=macOS,arch=arm64

Build Log

SwiftCompile normal arm64 /Users/admin/builder/spi-builder-workspace/.dependencies/checkouts/console-kit/Sources/ConsoleKitTerminal/Input/Console+Input.swift (in target 'ConsoleKitTerminal' from project 'console-kit')
    cd /Users/admin/builder/spi-builder-workspace/.swiftpm/xcode
    builtin-SwiftPerFileCompile Console+Input.swift
SwiftCompile normal arm64 /Users/admin/builder/spi-builder-workspace/.dependencies/checkouts/console-kit/Sources/ConsoleKitTerminal/Output/Console+Center.swift (in target 'ConsoleKitTerminal' from project 'console-kit')
    cd /Users/admin/builder/spi-builder-workspace/.swiftpm/xcode
    builtin-SwiftPerFileCompile Console+Center.swift
SwiftCompile normal arm64 Compiling\ Console+Output.swift,\ Console+Wait.swift,\ ConsoleColor.swift /Users/admin/builder/spi-builder-workspace/.dependencies/checkouts/console-kit/Sources/ConsoleKitTerminal/Output/Console+Output.swift /Users/admin/builder/spi-builder-workspace/.dependencies/checkouts/console-kit/Sources/ConsoleKitTerminal/Output/Console+Wait.swift /Users/admin/builder/spi-builder-workspace/.dependencies/checkouts/console-kit/Sources/ConsoleKitTerminal/Output/ConsoleColor.swift (in target 'ConsoleKitTerminal' from project 'console-kit')
SwiftCompile normal arm64 /Users/admin/builder/spi-builder-workspace/.dependencies/checkouts/console-kit/Sources/ConsoleKitTerminal/Output/Console+Output.swift (in target 'ConsoleKitTerminal' from project 'console-kit')
    cd /Users/admin/builder/spi-builder-workspace/.swiftpm/xcode
    builtin-SwiftPerFileCompile Console+Output.swift
SwiftCompile normal arm64 /Users/admin/builder/spi-builder-workspace/.dependencies/checkouts/console-kit/Sources/ConsoleKitTerminal/Output/Console+Wait.swift (in target 'ConsoleKitTerminal' from project 'console-kit')
    cd /Users/admin/builder/spi-builder-workspace/.swiftpm/xcode
    builtin-SwiftPerFileCompile Console+Wait.swift
SwiftCompile normal arm64 /Users/admin/builder/spi-builder-workspace/.dependencies/checkouts/console-kit/Sources/ConsoleKitTerminal/Output/ConsoleColor.swift (in target 'ConsoleKitTerminal' from project 'console-kit')
    cd /Users/admin/builder/spi-builder-workspace/.swiftpm/xcode
    builtin-SwiftPerFileCompile ConsoleColor.swift
SwiftCompile normal arm64 Compiling\ ActivityIndicatorState.swift,\ CustomActivity.swift,\ LoadingBar.swift /Users/admin/builder/spi-builder-workspace/.dependencies/checkouts/console-kit/Sources/ConsoleKitTerminal/Activity/ActivityIndicatorState.swift /Users/admin/builder/spi-builder-workspace/.dependencies/checkouts/console-kit/Sources/ConsoleKitTerminal/Activity/CustomActivity.swift /Users/admin/builder/spi-builder-workspace/.dependencies/checkouts/console-kit/Sources/ConsoleKitTerminal/Activity/LoadingBar.swift (in target 'ConsoleKitTerminal' from project 'console-kit')
SwiftCompile normal arm64 /Users/admin/builder/spi-builder-workspace/.dependencies/checkouts/console-kit/Sources/ConsoleKitTerminal/Activity/ActivityIndicatorState.swift (in target 'ConsoleKitTerminal' from project 'console-kit')
    cd /Users/admin/builder/spi-builder-workspace/.swiftpm/xcode
    builtin-SwiftPerFileCompile ActivityIndicatorState.swift
SwiftCompile normal arm64 /Users/admin/builder/spi-builder-workspace/.dependencies/checkouts/console-kit/Sources/ConsoleKitTerminal/Activity/CustomActivity.swift (in target 'ConsoleKitTerminal' from project 'console-kit')
    cd /Users/admin/builder/spi-builder-workspace/.swiftpm/xcode
    builtin-SwiftPerFileCompile CustomActivity.swift
SwiftCompile normal arm64 /Users/admin/builder/spi-builder-workspace/.dependencies/checkouts/console-kit/Sources/ConsoleKitTerminal/Activity/LoadingBar.swift (in target 'ConsoleKitTerminal' from project 'console-kit')
    cd /Users/admin/builder/spi-builder-workspace/.swiftpm/xcode
    builtin-SwiftPerFileCompile LoadingBar.swift
SwiftCompile normal arm64 Compiling\ ActivityBar.swift,\ ActivityIndicator.swift,\ ActivityIndicatorRenderer.swift /Users/admin/builder/spi-builder-workspace/.dependencies/checkouts/console-kit/Sources/ConsoleKitTerminal/Activity/ActivityBar.swift /Users/admin/builder/spi-builder-workspace/.dependencies/checkouts/console-kit/Sources/ConsoleKitTerminal/Activity/ActivityIndicator.swift /Users/admin/builder/spi-builder-workspace/.dependencies/checkouts/console-kit/Sources/ConsoleKitTerminal/Activity/ActivityIndicatorRenderer.swift (in target 'ConsoleKitTerminal' from project 'console-kit')
SwiftCompile normal arm64 /Users/admin/builder/spi-builder-workspace/.dependencies/checkouts/console-kit/Sources/ConsoleKitTerminal/Activity/ActivityBar.swift (in target 'ConsoleKitTerminal' from project 'console-kit')
    cd /Users/admin/builder/spi-builder-workspace/.swiftpm/xcode
    builtin-SwiftPerFileCompile ActivityBar.swift
SwiftCompile normal arm64 /Users/admin/builder/spi-builder-workspace/.dependencies/checkouts/console-kit/Sources/ConsoleKitTerminal/Activity/ActivityIndicator.swift (in target 'ConsoleKitTerminal' from project 'console-kit')
    cd /Users/admin/builder/spi-builder-workspace/.swiftpm/xcode
    builtin-SwiftPerFileCompile ActivityIndicator.swift
SwiftCompile normal arm64 /Users/admin/builder/spi-builder-workspace/.dependencies/checkouts/console-kit/Sources/ConsoleKitTerminal/Activity/ActivityIndicatorRenderer.swift (in target 'ConsoleKitTerminal' from project 'console-kit')
    cd /Users/admin/builder/spi-builder-workspace/.swiftpm/xcode
    builtin-SwiftPerFileCompile ActivityIndicatorRenderer.swift
SwiftExplicitDependencyGeneratePcm arm64 /Users/admin/builder/spi-builder-workspace/.derivedData/SDKExplicitPrecompiledModules/CoreData-4EPJ39F9L3QQ9486B5AMG5G6J.pcm
SwiftDriverJobDiscovery normal arm64 Compiling Console+Output.swift, Console+Wait.swift, ConsoleColor.swift (in target 'ConsoleKitTerminal' from project 'console-kit')
SwiftExplicitDependencyGeneratePcm arm64 /Users/admin/builder/spi-builder-workspace/.derivedData/SDKExplicitPrecompiledModules/IOSurface-1TUG4NQVIPJF59WSUNATZ447F.pcm
SwiftDriverJobDiscovery normal arm64 Emitting module for ConsoleKitTerminal (in target 'ConsoleKitTerminal' from project 'console-kit')
SwiftDriver\ Compilation\ Requirements ConsoleKitTerminal normal arm64 com.apple.xcode.tools.swift.compiler (in target 'ConsoleKitTerminal' from project 'console-kit')
    cd /Users/admin/builder/spi-builder-workspace/.swiftpm/xcode
    builtin-Swift-Compilation-Requirements -- /Applications/Xcode-27.0.0-Release.Candidate.app/Contents/Developer/Toolchains/XcodeDefault.xctoolchain/usr/bin/swiftc -parse-as-library -module-name ConsoleKitTerminal -Onone @/Users/admin/builder/spi-builder-workspace/.derivedData/Build/Intermediates.noindex/console-kit.build/Debug/ConsoleKitTerminal-t.build/Objects-normal/arm64/ConsoleKitTerminal.SwiftFileList -DSWIFT_PACKAGE -DDEBUG -DSWIFT_MODULE_RESOURCE_BUNDLE_UNAVAILABLE -Xcc -fmodule-map-file\=/Users/admin/builder/spi-builder-workspace/.derivedData/Build/Intermediates.noindex/GeneratedModuleMaps/CNIOAtomics.modulemap -DXcode -enable-upcoming-feature ExistentialAny -enable-upcoming-feature MemberImportVisibility -enable-upcoming-feature InferIsolatedConformances -enable-upcoming-feature ImmutableWeakCaptures -plugin-path /Applications/Xcode-27.0.0-Release.Candidate.app/Contents/Developer/Toolchains/XcodeDefault.xctoolchain/usr/lib/swift/host/plugins/testing -enable-experimental-feature DebugDescriptionMacro -sdk /Applications/Xcode-27.0.0-Release.Candidate.app/Contents/Developer/Platforms/MacOSX.platform/Developer/SDKs/MacOSX27.0.sdk -target arm64-apple-macos12.0 -g -module-cache-path /Users/admin/builder/spi-builder-workspace/.derivedData/ModuleCache.noindex -Xfrontend -serialize-debugging-options -enable-testing -suppress-warnings -index-store-path /Users/admin/builder/spi-builder-workspace/.derivedData/Index.noindex/DataStore -Xcc -D_LIBCPP_HARDENING_MODE\=_LIBCPP_HARDENING_MODE_DEBUG -swift-version 6 -I /Users/admin/builder/spi-builder-workspace/.derivedData/Build/Products/Debug -Isystem /Applications/Xcode-27.0.0-Release.Candidate.app/Contents/Developer/Platforms/MacOSX.platform/Developer/usr/lib -F /Users/admin/builder/spi-builder-workspace/.derivedData/Build/Products/Debug/PackageFrameworks -F /Users/admin/builder/spi-builder-workspace/.derivedData/Build/Products/Debug -F /Applications/Xcode-27.0.0-Release.Candidate.app/Contents/Developer/Platforms/MacOSX.platform/Developer/Library/Frameworks -c -j10 -enable-batch-mode -incremental -Xcc -ivfsstatcache -Xcc /Users/admin/builder/spi-builder-workspace/.derivedData/SDKStatCaches.noindex/macosx27.0-26A425-e829b21a6f8c9b70876ba0858053c0446a22442a12e9d48fe1a705f55a1adfc4.sdkstatcache -output-file-map /Users/admin/builder/spi-builder-workspace/.derivedData/Build/Intermediates.noindex/console-kit.build/Debug/ConsoleKitTerminal-t.build/Objects-normal/arm64/ConsoleKitTerminal-OutputFileMap.json -save-temps -no-color-diagnostics -explicit-module-build -module-cache-path /Users/admin/builder/spi-builder-workspace/.derivedData/Build/Intermediates.noindex/SwiftExplicitPrecompiledModules -clang-scanner-module-cache-path /Users/admin/builder/spi-builder-workspace/.derivedData/ModuleCache.noindex -sdk-module-cache-path /Users/admin/builder/spi-builder-workspace/.derivedData/SDKExplicitPrecompiledModules -emit-dependencies -emit-module -emit-module-path /Users/admin/builder/spi-builder-workspace/.derivedData/Build/Intermediates.noindex/console-kit.build/Debug/ConsoleKitTerminal-t.build/Objects-normal/arm64/ConsoleKitTerminal.swiftmodule -serialize-diagnostics -dependency-scan-serialize-diagnostics-path /Users/admin/builder/spi-builder-workspace/.derivedData/Build/Intermediates.noindex/console-kit.build/Debug/ConsoleKitTerminal-t.build/Objects-normal/arm64/ConsoleKitTerminal-dependency-scan.dia -user-module-version 4.16.1 -validate-clang-modules-once -clang-build-session-file /Users/admin/builder/spi-builder-workspace/.derivedData/ModuleCache.noindex/Session.modulevalidation -Xcc -fmodules-prune-interval\=86400 -Xcc -fmodules-prune-after\=345600 -package-name console_kit -emit-const-values -const-gather-protocols-list /Users/admin/builder/spi-builder-workspace/.derivedData/Build/Intermediates.noindex/console-kit.build/Debug/ConsoleKitTerminal-t.build/Objects-normal/arm64/ConsoleKitTerminal_const_extract_protocols.json -Xcc -I/Users/admin/builder/spi-builder-workspace/.dependencies/checkouts/swift-nio/Sources/CNIOAtomics/include -Xcc -I/Users/admin/builder/spi-builder-workspace/.derivedData/Build/Products/Debug/include -Xcc -I/Users/admin/builder/spi-builder-workspace/.derivedData/Build/Intermediates.noindex/console-kit.build/Debug/ConsoleKitTerminal-t.build/DerivedSources-normal/arm64 -Xcc -I/Users/admin/builder/spi-builder-workspace/.derivedData/Build/Intermediates.noindex/console-kit.build/Debug/ConsoleKitTerminal-t.build/DerivedSources/arm64 -Xcc -I/Users/admin/builder/spi-builder-workspace/.derivedData/Build/Intermediates.noindex/console-kit.build/Debug/ConsoleKitTerminal-t.build/DerivedSources -Xcc -DSWIFT_PACKAGE -Xcc -DDEBUG\=1 -emit-objc-header -emit-objc-header-path /Users/admin/builder/spi-builder-workspace/.derivedData/Build/Intermediates.noindex/console-kit.build/Debug/ConsoleKitTerminal-t.build/Objects-normal/arm64/ConsoleKitTerminal-Swift.h -working-directory /Users/admin/builder/spi-builder-workspace/.swiftpm/xcode -experimental-emit-module-separately -disable-cmo
SwiftDriverJobDiscovery normal arm64 Compiling Console+Confirm.swift, Console+Input.swift, Console+Center.swift (in target 'ConsoleKitTerminal' from project 'console-kit')
SwiftExplicitDependencyGeneratePcm arm64 /Users/admin/builder/spi-builder-workspace/.derivedData/SDKExplicitPrecompiledModules/CoreGraphics-5TRMNDB7ZP6FFMRNSZCWEOZMD.pcm
SwiftMergeGeneratedHeaders /Users/admin/builder/spi-builder-workspace/.derivedData/Build/Intermediates.noindex/GeneratedModuleMaps/ConsoleKitTerminal-Swift.h /Users/admin/builder/spi-builder-workspace/.derivedData/Build/Intermediates.noindex/console-kit.build/Debug/ConsoleKitTerminal-t.build/Objects-normal/arm64/ConsoleKitTerminal-Swift.h (in target 'ConsoleKitTerminal' from project 'console-kit')
    cd /Users/admin/builder/spi-builder-workspace/.dependencies/checkouts/console-kit
    builtin-swiftHeaderTool -arch arm64 /Users/admin/builder/spi-builder-workspace/.derivedData/Build/Intermediates.noindex/console-kit.build/Debug/ConsoleKitTerminal-t.build/Objects-normal/arm64/ConsoleKitTerminal-Swift.h -o /Users/admin/builder/spi-builder-workspace/.derivedData/Build/Intermediates.noindex/GeneratedModuleMaps/ConsoleKitTerminal-Swift.h
SwiftDriverJobDiscovery normal arm64 Compiling ConsoleStyle.swift, ConsoleText.swift, ConsoleTextFragment.swift (in target 'ConsoleKitTerminal' from project 'console-kit')
Copy /Users/admin/builder/spi-builder-workspace/.derivedData/Build/Products/Debug/ConsoleKitTerminal.swiftmodule/arm64-apple-macos.swiftmodule /Users/admin/builder/spi-builder-workspace/.derivedData/Build/Intermediates.noindex/console-kit.build/Debug/ConsoleKitTerminal-t.build/Objects-normal/arm64/ConsoleKitTerminal.swiftmodule (in target 'ConsoleKitTerminal' from project 'console-kit')
    cd /Users/admin/builder/spi-builder-workspace/.dependencies/checkouts/console-kit
    builtin-copy -exclude .DS_Store -exclude CVS -exclude .svn -exclude .git -exclude .hg -resolve-src-symlinks -rename /Users/admin/builder/spi-builder-workspace/.derivedData/Build/Intermediates.noindex/console-kit.build/Debug/ConsoleKitTerminal-t.build/Objects-normal/arm64/ConsoleKitTerminal.swiftmodule /Users/admin/builder/spi-builder-workspace/.derivedData/Build/Products/Debug/ConsoleKitTerminal.swiftmodule/arm64-apple-macos.swiftmodule
Copy /Users/admin/builder/spi-builder-workspace/.derivedData/Build/Products/Debug/ConsoleKitTerminal.swiftmodule/arm64-apple-macos.swiftdoc /Users/admin/builder/spi-builder-workspace/.derivedData/Build/Intermediates.noindex/console-kit.build/Debug/ConsoleKitTerminal-t.build/Objects-normal/arm64/ConsoleKitTerminal.swiftdoc (in target 'ConsoleKitTerminal' from project 'console-kit')
    cd /Users/admin/builder/spi-builder-workspace/.dependencies/checkouts/console-kit
    builtin-copy -exclude .DS_Store -exclude CVS -exclude .svn -exclude .git -exclude .hg -resolve-src-symlinks -rename /Users/admin/builder/spi-builder-workspace/.derivedData/Build/Intermediates.noindex/console-kit.build/Debug/ConsoleKitTerminal-t.build/Objects-normal/arm64/ConsoleKitTerminal.swiftdoc /Users/admin/builder/spi-builder-workspace/.derivedData/Build/Products/Debug/ConsoleKitTerminal.swiftmodule/arm64-apple-macos.swiftdoc
Copy /Users/admin/builder/spi-builder-workspace/.derivedData/Build/Products/Debug/ConsoleKitTerminal.swiftmodule/arm64-apple-macos.abi.json /Users/admin/builder/spi-builder-workspace/.derivedData/Build/Intermediates.noindex/console-kit.build/Debug/ConsoleKitTerminal-t.build/Objects-normal/arm64/ConsoleKitTerminal.abi.json (in target 'ConsoleKitTerminal' from project 'console-kit')
    cd /Users/admin/builder/spi-builder-workspace/.dependencies/checkouts/console-kit
    builtin-copy -exclude .DS_Store -exclude CVS -exclude .svn -exclude .git -exclude .hg -resolve-src-symlinks -rename /Users/admin/builder/spi-builder-workspace/.derivedData/Build/Intermediates.noindex/console-kit.build/Debug/ConsoleKitTerminal-t.build/Objects-normal/arm64/ConsoleKitTerminal.abi.json /Users/admin/builder/spi-builder-workspace/.derivedData/Build/Products/Debug/ConsoleKitTerminal.swiftmodule/arm64-apple-macos.abi.json
Copy /Users/admin/builder/spi-builder-workspace/.derivedData/Build/Products/Debug/ConsoleKitTerminal.swiftmodule/Project/arm64-apple-macos.swiftsourceinfo /Users/admin/builder/spi-builder-workspace/.derivedData/Build/Intermediates.noindex/console-kit.build/Debug/ConsoleKitTerminal-t.build/Objects-normal/arm64/ConsoleKitTerminal.swiftsourceinfo (in target 'ConsoleKitTerminal' from project 'console-kit')
    cd /Users/admin/builder/spi-builder-workspace/.dependencies/checkouts/console-kit
    builtin-copy -exclude .DS_Store -exclude CVS -exclude .svn -exclude .git -exclude .hg -resolve-src-symlinks -rename /Users/admin/builder/spi-builder-workspace/.derivedData/Build/Intermediates.noindex/console-kit.build/Debug/ConsoleKitTerminal-t.build/Objects-normal/arm64/ConsoleKitTerminal.swiftsourceinfo /Users/admin/builder/spi-builder-workspace/.derivedData/Build/Products/Debug/ConsoleKitTerminal.swiftmodule/Project/arm64-apple-macos.swiftsourceinfo
SwiftExplicitDependencyGeneratePcm arm64 /Users/admin/builder/spi-builder-workspace/.derivedData/SDKExplicitPrecompiledModules/_Builtin_stdatomic-8LN7S35C6I48KJOCW7VPXX04X.pcm
SwiftExplicitDependencyGeneratePcm arm64 /Users/admin/builder/spi-builder-workspace/.derivedData/SDKExplicitPrecompiledModules/Symbols-2NFSQR6R0R96WH1KKGBXW1J.pcm
SwiftDriverJobDiscovery normal arm64 Compiling ActivityBar.swift, ActivityIndicator.swift, ActivityIndicatorRenderer.swift (in target 'ConsoleKitTerminal' from project 'console-kit')
SwiftExplicitDependencyGeneratePcm arm64 /Users/admin/builder/spi-builder-workspace/.derivedData/SDKExplicitPrecompiledModules/_Builtin_intrinsics-4O6R03GTH5FLWSHEUBP0Z3GZ2.pcm
SwiftExplicitDependencyGeneratePcm arm64 /Users/admin/builder/spi-builder-workspace/.derivedData/SDKExplicitPrecompiledModules/UniformTypeIdentifiers-5LG8RE3Q01MBLZVRR3FFHHL5H.pcm
SwiftDriverJobDiscovery normal arm64 Compiling ActivityIndicatorState.swift, CustomActivity.swift, LoadingBar.swift (in target 'ConsoleKitTerminal' from project 'console-kit')
SwiftExplicitDependencyGeneratePcm arm64 /Users/admin/builder/spi-builder-workspace/.derivedData/SDKExplicitPrecompiledModules/CoreTransferable-2HJ1Z8HJBPECRD89AVJ0X7S63.pcm
SwiftDriverJobDiscovery normal arm64 Compiling readpassphrase_linux.swift, AnySendableHashable.swift (in target 'ConsoleKitTerminal' from project 'console-kit')
SwiftExplicitDependencyGeneratePcm arm64 /Users/admin/builder/spi-builder-workspace/.derivedData/SDKExplicitPrecompiledModules/ColorSync-BBCIZDDQ6O3QECFAWJQ6RU4ZJ.pcm
SwiftExplicitDependencyGeneratePcm arm64 /Users/admin/builder/spi-builder-workspace/.derivedData/SDKExplicitPrecompiledModules/os-BYOEVK2GEMB4Q8WWHGZGREA00.pcm
SwiftExplicitDependencyGeneratePcm arm64 /Users/admin/builder/spi-builder-workspace/.derivedData/SDKExplicitPrecompiledModules/OpenGL-FXV81CD8YS42YTVJKJH1VLGA.pcm
SwiftExplicitDependencyGeneratePcm arm64 /Users/admin/builder/spi-builder-workspace/.derivedData/SDKExplicitPrecompiledModules/DeveloperToolsSupport-13SNQ6N57G3DOS3KQA7V91OE7.pcm
SwiftExplicitDependencyGeneratePcm arm64 /Users/admin/builder/spi-builder-workspace/.derivedData/SDKExplicitPrecompiledModules/Metal-KM8CI04R5X5OUWMGRMNZE4KP.pcm
SwiftExplicitDependencyGeneratePcm arm64 /Users/admin/builder/spi-builder-workspace/.derivedData/SDKExplicitPrecompiledModules/DataDetection-5GDUUWT6YIA10PE5D9A8SXWZ9.pcm
SwiftExplicitDependencyGeneratePcm arm64 /Users/admin/builder/spi-builder-workspace/.derivedData/SDKExplicitPrecompiledModules/ImageIO-88YNP2EU498GB5YXIFJ9ANNYW.pcm
SwiftExplicitDependencyGeneratePcm arm64 /Users/admin/builder/spi-builder-workspace/.derivedData/SDKExplicitPrecompiledModules/Accessibility-6F38G4T85MOHD9AA2EH4U2PJS.pcm
SwiftDriverJobDiscovery normal arm64 Compiling ANSI.swift, Console.swift, Terminal.swift (in target 'ConsoleKitTerminal' from project 'console-kit')
SwiftExplicitDependencyGeneratePcm arm64 /Users/admin/builder/spi-builder-workspace/.derivedData/SDKExplicitPrecompiledModules/CoreText-C1WSF2HWGIKVJ2XHWBKXQBSEY.pcm
SwiftExplicitDependencyGeneratePcm arm64 /Users/admin/builder/spi-builder-workspace/.derivedData/SDKExplicitPrecompiledModules/OSLog-1GSRGGGEESVJH9OULZA91RAA3.pcm
SwiftDriverJobDiscovery normal arm64 Compiling ConsoleLogger.swift, LoggerFragment.swift (in target 'ConsoleKitTerminal' from project 'console-kit')
SwiftExplicitDependencyGeneratePcm arm64 /Users/admin/builder/spi-builder-workspace/.derivedData/SDKExplicitPrecompiledModules/CUPS-45MNISAOHSEBD6VQA5G0MXN9H.pcm
SwiftExplicitDependencyGeneratePcm arm64 /Users/admin/builder/spi-builder-workspace/.derivedData/SDKExplicitPrecompiledModules/_Builtin_tgmath-52XE6HC8DWOG6S7B5QAI046D1.pcm
SwiftCompile normal arm64 Compiling\ ProgressBar.swift,\ Console+Clear.swift,\ Console+Ephemeral.swift /Users/admin/builder/spi-builder-workspace/.dependencies/checkouts/console-kit/Sources/ConsoleKitTerminal/Activity/ProgressBar.swift /Users/admin/builder/spi-builder-workspace/.dependencies/checkouts/console-kit/Sources/ConsoleKitTerminal/Clear/Console+Clear.swift /Users/admin/builder/spi-builder-workspace/.dependencies/checkouts/console-kit/Sources/ConsoleKitTerminal/Clear/Console+Ephemeral.swift (in target 'ConsoleKitTerminal' from project 'console-kit')
SwiftCompile normal arm64 /Users/admin/builder/spi-builder-workspace/.dependencies/checkouts/console-kit/Sources/ConsoleKitTerminal/Activity/ProgressBar.swift (in target 'ConsoleKitTerminal' from project 'console-kit')
    cd /Users/admin/builder/spi-builder-workspace/.swiftpm/xcode
    builtin-SwiftPerFileCompile ProgressBar.swift
SwiftCompile normal arm64 /Users/admin/builder/spi-builder-workspace/.dependencies/checkouts/console-kit/Sources/ConsoleKitTerminal/Clear/Console+Clear.swift (in target 'ConsoleKitTerminal' from project 'console-kit')
    cd /Users/admin/builder/spi-builder-workspace/.swiftpm/xcode
    builtin-SwiftPerFileCompile Console+Clear.swift
SwiftCompile normal arm64 /Users/admin/builder/spi-builder-workspace/.dependencies/checkouts/console-kit/Sources/ConsoleKitTerminal/Clear/Console+Ephemeral.swift (in target 'ConsoleKitTerminal' from project 'console-kit')
    cd /Users/admin/builder/spi-builder-workspace/.swiftpm/xcode
    builtin-SwiftPerFileCompile Console+Ephemeral.swift
SwiftCompile normal arm64 Compiling\ ConsoleClear.swift,\ Console+Ask.swift,\ Console+Choose.swift /Users/admin/builder/spi-builder-workspace/.dependencies/checkouts/console-kit/Sources/ConsoleKitTerminal/Clear/ConsoleClear.swift /Users/admin/builder/spi-builder-workspace/.dependencies/checkouts/console-kit/Sources/ConsoleKitTerminal/Input/Console+Ask.swift /Users/admin/builder/spi-builder-workspace/.dependencies/checkouts/console-kit/Sources/ConsoleKitTerminal/Input/Console+Choose.swift (in target 'ConsoleKitTerminal' from project 'console-kit')
SwiftCompile normal arm64 /Users/admin/builder/spi-builder-workspace/.dependencies/checkouts/console-kit/Sources/ConsoleKitTerminal/Clear/ConsoleClear.swift (in target 'ConsoleKitTerminal' from project 'console-kit')
    cd /Users/admin/builder/spi-builder-workspace/.swiftpm/xcode
    builtin-SwiftPerFileCompile ConsoleClear.swift
SwiftCompile normal arm64 /Users/admin/builder/spi-builder-workspace/.dependencies/checkouts/console-kit/Sources/ConsoleKitTerminal/Input/Console+Ask.swift (in target 'ConsoleKitTerminal' from project 'console-kit')
    cd /Users/admin/builder/spi-builder-workspace/.swiftpm/xcode
    builtin-SwiftPerFileCompile Console+Ask.swift
SwiftCompile normal arm64 /Users/admin/builder/spi-builder-workspace/.dependencies/checkouts/console-kit/Sources/ConsoleKitTerminal/Input/Console+Choose.swift (in target 'ConsoleKitTerminal' from project 'console-kit')
    cd /Users/admin/builder/spi-builder-workspace/.swiftpm/xcode
    builtin-SwiftPerFileCompile Console+Choose.swift
SwiftDriver ConsoleKitCommands normal arm64 com.apple.xcode.tools.swift.compiler (in target 'ConsoleKitCommands' from project 'console-kit')
    cd /Users/admin/builder/spi-builder-workspace/.swiftpm/xcode
    builtin-SwiftDriver -- /Applications/Xcode-27.0.0-Release.Candidate.app/Contents/Developer/Toolchains/XcodeDefault.xctoolchain/usr/bin/swiftc -parse-as-library -module-name ConsoleKitCommands -Onone @/Users/admin/builder/spi-builder-workspace/.derivedData/Build/Intermediates.noindex/console-kit.build/Debug/ConsoleKitCommands-t.build/Objects-normal/arm64/ConsoleKitCommands.SwiftFileList -DSWIFT_PACKAGE -DDEBUG -DSWIFT_MODULE_RESOURCE_BUNDLE_UNAVAILABLE -Xcc -fmodule-map-file\=/Users/admin/builder/spi-builder-workspace/.derivedData/Build/Intermediates.noindex/GeneratedModuleMaps/CNIOAtomics.modulemap -DXcode -enable-upcoming-feature ExistentialAny -enable-upcoming-feature MemberImportVisibility -enable-upcoming-feature InferIsolatedConformances -enable-upcoming-feature ImmutableWeakCaptures -plugin-path /Applications/Xcode-27.0.0-Release.Candidate.app/Contents/Developer/Toolchains/XcodeDefault.xctoolchain/usr/lib/swift/host/plugins/testing -enable-experimental-feature DebugDescriptionMacro -sdk /Applications/Xcode-27.0.0-Release.Candidate.app/Contents/Developer/Platforms/MacOSX.platform/Developer/SDKs/MacOSX27.0.sdk -target arm64-apple-macos12.0 -g -module-cache-path /Users/admin/builder/spi-builder-workspace/.derivedData/ModuleCache.noindex -Xfrontend -serialize-debugging-options -enable-testing -suppress-warnings -index-store-path /Users/admin/builder/spi-builder-workspace/.derivedData/Index.noindex/DataStore -Xcc -D_LIBCPP_HARDENING_MODE\=_LIBCPP_HARDENING_MODE_DEBUG -swift-version 6 -I /Users/admin/builder/spi-builder-workspace/.derivedData/Build/Products/Debug -Isystem /Applications/Xcode-27.0.0-Release.Candidate.app/Contents/Developer/Platforms/MacOSX.platform/Developer/usr/lib -F /Users/admin/builder/spi-builder-workspace/.derivedData/Build/Products/Debug/PackageFrameworks -F /Users/admin/builder/spi-builder-workspace/.derivedData/Build/Products/Debug -F /Applications/Xcode-27.0.0-Release.Candidate.app/Contents/Developer/Platforms/MacOSX.platform/Developer/Library/Frameworks -c -j10 -enable-batch-mode -incremental -Xcc -ivfsstatcache -Xcc /Users/admin/builder/spi-builder-workspace/.derivedData/SDKStatCaches.noindex/macosx27.0-26A425-e829b21a6f8c9b70876ba0858053c0446a22442a12e9d48fe1a705f55a1adfc4.sdkstatcache -output-file-map /Users/admin/builder/spi-builder-workspace/.derivedData/Build/Intermediates.noindex/console-kit.build/Debug/ConsoleKitCommands-t.build/Objects-normal/arm64/ConsoleKitCommands-OutputFileMap.json -save-temps -no-color-diagnostics -explicit-module-build -module-cache-path /Users/admin/builder/spi-builder-workspace/.derivedData/Build/Intermediates.noindex/SwiftExplicitPrecompiledModules -clang-scanner-module-cache-path /Users/admin/builder/spi-builder-workspace/.derivedData/ModuleCache.noindex -sdk-module-cache-path /Users/admin/builder/spi-builder-workspace/.derivedData/SDKExplicitPrecompiledModules -emit-dependencies -emit-module -emit-module-path /Users/admin/builder/spi-builder-workspace/.derivedData/Build/Intermediates.noindex/console-kit.build/Debug/ConsoleKitCommands-t.build/Objects-normal/arm64/ConsoleKitCommands.swiftmodule -serialize-diagnostics -dependency-scan-serialize-diagnostics-path /Users/admin/builder/spi-builder-workspace/.derivedData/Build/Intermediates.noindex/console-kit.build/Debug/ConsoleKitCommands-t.build/Objects-normal/arm64/ConsoleKitCommands-dependency-scan.dia -user-module-version 4.16.1 -validate-clang-modules-once -clang-build-session-file /Users/admin/builder/spi-builder-workspace/.derivedData/ModuleCache.noindex/Session.modulevalidation -Xcc -fmodules-prune-interval\=86400 -Xcc -fmodules-prune-after\=345600 -package-name console_kit -emit-const-values -const-gather-protocols-list /Users/admin/builder/spi-builder-workspace/.derivedData/Build/Intermediates.noindex/console-kit.build/Debug/ConsoleKitCommands-t.build/Objects-normal/arm64/ConsoleKitCommands_const_extract_protocols.json -Xcc -I/Users/admin/builder/spi-builder-workspace/.dependencies/checkouts/swift-nio/Sources/CNIOAtomics/include -Xcc -I/Users/admin/builder/spi-builder-workspace/.derivedData/Build/Products/Debug/include -Xcc -I/Users/admin/builder/spi-builder-workspace/.derivedData/Build/Intermediates.noindex/console-kit.build/Debug/ConsoleKitCommands-t.build/DerivedSources-normal/arm64 -Xcc -I/Users/admin/builder/spi-builder-workspace/.derivedData/Build/Intermediates.noindex/console-kit.build/Debug/ConsoleKitCommands-t.build/DerivedSources/arm64 -Xcc -I/Users/admin/builder/spi-builder-workspace/.derivedData/Build/Intermediates.noindex/console-kit.build/Debug/ConsoleKitCommands-t.build/DerivedSources -Xcc -DSWIFT_PACKAGE -Xcc -DDEBUG\=1 -emit-objc-header -emit-objc-header-path /Users/admin/builder/spi-builder-workspace/.derivedData/Build/Intermediates.noindex/console-kit.build/Debug/ConsoleKitCommands-t.build/Objects-normal/arm64/ConsoleKitCommands-Swift.h -working-directory /Users/admin/builder/spi-builder-workspace/.swiftpm/xcode -experimental-emit-module-separately -disable-cmo
SwiftExplicitDependencyGeneratePcm arm64 /Users/admin/builder/spi-builder-workspace/.derivedData/SDKExplicitPrecompiledModules/simd-A9TKR8OE9APRJ1RNS7F0OBY4Q.pcm
SwiftExplicitDependencyGeneratePcm arm64 /Users/admin/builder/spi-builder-workspace/.derivedData/SDKExplicitPrecompiledModules/ApplicationServices-ALXSS633FQY42UMJSLR6MNLSK.pcm
SwiftExplicitDependencyGeneratePcm arm64 /Users/admin/builder/spi-builder-workspace/.derivedData/SDKExplicitPrecompiledModules/CoreVideo-11TKSDKW0L2K02H4B9ZHWLM3B.pcm
SwiftDriverJobDiscovery normal arm64 Compiling ConsoleClear.swift, Console+Ask.swift, Console+Choose.swift (in target 'ConsoleKitTerminal' from project 'console-kit')
SwiftExplicitDependencyGeneratePcm arm64 /Users/admin/builder/spi-builder-workspace/.derivedData/SDKExplicitPrecompiledModules/QuartzCore-AP21NXF3BYPWOG416U3DI6QME.pcm
SwiftExplicitDependencyGeneratePcm arm64 /Users/admin/builder/spi-builder-workspace/.derivedData/SDKExplicitPrecompiledModules/CoreImage-AKYY8VSFWQ6KIIXG3EQJ7PW5T.pcm
SwiftDriverJobDiscovery normal arm64 Compiling ProgressBar.swift, Console+Clear.swift, Console+Ephemeral.swift (in target 'ConsoleKitTerminal' from project 'console-kit')
SwiftDriver\ Compilation ConsoleKitTerminal normal arm64 com.apple.xcode.tools.swift.compiler (in target 'ConsoleKitTerminal' from project 'console-kit')
    cd /Users/admin/builder/spi-builder-workspace/.swiftpm/xcode
    builtin-Swift-Compilation -- /Applications/Xcode-27.0.0-Release.Candidate.app/Contents/Developer/Toolchains/XcodeDefault.xctoolchain/usr/bin/swiftc -parse-as-library -module-name ConsoleKitTerminal -Onone @/Users/admin/builder/spi-builder-workspace/.derivedData/Build/Intermediates.noindex/console-kit.build/Debug/ConsoleKitTerminal-t.build/Objects-normal/arm64/ConsoleKitTerminal.SwiftFileList -DSWIFT_PACKAGE -DDEBUG -DSWIFT_MODULE_RESOURCE_BUNDLE_UNAVAILABLE -Xcc -fmodule-map-file\=/Users/admin/builder/spi-builder-workspace/.derivedData/Build/Intermediates.noindex/GeneratedModuleMaps/CNIOAtomics.modulemap -DXcode -enable-upcoming-feature ExistentialAny -enable-upcoming-feature MemberImportVisibility -enable-upcoming-feature InferIsolatedConformances -enable-upcoming-feature ImmutableWeakCaptures -plugin-path /Applications/Xcode-27.0.0-Release.Candidate.app/Contents/Developer/Toolchains/XcodeDefault.xctoolchain/usr/lib/swift/host/plugins/testing -enable-experimental-feature DebugDescriptionMacro -sdk /Applications/Xcode-27.0.0-Release.Candidate.app/Contents/Developer/Platforms/MacOSX.platform/Developer/SDKs/MacOSX27.0.sdk -target arm64-apple-macos12.0 -g -module-cache-path /Users/admin/builder/spi-builder-workspace/.derivedData/ModuleCache.noindex -Xfrontend -serialize-debugging-options -enable-testing -suppress-warnings -index-store-path /Users/admin/builder/spi-builder-workspace/.derivedData/Index.noindex/DataStore -Xcc -D_LIBCPP_HARDENING_MODE\=_LIBCPP_HARDENING_MODE_DEBUG -swift-version 6 -I /Users/admin/builder/spi-builder-workspace/.derivedData/Build/Products/Debug -Isystem /Applications/Xcode-27.0.0-Release.Candidate.app/Contents/Developer/Platforms/MacOSX.platform/Developer/usr/lib -F /Users/admin/builder/spi-builder-workspace/.derivedData/Build/Products/Debug/PackageFrameworks -F /Users/admin/builder/spi-builder-workspace/.derivedData/Build/Products/Debug -F /Applications/Xcode-27.0.0-Release.Candidate.app/Contents/Developer/Platforms/MacOSX.platform/Developer/Library/Frameworks -c -j10 -enable-batch-mode -incremental -Xcc -ivfsstatcache -Xcc /Users/admin/builder/spi-builder-workspace/.derivedData/SDKStatCaches.noindex/macosx27.0-26A425-e829b21a6f8c9b70876ba0858053c0446a22442a12e9d48fe1a705f55a1adfc4.sdkstatcache -output-file-map /Users/admin/builder/spi-builder-workspace/.derivedData/Build/Intermediates.noindex/console-kit.build/Debug/ConsoleKitTerminal-t.build/Objects-normal/arm64/ConsoleKitTerminal-OutputFileMap.json -save-temps -no-color-diagnostics -explicit-module-build -module-cache-path /Users/admin/builder/spi-builder-workspace/.derivedData/Build/Intermediates.noindex/SwiftExplicitPrecompiledModules -clang-scanner-module-cache-path /Users/admin/builder/spi-builder-workspace/.derivedData/ModuleCache.noindex -sdk-module-cache-path /Users/admin/builder/spi-builder-workspace/.derivedData/SDKExplicitPrecompiledModules -emit-dependencies -emit-module -emit-module-path /Users/admin/builder/spi-builder-workspace/.derivedData/Build/Intermediates.noindex/console-kit.build/Debug/ConsoleKitTerminal-t.build/Objects-normal/arm64/ConsoleKitTerminal.swiftmodule -serialize-diagnostics -dependency-scan-serialize-diagnostics-path /Users/admin/builder/spi-builder-workspace/.derivedData/Build/Intermediates.noindex/console-kit.build/Debug/ConsoleKitTerminal-t.build/Objects-normal/arm64/ConsoleKitTerminal-dependency-scan.dia -user-module-version 4.16.1 -validate-clang-modules-once -clang-build-session-file /Users/admin/builder/spi-builder-workspace/.derivedData/ModuleCache.noindex/Session.modulevalidation -Xcc -fmodules-prune-interval\=86400 -Xcc -fmodules-prune-after\=345600 -package-name console_kit -emit-const-values -const-gather-protocols-list /Users/admin/builder/spi-builder-workspace/.derivedData/Build/Intermediates.noindex/console-kit.build/Debug/ConsoleKitTerminal-t.build/Objects-normal/arm64/ConsoleKitTerminal_const_extract_protocols.json -Xcc -I/Users/admin/builder/spi-builder-workspace/.dependencies/checkouts/swift-nio/Sources/CNIOAtomics/include -Xcc -I/Users/admin/builder/spi-builder-workspace/.derivedData/Build/Products/Debug/include -Xcc -I/Users/admin/builder/spi-builder-workspace/.derivedData/Build/Intermediates.noindex/console-kit.build/Debug/ConsoleKitTerminal-t.build/DerivedSources-normal/arm64 -Xcc -I/Users/admin/builder/spi-builder-workspace/.derivedData/Build/Intermediates.noindex/console-kit.build/Debug/ConsoleKitTerminal-t.build/DerivedSources/arm64 -Xcc -I/Users/admin/builder/spi-builder-workspace/.derivedData/Build/Intermediates.noindex/console-kit.build/Debug/ConsoleKitTerminal-t.build/DerivedSources -Xcc -DSWIFT_PACKAGE -Xcc -DDEBUG\=1 -emit-objc-header -emit-objc-header-path /Users/admin/builder/spi-builder-workspace/.derivedData/Build/Intermediates.noindex/console-kit.build/Debug/ConsoleKitTerminal-t.build/Objects-normal/arm64/ConsoleKitTerminal-Swift.h -working-directory /Users/admin/builder/spi-builder-workspace/.swiftpm/xcode -experimental-emit-module-separately -disable-cmo
SwiftExplicitDependencyGeneratePcm arm64 /Users/admin/builder/spi-builder-workspace/.derivedData/SDKExplicitPrecompiledModules/SwiftUICore-ESLJM4CVIQEQNCRTK6KPAF1I7.pcm
SwiftExplicitDependencyGeneratePcm arm64 /Users/admin/builder/spi-builder-workspace/.derivedData/SDKExplicitPrecompiledModules/AppKit-C2WRQ26QXORUMMNQB0M8H4QYD.pcm
SwiftCompile normal arm64 Compiling\ CommandGroup.swift,\ CommandInput.swift /Users/admin/builder/spi-builder-workspace/.dependencies/checkouts/console-kit/Sources/ConsoleKitCommands/Base/CommandGroup.swift /Users/admin/builder/spi-builder-workspace/.dependencies/checkouts/console-kit/Sources/ConsoleKitCommands/Base/CommandInput.swift (in target 'ConsoleKitCommands' from project 'console-kit')
SwiftCompile normal arm64 /Users/admin/builder/spi-builder-workspace/.dependencies/checkouts/console-kit/Sources/ConsoleKitCommands/Base/CommandGroup.swift (in target 'ConsoleKitCommands' from project 'console-kit')
    cd /Users/admin/builder/spi-builder-workspace/.swiftpm/xcode
    builtin-SwiftPerFileCompile CommandGroup.swift
SwiftCompile normal arm64 /Users/admin/builder/spi-builder-workspace/.dependencies/checkouts/console-kit/Sources/ConsoleKitCommands/Base/CommandInput.swift (in target 'ConsoleKitCommands' from project 'console-kit')
    cd /Users/admin/builder/spi-builder-workspace/.swiftpm/xcode
    builtin-SwiftPerFileCompile CommandInput.swift
SwiftCompile normal arm64 Compiling\ Command.swift,\ CommandContext.swift,\ CommandError.swift /Users/admin/builder/spi-builder-workspace/.dependencies/checkouts/console-kit/Sources/ConsoleKitCommands/Base/Command.swift /Users/admin/builder/spi-builder-workspace/.dependencies/checkouts/console-kit/Sources/ConsoleKitCommands/Base/CommandContext.swift /Users/admin/builder/spi-builder-workspace/.dependencies/checkouts/console-kit/Sources/ConsoleKitCommands/Base/CommandError.swift (in target 'ConsoleKitCommands' from project 'console-kit')
SwiftCompile normal arm64 /Users/admin/builder/spi-builder-workspace/.dependencies/checkouts/console-kit/Sources/ConsoleKitCommands/Base/Command.swift (in target 'ConsoleKitCommands' from project 'console-kit')
    cd /Users/admin/builder/spi-builder-workspace/.swiftpm/xcode
    builtin-SwiftPerFileCompile Command.swift
SwiftCompile normal arm64 /Users/admin/builder/spi-builder-workspace/.dependencies/checkouts/console-kit/Sources/ConsoleKitCommands/Base/CommandContext.swift (in target 'ConsoleKitCommands' from project 'console-kit')
    cd /Users/admin/builder/spi-builder-workspace/.swiftpm/xcode
    builtin-SwiftPerFileCompile CommandContext.swift
SwiftCompile normal arm64 /Users/admin/builder/spi-builder-workspace/.dependencies/checkouts/console-kit/Sources/ConsoleKitCommands/Base/CommandError.swift (in target 'ConsoleKitCommands' from project 'console-kit')
    cd /Users/admin/builder/spi-builder-workspace/.swiftpm/xcode
    builtin-SwiftPerFileCompile CommandError.swift
SwiftCompile normal arm64 Compiling\ AnyAsyncCommand.swift,\ AsyncCommand.swift,\ AsyncCommandGroup.swift /Users/admin/builder/spi-builder-workspace/.dependencies/checkouts/console-kit/Sources/ConsoleKitCommands/Async/AnyAsyncCommand.swift /Users/admin/builder/spi-builder-workspace/.dependencies/checkouts/console-kit/Sources/ConsoleKitCommands/Async/AsyncCommand.swift /Users/admin/builder/spi-builder-workspace/.dependencies/checkouts/console-kit/Sources/ConsoleKitCommands/Async/AsyncCommandGroup.swift (in target 'ConsoleKitCommands' from project 'console-kit')
SwiftCompile normal arm64 /Users/admin/builder/spi-builder-workspace/.dependencies/checkouts/console-kit/Sources/ConsoleKitCommands/Async/AnyAsyncCommand.swift (in target 'ConsoleKitCommands' from project 'console-kit')
    cd /Users/admin/builder/spi-builder-workspace/.swiftpm/xcode
    builtin-SwiftPerFileCompile AnyAsyncCommand.swift
SwiftCompile normal arm64 /Users/admin/builder/spi-builder-workspace/.dependencies/checkouts/console-kit/Sources/ConsoleKitCommands/Async/AsyncCommand.swift (in target 'ConsoleKitCommands' from project 'console-kit')
    cd /Users/admin/builder/spi-builder-workspace/.swiftpm/xcode
    builtin-SwiftPerFileCompile AsyncCommand.swift
SwiftCompile normal arm64 /Users/admin/builder/spi-builder-workspace/.dependencies/checkouts/console-kit/Sources/ConsoleKitCommands/Async/AsyncCommandGroup.swift (in target 'ConsoleKitCommands' from project 'console-kit')
    cd /Users/admin/builder/spi-builder-workspace/.swiftpm/xcode
    builtin-SwiftPerFileCompile AsyncCommandGroup.swift
SwiftCompile normal arm64 Compiling\ AsyncCommands.swift,\ GenerateAsyncAutocompleteCommand.swift,\ AnyCommand.swift /Users/admin/builder/spi-builder-workspace/.dependencies/checkouts/console-kit/Sources/ConsoleKitCommands/Async/AsyncCommands.swift /Users/admin/builder/spi-builder-workspace/.dependencies/checkouts/console-kit/Sources/ConsoleKitCommands/Async/GenerateAsyncAutocompleteCommand.swift /Users/admin/builder/spi-builder-workspace/.dependencies/checkouts/console-kit/Sources/ConsoleKitCommands/Base/AnyCommand.swift (in target 'ConsoleKitCommands' from project 'console-kit')
SwiftCompile normal arm64 /Users/admin/builder/spi-builder-workspace/.dependencies/checkouts/console-kit/Sources/ConsoleKitCommands/Async/AsyncCommands.swift (in target 'ConsoleKitCommands' from project 'console-kit')
    cd /Users/admin/builder/spi-builder-workspace/.swiftpm/xcode
    builtin-SwiftPerFileCompile AsyncCommands.swift
SwiftCompile normal arm64 /Users/admin/builder/spi-builder-workspace/.dependencies/checkouts/console-kit/Sources/ConsoleKitCommands/Async/GenerateAsyncAutocompleteCommand.swift (in target 'ConsoleKitCommands' from project 'console-kit')
    cd /Users/admin/builder/spi-builder-workspace/.swiftpm/xcode
    builtin-SwiftPerFileCompile GenerateAsyncAutocompleteCommand.swift
SwiftCompile normal arm64 /Users/admin/builder/spi-builder-workspace/.dependencies/checkouts/console-kit/Sources/ConsoleKitCommands/Base/AnyCommand.swift (in target 'ConsoleKitCommands' from project 'console-kit')
    cd /Users/admin/builder/spi-builder-workspace/.swiftpm/xcode
    builtin-SwiftPerFileCompile AnyCommand.swift
SwiftCompile normal arm64 Compiling\ Commands.swift,\ Console+Run.swift /Users/admin/builder/spi-builder-workspace/.dependencies/checkouts/console-kit/Sources/ConsoleKitCommands/Base/Commands.swift /Users/admin/builder/spi-builder-workspace/.dependencies/checkouts/console-kit/Sources/ConsoleKitCommands/Base/Console+Run.swift (in target 'ConsoleKitCommands' from project 'console-kit')
SwiftCompile normal arm64 /Users/admin/builder/spi-builder-workspace/.dependencies/checkouts/console-kit/Sources/ConsoleKitCommands/Base/Commands.swift (in target 'ConsoleKitCommands' from project 'console-kit')
    cd /Users/admin/builder/spi-builder-workspace/.swiftpm/xcode
    builtin-SwiftPerFileCompile Commands.swift
SwiftCompile normal arm64 /Users/admin/builder/spi-builder-workspace/.dependencies/checkouts/console-kit/Sources/ConsoleKitCommands/Base/Console+Run.swift (in target 'ConsoleKitCommands' from project 'console-kit')
    cd /Users/admin/builder/spi-builder-workspace/.swiftpm/xcode
    builtin-SwiftPerFileCompile Console+Run.swift
SwiftEmitModule normal arm64 Emitting\ module\ for\ ConsoleKitCommands (in target 'ConsoleKitCommands' from project 'console-kit')
SwiftCompile normal arm64 (in target 'ConsoleKitCommands' from project 'console-kit')
    cd /Users/admin/builder/spi-builder-workspace/.swiftpm/xcode

SwiftCompile normal arm64 Compiling\ Argument.swift,\ CommandSignature.swift /Users/admin/builder/spi-builder-workspace/.dependencies/checkouts/console-kit/Sources/ConsoleKitCommands/Signatures/Argument.swift /Users/admin/builder/spi-builder-workspace/.dependencies/checkouts/console-kit/Sources/ConsoleKitCommands/Signatures/CommandSignature.swift (in target 'ConsoleKitCommands' from project 'console-kit')
SwiftCompile normal arm64 /Users/admin/builder/spi-builder-workspace/.dependencies/checkouts/console-kit/Sources/ConsoleKitCommands/Signatures/Argument.swift (in target 'ConsoleKitCommands' from project 'console-kit')
    cd /Users/admin/builder/spi-builder-workspace/.swiftpm/xcode
    builtin-SwiftPerFileCompile Argument.swift
SwiftCompile normal arm64 /Users/admin/builder/spi-builder-workspace/.dependencies/checkouts/console-kit/Sources/ConsoleKitCommands/Signatures/CommandSignature.swift (in target 'ConsoleKitCommands' from project 'console-kit')
    cd /Users/admin/builder/spi-builder-workspace/.swiftpm/xcode
    builtin-SwiftPerFileCompile CommandSignature.swift
SwiftCompile normal arm64 Compiling\ String+LevenshteinDistance.swift,\ Utilities.swift /Users/admin/builder/spi-builder-workspace/.dependencies/checkouts/console-kit/Sources/ConsoleKitCommands/Utilities/String+LevenshteinDistance.swift /Users/admin/builder/spi-builder-workspace/.dependencies/checkouts/console-kit/Sources/ConsoleKitCommands/Utilities/Utilities.swift (in target 'ConsoleKitCommands' from project 'console-kit')
SwiftCompile normal arm64 /Users/admin/builder/spi-builder-workspace/.dependencies/checkouts/console-kit/Sources/ConsoleKitCommands/Utilities/String+LevenshteinDistance.swift (in target 'ConsoleKitCommands' from project 'console-kit')
    cd /Users/admin/builder/spi-builder-workspace/.swiftpm/xcode
    builtin-SwiftPerFileCompile String+LevenshteinDistance.swift
SwiftCompile normal arm64 /Users/admin/builder/spi-builder-workspace/.dependencies/checkouts/console-kit/Sources/ConsoleKitCommands/Utilities/Utilities.swift (in target 'ConsoleKitCommands' from project 'console-kit')
    cd /Users/admin/builder/spi-builder-workspace/.swiftpm/xcode
    builtin-SwiftPerFileCompile Utilities.swift
SwiftExplicitDependencyGeneratePcm arm64 /Users/admin/builder/spi-builder-workspace/.derivedData/SDKExplicitPrecompiledModules/Spatial-2JNOU2HNJ0Q174XCFCD0GCOUQ.pcm
Ld /Users/admin/builder/spi-builder-workspace/.derivedData/Build/Products/Debug/CNIOAtomics.o normal (in target 'CNIOAtomics' from project 'swift-nio')
    cd /Users/admin/builder/spi-builder-workspace/.dependencies/checkouts/swift-nio
    /Applications/Xcode-27.0.0-Release.Candidate.app/Contents/Developer/Toolchains/XcodeDefault.xctoolchain/usr/bin/clang -Xlinker -reproducible -target arm64-apple-macos12.0 -r -isysroot /Applications/Xcode-27.0.0-Release.Candidate.app/Contents/Developer/Platforms/MacOSX.platform/Developer/SDKs/MacOSX27.0.sdk -O0 -w -Xlinker -no_warn_duplicate_libraries -F/Users/admin/builder/spi-builder-workspace/.derivedData/Build/Intermediates.noindex/EagerLinkingTBDs/Debug -F/Users/admin/builder/spi-builder-workspace/.derivedData/Build/Products/Debug -iframework /Applications/Xcode-27.0.0-Release.Candidate.app/Contents/Developer/Platforms/MacOSX.platform/Developer/Library/Frameworks -filelist /Users/admin/builder/spi-builder-workspace/.derivedData/Build/Intermediates.noindex/swift-nio.build/Debug/CNIOAtomics-t.build/Objects-normal/arm64/CNIOAtomics.LinkFileList -nostdlib -Xlinker -object_path_lto -Xlinker /Users/admin/builder/spi-builder-workspace/.derivedData/Build/Intermediates.noindex/swift-nio.build/Debug/CNIOAtomics-t.build/Objects-normal/arm64/CNIOAtomics_lto.o -Xlinker -no_deduplicate -Xlinker -dependency_info -Xlinker /Users/admin/builder/spi-builder-workspace/.derivedData/Build/Intermediates.noindex/swift-nio.build/Debug/CNIOAtomics-t.build/Objects-normal/arm64/CNIOAtomics_dependency_info.dat -o /Users/admin/builder/spi-builder-workspace/.derivedData/Build/Products/Debug/CNIOAtomics.o
SwiftDriverJobDiscovery normal arm64 Compiling Commands.swift, Console+Run.swift (in target 'ConsoleKitCommands' from project 'console-kit')
SwiftCompile normal arm64 Compiling\ ConsoleError.swift,\ Completion.swift /Users/admin/builder/spi-builder-workspace/.dependencies/checkouts/console-kit/Sources/ConsoleKitCommands/Base/ConsoleError.swift /Users/admin/builder/spi-builder-workspace/.dependencies/checkouts/console-kit/Sources/ConsoleKitCommands/Completion/Completion.swift (in target 'ConsoleKitCommands' from project 'console-kit')
SwiftCompile normal arm64 /Users/admin/builder/spi-builder-workspace/.dependencies/checkouts/console-kit/Sources/ConsoleKitCommands/Base/ConsoleError.swift (in target 'ConsoleKitCommands' from project 'console-kit')
    cd /Users/admin/builder/spi-builder-workspace/.swiftpm/xcode
    builtin-SwiftPerFileCompile ConsoleError.swift
SwiftCompile normal arm64 /Users/admin/builder/spi-builder-workspace/.dependencies/checkouts/console-kit/Sources/ConsoleKitCommands/Completion/Completion.swift (in target 'ConsoleKitCommands' from project 'console-kit')
    cd /Users/admin/builder/spi-builder-workspace/.swiftpm/xcode
    builtin-SwiftPerFileCompile Completion.swift
SwiftDriverJobDiscovery normal arm64 Compiling Argument.swift, CommandSignature.swift (in target 'ConsoleKitCommands' from project 'console-kit')
SwiftCompile normal arm64 Compiling\ Flag.swift,\ Option.swift /Users/admin/builder/spi-builder-workspace/.dependencies/checkouts/console-kit/Sources/ConsoleKitCommands/Signatures/Flag.swift /Users/admin/builder/spi-builder-workspace/.dependencies/checkouts/console-kit/Sources/ConsoleKitCommands/Signatures/Option.swift (in target 'ConsoleKitCommands' from project 'console-kit')
SwiftCompile normal arm64 /Users/admin/builder/spi-builder-workspace/.dependencies/checkouts/console-kit/Sources/ConsoleKitCommands/Signatures/Flag.swift (in target 'ConsoleKitCommands' from project 'console-kit')
    cd /Users/admin/builder/spi-builder-workspace/.swiftpm/xcode
    builtin-SwiftPerFileCompile Flag.swift
SwiftCompile normal arm64 /Users/admin/builder/spi-builder-workspace/.dependencies/checkouts/console-kit/Sources/ConsoleKitCommands/Signatures/Option.swift (in target 'ConsoleKitCommands' from project 'console-kit')
    cd /Users/admin/builder/spi-builder-workspace/.swiftpm/xcode
    builtin-SwiftPerFileCompile Option.swift
SwiftDriverJobDiscovery normal arm64 Emitting module for ConsoleKitCommands (in target 'ConsoleKitCommands' from project 'console-kit')
SwiftDriver\ Compilation\ Requirements ConsoleKitCommands normal arm64 com.apple.xcode.tools.swift.compiler (in target 'ConsoleKitCommands' from project 'console-kit')
    cd /Users/admin/builder/spi-builder-workspace/.swiftpm/xcode
    builtin-Swift-Compilation-Requirements -- /Applications/Xcode-27.0.0-Release.Candidate.app/Contents/Developer/Toolchains/XcodeDefault.xctoolchain/usr/bin/swiftc -parse-as-library -module-name ConsoleKitCommands -Onone @/Users/admin/builder/spi-builder-workspace/.derivedData/Build/Intermediates.noindex/console-kit.build/Debug/ConsoleKitCommands-t.build/Objects-normal/arm64/ConsoleKitCommands.SwiftFileList -DSWIFT_PACKAGE -DDEBUG -DSWIFT_MODULE_RESOURCE_BUNDLE_UNAVAILABLE -Xcc -fmodule-map-file\=/Users/admin/builder/spi-builder-workspace/.derivedData/Build/Intermediates.noindex/GeneratedModuleMaps/CNIOAtomics.modulemap -DXcode -enable-upcoming-feature ExistentialAny -enable-upcoming-feature MemberImportVisibility -enable-upcoming-feature InferIsolatedConformances -enable-upcoming-feature ImmutableWeakCaptures -plugin-path /Applications/Xcode-27.0.0-Release.Candidate.app/Contents/Developer/Toolchains/XcodeDefault.xctoolchain/usr/lib/swift/host/plugins/testing -enable-experimental-feature DebugDescriptionMacro -sdk /Applications/Xcode-27.0.0-Release.Candidate.app/Contents/Developer/Platforms/MacOSX.platform/Developer/SDKs/MacOSX27.0.sdk -target arm64-apple-macos12.0 -g -module-cache-path /Users/admin/builder/spi-builder-workspace/.derivedData/ModuleCache.noindex -Xfrontend -serialize-debugging-options -enable-testing -suppress-warnings -index-store-path /Users/admin/builder/spi-builder-workspace/.derivedData/Index.noindex/DataStore -Xcc -D_LIBCPP_HARDENING_MODE\=_LIBCPP_HARDENING_MODE_DEBUG -swift-version 6 -I /Users/admin/builder/spi-builder-workspace/.derivedData/Build/Products/Debug -Isystem /Applications/Xcode-27.0.0-Release.Candidate.app/Contents/Developer/Platforms/MacOSX.platform/Developer/usr/lib -F /Users/admin/builder/spi-builder-workspace/.derivedData/Build/Products/Debug/PackageFrameworks -F /Users/admin/builder/spi-builder-workspace/.derivedData/Build/Products/Debug -F /Applications/Xcode-27.0.0-Release.Candidate.app/Contents/Developer/Platforms/MacOSX.platform/Developer/Library/Frameworks -c -j10 -enable-batch-mode -incremental -Xcc -ivfsstatcache -Xcc /Users/admin/builder/spi-builder-workspace/.derivedData/SDKStatCaches.noindex/macosx27.0-26A425-e829b21a6f8c9b70876ba0858053c0446a22442a12e9d48fe1a705f55a1adfc4.sdkstatcache -output-file-map /Users/admin/builder/spi-builder-workspace/.derivedData/Build/Intermediates.noindex/console-kit.build/Debug/ConsoleKitCommands-t.build/Objects-normal/arm64/ConsoleKitCommands-OutputFileMap.json -save-temps -no-color-diagnostics -explicit-module-build -module-cache-path /Users/admin/builder/spi-builder-workspace/.derivedData/Build/Intermediates.noindex/SwiftExplicitPrecompiledModules -clang-scanner-module-cache-path /Users/admin/builder/spi-builder-workspace/.derivedData/ModuleCache.noindex -sdk-module-cache-path /Users/admin/builder/spi-builder-workspace/.derivedData/SDKExplicitPrecompiledModules -emit-dependencies -emit-module -emit-module-path /Users/admin/builder/spi-builder-workspace/.derivedData/Build/Intermediates.noindex/console-kit.build/Debug/ConsoleKitCommands-t.build/Objects-normal/arm64/ConsoleKitCommands.swiftmodule -serialize-diagnostics -dependency-scan-serialize-diagnostics-path /Users/admin/builder/spi-builder-workspace/.derivedData/Build/Intermediates.noindex/console-kit.build/Debug/ConsoleKitCommands-t.build/Objects-normal/arm64/ConsoleKitCommands-dependency-scan.dia -user-module-version 4.16.1 -validate-clang-modules-once -clang-build-session-file /Users/admin/builder/spi-builder-workspace/.derivedData/ModuleCache.noindex/Session.modulevalidation -Xcc -fmodules-prune-interval\=86400 -Xcc -fmodules-prune-after\=345600 -package-name console_kit -emit-const-values -const-gather-protocols-list /Users/admin/builder/spi-builder-workspace/.derivedData/Build/Intermediates.noindex/console-kit.build/Debug/ConsoleKitCommands-t.build/Objects-normal/arm64/ConsoleKitCommands_const_extract_protocols.json -Xcc -I/Users/admin/builder/spi-builder-workspace/.dependencies/checkouts/swift-nio/Sources/CNIOAtomics/include -Xcc -I/Users/admin/builder/spi-builder-workspace/.derivedData/Build/Products/Debug/include -Xcc -I/Users/admin/builder/spi-builder-workspace/.derivedData/Build/Intermediates.noindex/console-kit.build/Debug/ConsoleKitCommands-t.build/DerivedSources-normal/arm64 -Xcc -I/Users/admin/builder/spi-builder-workspace/.derivedData/Build/Intermediates.noindex/console-kit.build/Debug/ConsoleKitCommands-t.build/DerivedSources/arm64 -Xcc -I/Users/admin/builder/spi-builder-workspace/.derivedData/Build/Intermediates.noindex/console-kit.build/Debug/ConsoleKitCommands-t.build/DerivedSources -Xcc -DSWIFT_PACKAGE -Xcc -DDEBUG\=1 -emit-objc-header -emit-objc-header-path /Users/admin/builder/spi-builder-workspace/.derivedData/Build/Intermediates.noindex/console-kit.build/Debug/ConsoleKitCommands-t.build/Objects-normal/arm64/ConsoleKitCommands-Swift.h -working-directory /Users/admin/builder/spi-builder-workspace/.swiftpm/xcode -experimental-emit-module-separately -disable-cmo
SwiftCompile normal arm64 Compiling\ GenerateAutocompleteCommand.swift,\ MergedAsyncCommandGroup.swift /Users/admin/builder/spi-builder-workspace/.dependencies/checkouts/console-kit/Sources/ConsoleKitCommands/Completion/GenerateAutocompleteCommand.swift /Users/admin/builder/spi-builder-workspace/.dependencies/checkouts/console-kit/Sources/ConsoleKitCommands/Deprecated/MergedAsyncCommandGroup.swift (in target 'ConsoleKitCommands' from project 'console-kit')
SwiftCompile normal arm64 /Users/admin/builder/spi-builder-workspace/.dependencies/checkouts/console-kit/Sources/ConsoleKitCommands/Completion/GenerateAutocompleteCommand.swift (in target 'ConsoleKitCommands' from project 'console-kit')
    cd /Users/admin/builder/spi-builder-workspace/.swiftpm/xcode
    builtin-SwiftPerFileCompile GenerateAutocompleteCommand.swift
SwiftCompile normal arm64 /Users/admin/builder/spi-builder-workspace/.dependencies/checkouts/console-kit/Sources/ConsoleKitCommands/Deprecated/MergedAsyncCommandGroup.swift (in target 'ConsoleKitCommands' from project 'console-kit')
    cd /Users/admin/builder/spi-builder-workspace/.swiftpm/xcode
    builtin-SwiftPerFileCompile MergedAsyncCommandGroup.swift
SwiftMergeGeneratedHeaders /Users/admin/builder/spi-builder-workspace/.derivedData/Build/Intermediates.noindex/GeneratedModuleMaps/ConsoleKitCommands-Swift.h /Users/admin/builder/spi-builder-workspace/.derivedData/Build/Intermediates.noindex/console-kit.build/Debug/ConsoleKitCommands-t.build/Objects-normal/arm64/ConsoleKitCommands-Swift.h (in target 'ConsoleKitCommands' from project 'console-kit')
    cd /Users/admin/builder/spi-builder-workspace/.dependencies/checkouts/console-kit
    builtin-swiftHeaderTool -arch arm64 /Users/admin/builder/spi-builder-workspace/.derivedData/Build/Intermediates.noindex/console-kit.build/Debug/ConsoleKitCommands-t.build/Objects-normal/arm64/ConsoleKitCommands-Swift.h -o /Users/admin/builder/spi-builder-workspace/.derivedData/Build/Intermediates.noindex/GeneratedModuleMaps/ConsoleKitCommands-Swift.h
SwiftDriverJobDiscovery normal arm64 Compiling AnyAsyncCommand.swift, AsyncCommand.swift, AsyncCommandGroup.swift (in target 'ConsoleKitCommands' from project 'console-kit')
Copy /Users/admin/builder/spi-builder-workspace/.derivedData/Build/Products/Debug/ConsoleKitCommands.swiftmodule/arm64-apple-macos.swiftmodule /Users/admin/builder/spi-builder-workspace/.derivedData/Build/Intermediates.noindex/console-kit.build/Debug/ConsoleKitCommands-t.build/Objects-normal/arm64/ConsoleKitCommands.swiftmodule (in target 'ConsoleKitCommands' from project 'console-kit')
    cd /Users/admin/builder/spi-builder-workspace/.dependencies/checkouts/console-kit
    builtin-copy -exclude .DS_Store -exclude CVS -exclude .svn -exclude .git -exclude .hg -resolve-src-symlinks -rename /Users/admin/builder/spi-builder-workspace/.derivedData/Build/Intermediates.noindex/console-kit.build/Debug/ConsoleKitCommands-t.build/Objects-normal/arm64/ConsoleKitCommands.swiftmodule /Users/admin/builder/spi-builder-workspace/.derivedData/Build/Products/Debug/ConsoleKitCommands.swiftmodule/arm64-apple-macos.swiftmodule
Copy /Users/admin/builder/spi-builder-workspace/.derivedData/Build/Products/Debug/ConsoleKitCommands.swiftmodule/arm64-apple-macos.swiftdoc /Users/admin/builder/spi-builder-workspace/.derivedData/Build/Intermediates.noindex/console-kit.build/Debug/ConsoleKitCommands-t.build/Objects-normal/arm64/ConsoleKitCommands.swiftdoc (in target 'ConsoleKitCommands' from project 'console-kit')
    cd /Users/admin/builder/spi-builder-workspace/.dependencies/checkouts/console-kit
    builtin-copy -exclude .DS_Store -exclude CVS -exclude .svn -exclude .git -exclude .hg -resolve-src-symlinks -rename /Users/admin/builder/spi-builder-workspace/.derivedData/Build/Intermediates.noindex/console-kit.build/Debug/ConsoleKitCommands-t.build/Objects-normal/arm64/ConsoleKitCommands.swiftdoc /Users/admin/builder/spi-builder-workspace/.derivedData/Build/Products/Debug/ConsoleKitCommands.swiftmodule/arm64-apple-macos.swiftdoc
Copy /Users/admin/builder/spi-builder-workspace/.derivedData/Build/Products/Debug/ConsoleKitCommands.swiftmodule/arm64-apple-macos.abi.json /Users/admin/builder/spi-builder-workspace/.derivedData/Build/Intermediates.noindex/console-kit.build/Debug/ConsoleKitCommands-t.build/Objects-normal/arm64/ConsoleKitCommands.abi.json (in target 'ConsoleKitCommands' from project 'console-kit')
    cd /Users/admin/builder/spi-builder-workspace/.dependencies/checkouts/console-kit
    builtin-copy -exclude .DS_Store -exclude CVS -exclude .svn -exclude .git -exclude .hg -resolve-src-symlinks -rename /Users/admin/builder/spi-builder-workspace/.derivedData/Build/Intermediates.noindex/console-kit.build/Debug/ConsoleKitCommands-t.build/Objects-normal/arm64/ConsoleKitCommands.abi.json /Users/admin/builder/spi-builder-workspace/.derivedData/Build/Products/Debug/ConsoleKitCommands.swiftmodule/arm64-apple-macos.abi.json
Copy /Users/admin/builder/spi-builder-workspace/.derivedData/Build/Products/Debug/ConsoleKitCommands.swiftmodule/Project/arm64-apple-macos.swiftsourceinfo /Users/admin/builder/spi-builder-workspace/.derivedData/Build/Intermediates.noindex/console-kit.build/Debug/ConsoleKitCommands-t.build/Objects-normal/arm64/ConsoleKitCommands.swiftsourceinfo (in target 'ConsoleKitCommands' from project 'console-kit')
    cd /Users/admin/builder/spi-builder-workspace/.dependencies/checkouts/console-kit
    builtin-copy -exclude .DS_Store -exclude CVS -exclude .svn -exclude .git -exclude .hg -resolve-src-symlinks -rename /Users/admin/builder/spi-builder-workspace/.derivedData/Build/Intermediates.noindex/console-kit.build/Debug/ConsoleKitCommands-t.build/Objects-normal/arm64/ConsoleKitCommands.swiftsourceinfo /Users/admin/builder/spi-builder-workspace/.derivedData/Build/Products/Debug/ConsoleKitCommands.swiftmodule/Project/arm64-apple-macos.swiftsourceinfo
SwiftDriver ConsoleKit normal arm64 com.apple.xcode.tools.swift.compiler (in target 'ConsoleKit' from project 'console-kit')
    cd /Users/admin/builder/spi-builder-workspace/.swiftpm/xcode
    builtin-SwiftDriver -- /Applications/Xcode-27.0.0-Release.Candidate.app/Contents/Developer/Toolchains/XcodeDefault.xctoolchain/usr/bin/swiftc -parse-as-library -module-name ConsoleKit -Onone @/Users/admin/builder/spi-builder-workspace/.derivedData/Build/Intermediates.noindex/console-kit.build/Debug/ConsoleKit-t.build/Objects-normal/arm64/ConsoleKit.SwiftFileList -DSWIFT_PACKAGE -DDEBUG -DSWIFT_MODULE_RESOURCE_BUNDLE_UNAVAILABLE -Xcc -fmodule-map-file\=/Users/admin/builder/spi-builder-workspace/.derivedData/Build/Intermediates.noindex/GeneratedModuleMaps/CNIOAtomics.modulemap -DXcode -enable-upcoming-feature ExistentialAny -enable-upcoming-feature MemberImportVisibility -enable-upcoming-feature InferIsolatedConformances -enable-upcoming-feature ImmutableWeakCaptures -plugin-path /Applications/Xcode-27.0.0-Release.Candidate.app/Contents/Developer/Toolchains/XcodeDefault.xctoolchain/usr/lib/swift/host/plugins/testing -enable-experimental-feature DebugDescriptionMacro -sdk /Applications/Xcode-27.0.0-Release.Candidate.app/Contents/Developer/Platforms/MacOSX.platform/Developer/SDKs/MacOSX27.0.sdk -target arm64-apple-macos12.0 -g -module-cache-path /Users/admin/builder/spi-builder-workspace/.derivedData/ModuleCache.noindex -Xfrontend -serialize-debugging-options -enable-testing -suppress-warnings -index-store-path /Users/admin/builder/spi-builder-workspace/.derivedData/Index.noindex/DataStore -Xcc -D_LIBCPP_HARDENING_MODE\=_LIBCPP_HARDENING_MODE_DEBUG -swift-version 6 -I /Users/admin/builder/spi-builder-workspace/.derivedData/Build/Products/Debug -Isystem /Applications/Xcode-27.0.0-Release.Candidate.app/Contents/Developer/Platforms/MacOSX.platform/Developer/usr/lib -F /Users/admin/builder/spi-builder-workspace/.derivedData/Build/Products/Debug/PackageFrameworks -F /Users/admin/builder/spi-builder-workspace/.derivedData/Build/Products/Debug -F /Applications/Xcode-27.0.0-Release.Candidate.app/Contents/Developer/Platforms/MacOSX.platform/Developer/Library/Frameworks -c -j10 -enable-batch-mode -incremental -Xcc -ivfsstatcache -Xcc /Users/admin/builder/spi-builder-workspace/.derivedData/SDKStatCaches.noindex/macosx27.0-26A425-e829b21a6f8c9b70876ba0858053c0446a22442a12e9d48fe1a705f55a1adfc4.sdkstatcache -output-file-map /Users/admin/builder/spi-builder-workspace/.derivedData/Build/Intermediates.noindex/console-kit.build/Debug/ConsoleKit-t.build/Objects-normal/arm64/ConsoleKit-OutputFileMap.json -save-temps -no-color-diagnostics -explicit-module-build -module-cache-path /Users/admin/builder/spi-builder-workspace/.derivedData/Build/Intermediates.noindex/SwiftExplicitPrecompiledModules -clang-scanner-module-cache-path /Users/admin/builder/spi-builder-workspace/.derivedData/ModuleCache.noindex -sdk-module-cache-path /Users/admin/builder/spi-builder-workspace/.derivedData/SDKExplicitPrecompiledModules -emit-dependencies -emit-module -emit-module-path /Users/admin/builder/spi-builder-workspace/.derivedData/Build/Intermediates.noindex/console-kit.build/Debug/ConsoleKit-t.build/Objects-normal/arm64/ConsoleKit.swiftmodule -serialize-diagnostics -dependency-scan-serialize-diagnostics-path /Users/admin/builder/spi-builder-workspace/.derivedData/Build/Intermediates.noindex/console-kit.build/Debug/ConsoleKit-t.build/Objects-normal/arm64/ConsoleKit-dependency-scan.dia -user-module-version 4.16.1 -validate-clang-modules-once -clang-build-session-file /Users/admin/builder/spi-builder-workspace/.derivedData/ModuleCache.noindex/Session.modulevalidation -Xcc -fmodules-prune-interval\=86400 -Xcc -fmodules-prune-after\=345600 -package-name console_kit -emit-const-values -const-gather-protocols-list /Users/admin/builder/spi-builder-workspace/.derivedData/Build/Intermediates.noindex/console-kit.build/Debug/ConsoleKit-t.build/Objects-normal/arm64/ConsoleKit_const_extract_protocols.json -Xcc -I/Users/admin/builder/spi-builder-workspace/.dependencies/checkouts/swift-nio/Sources/CNIOAtomics/include -Xcc -I/Users/admin/builder/spi-builder-workspace/.derivedData/Build/Products/Debug/include -Xcc -I/Users/admin/builder/spi-builder-workspace/.derivedData/Build/Intermediates.noindex/console-kit.build/Debug/ConsoleKit-t.build/DerivedSources-normal/arm64 -Xcc -I/Users/admin/builder/spi-builder-workspace/.derivedData/Build/Intermediates.noindex/console-kit.build/Debug/ConsoleKit-t.build/DerivedSources/arm64 -Xcc -I/Users/admin/builder/spi-builder-workspace/.derivedData/Build/Intermediates.noindex/console-kit.build/Debug/ConsoleKit-t.build/DerivedSources -Xcc -DSWIFT_PACKAGE -Xcc -DDEBUG\=1 -emit-objc-header -emit-objc-header-path /Users/admin/builder/spi-builder-workspace/.derivedData/Build/Intermediates.noindex/console-kit.build/Debug/ConsoleKit-t.build/Objects-normal/arm64/ConsoleKit-Swift.h -working-directory /Users/admin/builder/spi-builder-workspace/.swiftpm/xcode -experimental-emit-module-separately -disable-cmo
SwiftDriverJobDiscovery normal arm64 Compiling CommandGroup.swift, CommandInput.swift (in target 'ConsoleKitCommands' from project 'console-kit')
Ld /Users/admin/builder/spi-builder-workspace/.derivedData/Build/Products/Debug/NIOConcurrencyHelpers.o normal (in target 'NIOConcurrencyHelpers' from project 'swift-nio')
    cd /Users/admin/builder/spi-builder-workspace/.dependencies/checkouts/swift-nio
    /Applications/Xcode-27.0.0-Release.Candidate.app/Contents/Developer/Toolchains/XcodeDefault.xctoolchain/usr/bin/clang -Xlinker -reproducible -target arm64-apple-macos12.0 -r -isysroot /Applications/Xcode-27.0.0-Release.Candidate.app/Contents/Developer/Platforms/MacOSX.platform/Developer/SDKs/MacOSX27.0.sdk -O0 -w -Xlinker -no_warn_duplicate_libraries -F/Users/admin/builder/spi-builder-workspace/.derivedData/Build/Intermediates.noindex/EagerLinkingTBDs/Debug -F/Users/admin/builder/spi-builder-workspace/.derivedData/Build/Products/Debug/PackageFrameworks -F/Users/admin/builder/spi-builder-workspace/.derivedData/Build/Products/Debug -iframework /Applications/Xcode-27.0.0-Release.Candidate.app/Contents/Developer/Platforms/MacOSX.platform/Developer/Library/Frameworks -filelist /Users/admin/builder/spi-builder-workspace/.derivedData/Build/Intermediates.noindex/swift-nio.build/Debug/NIOConcurrencyHelpers-t.build/Objects-normal/arm64/NIOConcurrencyHelpers.LinkFileList -nostdlib -Xlinker -object_path_lto -Xlinker /Users/admin/builder/spi-builder-workspace/.derivedData/Build/Intermediates.noindex/swift-nio.build/Debug/NIOConcurrencyHelpers-t.build/Objects-normal/arm64/NIOConcurrencyHelpers_lto.o -Xlinker -no_deduplicate -Xlinker -dependency_info -Xlinker /Users/admin/builder/spi-builder-workspace/.derivedData/Build/Intermediates.noindex/swift-nio.build/Debug/NIOConcurrencyHelpers-t.build/Objects-normal/arm64/NIOConcurrencyHelpers_dependency_info.dat -fobjc-link-runtime -L/Applications/Xcode-27.0.0-Release.Candidate.app/Contents/Developer/Toolchains/XcodeDefault.xctoolchain/usr/lib/swift/macosx -L/usr/lib/swift -Xlinker -add_ast_path -Xlinker /Users/admin/builder/spi-builder-workspace/.derivedData/Build/Intermediates.noindex/swift-nio.build/Debug/NIOConcurrencyHelpers-t.build/Objects-normal/arm64/NIOConcurrencyHelpers.swiftmodule -o /Users/admin/builder/spi-builder-workspace/.derivedData/Build/Products/Debug/NIOConcurrencyHelpers.o
SwiftDriverJobDiscovery normal arm64 Compiling AsyncCommands.swift, GenerateAsyncAutocompleteCommand.swift, AnyCommand.swift (in target 'ConsoleKitCommands' from project 'console-kit')
ExtractAppIntentsMetadata (in target 'NIOConcurrencyHelpers' from project 'swift-nio')
    cd /Users/admin/builder/spi-builder-workspace/.dependencies/checkouts/swift-nio
    /Applications/Xcode-27.0.0-Release.Candidate.app/Contents/Developer/Toolchains/XcodeDefault.xctoolchain/usr/bin/appintentsmetadataprocessor --toolchain-dir /var/run/com.apple.security.cryptexd/mnt/com.apple.MobileAsset.MetalToolchain-v27.1.266.1.5xLpQS/Metal.xctoolchain --module-name NIOConcurrencyHelpers --sdk-root /Applications/Xcode-27.0.0-Release.Candidate.app/Contents/Developer/Platforms/MacOSX.platform/Developer/SDKs/MacOSX27.0.sdk --xcode-version 27A266a --platform-family macOS --deployment-target 12.0 --bundle-identifier swift-nio.NIOConcurrencyHelpers --output /Users/admin/builder/spi-builder-workspace/.derivedData/Build/Products/Debug/NIOConcurrencyHelpers.appintents --target-triple arm64-apple-macos12.0 --binary-file /Users/admin/builder/spi-builder-workspace/.derivedData/Build/Products/Debug/NIOConcurrencyHelpers.o --dependency-file /Users/admin/builder/spi-builder-workspace/.derivedData/Build/Intermediates.noindex/swift-nio.build/Debug/NIOConcurrencyHelpers-t.build/Objects-normal/arm64/NIOConcurrencyHelpers_dependency_info.dat --stringsdata-file /Users/admin/builder/spi-builder-workspace/.derivedData/Build/Intermediates.noindex/swift-nio.build/Debug/NIOConcurrencyHelpers-t.build/Objects-normal/arm64/ExtractedAppShortcutsMetadata.stringsdata --source-file-list /Users/admin/builder/spi-builder-workspace/.derivedData/Build/Intermediates.noindex/swift-nio.build/Debug/NIOConcurrencyHelpers-t.build/Objects-normal/arm64/NIOConcurrencyHelpers.SwiftFileList --metadata-file-list /Users/admin/builder/spi-builder-workspace/.derivedData/Build/Intermediates.noindex/swift-nio.build/Debug/NIOConcurrencyHelpers-t.build/NIOConcurrencyHelpers.DependencyMetadataFileList --static-metadata-file-list /Users/admin/builder/spi-builder-workspace/.derivedData/Build/Intermediates.noindex/swift-nio.build/Debug/NIOConcurrencyHelpers-t.build/NIOConcurrencyHelpers.DependencyStaticMetadataFileList --swift-const-vals-list /Users/admin/builder/spi-builder-workspace/.derivedData/Build/Intermediates.noindex/swift-nio.build/Debug/NIOConcurrencyHelpers-t.build/Objects-normal/arm64/NIOConcurrencyHelpers.SwiftConstValuesFileList --force --compile-time-extraction --deployment-aware-processing --no-app-shortcuts-localization
2026-09-18 22:06:09.063 appintentsmetadataprocessor[1149:6545] Starting appintentsmetadataprocessor export
2026-09-18 22:06:09.139 appintentsmetadataprocessor[1149:6545] Extracted no relevant App Intents symbols, skipping writing output
SwiftDriverJobDiscovery normal arm64 Compiling Command.swift, CommandContext.swift, CommandError.swift (in target 'ConsoleKitCommands' from project 'console-kit')
SwiftDriverJobDiscovery normal arm64 Compiling String+LevenshteinDistance.swift, Utilities.swift (in target 'ConsoleKitCommands' from project 'console-kit')
Ld /Users/admin/builder/spi-builder-workspace/.derivedData/Build/Products/Debug/ConsoleKitTerminal.o normal (in target 'ConsoleKitTerminal' from project 'console-kit')
    cd /Users/admin/builder/spi-builder-workspace/.dependencies/checkouts/console-kit
    /Applications/Xcode-27.0.0-Release.Candidate.app/Contents/Developer/Toolchains/XcodeDefault.xctoolchain/usr/bin/clang -Xlinker -reproducible -target arm64-apple-macos12.0 -r -isysroot /Applications/Xcode-27.0.0-Release.Candidate.app/Contents/Developer/Platforms/MacOSX.platform/Developer/SDKs/MacOSX27.0.sdk -O0 -w -Xlinker -no_warn_duplicate_libraries -F/Users/admin/builder/spi-builder-workspace/.derivedData/Build/Intermediates.noindex/EagerLinkingTBDs/Debug -F/Users/admin/builder/spi-builder-workspace/.derivedData/Build/Products/Debug/PackageFrameworks -F/Users/admin/builder/spi-builder-workspace/.derivedData/Build/Products/Debug -iframework /Applications/Xcode-27.0.0-Release.Candidate.app/Contents/Developer/Platforms/MacOSX.platform/Developer/Library/Frameworks -filelist /Users/admin/builder/spi-builder-workspace/.derivedData/Build/Intermediates.noindex/console-kit.build/Debug/ConsoleKitTerminal-t.build/Objects-normal/arm64/ConsoleKitTerminal.LinkFileList -nostdlib -Xlinker -object_path_lto -Xlinker /Users/admin/builder/spi-builder-workspace/.derivedData/Build/Intermediates.noindex/console-kit.build/Debug/ConsoleKitTerminal-t.build/Objects-normal/arm64/ConsoleKitTerminal_lto.o -Xlinker -no_deduplicate -Xlinker -dependency_info -Xlinker /Users/admin/builder/spi-builder-workspace/.derivedData/Build/Intermediates.noindex/console-kit.build/Debug/ConsoleKitTerminal-t.build/Objects-normal/arm64/ConsoleKitTerminal_dependency_info.dat -fobjc-link-runtime -L/Applications/Xcode-27.0.0-Release.Candidate.app/Contents/Developer/Toolchains/XcodeDefault.xctoolchain/usr/lib/swift/macosx -L/usr/lib/swift -Xlinker -add_ast_path -Xlinker /Users/admin/builder/spi-builder-workspace/.derivedData/Build/Intermediates.noindex/console-kit.build/Debug/ConsoleKitTerminal-t.build/Objects-normal/arm64/ConsoleKitTerminal.swiftmodule -o /Users/admin/builder/spi-builder-workspace/.derivedData/Build/Products/Debug/ConsoleKitTerminal.o
SwiftDriverJobDiscovery normal arm64 Compiling Flag.swift, Option.swift (in target 'ConsoleKitCommands' from project 'console-kit')
ExtractAppIntentsMetadata (in target 'ConsoleKitTerminal' from project 'console-kit')
    cd /Users/admin/builder/spi-builder-workspace/.dependencies/checkouts/console-kit
    /Applications/Xcode-27.0.0-Release.Candidate.app/Contents/Developer/Toolchains/XcodeDefault.xctoolchain/usr/bin/appintentsmetadataprocessor --toolchain-dir /var/run/com.apple.security.cryptexd/mnt/com.apple.MobileAsset.MetalToolchain-v27.1.266.1.5xLpQS/Metal.xctoolchain --module-name ConsoleKitTerminal --sdk-root /Applications/Xcode-27.0.0-Release.Candidate.app/Contents/Developer/Platforms/MacOSX.platform/Developer/SDKs/MacOSX27.0.sdk --xcode-version 27A266a --platform-family macOS --deployment-target 12.0 --bundle-identifier console-kit.ConsoleKitTerminal --output /Users/admin/builder/spi-builder-workspace/.derivedData/Build/Products/Debug/ConsoleKitTerminal.appintents --target-triple arm64-apple-macos12.0 --binary-file /Users/admin/builder/spi-builder-workspace/.derivedData/Build/Products/Debug/ConsoleKitTerminal.o --dependency-file /Users/admin/builder/spi-builder-workspace/.derivedData/Build/Intermediates.noindex/console-kit.build/Debug/ConsoleKitTerminal-t.build/Objects-normal/arm64/ConsoleKitTerminal_dependency_info.dat --stringsdata-file /Users/admin/builder/spi-builder-workspace/.derivedData/Build/Intermediates.noindex/console-kit.build/Debug/ConsoleKitTerminal-t.build/Objects-normal/arm64/ExtractedAppShortcutsMetadata.stringsdata --source-file-list /Users/admin/builder/spi-builder-workspace/.derivedData/Build/Intermediates.noindex/console-kit.build/Debug/ConsoleKitTerminal-t.build/Objects-normal/arm64/ConsoleKitTerminal.SwiftFileList --metadata-file-list /Users/admin/builder/spi-builder-workspace/.derivedData/Build/Intermediates.noindex/console-kit.build/Debug/ConsoleKitTerminal-t.build/ConsoleKitTerminal.DependencyMetadataFileList --static-metadata-file-list /Users/admin/builder/spi-builder-workspace/.derivedData/Build/Intermediates.noindex/console-kit.build/Debug/ConsoleKitTerminal-t.build/ConsoleKitTerminal.DependencyStaticMetadataFileList --swift-const-vals-list /Users/admin/builder/spi-builder-workspace/.derivedData/Build/Intermediates.noindex/console-kit.build/Debug/ConsoleKitTerminal-t.build/Objects-normal/arm64/ConsoleKitTerminal.SwiftConstValuesFileList --force --compile-time-extraction --deployment-aware-processing --no-app-shortcuts-localization
2026-09-18 22:06:09.190 appintentsmetadataprocessor[1152:6585] Starting appintentsmetadataprocessor export
2026-09-18 22:06:09.257 appintentsmetadataprocessor[1152:6585] Extracted no relevant App Intents symbols, skipping writing output
SwiftDriverJobDiscovery normal arm64 Compiling GenerateAutocompleteCommand.swift, MergedAsyncCommandGroup.swift (in target 'ConsoleKitCommands' from project 'console-kit')
SwiftEmitModule normal arm64 Emitting\ module\ for\ ConsoleKit (in target 'ConsoleKit' from project 'console-kit')
SwiftCompile normal arm64 (in target 'ConsoleKit' from project 'console-kit')
    cd /Users/admin/builder/spi-builder-workspace/.swiftpm/xcode

SwiftCompile normal arm64 Compiling\ Exports.swift /Users/admin/builder/spi-builder-workspace/.dependencies/checkouts/console-kit/Sources/ConsoleKit/Exports.swift (in target 'ConsoleKit' from project 'console-kit')
SwiftCompile normal arm64 /Users/admin/builder/spi-builder-workspace/.dependencies/checkouts/console-kit/Sources/ConsoleKit/Exports.swift (in target 'ConsoleKit' from project 'console-kit')
    cd /Users/admin/builder/spi-builder-workspace/.swiftpm/xcode
    builtin-SwiftPerFileCompile Exports.swift
SwiftDriverJobDiscovery normal arm64 Emitting module for ConsoleKit (in target 'ConsoleKit' from project 'console-kit')
SwiftDriver\ Compilation\ Requirements ConsoleKit normal arm64 com.apple.xcode.tools.swift.compiler (in target 'ConsoleKit' from project 'console-kit')
    cd /Users/admin/builder/spi-builder-workspace/.swiftpm/xcode
    builtin-Swift-Compilation-Requirements -- /Applications/Xcode-27.0.0-Release.Candidate.app/Contents/Developer/Toolchains/XcodeDefault.xctoolchain/usr/bin/swiftc -parse-as-library -module-name ConsoleKit -Onone @/Users/admin/builder/spi-builder-workspace/.derivedData/Build/Intermediates.noindex/console-kit.build/Debug/ConsoleKit-t.build/Objects-normal/arm64/ConsoleKit.SwiftFileList -DSWIFT_PACKAGE -DDEBUG -DSWIFT_MODULE_RESOURCE_BUNDLE_UNAVAILABLE -Xcc -fmodule-map-file\=/Users/admin/builder/spi-builder-workspace/.derivedData/Build/Intermediates.noindex/GeneratedModuleMaps/CNIOAtomics.modulemap -DXcode -enable-upcoming-feature ExistentialAny -enable-upcoming-feature MemberImportVisibility -enable-upcoming-feature InferIsolatedConformances -enable-upcoming-feature ImmutableWeakCaptures -plugin-path /Applications/Xcode-27.0.0-Release.Candidate.app/Contents/Developer/Toolchains/XcodeDefault.xctoolchain/usr/lib/swift/host/plugins/testing -enable-experimental-feature DebugDescriptionMacro -sdk /Applications/Xcode-27.0.0-Release.Candidate.app/Contents/Developer/Platforms/MacOSX.platform/Developer/SDKs/MacOSX27.0.sdk -target arm64-apple-macos12.0 -g -module-cache-path /Users/admin/builder/spi-builder-workspace/.derivedData/ModuleCache.noindex -Xfrontend -serialize-debugging-options -enable-testing -suppress-warnings -index-store-path /Users/admin/builder/spi-builder-workspace/.derivedData/Index.noindex/DataStore -Xcc -D_LIBCPP_HARDENING_MODE\=_LIBCPP_HARDENING_MODE_DEBUG -swift-version 6 -I /Users/admin/builder/spi-builder-workspace/.derivedData/Build/Products/Debug -Isystem /Applications/Xcode-27.0.0-Release.Candidate.app/Contents/Developer/Platforms/MacOSX.platform/Developer/usr/lib -F /Users/admin/builder/spi-builder-workspace/.derivedData/Build/Products/Debug/PackageFrameworks -F /Users/admin/builder/spi-builder-workspace/.derivedData/Build/Products/Debug -F /Applications/Xcode-27.0.0-Release.Candidate.app/Contents/Developer/Platforms/MacOSX.platform/Developer/Library/Frameworks -c -j10 -enable-batch-mode -incremental -Xcc -ivfsstatcache -Xcc /Users/admin/builder/spi-builder-workspace/.derivedData/SDKStatCaches.noindex/macosx27.0-26A425-e829b21a6f8c9b70876ba0858053c0446a22442a12e9d48fe1a705f55a1adfc4.sdkstatcache -output-file-map /Users/admin/builder/spi-builder-workspace/.derivedData/Build/Intermediates.noindex/console-kit.build/Debug/ConsoleKit-t.build/Objects-normal/arm64/ConsoleKit-OutputFileMap.json -save-temps -no-color-diagnostics -explicit-module-build -module-cache-path /Users/admin/builder/spi-builder-workspace/.derivedData/Build/Intermediates.noindex/SwiftExplicitPrecompiledModules -clang-scanner-module-cache-path /Users/admin/builder/spi-builder-workspace/.derivedData/ModuleCache.noindex -sdk-module-cache-path /Users/admin/builder/spi-builder-workspace/.derivedData/SDKExplicitPrecompiledModules -emit-dependencies -emit-module -emit-module-path /Users/admin/builder/spi-builder-workspace/.derivedData/Build/Intermediates.noindex/console-kit.build/Debug/ConsoleKit-t.build/Objects-normal/arm64/ConsoleKit.swiftmodule -serialize-diagnostics -dependency-scan-serialize-diagnostics-path /Users/admin/builder/spi-builder-workspace/.derivedData/Build/Intermediates.noindex/console-kit.build/Debug/ConsoleKit-t.build/Objects-normal/arm64/ConsoleKit-dependency-scan.dia -user-module-version 4.16.1 -validate-clang-modules-once -clang-build-session-file /Users/admin/builder/spi-builder-workspace/.derivedData/ModuleCache.noindex/Session.modulevalidation -Xcc -fmodules-prune-interval\=86400 -Xcc -fmodules-prune-after\=345600 -package-name console_kit -emit-const-values -const-gather-protocols-list /Users/admin/builder/spi-builder-workspace/.derivedData/Build/Intermediates.noindex/console-kit.build/Debug/ConsoleKit-t.build/Objects-normal/arm64/ConsoleKit_const_extract_protocols.json -Xcc -I/Users/admin/builder/spi-builder-workspace/.dependencies/checkouts/swift-nio/Sources/CNIOAtomics/include -Xcc -I/Users/admin/builder/spi-builder-workspace/.derivedData/Build/Products/Debug/include -Xcc -I/Users/admin/builder/spi-builder-workspace/.derivedData/Build/Intermediates.noindex/console-kit.build/Debug/ConsoleKit-t.build/DerivedSources-normal/arm64 -Xcc -I/Users/admin/builder/spi-builder-workspace/.derivedData/Build/Intermediates.noindex/console-kit.build/Debug/ConsoleKit-t.build/DerivedSources/arm64 -Xcc -I/Users/admin/builder/spi-builder-workspace/.derivedData/Build/Intermediates.noindex/console-kit.build/Debug/ConsoleKit-t.build/DerivedSources -Xcc -DSWIFT_PACKAGE -Xcc -DDEBUG\=1 -emit-objc-header -emit-objc-header-path /Users/admin/builder/spi-builder-workspace/.derivedData/Build/Intermediates.noindex/console-kit.build/Debug/ConsoleKit-t.build/Objects-normal/arm64/ConsoleKit-Swift.h -working-directory /Users/admin/builder/spi-builder-workspace/.swiftpm/xcode -experimental-emit-module-separately -disable-cmo
SwiftMergeGeneratedHeaders /Users/admin/builder/spi-builder-workspace/.derivedData/Build/Intermediates.noindex/GeneratedModuleMaps/ConsoleKit-Swift.h /Users/admin/builder/spi-builder-workspace/.derivedData/Build/Intermediates.noindex/console-kit.build/Debug/ConsoleKit-t.build/Objects-normal/arm64/ConsoleKit-Swift.h (in target 'ConsoleKit' from project 'console-kit')
    cd /Users/admin/builder/spi-builder-workspace/.dependencies/checkouts/console-kit
    builtin-swiftHeaderTool -arch arm64 /Users/admin/builder/spi-builder-workspace/.derivedData/Build/Intermediates.noindex/console-kit.build/Debug/ConsoleKit-t.build/Objects-normal/arm64/ConsoleKit-Swift.h -o /Users/admin/builder/spi-builder-workspace/.derivedData/Build/Intermediates.noindex/GeneratedModuleMaps/ConsoleKit-Swift.h
Copy /Users/admin/builder/spi-builder-workspace/.derivedData/Build/Products/Debug/ConsoleKit.swiftmodule/arm64-apple-macos.swiftdoc /Users/admin/builder/spi-builder-workspace/.derivedData/Build/Intermediates.noindex/console-kit.build/Debug/ConsoleKit-t.build/Objects-normal/arm64/ConsoleKit.swiftdoc (in target 'ConsoleKit' from project 'console-kit')
    cd /Users/admin/builder/spi-builder-workspace/.dependencies/checkouts/console-kit
    builtin-copy -exclude .DS_Store -exclude CVS -exclude .svn -exclude .git -exclude .hg -resolve-src-symlinks -rename /Users/admin/builder/spi-builder-workspace/.derivedData/Build/Intermediates.noindex/console-kit.build/Debug/ConsoleKit-t.build/Objects-normal/arm64/ConsoleKit.swiftdoc /Users/admin/builder/spi-builder-workspace/.derivedData/Build/Products/Debug/ConsoleKit.swiftmodule/arm64-apple-macos.swiftdoc
Copy /Users/admin/builder/spi-builder-workspace/.derivedData/Build/Products/Debug/ConsoleKit.swiftmodule/arm64-apple-macos.swiftmodule /Users/admin/builder/spi-builder-workspace/.derivedData/Build/Intermediates.noindex/console-kit.build/Debug/ConsoleKit-t.build/Objects-normal/arm64/ConsoleKit.swiftmodule (in target 'ConsoleKit' from project 'console-kit')
    cd /Users/admin/builder/spi-builder-workspace/.dependencies/checkouts/console-kit
    builtin-copy -exclude .DS_Store -exclude CVS -exclude .svn -exclude .git -exclude .hg -resolve-src-symlinks -rename /Users/admin/builder/spi-builder-workspace/.derivedData/Build/Intermediates.noindex/console-kit.build/Debug/ConsoleKit-t.build/Objects-normal/arm64/ConsoleKit.swiftmodule /Users/admin/builder/spi-builder-workspace/.derivedData/Build/Products/Debug/ConsoleKit.swiftmodule/arm64-apple-macos.swiftmodule
Copy /Users/admin/builder/spi-builder-workspace/.derivedData/Build/Products/Debug/ConsoleKit.swiftmodule/Project/arm64-apple-macos.swiftsourceinfo /Users/admin/builder/spi-builder-workspace/.derivedData/Build/Intermediates.noindex/console-kit.build/Debug/ConsoleKit-t.build/Objects-normal/arm64/ConsoleKit.swiftsourceinfo (in target 'ConsoleKit' from project 'console-kit')
    cd /Users/admin/builder/spi-builder-workspace/.dependencies/checkouts/console-kit
    builtin-copy -exclude .DS_Store -exclude CVS -exclude .svn -exclude .git -exclude .hg -resolve-src-symlinks -rename /Users/admin/builder/spi-builder-workspace/.derivedData/Build/Intermediates.noindex/console-kit.build/Debug/ConsoleKit-t.build/Objects-normal/arm64/ConsoleKit.swiftsourceinfo /Users/admin/builder/spi-builder-workspace/.derivedData/Build/Products/Debug/ConsoleKit.swiftmodule/Project/arm64-apple-macos.swiftsourceinfo
Copy /Users/admin/builder/spi-builder-workspace/.derivedData/Build/Products/Debug/ConsoleKit.swiftmodule/arm64-apple-macos.abi.json /Users/admin/builder/spi-builder-workspace/.derivedData/Build/Intermediates.noindex/console-kit.build/Debug/ConsoleKit-t.build/Objects-normal/arm64/ConsoleKit.abi.json (in target 'ConsoleKit' from project 'console-kit')
    cd /Users/admin/builder/spi-builder-workspace/.dependencies/checkouts/console-kit
    builtin-copy -exclude .DS_Store -exclude CVS -exclude .svn -exclude .git -exclude .hg -resolve-src-symlinks -rename /Users/admin/builder/spi-builder-workspace/.derivedData/Build/Intermediates.noindex/console-kit.build/Debug/ConsoleKit-t.build/Objects-normal/arm64/ConsoleKit.abi.json /Users/admin/builder/spi-builder-workspace/.derivedData/Build/Products/Debug/ConsoleKit.swiftmodule/arm64-apple-macos.abi.json
SwiftDriverJobDiscovery normal arm64 Compiling Exports.swift (in target 'ConsoleKit' from project 'console-kit')
SwiftDriver\ Compilation ConsoleKit normal arm64 com.apple.xcode.tools.swift.compiler (in target 'ConsoleKit' from project 'console-kit')
    cd /Users/admin/builder/spi-builder-workspace/.swiftpm/xcode
    builtin-Swift-Compilation -- /Applications/Xcode-27.0.0-Release.Candidate.app/Contents/Developer/Toolchains/XcodeDefault.xctoolchain/usr/bin/swiftc -parse-as-library -module-name ConsoleKit -Onone @/Users/admin/builder/spi-builder-workspace/.derivedData/Build/Intermediates.noindex/console-kit.build/Debug/ConsoleKit-t.build/Objects-normal/arm64/ConsoleKit.SwiftFileList -DSWIFT_PACKAGE -DDEBUG -DSWIFT_MODULE_RESOURCE_BUNDLE_UNAVAILABLE -Xcc -fmodule-map-file\=/Users/admin/builder/spi-builder-workspace/.derivedData/Build/Intermediates.noindex/GeneratedModuleMaps/CNIOAtomics.modulemap -DXcode -enable-upcoming-feature ExistentialAny -enable-upcoming-feature MemberImportVisibility -enable-upcoming-feature InferIsolatedConformances -enable-upcoming-feature ImmutableWeakCaptures -plugin-path /Applications/Xcode-27.0.0-Release.Candidate.app/Contents/Developer/Toolchains/XcodeDefault.xctoolchain/usr/lib/swift/host/plugins/testing -enable-experimental-feature DebugDescriptionMacro -sdk /Applications/Xcode-27.0.0-Release.Candidate.app/Contents/Developer/Platforms/MacOSX.platform/Developer/SDKs/MacOSX27.0.sdk -target arm64-apple-macos12.0 -g -module-cache-path /Users/admin/builder/spi-builder-workspace/.derivedData/ModuleCache.noindex -Xfrontend -serialize-debugging-options -enable-testing -suppress-warnings -index-store-path /Users/admin/builder/spi-builder-workspace/.derivedData/Index.noindex/DataStore -Xcc -D_LIBCPP_HARDENING_MODE\=_LIBCPP_HARDENING_MODE_DEBUG -swift-version 6 -I /Users/admin/builder/spi-builder-workspace/.derivedData/Build/Products/Debug -Isystem /Applications/Xcode-27.0.0-Release.Candidate.app/Contents/Developer/Platforms/MacOSX.platform/Developer/usr/lib -F /Users/admin/builder/spi-builder-workspace/.derivedData/Build/Products/Debug/PackageFrameworks -F /Users/admin/builder/spi-builder-workspace/.derivedData/Build/Products/Debug -F /Applications/Xcode-27.0.0-Release.Candidate.app/Contents/Developer/Platforms/MacOSX.platform/Developer/Library/Frameworks -c -j10 -enable-batch-mode -incremental -Xcc -ivfsstatcache -Xcc /Users/admin/builder/spi-builder-workspace/.derivedData/SDKStatCaches.noindex/macosx27.0-26A425-e829b21a6f8c9b70876ba0858053c0446a22442a12e9d48fe1a705f55a1adfc4.sdkstatcache -output-file-map /Users/admin/builder/spi-builder-workspace/.derivedData/Build/Intermediates.noindex/console-kit.build/Debug/ConsoleKit-t.build/Objects-normal/arm64/ConsoleKit-OutputFileMap.json -save-temps -no-color-diagnostics -explicit-module-build -module-cache-path /Users/admin/builder/spi-builder-workspace/.derivedData/Build/Intermediates.noindex/SwiftExplicitPrecompiledModules -clang-scanner-module-cache-path /Users/admin/builder/spi-builder-workspace/.derivedData/ModuleCache.noindex -sdk-module-cache-path /Users/admin/builder/spi-builder-workspace/.derivedData/SDKExplicitPrecompiledModules -emit-dependencies -emit-module -emit-module-path /Users/admin/builder/spi-builder-workspace/.derivedData/Build/Intermediates.noindex/console-kit.build/Debug/ConsoleKit-t.build/Objects-normal/arm64/ConsoleKit.swiftmodule -serialize-diagnostics -dependency-scan-serialize-diagnostics-path /Users/admin/builder/spi-builder-workspace/.derivedData/Build/Intermediates.noindex/console-kit.build/Debug/ConsoleKit-t.build/Objects-normal/arm64/ConsoleKit-dependency-scan.dia -user-module-version 4.16.1 -validate-clang-modules-once -clang-build-session-file /Users/admin/builder/spi-builder-workspace/.derivedData/ModuleCache.noindex/Session.modulevalidation -Xcc -fmodules-prune-interval\=86400 -Xcc -fmodules-prune-after\=345600 -package-name console_kit -emit-const-values -const-gather-protocols-list /Users/admin/builder/spi-builder-workspace/.derivedData/Build/Intermediates.noindex/console-kit.build/Debug/ConsoleKit-t.build/Objects-normal/arm64/ConsoleKit_const_extract_protocols.json -Xcc -I/Users/admin/builder/spi-builder-workspace/.dependencies/checkouts/swift-nio/Sources/CNIOAtomics/include -Xcc -I/Users/admin/builder/spi-builder-workspace/.derivedData/Build/Products/Debug/include -Xcc -I/Users/admin/builder/spi-builder-workspace/.derivedData/Build/Intermediates.noindex/console-kit.build/Debug/ConsoleKit-t.build/DerivedSources-normal/arm64 -Xcc -I/Users/admin/builder/spi-builder-workspace/.derivedData/Build/Intermediates.noindex/console-kit.build/Debug/ConsoleKit-t.build/DerivedSources/arm64 -Xcc -I/Users/admin/builder/spi-builder-workspace/.derivedData/Build/Intermediates.noindex/console-kit.build/Debug/ConsoleKit-t.build/DerivedSources -Xcc -DSWIFT_PACKAGE -Xcc -DDEBUG\=1 -emit-objc-header -emit-objc-header-path /Users/admin/builder/spi-builder-workspace/.derivedData/Build/Intermediates.noindex/console-kit.build/Debug/ConsoleKit-t.build/Objects-normal/arm64/ConsoleKit-Swift.h -working-directory /Users/admin/builder/spi-builder-workspace/.swiftpm/xcode -experimental-emit-module-separately -disable-cmo
SwiftDriver swift-device-authority normal arm64 com.apple.xcode.tools.swift.compiler (in target 'swift-device-authority-product' from project 'DeviceAuthority')
    cd /Users/admin/builder/spi-builder-workspace/.swiftpm/xcode
    builtin-SwiftDriver -- /Applications/Xcode-27.0.0-Release.Candidate.app/Contents/Developer/Toolchains/XcodeDefault.xctoolchain/usr/bin/swiftc -parse-as-library -module-name CommandLine -Onone @/Users/admin/builder/spi-builder-workspace/.derivedData/Build/Intermediates.noindex/DeviceAuthority.build/Debug/swift-device-authority-p.build/Objects-normal/arm64/swift-device-authority.SwiftFileList -DSWIFT_PACKAGE -DDEBUG -Xcc -fmodule-map-file\=/Users/admin/builder/spi-builder-workspace/.derivedData/Build/Intermediates.noindex/GeneratedModuleMaps/CNIOAtomics.modulemap -DXcode -plugin-path /Applications/Xcode-27.0.0-Release.Candidate.app/Contents/Developer/Toolchains/XcodeDefault.xctoolchain/usr/lib/swift/host/plugins/testing -enable-experimental-feature DebugDescriptionMacro -sdk /Applications/Xcode-27.0.0-Release.Candidate.app/Contents/Developer/Platforms/MacOSX.platform/Developer/SDKs/MacOSX27.0.sdk -target arm64-apple-macos12.0 -g -module-cache-path /Users/admin/builder/spi-builder-workspace/.derivedData/ModuleCache.noindex -Xfrontend -serialize-debugging-options -enable-testing -index-store-path /Users/admin/builder/spi-builder-workspace/.derivedData/Index.noindex/DataStore -Xcc -D_LIBCPP_HARDENING_MODE\=_LIBCPP_HARDENING_MODE_DEBUG -swift-version 5 -I /Users/admin/builder/spi-builder-workspace/.derivedData/Build/Products/Debug -Isystem /Applications/Xcode-27.0.0-Release.Candidate.app/Contents/Developer/Platforms/MacOSX.platform/Developer/usr/lib -F /Users/admin/builder/spi-builder-workspace/.derivedData/Build/Products/Debug/PackageFrameworks -F /Users/admin/builder/spi-builder-workspace/.derivedData/Build/Products/Debug -F /Applications/Xcode-27.0.0-Release.Candidate.app/Contents/Developer/Platforms/MacOSX.platform/Developer/Library/Frameworks -c -j10 -enable-batch-mode -incremental -Xcc -ivfsstatcache -Xcc /Users/admin/builder/spi-builder-workspace/.derivedData/SDKStatCaches.noindex/macosx27.0-26A425-e829b21a6f8c9b70876ba0858053c0446a22442a12e9d48fe1a705f55a1adfc4.sdkstatcache -output-file-map /Users/admin/builder/spi-builder-workspace/.derivedData/Build/Intermediates.noindex/DeviceAuthority.build/Debug/swift-device-authority-p.build/Objects-normal/arm64/swift-device-authority-OutputFileMap.json -save-temps -no-color-diagnostics -explicit-module-build -module-cache-path /Users/admin/builder/spi-builder-workspace/.derivedData/Build/Intermediates.noindex/SwiftExplicitPrecompiledModules -clang-scanner-module-cache-path /Users/admin/builder/spi-builder-workspace/.derivedData/ModuleCache.noindex -sdk-module-cache-path /Users/admin/builder/spi-builder-workspace/.derivedData/SDKExplicitPrecompiledModules -emit-dependencies -emit-module -emit-module-path /Users/admin/builder/spi-builder-workspace/.derivedData/Build/Intermediates.noindex/DeviceAuthority.build/Debug/swift-device-authority-p.build/Objects-normal/arm64/CommandLine.swiftmodule -serialize-diagnostics -dependency-scan-serialize-diagnostics-path /Users/admin/builder/spi-builder-workspace/.derivedData/Build/Intermediates.noindex/DeviceAuthority.build/Debug/swift-device-authority-p.build/Objects-normal/arm64/CommandLine-dependency-scan.dia -validate-clang-modules-once -clang-build-session-file /Users/admin/builder/spi-builder-workspace/.derivedData/ModuleCache.noindex/Session.modulevalidation -Xcc -fmodules-prune-interval\=86400 -Xcc -fmodules-prune-after\=345600 -emit-const-values -const-gather-protocols-list /Users/admin/builder/spi-builder-workspace/.derivedData/Build/Intermediates.noindex/DeviceAuthority.build/Debug/swift-device-authority-p.build/Objects-normal/arm64/swift-device-authority_const_extract_protocols.json -Xcc -I/Users/admin/builder/spi-builder-workspace/.dependencies/checkouts/swift-nio/Sources/CNIOAtomics/include -Xcc -I/Users/admin/builder/spi-builder-workspace/.derivedData/Build/Products/Debug/include -Xcc -I/Users/admin/builder/spi-builder-workspace/.derivedData/Build/Intermediates.noindex/DeviceAuthority.build/Debug/swift-device-authority-p.build/DerivedSources-normal/arm64 -Xcc -I/Users/admin/builder/spi-builder-workspace/.derivedData/Build/Intermediates.noindex/DeviceAuthority.build/Debug/swift-device-authority-p.build/DerivedSources/arm64 -Xcc -I/Users/admin/builder/spi-builder-workspace/.derivedData/Build/Intermediates.noindex/DeviceAuthority.build/Debug/swift-device-authority-p.build/DerivedSources -Xcc -DSWIFT_PACKAGE -Xcc -DDEBUG\=1 -working-directory /Users/admin/builder/spi-builder-workspace/.swiftpm/xcode -experimental-emit-module-separately -disable-cmo
SwiftDriver CommandLine--264283BC582EAAE-testable normal arm64 com.apple.xcode.tools.swift.compiler (in target 'CommandLine' from project 'DeviceAuthority')
    cd /Users/admin/builder/spi-builder-workspace/.swiftpm/xcode
    builtin-SwiftDriver -- /Applications/Xcode-27.0.0-Release.Candidate.app/Contents/Developer/Toolchains/XcodeDefault.xctoolchain/usr/bin/swiftc -parse-as-library -module-name CommandLine -Onone @/Users/admin/builder/spi-builder-workspace/.derivedData/Build/Intermediates.noindex/DeviceAuthority.build/Debug/CommandLine--264283BC582EAAE-testable-t.build/Objects-normal/arm64/CommandLine--264283BC582EAAE-testable.SwiftFileList -DSWIFT_PACKAGE -DDEBUG -Xcc -fmodule-map-file\=/Users/admin/builder/spi-builder-workspace/.derivedData/Build/Intermediates.noindex/GeneratedModuleMaps/CNIOAtomics.modulemap -DXcode -Xfrontend -entry-point-function-name -Xfrontend CommandLine_main -plugin-path /Applications/Xcode-27.0.0-Release.Candidate.app/Contents/Developer/Toolchains/XcodeDefault.xctoolchain/usr/lib/swift/host/plugins/testing -enable-experimental-feature DebugDescriptionMacro -sdk /Applications/Xcode-27.0.0-Release.Candidate.app/Contents/Developer/Platforms/MacOSX.platform/Developer/SDKs/MacOSX27.0.sdk -target arm64-apple-macos12.0 -g -module-cache-path /Users/admin/builder/spi-builder-workspace/.derivedData/ModuleCache.noindex -Xfrontend -serialize-debugging-options -enable-testing -index-store-path /Users/admin/builder/spi-builder-workspace/.derivedData/Index.noindex/DataStore -Xcc -D_LIBCPP_HARDENING_MODE\=_LIBCPP_HARDENING_MODE_DEBUG -swift-version 5 -I /Users/admin/builder/spi-builder-workspace/.derivedData/Build/Products/Debug -Isystem /Applications/Xcode-27.0.0-Release.Candidate.app/Contents/Developer/Platforms/MacOSX.platform/Developer/usr/lib -F /Users/admin/builder/spi-builder-workspace/.derivedData/Build/Products/Debug/PackageFrameworks -F /Users/admin/builder/spi-builder-workspace/.derivedData/Build/Products/Debug -F /Applications/Xcode-27.0.0-Release.Candidate.app/Contents/Developer/Platforms/MacOSX.platform/Developer/Library/Frameworks -c -j10 -enable-batch-mode -incremental -Xcc -ivfsstatcache -Xcc /Users/admin/builder/spi-builder-workspace/.derivedData/SDKStatCaches.noindex/macosx27.0-26A425-e829b21a6f8c9b70876ba0858053c0446a22442a12e9d48fe1a705f55a1adfc4.sdkstatcache -output-file-map /Users/admin/builder/spi-builder-workspace/.derivedData/Build/Intermediates.noindex/DeviceAuthority.build/Debug/CommandLine--264283BC582EAAE-testable-t.build/Objects-normal/arm64/CommandLine--264283BC582EAAE-testable-OutputFileMap.json -save-temps -no-color-diagnostics -explicit-module-build -module-cache-path /Users/admin/builder/spi-builder-workspace/.derivedData/Build/Intermediates.noindex/SwiftExplicitPrecompiledModules -clang-scanner-module-cache-path /Users/admin/builder/spi-builder-workspace/.derivedData/ModuleCache.noindex -sdk-module-cache-path /Users/admin/builder/spi-builder-workspace/.derivedData/SDKExplicitPrecompiledModules -emit-dependencies -emit-module -emit-module-path /Users/admin/builder/spi-builder-workspace/.derivedData/Build/Intermediates.noindex/DeviceAuthority.build/Debug/CommandLine--264283BC582EAAE-testable-t.build/Objects-normal/arm64/CommandLine.swiftmodule -serialize-diagnostics -dependency-scan-serialize-diagnostics-path /Users/admin/builder/spi-builder-workspace/.derivedData/Build/Intermediates.noindex/DeviceAuthority.build/Debug/CommandLine--264283BC582EAAE-testable-t.build/Objects-normal/arm64/CommandLine-dependency-scan.dia -validate-clang-modules-once -clang-build-session-file /Users/admin/builder/spi-builder-workspace/.derivedData/ModuleCache.noindex/Session.modulevalidation -Xcc -fmodules-prune-interval\=86400 -Xcc -fmodules-prune-after\=345600 -emit-const-values -const-gather-protocols-list /Users/admin/builder/spi-builder-workspace/.derivedData/Build/Intermediates.noindex/DeviceAuthority.build/Debug/CommandLine--264283BC582EAAE-testable-t.build/Objects-normal/arm64/CommandLine--264283BC582EAAE-testable_const_extract_protocols.json -Xcc -I/Users/admin/builder/spi-builder-workspace/.dependencies/checkouts/swift-nio/Sources/CNIOAtomics/include -Xcc -I/Users/admin/builder/spi-builder-workspace/.derivedData/Build/Products/Debug/include -Xcc -I/Users/admin/builder/spi-builder-workspace/.derivedData/Build/Intermediates.noindex/DeviceAuthority.build/Debug/CommandLine--264283BC582EAAE-testable-t.build/DerivedSources-normal/arm64 -Xcc -I/Users/admin/builder/spi-builder-workspace/.derivedData/Build/Intermediates.noindex/DeviceAuthority.build/Debug/CommandLine--264283BC582EAAE-testable-t.build/DerivedSources/arm64 -Xcc -I/Users/admin/builder/spi-builder-workspace/.derivedData/Build/Intermediates.noindex/DeviceAuthority.build/Debug/CommandLine--264283BC582EAAE-testable-t.build/DerivedSources -Xcc -DSWIFT_PACKAGE -Xcc -DDEBUG\=1 -emit-objc-header -emit-objc-header-path /Users/admin/builder/spi-builder-workspace/.derivedData/Build/Intermediates.noindex/DeviceAuthority.build/Debug/CommandLine--264283BC582EAAE-testable-t.build/Objects-normal/arm64/CommandLine-Swift.h -working-directory /Users/admin/builder/spi-builder-workspace/.swiftpm/xcode -experimental-emit-module-separately -disable-cmo
SwiftDriverJobDiscovery normal arm64 Compiling ConsoleError.swift, Completion.swift (in target 'ConsoleKitCommands' from project 'console-kit')
SwiftDriver\ Compilation ConsoleKitCommands normal arm64 com.apple.xcode.tools.swift.compiler (in target 'ConsoleKitCommands' from project 'console-kit')
    cd /Users/admin/builder/spi-builder-workspace/.swiftpm/xcode
    builtin-Swift-Compilation -- /Applications/Xcode-27.0.0-Release.Candidate.app/Contents/Developer/Toolchains/XcodeDefault.xctoolchain/usr/bin/swiftc -parse-as-library -module-name ConsoleKitCommands -Onone @/Users/admin/builder/spi-builder-workspace/.derivedData/Build/Intermediates.noindex/console-kit.build/Debug/ConsoleKitCommands-t.build/Objects-normal/arm64/ConsoleKitCommands.SwiftFileList -DSWIFT_PACKAGE -DDEBUG -DSWIFT_MODULE_RESOURCE_BUNDLE_UNAVAILABLE -Xcc -fmodule-map-file\=/Users/admin/builder/spi-builder-workspace/.derivedData/Build/Intermediates.noindex/GeneratedModuleMaps/CNIOAtomics.modulemap -DXcode -enable-upcoming-feature ExistentialAny -enable-upcoming-feature MemberImportVisibility -enable-upcoming-feature InferIsolatedConformances -enable-upcoming-feature ImmutableWeakCaptures -plugin-path /Applications/Xcode-27.0.0-Release.Candidate.app/Contents/Developer/Toolchains/XcodeDefault.xctoolchain/usr/lib/swift/host/plugins/testing -enable-experimental-feature DebugDescriptionMacro -sdk /Applications/Xcode-27.0.0-Release.Candidate.app/Contents/Developer/Platforms/MacOSX.platform/Developer/SDKs/MacOSX27.0.sdk -target arm64-apple-macos12.0 -g -module-cache-path /Users/admin/builder/spi-builder-workspace/.derivedData/ModuleCache.noindex -Xfrontend -serialize-debugging-options -enable-testing -suppress-warnings -index-store-path /Users/admin/builder/spi-builder-workspace/.derivedData/Index.noindex/DataStore -Xcc -D_LIBCPP_HARDENING_MODE\=_LIBCPP_HARDENING_MODE_DEBUG -swift-version 6 -I /Users/admin/builder/spi-builder-workspace/.derivedData/Build/Products/Debug -Isystem /Applications/Xcode-27.0.0-Release.Candidate.app/Contents/Developer/Platforms/MacOSX.platform/Developer/usr/lib -F /Users/admin/builder/spi-builder-workspace/.derivedData/Build/Products/Debug/PackageFrameworks -F /Users/admin/builder/spi-builder-workspace/.derivedData/Build/Products/Debug -F /Applications/Xcode-27.0.0-Release.Candidate.app/Contents/Developer/Platforms/MacOSX.platform/Developer/Library/Frameworks -c -j10 -enable-batch-mode -incremental -Xcc -ivfsstatcache -Xcc /Users/admin/builder/spi-builder-workspace/.derivedData/SDKStatCaches.noindex/macosx27.0-26A425-e829b21a6f8c9b70876ba0858053c0446a22442a12e9d48fe1a705f55a1adfc4.sdkstatcache -output-file-map /Users/admin/builder/spi-builder-workspace/.derivedData/Build/Intermediates.noindex/console-kit.build/Debug/ConsoleKitCommands-t.build/Objects-normal/arm64/ConsoleKitCommands-OutputFileMap.json -save-temps -no-color-diagnostics -explicit-module-build -module-cache-path /Users/admin/builder/spi-builder-workspace/.derivedData/Build/Intermediates.noindex/SwiftExplicitPrecompiledModules -clang-scanner-module-cache-path /Users/admin/builder/spi-builder-workspace/.derivedData/ModuleCache.noindex -sdk-module-cache-path /Users/admin/builder/spi-builder-workspace/.derivedData/SDKExplicitPrecompiledModules -emit-dependencies -emit-module -emit-module-path /Users/admin/builder/spi-builder-workspace/.derivedData/Build/Intermediates.noindex/console-kit.build/Debug/ConsoleKitCommands-t.build/Objects-normal/arm64/ConsoleKitCommands.swiftmodule -serialize-diagnostics -dependency-scan-serialize-diagnostics-path /Users/admin/builder/spi-builder-workspace/.derivedData/Build/Intermediates.noindex/console-kit.build/Debug/ConsoleKitCommands-t.build/Objects-normal/arm64/ConsoleKitCommands-dependency-scan.dia -user-module-version 4.16.1 -validate-clang-modules-once -clang-build-session-file /Users/admin/builder/spi-builder-workspace/.derivedData/ModuleCache.noindex/Session.modulevalidation -Xcc -fmodules-prune-interval\=86400 -Xcc -fmodules-prune-after\=345600 -package-name console_kit -emit-const-values -const-gather-protocols-list /Users/admin/builder/spi-builder-workspace/.derivedData/Build/Intermediates.noindex/console-kit.build/Debug/ConsoleKitCommands-t.build/Objects-normal/arm64/ConsoleKitCommands_const_extract_protocols.json -Xcc -I/Users/admin/builder/spi-builder-workspace/.dependencies/checkouts/swift-nio/Sources/CNIOAtomics/include -Xcc -I/Users/admin/builder/spi-builder-workspace/.derivedData/Build/Products/Debug/include -Xcc -I/Users/admin/builder/spi-builder-workspace/.derivedData/Build/Intermediates.noindex/console-kit.build/Debug/ConsoleKitCommands-t.build/DerivedSources-normal/arm64 -Xcc -I/Users/admin/builder/spi-builder-workspace/.derivedData/Build/Intermediates.noindex/console-kit.build/Debug/ConsoleKitCommands-t.build/DerivedSources/arm64 -Xcc -I/Users/admin/builder/spi-builder-workspace/.derivedData/Build/Intermediates.noindex/console-kit.build/Debug/ConsoleKitCommands-t.build/DerivedSources -Xcc -DSWIFT_PACKAGE -Xcc -DDEBUG\=1 -emit-objc-header -emit-objc-header-path /Users/admin/builder/spi-builder-workspace/.derivedData/Build/Intermediates.noindex/console-kit.build/Debug/ConsoleKitCommands-t.build/Objects-normal/arm64/ConsoleKitCommands-Swift.h -working-directory /Users/admin/builder/spi-builder-workspace/.swiftpm/xcode -experimental-emit-module-separately -disable-cmo
Ld /Users/admin/builder/spi-builder-workspace/.derivedData/Build/Products/Debug/ConsoleKitCommands.o normal (in target 'ConsoleKitCommands' from project 'console-kit')
    cd /Users/admin/builder/spi-builder-workspace/.dependencies/checkouts/console-kit
    /Applications/Xcode-27.0.0-Release.Candidate.app/Contents/Developer/Toolchains/XcodeDefault.xctoolchain/usr/bin/clang -Xlinker -reproducible -target arm64-apple-macos12.0 -r -isysroot /Applications/Xcode-27.0.0-Release.Candidate.app/Contents/Developer/Platforms/MacOSX.platform/Developer/SDKs/MacOSX27.0.sdk -O0 -w -Xlinker -no_warn_duplicate_libraries -F/Users/admin/builder/spi-builder-workspace/.derivedData/Build/Intermediates.noindex/EagerLinkingTBDs/Debug -F/Users/admin/builder/spi-builder-workspace/.derivedData/Build/Products/Debug/PackageFrameworks -F/Users/admin/builder/spi-builder-workspace/.derivedData/Build/Products/Debug -iframework /Applications/Xcode-27.0.0-Release.Candidate.app/Contents/Developer/Platforms/MacOSX.platform/Developer/Library/Frameworks -filelist /Users/admin/builder/spi-builder-workspace/.derivedData/Build/Intermediates.noindex/console-kit.build/Debug/ConsoleKitCommands-t.build/Objects-normal/arm64/ConsoleKitCommands.LinkFileList -nostdlib -Xlinker -object_path_lto -Xlinker /Users/admin/builder/spi-builder-workspace/.derivedData/Build/Intermediates.noindex/console-kit.build/Debug/ConsoleKitCommands-t.build/Objects-normal/arm64/ConsoleKitCommands_lto.o -Xlinker -no_deduplicate -Xlinker -dependency_info -Xlinker /Users/admin/builder/spi-builder-workspace/.derivedData/Build/Intermediates.noindex/console-kit.build/Debug/ConsoleKitCommands-t.build/Objects-normal/arm64/ConsoleKitCommands_dependency_info.dat -fobjc-link-runtime -L/Applications/Xcode-27.0.0-Release.Candidate.app/Contents/Developer/Toolchains/XcodeDefault.xctoolchain/usr/lib/swift/macosx -L/usr/lib/swift -Xlinker -add_ast_path -Xlinker /Users/admin/builder/spi-builder-workspace/.derivedData/Build/Intermediates.noindex/console-kit.build/Debug/ConsoleKitCommands-t.build/Objects-normal/arm64/ConsoleKitCommands.swiftmodule -o /Users/admin/builder/spi-builder-workspace/.derivedData/Build/Products/Debug/ConsoleKitCommands.o
SwiftExplicitDependencyGeneratePcm arm64 /Users/admin/builder/spi-builder-workspace/.derivedData/Build/Intermediates.noindex/SwiftExplicitPrecompiledModules/XCUIAutomation-AEHNBFPZWHEC82B6NF57SIW2S.pcm
ExtractAppIntentsMetadata (in target 'ConsoleKitCommands' from project 'console-kit')
    cd /Users/admin/builder/spi-builder-workspace/.dependencies/checkouts/console-kit
    /Applications/Xcode-27.0.0-Release.Candidate.app/Contents/Developer/Toolchains/XcodeDefault.xctoolchain/usr/bin/appintentsmetadataprocessor --toolchain-dir /var/run/com.apple.security.cryptexd/mnt/com.apple.MobileAsset.MetalToolchain-v27.1.266.1.5xLpQS/Metal.xctoolchain --module-name ConsoleKitCommands --sdk-root /Applications/Xcode-27.0.0-Release.Candidate.app/Contents/Developer/Platforms/MacOSX.platform/Developer/SDKs/MacOSX27.0.sdk --xcode-version 27A266a --platform-family macOS --deployment-target 12.0 --bundle-identifier console-kit.ConsoleKitCommands --output /Users/admin/builder/spi-builder-workspace/.derivedData/Build/Products/Debug/ConsoleKitCommands.appintents --target-triple arm64-apple-macos12.0 --binary-file /Users/admin/builder/spi-builder-workspace/.derivedData/Build/Products/Debug/ConsoleKitCommands.o --dependency-file /Users/admin/builder/spi-builder-workspace/.derivedData/Build/Intermediates.noindex/console-kit.build/Debug/ConsoleKitCommands-t.build/Objects-normal/arm64/ConsoleKitCommands_dependency_info.dat --stringsdata-file /Users/admin/builder/spi-builder-workspace/.derivedData/Build/Intermediates.noindex/console-kit.build/Debug/ConsoleKitCommands-t.build/Objects-normal/arm64/ExtractedAppShortcutsMetadata.stringsdata --source-file-list /Users/admin/builder/spi-builder-workspace/.derivedData/Build/Intermediates.noindex/console-kit.build/Debug/ConsoleKitCommands-t.build/Objects-normal/arm64/ConsoleKitCommands.SwiftFileList --metadata-file-list /Users/admin/builder/spi-builder-workspace/.derivedData/Build/Intermediates.noindex/console-kit.build/Debug/ConsoleKitCommands-t.build/ConsoleKitCommands.DependencyMetadataFileList --static-metadata-file-list /Users/admin/builder/spi-builder-workspace/.derivedData/Build/Intermediates.noindex/console-kit.build/Debug/ConsoleKitCommands-t.build/ConsoleKitCommands.DependencyStaticMetadataFileList --swift-const-vals-list /Users/admin/builder/spi-builder-workspace/.derivedData/Build/Intermediates.noindex/console-kit.build/Debug/ConsoleKitCommands-t.build/Objects-normal/arm64/ConsoleKitCommands.SwiftConstValuesFileList --force --compile-time-extraction --deployment-aware-processing --no-app-shortcuts-localization
2026-09-18 22:06:09.541 appintentsmetadataprocessor[1158:6684] Starting appintentsmetadataprocessor export
2026-09-18 22:06:09.608 appintentsmetadataprocessor[1158:6684] Extracted no relevant App Intents symbols, skipping writing output
SwiftExplicitDependencyGeneratePcm arm64 /Users/admin/builder/spi-builder-workspace/.derivedData/Build/Intermediates.noindex/SwiftExplicitPrecompiledModules/XCTest-C9YAGYQVOUPXZ7FEDN89Z7HVX.pcm
SwiftExplicitDependencyCompileModuleFromInterface arm64 /Users/admin/builder/spi-builder-workspace/.derivedData/Build/Intermediates.noindex/SwiftExplicitPrecompiledModules/XCUIAutomation-20XSIP2TUJ15D.swiftmodule
Ld /Users/admin/builder/spi-builder-workspace/.derivedData/Build/Products/Debug/ConsoleKit.o normal (in target 'ConsoleKit' from project 'console-kit')
    cd /Users/admin/builder/spi-builder-workspace/.dependencies/checkouts/console-kit
    /Applications/Xcode-27.0.0-Release.Candidate.app/Contents/Developer/Toolchains/XcodeDefault.xctoolchain/usr/bin/clang -Xlinker -reproducible -target arm64-apple-macos12.0 -r -isysroot /Applications/Xcode-27.0.0-Release.Candidate.app/Contents/Developer/Platforms/MacOSX.platform/Developer/SDKs/MacOSX27.0.sdk -O0 -w -Xlinker -no_warn_duplicate_libraries -F/Users/admin/builder/spi-builder-workspace/.derivedData/Build/Intermediates.noindex/EagerLinkingTBDs/Debug -F/Users/admin/builder/spi-builder-workspace/.derivedData/Build/Products/Debug/PackageFrameworks -F/Users/admin/builder/spi-builder-workspace/.derivedData/Build/Products/Debug -iframework /Applications/Xcode-27.0.0-Release.Candidate.app/Contents/Developer/Platforms/MacOSX.platform/Developer/Library/Frameworks -filelist /Users/admin/builder/spi-builder-workspace/.derivedData/Build/Intermediates.noindex/console-kit.build/Debug/ConsoleKit-t.build/Objects-normal/arm64/ConsoleKit.LinkFileList -nostdlib -Xlinker -object_path_lto -Xlinker /Users/admin/builder/spi-builder-workspace/.derivedData/Build/Intermediates.noindex/console-kit.build/Debug/ConsoleKit-t.build/Objects-normal/arm64/ConsoleKit_lto.o -Xlinker -no_deduplicate -Xlinker -dependency_info -Xlinker /Users/admin/builder/spi-builder-workspace/.derivedData/Build/Intermediates.noindex/console-kit.build/Debug/ConsoleKit-t.build/Objects-normal/arm64/ConsoleKit_dependency_info.dat -fobjc-link-runtime -L/Applications/Xcode-27.0.0-Release.Candidate.app/Contents/Developer/Toolchains/XcodeDefault.xctoolchain/usr/lib/swift/macosx -L/usr/lib/swift -Xlinker -add_ast_path -Xlinker /Users/admin/builder/spi-builder-workspace/.derivedData/Build/Intermediates.noindex/console-kit.build/Debug/ConsoleKit-t.build/Objects-normal/arm64/ConsoleKit.swiftmodule -o /Users/admin/builder/spi-builder-workspace/.derivedData/Build/Products/Debug/ConsoleKit.o
ExtractAppIntentsMetadata (in target 'ConsoleKit' from project 'console-kit')
    cd /Users/admin/builder/spi-builder-workspace/.dependencies/checkouts/console-kit
    /Applications/Xcode-27.0.0-Release.Candidate.app/Contents/Developer/Toolchains/XcodeDefault.xctoolchain/usr/bin/appintentsmetadataprocessor --toolchain-dir /var/run/com.apple.security.cryptexd/mnt/com.apple.MobileAsset.MetalToolchain-v27.1.266.1.5xLpQS/Metal.xctoolchain --module-name ConsoleKit --sdk-root /Applications/Xcode-27.0.0-Release.Candidate.app/Contents/Developer/Platforms/MacOSX.platform/Developer/SDKs/MacOSX27.0.sdk --xcode-version 27A266a --platform-family macOS --deployment-target 12.0 --bundle-identifier console-kit.ConsoleKit --output /Users/admin/builder/spi-builder-workspace/.derivedData/Build/Products/Debug/ConsoleKit.appintents --target-triple arm64-apple-macos12.0 --binary-file /Users/admin/builder/spi-builder-workspace/.derivedData/Build/Products/Debug/ConsoleKit.o --dependency-file /Users/admin/builder/spi-builder-workspace/.derivedData/Build/Intermediates.noindex/console-kit.build/Debug/ConsoleKit-t.build/Objects-normal/arm64/ConsoleKit_dependency_info.dat --stringsdata-file /Users/admin/builder/spi-builder-workspace/.derivedData/Build/Intermediates.noindex/console-kit.build/Debug/ConsoleKit-t.build/Objects-normal/arm64/ExtractedAppShortcutsMetadata.stringsdata --source-file-list /Users/admin/builder/spi-builder-workspace/.derivedData/Build/Intermediates.noindex/console-kit.build/Debug/ConsoleKit-t.build/Objects-normal/arm64/ConsoleKit.SwiftFileList --metadata-file-list /Users/admin/builder/spi-builder-workspace/.derivedData/Build/Intermediates.noindex/console-kit.build/Debug/ConsoleKit-t.build/ConsoleKit.DependencyMetadataFileList --static-metadata-file-list /Users/admin/builder/spi-builder-workspace/.derivedData/Build/Intermediates.noindex/console-kit.build/Debug/ConsoleKit-t.build/ConsoleKit.DependencyStaticMetadataFileList --swift-const-vals-list /Users/admin/builder/spi-builder-workspace/.derivedData/Build/Intermediates.noindex/console-kit.build/Debug/ConsoleKit-t.build/Objects-normal/arm64/ConsoleKit.SwiftConstValuesFileList --force --compile-time-extraction --deployment-aware-processing --no-app-shortcuts-localization
2026-09-18 22:06:09.648 appintentsmetadataprocessor[1163:6726] Starting appintentsmetadataprocessor export
2026-09-18 22:06:09.717 appintentsmetadataprocessor[1163:6726] Extracted no relevant App Intents symbols, skipping writing output
SwiftExplicitDependencyGeneratePcm arm64 /Users/admin/builder/spi-builder-workspace/.derivedData/Build/Intermediates.noindex/SwiftExplicitPrecompiledModules/CNIOAtomics-518ID1N6ELRHU2I3WI4I8QFZA.pcm
SwiftExplicitDependencyCompileModuleFromInterface arm64 /Users/admin/builder/spi-builder-workspace/.derivedData/Build/Intermediates.noindex/SwiftExplicitPrecompiledModules/XCTest-IW28ATHHIMAZ.swiftmodule
SwiftEmitModule normal arm64 Emitting\ module\ for\ CommandLine (in target 'CommandLine' from project 'DeviceAuthority')
SwiftCompile normal arm64 (in target 'CommandLine' from project 'DeviceAuthority')
    cd /Users/admin/builder/spi-builder-workspace/.swiftpm/xcode

SwiftCompile normal arm64 Compiling\ MobileConfiguration.swift /Users/admin/builder/spi-builder-workspace/Sources/CommandLine/MobileConfiguration.swift (in target 'CommandLine' from project 'DeviceAuthority')
SwiftCompile normal arm64 /Users/admin/builder/spi-builder-workspace/Sources/CommandLine/MobileConfiguration.swift (in target 'CommandLine' from project 'DeviceAuthority')
    cd /Users/admin/builder/spi-builder-workspace/.swiftpm/xcode
    builtin-SwiftPerFileCompile MobileConfiguration.swift
SwiftCompile normal arm64 Compiling\ CreateLeafCommand.swift /Users/admin/builder/spi-builder-workspace/Sources/CommandLine/CreateLeafCommand.swift (in target 'CommandLine' from project 'DeviceAuthority')
SwiftCompile normal arm64 /Users/admin/builder/spi-builder-workspace/Sources/CommandLine/CreateLeafCommand.swift (in target 'CommandLine' from project 'DeviceAuthority')
    cd /Users/admin/builder/spi-builder-workspace/.swiftpm/xcode
    builtin-SwiftPerFileCompile CreateLeafCommand.swift
SwiftEmitModule normal arm64 Emitting\ module\ for\ CommandLine (in target 'swift-device-authority-product' from project 'DeviceAuthority')
SwiftCompile normal arm64 (in target 'swift-device-authority-product' from project 'DeviceAuthority')
    cd /Users/admin/builder/spi-builder-workspace/.swiftpm/xcode

SwiftCompile normal arm64 Compiling\ CreateAuthorityCommand.swift /Users/admin/builder/spi-builder-workspace/Sources/CommandLine/CreateAuthorityCommand.swift (in target 'swift-device-authority-product' from project 'DeviceAuthority')
SwiftCompile normal arm64 /Users/admin/builder/spi-builder-workspace/Sources/CommandLine/CreateAuthorityCommand.swift (in target 'swift-device-authority-product' from project 'DeviceAuthority')
    cd /Users/admin/builder/spi-builder-workspace/.swiftpm/xcode
    builtin-SwiftPerFileCompile CreateAuthorityCommand.swift
SwiftCompile normal arm64 Compiling\ CreateLeafCommand.swift /Users/admin/builder/spi-builder-workspace/Sources/CommandLine/CreateLeafCommand.swift (in target 'swift-device-authority-product' from project 'DeviceAuthority')
SwiftCompile normal arm64 /Users/admin/builder/spi-builder-workspace/Sources/CommandLine/CreateLeafCommand.swift (in target 'swift-device-authority-product' from project 'DeviceAuthority')
    cd /Users/admin/builder/spi-builder-workspace/.swiftpm/xcode
    builtin-SwiftPerFileCompile CreateLeafCommand.swift
SwiftCompile normal arm64 Compiling\ MobileConfiguration.swift /Users/admin/builder/spi-builder-workspace/Sources/CommandLine/MobileConfiguration.swift (in target 'swift-device-authority-product' from project 'DeviceAuthority')
SwiftCompile normal arm64 /Users/admin/builder/spi-builder-workspace/Sources/CommandLine/MobileConfiguration.swift (in target 'swift-device-authority-product' from project 'DeviceAuthority')
    cd /Users/admin/builder/spi-builder-workspace/.swiftpm/xcode
    builtin-SwiftPerFileCompile MobileConfiguration.swift
SwiftCompile normal arm64 Compiling\ Command.swift /Users/admin/builder/spi-builder-workspace/Sources/CommandLine/Command.swift (in target 'swift-device-authority-product' from project 'DeviceAuthority')
SwiftCompile normal arm64 /Users/admin/builder/spi-builder-workspace/Sources/CommandLine/Command.swift (in target 'swift-device-authority-product' from project 'DeviceAuthority')
    cd /Users/admin/builder/spi-builder-workspace/.swiftpm/xcode
    builtin-SwiftPerFileCompile Command.swift
SwiftCompile normal arm64 Compiling\ CreateAuthorityCommand.swift /Users/admin/builder/spi-builder-workspace/Sources/CommandLine/CreateAuthorityCommand.swift (in target 'CommandLine' from project 'DeviceAuthority')
SwiftCompile normal arm64 /Users/admin/builder/spi-builder-workspace/Sources/CommandLine/CreateAuthorityCommand.swift (in target 'CommandLine' from project 'DeviceAuthority')
    cd /Users/admin/builder/spi-builder-workspace/.swiftpm/xcode
    builtin-SwiftPerFileCompile CreateAuthorityCommand.swift
SwiftCompile normal arm64 Compiling\ Command.swift /Users/admin/builder/spi-builder-workspace/Sources/CommandLine/Command.swift (in target 'CommandLine' from project 'DeviceAuthority')
SwiftCompile normal arm64 /Users/admin/builder/spi-builder-workspace/Sources/CommandLine/Command.swift (in target 'CommandLine' from project 'DeviceAuthority')
    cd /Users/admin/builder/spi-builder-workspace/.swiftpm/xcode
    builtin-SwiftPerFileCompile Command.swift
SwiftDriverJobDiscovery normal arm64 Compiling Command.swift (in target 'swift-device-authority-product' from project 'DeviceAuthority')
SwiftDriverJobDiscovery normal arm64 Emitting module for CommandLine (in target 'CommandLine' from project 'DeviceAuthority')
SwiftDriverJobDiscovery normal arm64 Emitting module for CommandLine (in target 'swift-device-authority-product' from project 'DeviceAuthority')
SwiftDriver\ Compilation\ Requirements swift-device-authority normal arm64 com.apple.xcode.tools.swift.compiler (in target 'swift-device-authority-product' from project 'DeviceAuthority')
    cd /Users/admin/builder/spi-builder-workspace/.swiftpm/xcode
    builtin-Swift-Compilation-Requirements -- /Applications/Xcode-27.0.0-Release.Candidate.app/Contents/Developer/Toolchains/XcodeDefault.xctoolchain/usr/bin/swiftc -parse-as-library -module-name CommandLine -Onone @/Users/admin/builder/spi-builder-workspace/.derivedData/Build/Intermediates.noindex/DeviceAuthority.build/Debug/swift-device-authority-p.build/Objects-normal/arm64/swift-device-authority.SwiftFileList -DSWIFT_PACKAGE -DDEBUG -Xcc -fmodule-map-file\=/Users/admin/builder/spi-builder-workspace/.derivedData/Build/Intermediates.noindex/GeneratedModuleMaps/CNIOAtomics.modulemap -DXcode -plugin-path /Applications/Xcode-27.0.0-Release.Candidate.app/Contents/Developer/Toolchains/XcodeDefault.xctoolchain/usr/lib/swift/host/plugins/testing -enable-experimental-feature DebugDescriptionMacro -sdk /Applications/Xcode-27.0.0-Release.Candidate.app/Contents/Developer/Platforms/MacOSX.platform/Developer/SDKs/MacOSX27.0.sdk -target arm64-apple-macos12.0 -g -module-cache-path /Users/admin/builder/spi-builder-workspace/.derivedData/ModuleCache.noindex -Xfrontend -serialize-debugging-options -enable-testing -index-store-path /Users/admin/builder/spi-builder-workspace/.derivedData/Index.noindex/DataStore -Xcc -D_LIBCPP_HARDENING_MODE\=_LIBCPP_HARDENING_MODE_DEBUG -swift-version 5 -I /Users/admin/builder/spi-builder-workspace/.derivedData/Build/Products/Debug -Isystem /Applications/Xcode-27.0.0-Release.Candidate.app/Contents/Developer/Platforms/MacOSX.platform/Developer/usr/lib -F /Users/admin/builder/spi-builder-workspace/.derivedData/Build/Products/Debug/PackageFrameworks -F /Users/admin/builder/spi-builder-workspace/.derivedData/Build/Products/Debug -F /Applications/Xcode-27.0.0-Release.Candidate.app/Contents/Developer/Platforms/MacOSX.platform/Developer/Library/Frameworks -c -j10 -enable-batch-mode -incremental -Xcc -ivfsstatcache -Xcc /Users/admin/builder/spi-builder-workspace/.derivedData/SDKStatCaches.noindex/macosx27.0-26A425-e829b21a6f8c9b70876ba0858053c0446a22442a12e9d48fe1a705f55a1adfc4.sdkstatcache -output-file-map /Users/admin/builder/spi-builder-workspace/.derivedData/Build/Intermediates.noindex/DeviceAuthority.build/Debug/swift-device-authority-p.build/Objects-normal/arm64/swift-device-authority-OutputFileMap.json -save-temps -no-color-diagnostics -explicit-module-build -module-cache-path /Users/admin/builder/spi-builder-workspace/.derivedData/Build/Intermediates.noindex/SwiftExplicitPrecompiledModules -clang-scanner-module-cache-path /Users/admin/builder/spi-builder-workspace/.derivedData/ModuleCache.noindex -sdk-module-cache-path /Users/admin/builder/spi-builder-workspace/.derivedData/SDKExplicitPrecompiledModules -emit-dependencies -emit-module -emit-module-path /Users/admin/builder/spi-builder-workspace/.derivedData/Build/Intermediates.noindex/DeviceAuthority.build/Debug/swift-device-authority-p.build/Objects-normal/arm64/CommandLine.swiftmodule -serialize-diagnostics -dependency-scan-serialize-diagnostics-path /Users/admin/builder/spi-builder-workspace/.derivedData/Build/Intermediates.noindex/DeviceAuthority.build/Debug/swift-device-authority-p.build/Objects-normal/arm64/CommandLine-dependency-scan.dia -validate-clang-modules-once -clang-build-session-file /Users/admin/builder/spi-builder-workspace/.derivedData/ModuleCache.noindex/Session.modulevalidation -Xcc -fmodules-prune-interval\=86400 -Xcc -fmodules-prune-after\=345600 -emit-const-values -const-gather-protocols-list /Users/admin/builder/spi-builder-workspace/.derivedData/Build/Intermediates.noindex/DeviceAuthority.build/Debug/swift-device-authority-p.build/Objects-normal/arm64/swift-device-authority_const_extract_protocols.json -Xcc -I/Users/admin/builder/spi-builder-workspace/.dependencies/checkouts/swift-nio/Sources/CNIOAtomics/include -Xcc -I/Users/admin/builder/spi-builder-workspace/.derivedData/Build/Products/Debug/include -Xcc -I/Users/admin/builder/spi-builder-workspace/.derivedData/Build/Intermediates.noindex/DeviceAuthority.build/Debug/swift-device-authority-p.build/DerivedSources-normal/arm64 -Xcc -I/Users/admin/builder/spi-builder-workspace/.derivedData/Build/Intermediates.noindex/DeviceAuthority.build/Debug/swift-device-authority-p.build/DerivedSources/arm64 -Xcc -I/Users/admin/builder/spi-builder-workspace/.derivedData/Build/Intermediates.noindex/DeviceAuthority.build/Debug/swift-device-authority-p.build/DerivedSources -Xcc -DSWIFT_PACKAGE -Xcc -DDEBUG\=1 -working-directory /Users/admin/builder/spi-builder-workspace/.swiftpm/xcode -experimental-emit-module-separately -disable-cmo
SwiftDriver\ Compilation\ Requirements CommandLine--264283BC582EAAE-testable normal arm64 com.apple.xcode.tools.swift.compiler (in target 'CommandLine' from project 'DeviceAuthority')
    cd /Users/admin/builder/spi-builder-workspace/.swiftpm/xcode
    builtin-Swift-Compilation-Requirements -- /Applications/Xcode-27.0.0-Release.Candidate.app/Contents/Developer/Toolchains/XcodeDefault.xctoolchain/usr/bin/swiftc -parse-as-library -module-name CommandLine -Onone @/Users/admin/builder/spi-builder-workspace/.derivedData/Build/Intermediates.noindex/DeviceAuthority.build/Debug/CommandLine--264283BC582EAAE-testable-t.build/Objects-normal/arm64/CommandLine--264283BC582EAAE-testable.SwiftFileList -DSWIFT_PACKAGE -DDEBUG -Xcc -fmodule-map-file\=/Users/admin/builder/spi-builder-workspace/.derivedData/Build/Intermediates.noindex/GeneratedModuleMaps/CNIOAtomics.modulemap -DXcode -Xfrontend -entry-point-function-name -Xfrontend CommandLine_main -plugin-path /Applications/Xcode-27.0.0-Release.Candidate.app/Contents/Developer/Toolchains/XcodeDefault.xctoolchain/usr/lib/swift/host/plugins/testing -enable-experimental-feature DebugDescriptionMacro -sdk /Applications/Xcode-27.0.0-Release.Candidate.app/Contents/Developer/Platforms/MacOSX.platform/Developer/SDKs/MacOSX27.0.sdk -target arm64-apple-macos12.0 -g -module-cache-path /Users/admin/builder/spi-builder-workspace/.derivedData/ModuleCache.noindex -Xfrontend -serialize-debugging-options -enable-testing -index-store-path /Users/admin/builder/spi-builder-workspace/.derivedData/Index.noindex/DataStore -Xcc -D_LIBCPP_HARDENING_MODE\=_LIBCPP_HARDENING_MODE_DEBUG -swift-version 5 -I /Users/admin/builder/spi-builder-workspace/.derivedData/Build/Products/Debug -Isystem /Applications/Xcode-27.0.0-Release.Candidate.app/Contents/Developer/Platforms/MacOSX.platform/Developer/usr/lib -F /Users/admin/builder/spi-builder-workspace/.derivedData/Build/Products/Debug/PackageFrameworks -F /Users/admin/builder/spi-builder-workspace/.derivedData/Build/Products/Debug -F /Applications/Xcode-27.0.0-Release.Candidate.app/Contents/Developer/Platforms/MacOSX.platform/Developer/Library/Frameworks -c -j10 -enable-batch-mode -incremental -Xcc -ivfsstatcache -Xcc /Users/admin/builder/spi-builder-workspace/.derivedData/SDKStatCaches.noindex/macosx27.0-26A425-e829b21a6f8c9b70876ba0858053c0446a22442a12e9d48fe1a705f55a1adfc4.sdkstatcache -output-file-map /Users/admin/builder/spi-builder-workspace/.derivedData/Build/Intermediates.noindex/DeviceAuthority.build/Debug/CommandLine--264283BC582EAAE-testable-t.build/Objects-normal/arm64/CommandLine--264283BC582EAAE-testable-OutputFileMap.json -save-temps -no-color-diagnostics -explicit-module-build -module-cache-path /Users/admin/builder/spi-builder-workspace/.derivedData/Build/Intermediates.noindex/SwiftExplicitPrecompiledModules -clang-scanner-module-cache-path /Users/admin/builder/spi-builder-workspace/.derivedData/ModuleCache.noindex -sdk-module-cache-path /Users/admin/builder/spi-builder-workspace/.derivedData/SDKExplicitPrecompiledModules -emit-dependencies -emit-module -emit-module-path /Users/admin/builder/spi-builder-workspace/.derivedData/Build/Intermediates.noindex/DeviceAuthority.build/Debug/CommandLine--264283BC582EAAE-testable-t.build/Objects-normal/arm64/CommandLine.swiftmodule -serialize-diagnostics -dependency-scan-serialize-diagnostics-path /Users/admin/builder/spi-builder-workspace/.derivedData/Build/Intermediates.noindex/DeviceAuthority.build/Debug/CommandLine--264283BC582EAAE-testable-t.build/Objects-normal/arm64/CommandLine-dependency-scan.dia -validate-clang-modules-once -clang-build-session-file /Users/admin/builder/spi-builder-workspace/.derivedData/ModuleCache.noindex/Session.modulevalidation -Xcc -fmodules-prune-interval\=86400 -Xcc -fmodules-prune-after\=345600 -emit-const-values -const-gather-protocols-list /Users/admin/builder/spi-builder-workspace/.derivedData/Build/Intermediates.noindex/DeviceAuthority.build/Debug/CommandLine--264283BC582EAAE-testable-t.build/Objects-normal/arm64/CommandLine--264283BC582EAAE-testable_const_extract_protocols.json -Xcc -I/Users/admin/builder/spi-builder-workspace/.dependencies/checkouts/swift-nio/Sources/CNIOAtomics/include -Xcc -I/Users/admin/builder/spi-builder-workspace/.derivedData/Build/Products/Debug/include -Xcc -I/Users/admin/builder/spi-builder-workspace/.derivedData/Build/Intermediates.noindex/DeviceAuthority.build/Debug/CommandLine--264283BC582EAAE-testable-t.build/DerivedSources-normal/arm64 -Xcc -I/Users/admin/builder/spi-builder-workspace/.derivedData/Build/Intermediates.noindex/DeviceAuthority.build/Debug/CommandLine--264283BC582EAAE-testable-t.build/DerivedSources/arm64 -Xcc -I/Users/admin/builder/spi-builder-workspace/.derivedData/Build/Intermediates.noindex/DeviceAuthority.build/Debug/CommandLine--264283BC582EAAE-testable-t.build/DerivedSources -Xcc -DSWIFT_PACKAGE -Xcc -DDEBUG\=1 -emit-objc-header -emit-objc-header-path /Users/admin/builder/spi-builder-workspace/.derivedData/Build/Intermediates.noindex/DeviceAuthority.build/Debug/CommandLine--264283BC582EAAE-testable-t.build/Objects-normal/arm64/CommandLine-Swift.h -working-directory /Users/admin/builder/spi-builder-workspace/.swiftpm/xcode -experimental-emit-module-separately -disable-cmo
SwiftMergeGeneratedHeaders /Users/admin/builder/spi-builder-workspace/.derivedData/Build/Intermediates.noindex/GeneratedModuleMaps/CommandLine-Swift.h /Users/admin/builder/spi-builder-workspace/.derivedData/Build/Intermediates.noindex/DeviceAuthority.build/Debug/CommandLine--264283BC582EAAE-testable-t.build/Objects-normal/arm64/CommandLine-Swift.h (in target 'CommandLine' from project 'DeviceAuthority')
    cd /Users/admin/builder/spi-builder-workspace
    builtin-swiftHeaderTool -arch arm64 /Users/admin/builder/spi-builder-workspace/.derivedData/Build/Intermediates.noindex/DeviceAuthority.build/Debug/CommandLine--264283BC582EAAE-testable-t.build/Objects-normal/arm64/CommandLine-Swift.h -o /Users/admin/builder/spi-builder-workspace/.derivedData/Build/Intermediates.noindex/GeneratedModuleMaps/CommandLine-Swift.h
Copy /Users/admin/builder/spi-builder-workspace/.derivedData/Build/Products/Debug/CommandLine.swiftmodule/arm64-apple-macos.swiftmodule /Users/admin/builder/spi-builder-workspace/.derivedData/Build/Intermediates.noindex/DeviceAuthority.build/Debug/CommandLine--264283BC582EAAE-testable-t.build/Objects-normal/arm64/CommandLine.swiftmodule (in target 'CommandLine' from project 'DeviceAuthority')
    cd /Users/admin/builder/spi-builder-workspace
    builtin-copy -exclude .DS_Store -exclude CVS -exclude .svn -exclude .git -exclude .hg -resolve-src-symlinks -rename /Users/admin/builder/spi-builder-workspace/.derivedData/Build/Intermediates.noindex/DeviceAuthority.build/Debug/CommandLine--264283BC582EAAE-testable-t.build/Objects-normal/arm64/CommandLine.swiftmodule /Users/admin/builder/spi-builder-workspace/.derivedData/Build/Products/Debug/CommandLine.swiftmodule/arm64-apple-macos.swiftmodule
Copy /Users/admin/builder/spi-builder-workspace/.derivedData/Build/Products/Debug/CommandLine.swiftmodule/arm64-apple-macos.swiftdoc /Users/admin/builder/spi-builder-workspace/.derivedData/Build/Intermediates.noindex/DeviceAuthority.build/Debug/CommandLine--264283BC582EAAE-testable-t.build/Objects-normal/arm64/CommandLine.swiftdoc (in target 'CommandLine' from project 'DeviceAuthority')
    cd /Users/admin/builder/spi-builder-workspace
    builtin-copy -exclude .DS_Store -exclude CVS -exclude .svn -exclude .git -exclude .hg -resolve-src-symlinks -rename /Users/admin/builder/spi-builder-workspace/.derivedData/Build/Intermediates.noindex/DeviceAuthority.build/Debug/CommandLine--264283BC582EAAE-testable-t.build/Objects-normal/arm64/CommandLine.swiftdoc /Users/admin/builder/spi-builder-workspace/.derivedData/Build/Products/Debug/CommandLine.swiftmodule/arm64-apple-macos.swiftdoc
Copy /Users/admin/builder/spi-builder-workspace/.derivedData/Build/Products/Debug/CommandLine.swiftmodule/arm64-apple-macos.abi.json /Users/admin/builder/spi-builder-workspace/.derivedData/Build/Intermediates.noindex/DeviceAuthority.build/Debug/CommandLine--264283BC582EAAE-testable-t.build/Objects-normal/arm64/CommandLine.abi.json (in target 'CommandLine' from project 'DeviceAuthority')
    cd /Users/admin/builder/spi-builder-workspace
    builtin-copy -exclude .DS_Store -exclude CVS -exclude .svn -exclude .git -exclude .hg -resolve-src-symlinks -rename /Users/admin/builder/spi-builder-workspace/.derivedData/Build/Intermediates.noindex/DeviceAuthority.build/Debug/CommandLine--264283BC582EAAE-testable-t.build/Objects-normal/arm64/CommandLine.abi.json /Users/admin/builder/spi-builder-workspace/.derivedData/Build/Products/Debug/CommandLine.swiftmodule/arm64-apple-macos.abi.json
Copy /Users/admin/builder/spi-builder-workspace/.derivedData/Build/Products/Debug/CommandLine.swiftmodule/Project/arm64-apple-macos.swiftsourceinfo /Users/admin/builder/spi-builder-workspace/.derivedData/Build/Intermediates.noindex/DeviceAuthority.build/Debug/CommandLine--264283BC582EAAE-testable-t.build/Objects-normal/arm64/CommandLine.swiftsourceinfo (in target 'CommandLine' from project 'DeviceAuthority')
    cd /Users/admin/builder/spi-builder-workspace
    builtin-copy -exclude .DS_Store -exclude CVS -exclude .svn -exclude .git -exclude .hg -resolve-src-symlinks -rename /Users/admin/builder/spi-builder-workspace/.derivedData/Build/Intermediates.noindex/DeviceAuthority.build/Debug/CommandLine--264283BC582EAAE-testable-t.build/Objects-normal/arm64/CommandLine.swiftsourceinfo /Users/admin/builder/spi-builder-workspace/.derivedData/Build/Products/Debug/CommandLine.swiftmodule/Project/arm64-apple-macos.swiftsourceinfo
SwiftDriverJobDiscovery normal arm64 Compiling MobileConfiguration.swift (in target 'CommandLine' from project 'DeviceAuthority')
SwiftDriverJobDiscovery normal arm64 Compiling MobileConfiguration.swift (in target 'swift-device-authority-product' from project 'DeviceAuthority')
SwiftEmitModule normal arm64 Emitting\ module\ for\ DeviceAuthorityTests (in target 'DeviceAuthorityTests-product' from project 'DeviceAuthority')
SwiftCompile normal arm64 (in target 'DeviceAuthorityTests-product' from project 'DeviceAuthority')
    cd /Users/admin/builder/spi-builder-workspace/.swiftpm/xcode

SwiftCompile normal arm64 Compiling\ DeviceAuthorityTests.swift /Users/admin/builder/spi-builder-workspace/Tests/DeviceAuthorityTests/DeviceAuthorityTests.swift (in target 'DeviceAuthorityTests-product' from project 'DeviceAuthority')
SwiftCompile normal arm64 /Users/admin/builder/spi-builder-workspace/Tests/DeviceAuthorityTests/DeviceAuthorityTests.swift (in target 'DeviceAuthorityTests-product' from project 'DeviceAuthority')
    cd /Users/admin/builder/spi-builder-workspace/.swiftpm/xcode
    builtin-SwiftPerFileCompile DeviceAuthorityTests.swift
/Users/admin/builder/spi-builder-workspace/Tests/DeviceAuthorityTests/DeviceAuthorityTests.swift:15:40: error: missing argument for parameter 'name' in call
13 |         // Use XCTAssert and related functions to verify your tests produce the correct
14 |         // results.
15 |         XCTAssertEqual(DeviceAuthority().text, "Hello, World!")
   |                                        `- error: missing argument for parameter 'name' in call
16 |     }
17 | }
DeviceAuthority.DeviceAuthority.init:2:8: note: 'init(name:bundle:)' declared here
1 | struct DeviceAuthority {
2 | public init(name: String, bundle: Bundle = .main)}
  |        `- note: 'init(name:bundle:)' declared here
3 |
/Users/admin/builder/spi-builder-workspace/Tests/DeviceAuthorityTests/DeviceAuthorityTests.swift:15:42: error: value of type 'DeviceAuthority' has no member 'text'
13 |         // Use XCTAssert and related functions to verify your tests produce the correct
14 |         // results.
15 |         XCTAssertEqual(DeviceAuthority().text, "Hello, World!")
   |                                          `- error: value of type 'DeviceAuthority' has no member 'text'
16 |     }
17 | }
Failed frontend command:
/Applications/Xcode-27.0.0-Release.Candidate.app/Contents/Developer/Toolchains/XcodeDefault.xctoolchain/usr/bin/swift-frontend -frontend -c -primary-file /Users/admin/builder/spi-builder-workspace/Tests/DeviceAuthorityTests/DeviceAuthorityTests.swift -emit-dependencies-path /Users/admin/builder/spi-builder-workspace/.derivedData/Build/Intermediates.noindex/DeviceAuthority.build/Debug/DeviceAuthorityTests-p.build/Objects-normal/arm64/DeviceAuthorityTests.d -emit-const-values-path /Users/admin/builder/spi-builder-workspace/.derivedData/Build/Intermediates.noindex/DeviceAuthority.build/Debug/DeviceAuthorityTests-p.build/Objects-normal/arm64/DeviceAuthorityTests.swiftconstvalues -emit-reference-dependencies-path /Users/admin/builder/spi-builder-workspace/.derivedData/Build/Intermediates.noindex/DeviceAuthority.build/Debug/DeviceAuthorityTests-p.build/Objects-normal/arm64/DeviceAuthorityTests.swiftdeps -serialize-diagnostics-path /Users/admin/builder/spi-builder-workspace/.derivedData/Build/Intermediates.noindex/DeviceAuthority.build/Debug/DeviceAuthorityTests-p.build/Objects-normal/arm64/DeviceAuthorityTests.dia -target arm64-apple-macos14.0 -disable-cross-import-overlay-search -load-resolved-plugin /Applications/Xcode-27.0.0-Release.Candidate.app/Contents/Developer/Platforms/MacOSX.platform/Developer/usr/lib/swift/host/plugins/libFoundationMacros.dylib\#/Applications/Xcode-27.0.0-Release.Candidate.app/Contents/Developer/Platforms/MacOSX.platform/Developer/usr/bin/swift-plugin-server\#FoundationMacros -load-resolved-plugin /Applications/Xcode-27.0.0-Release.Candidate.app/Contents/Developer/Platforms/MacOSX.platform/Developer/usr/lib/swift/host/plugins/libObservationMacros.dylib\#/Applications/Xcode-27.0.0-Release.Candidate.app/Contents/Developer/Platforms/MacOSX.platform/Developer/usr/bin/swift-plugin-server\#ObservationMacros -load-resolved-plugin /Applications/Xcode-27.0.0-Release.Candidate.app/Contents/Developer/Platforms/MacOSX.platform/Developer/usr/lib/swift/host/plugins/libPreviewsMacros.dylib\#/Applications/Xcode-27.0.0-Release.Candidate.app/Contents/Developer/Platforms/MacOSX.platform/Developer/usr/bin/swift-plugin-server\#PreviewsMacros -load-resolved-plugin /Applications/Xcode-27.0.0-Release.Candidate.app/Contents/Developer/Platforms/MacOSX.platform/Developer/usr/lib/swift/host/plugins/libSwiftMacros.dylib\#/Applications/Xcode-27.0.0-Release.Candidate.app/Contents/Developer/Platforms/MacOSX.platform/Developer/usr/bin/swift-plugin-server\#SwiftMacros -load-resolved-plugin /Applications/Xcode-27.0.0-Release.Candidate.app/Contents/Developer/Platforms/MacOSX.platform/Developer/usr/lib/swift/host/plugins/libSwiftUIMacros.dylib\#/Applications/Xcode-27.0.0-Release.Candidate.app/Contents/Developer/Platforms/MacOSX.platform/Developer/usr/bin/swift-plugin-server\#SwiftUIMacros -disable-implicit-swift-modules -Xcc -fno-implicit-modules -Xcc -fno-implicit-module-maps -explicit-swift-module-map-file /Users/admin/builder/spi-builder-workspace/.derivedData/Build/Intermediates.noindex/DeviceAuthority.build/Debug/DeviceAuthorityTests-p.build/Objects-normal/arm64/DeviceAuthorityTests-dependencies-1.json -Xllvm -aarch64-use-tbi -enable-objc-interop -stack-check -sdk /Applications/Xcode-27.0.0-Release.Candidate.app/Contents/Developer/Platforms/MacOSX.platform/Developer/SDKs/MacOSX27.0.sdk -I /Users/admin/builder/spi-builder-workspace/.derivedData/Build/Products/Debug -Isystem /Applications/Xcode-27.0.0-Release.Candidate.app/Contents/Developer/Platforms/MacOSX.platform/Developer/usr/lib -F /Users/admin/builder/spi-builder-workspace/.derivedData/Build/Products/Debug/PackageFrameworks -F /Users/admin/builder/spi-builder-workspace/.derivedData/Build/Products/Debug -F /Applications/Xcode-27.0.0-Release.Candidate.app/Contents/Developer/Platforms/MacOSX.platform/Developer/Library/Frameworks -module-cache-path /Users/admin/builder/spi-builder-workspace/.derivedData/Build/Intermediates.noindex/SwiftExplicitPrecompiledModules -no-color-diagnostics -Xcc -fno-color-diagnostics -enable-testing -g -debug-info-format\=dwarf -dwarf-version\=4 -swift-version 5 -Onone -D SWIFT_PACKAGE -D DEBUG -D Xcode -serialize-debugging-options -enable-experimental-feature DebugDescriptionMacro -empty-abi-descriptor -validate-clang-modules-once -clang-build-session-file /Users/admin/builder/spi-builder-workspace/.derivedData/ModuleCache.noindex/Session.modulevalidation -Xcc -working-directory -Xcc /Users/admin/builder/spi-builder-workspace/.swiftpm/xcode -enable-anonymous-context-mangled-names -file-compilation-dir /Users/admin/builder/spi-builder-workspace/.swiftpm/xcode -Xcc -D_LIBCPP_HARDENING_MODE\=_LIBCPP_HARDENING_MODE_DEBUG -Xcc -ivfsstatcache -Xcc /Users/admin/builder/spi-builder-workspace/.derivedData/SDKStatCaches.noindex/macosx27.0-26A425-e829b21a6f8c9b70876ba0858053c0446a22442a12e9d48fe1a705f55a1adfc4.sdkstatcache -Xcc -fmodules-prune-interval\=86400 -Xcc -fmodules-prune-after\=345600 -Xcc -I/Users/admin/builder/spi-builder-workspace/.derivedData/Build/Products/Debug/include -Xcc -I/Users/admin/builder/spi-builder-workspace/.derivedData/Build/Intermediates.noindex/DeviceAuthority.build/Debug/DeviceAuthorityTests-p.build/DerivedSources-normal/arm64 -Xcc -I/Users/admin/builder/spi-builder-workspace/.derivedData/Build/Intermediates.noindex/DeviceAuthority.build/Debug/DeviceAuthorityTests-p.build/DerivedSources/arm64 -Xcc -I/Users/admin/builder/spi-builder-workspace/.derivedData/Build/Intermediates.noindex/DeviceAuthority.build/Debug/DeviceAuthorityTests-p.build/DerivedSources -Xcc -DSWIFT_PACKAGE -Xcc -DDEBUG\=1 -no-auto-bridging-header-chaining -module-name DeviceAuthorityTests -const-gather-protocols-file /Users/admin/builder/spi-builder-workspace/.derivedData/Build/Intermediates.noindex/DeviceAuthority.build/Debug/DeviceAuthorityTests-p.build/Objects-normal/arm64/DeviceAuthorityTests_const_extract_protocols.json -disable-clang-spi -clang-target arm64-apple-macos27.0 -target-sdk-version 27.0 -target-sdk-name macosx27.0 -in-process-plugin-server-path /Applications/Xcode-27.0.0-Release.Candidate.app/Contents/Developer/Toolchains/XcodeDefault.xctoolchain/usr/lib/swift/host/libSwiftInProcPluginServer.dylib -parse-as-library -o /Users/admin/builder/spi-builder-workspace/.derivedData/Build/Intermediates.noindex/DeviceAuthority.build/Debug/DeviceAuthorityTests-p.build/Objects-normal/arm64/DeviceAuthorityTests.o -debug-module-path /Users/admin/builder/spi-builder-workspace/.derivedData/Build/Intermediates.noindex/DeviceAuthority.build/Debug/DeviceAuthorityTests-p.build/Objects-normal/arm64/DeviceAuthorityTests.swiftmodule -index-unit-output-path /DeviceAuthority.build/Debug/DeviceAuthorityTests-p.build/Objects-normal/arm64/DeviceAuthorityTests.o -index-store-path /Users/admin/builder/spi-builder-workspace/.derivedData/Index.noindex/DataStore -index-system-modules
SwiftDriverJobDiscovery normal arm64 Compiling CreateLeafCommand.swift (in target 'CommandLine' from project 'DeviceAuthority')
SwiftDriverJobDiscovery normal arm64 Compiling CreateLeafCommand.swift (in target 'swift-device-authority-product' from project 'DeviceAuthority')
SwiftDriverJobDiscovery normal arm64 Compiling Command.swift (in target 'CommandLine' from project 'DeviceAuthority')
SwiftDriverJobDiscovery normal arm64 Compiling CreateAuthorityCommand.swift (in target 'CommandLine' from project 'DeviceAuthority')
SwiftDriver\ Compilation CommandLine--264283BC582EAAE-testable normal arm64 com.apple.xcode.tools.swift.compiler (in target 'CommandLine' from project 'DeviceAuthority')
    cd /Users/admin/builder/spi-builder-workspace/.swiftpm/xcode
    builtin-Swift-Compilation -- /Applications/Xcode-27.0.0-Release.Candidate.app/Contents/Developer/Toolchains/XcodeDefault.xctoolchain/usr/bin/swiftc -parse-as-library -module-name CommandLine -Onone @/Users/admin/builder/spi-builder-workspace/.derivedData/Build/Intermediates.noindex/DeviceAuthority.build/Debug/CommandLine--264283BC582EAAE-testable-t.build/Objects-normal/arm64/CommandLine--264283BC582EAAE-testable.SwiftFileList -DSWIFT_PACKAGE -DDEBUG -Xcc -fmodule-map-file\=/Users/admin/builder/spi-builder-workspace/.derivedData/Build/Intermediates.noindex/GeneratedModuleMaps/CNIOAtomics.modulemap -DXcode -Xfrontend -entry-point-function-name -Xfrontend CommandLine_main -plugin-path /Applications/Xcode-27.0.0-Release.Candidate.app/Contents/Developer/Toolchains/XcodeDefault.xctoolchain/usr/lib/swift/host/plugins/testing -enable-experimental-feature DebugDescriptionMacro -sdk /Applications/Xcode-27.0.0-Release.Candidate.app/Contents/Developer/Platforms/MacOSX.platform/Developer/SDKs/MacOSX27.0.sdk -target arm64-apple-macos12.0 -g -module-cache-path /Users/admin/builder/spi-builder-workspace/.derivedData/ModuleCache.noindex -Xfrontend -serialize-debugging-options -enable-testing -index-store-path /Users/admin/builder/spi-builder-workspace/.derivedData/Index.noindex/DataStore -Xcc -D_LIBCPP_HARDENING_MODE\=_LIBCPP_HARDENING_MODE_DEBUG -swift-version 5 -I /Users/admin/builder/spi-builder-workspace/.derivedData/Build/Products/Debug -Isystem /Applications/Xcode-27.0.0-Release.Candidate.app/Contents/Developer/Platforms/MacOSX.platform/Developer/usr/lib -F /Users/admin/builder/spi-builder-workspace/.derivedData/Build/Products/Debug/PackageFrameworks -F /Users/admin/builder/spi-builder-workspace/.derivedData/Build/Products/Debug -F /Applications/Xcode-27.0.0-Release.Candidate.app/Contents/Developer/Platforms/MacOSX.platform/Developer/Library/Frameworks -c -j10 -enable-batch-mode -incremental -Xcc -ivfsstatcache -Xcc /Users/admin/builder/spi-builder-workspace/.derivedData/SDKStatCaches.noindex/macosx27.0-26A425-e829b21a6f8c9b70876ba0858053c0446a22442a12e9d48fe1a705f55a1adfc4.sdkstatcache -output-file-map /Users/admin/builder/spi-builder-workspace/.derivedData/Build/Intermediates.noindex/DeviceAuthority.build/Debug/CommandLine--264283BC582EAAE-testable-t.build/Objects-normal/arm64/CommandLine--264283BC582EAAE-testable-OutputFileMap.json -save-temps -no-color-diagnostics -explicit-module-build -module-cache-path /Users/admin/builder/spi-builder-workspace/.derivedData/Build/Intermediates.noindex/SwiftExplicitPrecompiledModules -clang-scanner-module-cache-path /Users/admin/builder/spi-builder-workspace/.derivedData/ModuleCache.noindex -sdk-module-cache-path /Users/admin/builder/spi-builder-workspace/.derivedData/SDKExplicitPrecompiledModules -emit-dependencies -emit-module -emit-module-path /Users/admin/builder/spi-builder-workspace/.derivedData/Build/Intermediates.noindex/DeviceAuthority.build/Debug/CommandLine--264283BC582EAAE-testable-t.build/Objects-normal/arm64/CommandLine.swiftmodule -serialize-diagnostics -dependency-scan-serialize-diagnostics-path /Users/admin/builder/spi-builder-workspace/.derivedData/Build/Intermediates.noindex/DeviceAuthority.build/Debug/CommandLine--264283BC582EAAE-testable-t.build/Objects-normal/arm64/CommandLine-dependency-scan.dia -validate-clang-modules-once -clang-build-session-file /Users/admin/builder/spi-builder-workspace/.derivedData/ModuleCache.noindex/Session.modulevalidation -Xcc -fmodules-prune-interval\=86400 -Xcc -fmodules-prune-after\=345600 -emit-const-values -const-gather-protocols-list /Users/admin/builder/spi-builder-workspace/.derivedData/Build/Intermediates.noindex/DeviceAuthority.build/Debug/CommandLine--264283BC582EAAE-testable-t.build/Objects-normal/arm64/CommandLine--264283BC582EAAE-testable_const_extract_protocols.json -Xcc -I/Users/admin/builder/spi-builder-workspace/.dependencies/checkouts/swift-nio/Sources/CNIOAtomics/include -Xcc -I/Users/admin/builder/spi-builder-workspace/.derivedData/Build/Products/Debug/include -Xcc -I/Users/admin/builder/spi-builder-workspace/.derivedData/Build/Intermediates.noindex/DeviceAuthority.build/Debug/CommandLine--264283BC582EAAE-testable-t.build/DerivedSources-normal/arm64 -Xcc -I/Users/admin/builder/spi-builder-workspace/.derivedData/Build/Intermediates.noindex/DeviceAuthority.build/Debug/CommandLine--264283BC582EAAE-testable-t.build/DerivedSources/arm64 -Xcc -I/Users/admin/builder/spi-builder-workspace/.derivedData/Build/Intermediates.noindex/DeviceAuthority.build/Debug/CommandLine--264283BC582EAAE-testable-t.build/DerivedSources -Xcc -DSWIFT_PACKAGE -Xcc -DDEBUG\=1 -emit-objc-header -emit-objc-header-path /Users/admin/builder/spi-builder-workspace/.derivedData/Build/Intermediates.noindex/DeviceAuthority.build/Debug/CommandLine--264283BC582EAAE-testable-t.build/Objects-normal/arm64/CommandLine-Swift.h -working-directory /Users/admin/builder/spi-builder-workspace/.swiftpm/xcode -experimental-emit-module-separately -disable-cmo
SwiftDriverJobDiscovery normal arm64 Compiling CreateAuthorityCommand.swift (in target 'swift-device-authority-product' from project 'DeviceAuthority')
SwiftDriver\ Compilation swift-device-authority normal arm64 com.apple.xcode.tools.swift.compiler (in target 'swift-device-authority-product' from project 'DeviceAuthority')
    cd /Users/admin/builder/spi-builder-workspace/.swiftpm/xcode
    builtin-Swift-Compilation -- /Applications/Xcode-27.0.0-Release.Candidate.app/Contents/Developer/Toolchains/XcodeDefault.xctoolchain/usr/bin/swiftc -parse-as-library -module-name CommandLine -Onone @/Users/admin/builder/spi-builder-workspace/.derivedData/Build/Intermediates.noindex/DeviceAuthority.build/Debug/swift-device-authority-p.build/Objects-normal/arm64/swift-device-authority.SwiftFileList -DSWIFT_PACKAGE -DDEBUG -Xcc -fmodule-map-file\=/Users/admin/builder/spi-builder-workspace/.derivedData/Build/Intermediates.noindex/GeneratedModuleMaps/CNIOAtomics.modulemap -DXcode -plugin-path /Applications/Xcode-27.0.0-Release.Candidate.app/Contents/Developer/Toolchains/XcodeDefault.xctoolchain/usr/lib/swift/host/plugins/testing -enable-experimental-feature DebugDescriptionMacro -sdk /Applications/Xcode-27.0.0-Release.Candidate.app/Contents/Developer/Platforms/MacOSX.platform/Developer/SDKs/MacOSX27.0.sdk -target arm64-apple-macos12.0 -g -module-cache-path /Users/admin/builder/spi-builder-workspace/.derivedData/ModuleCache.noindex -Xfrontend -serialize-debugging-options -enable-testing -index-store-path /Users/admin/builder/spi-builder-workspace/.derivedData/Index.noindex/DataStore -Xcc -D_LIBCPP_HARDENING_MODE\=_LIBCPP_HARDENING_MODE_DEBUG -swift-version 5 -I /Users/admin/builder/spi-builder-workspace/.derivedData/Build/Products/Debug -Isystem /Applications/Xcode-27.0.0-Release.Candidate.app/Contents/Developer/Platforms/MacOSX.platform/Developer/usr/lib -F /Users/admin/builder/spi-builder-workspace/.derivedData/Build/Products/Debug/PackageFrameworks -F /Users/admin/builder/spi-builder-workspace/.derivedData/Build/Products/Debug -F /Applications/Xcode-27.0.0-Release.Candidate.app/Contents/Developer/Platforms/MacOSX.platform/Developer/Library/Frameworks -c -j10 -enable-batch-mode -incremental -Xcc -ivfsstatcache -Xcc /Users/admin/builder/spi-builder-workspace/.derivedData/SDKStatCaches.noindex/macosx27.0-26A425-e829b21a6f8c9b70876ba0858053c0446a22442a12e9d48fe1a705f55a1adfc4.sdkstatcache -output-file-map /Users/admin/builder/spi-builder-workspace/.derivedData/Build/Intermediates.noindex/DeviceAuthority.build/Debug/swift-device-authority-p.build/Objects-normal/arm64/swift-device-authority-OutputFileMap.json -save-temps -no-color-diagnostics -explicit-module-build -module-cache-path /Users/admin/builder/spi-builder-workspace/.derivedData/Build/Intermediates.noindex/SwiftExplicitPrecompiledModules -clang-scanner-module-cache-path /Users/admin/builder/spi-builder-workspace/.derivedData/ModuleCache.noindex -sdk-module-cache-path /Users/admin/builder/spi-builder-workspace/.derivedData/SDKExplicitPrecompiledModules -emit-dependencies -emit-module -emit-module-path /Users/admin/builder/spi-builder-workspace/.derivedData/Build/Intermediates.noindex/DeviceAuthority.build/Debug/swift-device-authority-p.build/Objects-normal/arm64/CommandLine.swiftmodule -serialize-diagnostics -dependency-scan-serialize-diagnostics-path /Users/admin/builder/spi-builder-workspace/.derivedData/Build/Intermediates.noindex/DeviceAuthority.build/Debug/swift-device-authority-p.build/Objects-normal/arm64/CommandLine-dependency-scan.dia -validate-clang-modules-once -clang-build-session-file /Users/admin/builder/spi-builder-workspace/.derivedData/ModuleCache.noindex/Session.modulevalidation -Xcc -fmodules-prune-interval\=86400 -Xcc -fmodules-prune-after\=345600 -emit-const-values -const-gather-protocols-list /Users/admin/builder/spi-builder-workspace/.derivedData/Build/Intermediates.noindex/DeviceAuthority.build/Debug/swift-device-authority-p.build/Objects-normal/arm64/swift-device-authority_const_extract_protocols.json -Xcc -I/Users/admin/builder/spi-builder-workspace/.dependencies/checkouts/swift-nio/Sources/CNIOAtomics/include -Xcc -I/Users/admin/builder/spi-builder-workspace/.derivedData/Build/Products/Debug/include -Xcc -I/Users/admin/builder/spi-builder-workspace/.derivedData/Build/Intermediates.noindex/DeviceAuthority.build/Debug/swift-device-authority-p.build/DerivedSources-normal/arm64 -Xcc -I/Users/admin/builder/spi-builder-workspace/.derivedData/Build/Intermediates.noindex/DeviceAuthority.build/Debug/swift-device-authority-p.build/DerivedSources/arm64 -Xcc -I/Users/admin/builder/spi-builder-workspace/.derivedData/Build/Intermediates.noindex/DeviceAuthority.build/Debug/swift-device-authority-p.build/DerivedSources -Xcc -DSWIFT_PACKAGE -Xcc -DDEBUG\=1 -working-directory /Users/admin/builder/spi-builder-workspace/.swiftpm/xcode -experimental-emit-module-separately -disable-cmo
Ld /Users/admin/builder/spi-builder-workspace/.derivedData/Build/Products/Debug/ExecutableModules/CommandLine--264283BC582EAAE-testable.o normal (in target 'CommandLine' from project 'DeviceAuthority')
    cd /Users/admin/builder/spi-builder-workspace
    /Applications/Xcode-27.0.0-Release.Candidate.app/Contents/Developer/Toolchains/XcodeDefault.xctoolchain/usr/bin/clang -Xlinker -reproducible -target arm64-apple-macos12.0 -r -isysroot /Applications/Xcode-27.0.0-Release.Candidate.app/Contents/Developer/Platforms/MacOSX.platform/Developer/SDKs/MacOSX27.0.sdk -O0 -Xlinker -no_warn_duplicate_libraries -F/Users/admin/builder/spi-builder-workspace/.derivedData/Build/Intermediates.noindex/EagerLinkingTBDs/Debug -F/Users/admin/builder/spi-builder-workspace/.derivedData/Build/Products/Debug/PackageFrameworks -F/Users/admin/builder/spi-builder-workspace/.derivedData/Build/Products/Debug -iframework /Applications/Xcode-27.0.0-Release.Candidate.app/Contents/Developer/Platforms/MacOSX.platform/Developer/Library/Frameworks -filelist /Users/admin/builder/spi-builder-workspace/.derivedData/Build/Intermediates.noindex/DeviceAuthority.build/Debug/CommandLine--264283BC582EAAE-testable-t.build/Objects-normal/arm64/CommandLine--264283BC582EAAE-testable.LinkFileList -nostdlib -Xlinker -object_path_lto -Xlinker /Users/admin/builder/spi-builder-workspace/.derivedData/Build/Intermediates.noindex/DeviceAuthority.build/Debug/CommandLine--264283BC582EAAE-testable-t.build/Objects-normal/arm64/CommandLine--264283BC582EAAE-testable_lto.o -Xlinker -no_deduplicate -Xlinker -dependency_info -Xlinker /Users/admin/builder/spi-builder-workspace/.derivedData/Build/Intermediates.noindex/DeviceAuthority.build/Debug/CommandLine--264283BC582EAAE-testable-t.build/Objects-normal/arm64/CommandLine--264283BC582EAAE-testable_dependency_info.dat -fobjc-link-runtime -L/Applications/Xcode-27.0.0-Release.Candidate.app/Contents/Developer/Toolchains/XcodeDefault.xctoolchain/usr/lib/swift/macosx -L/usr/lib/swift -Xlinker -add_ast_path -Xlinker /Users/admin/builder/spi-builder-workspace/.derivedData/Build/Intermediates.noindex/DeviceAuthority.build/Debug/CommandLine--264283BC582EAAE-testable-t.build/Objects-normal/arm64/CommandLine.swiftmodule -o /Users/admin/builder/spi-builder-workspace/.derivedData/Build/Products/Debug/ExecutableModules/CommandLine--264283BC582EAAE-testable.o
Ld /Users/admin/builder/spi-builder-workspace/.derivedData/Build/Products/Debug/swift-device-authority normal (in target 'swift-device-authority-product' from project 'DeviceAuthority')
    cd /Users/admin/builder/spi-builder-workspace
    /Applications/Xcode-27.0.0-Release.Candidate.app/Contents/Developer/Toolchains/XcodeDefault.xctoolchain/usr/bin/swiftc -Xlinker -reproducible -target arm64-apple-macos12.0 -emit-executable -sdk /Applications/Xcode-27.0.0-Release.Candidate.app/Contents/Developer/Platforms/MacOSX.platform/Developer/SDKs/MacOSX27.0.sdk -Xlinker -no_warn_duplicate_libraries -L/Users/admin/builder/spi-builder-workspace/.derivedData/Build/Intermediates.noindex/EagerLinkingTBDs/Debug -L/Users/admin/builder/spi-builder-workspace/.derivedData/Build/Products/Debug -L/Applications/Xcode-27.0.0-Release.Candidate.app/Contents/Developer/Platforms/MacOSX.platform/Developer/usr/lib -F/Users/admin/builder/spi-builder-workspace/.derivedData/Build/Intermediates.noindex/EagerLinkingTBDs/Debug -F/Users/admin/builder/spi-builder-workspace/.derivedData/Build/Products/Debug/PackageFrameworks -F/Users/admin/builder/spi-builder-workspace/.derivedData/Build/Products/Debug -Fsystem /Applications/Xcode-27.0.0-Release.Candidate.app/Contents/Developer/Platforms/MacOSX.platform/Developer/Library/Frameworks @/Users/admin/builder/spi-builder-workspace/.derivedData/Build/Intermediates.noindex/DeviceAuthority.build/Debug/swift-device-authority-p.build/Objects-normal/arm64/swift-device-authority.LinkFileList -Xlinker -rpath -Xlinker /usr/lib/swift -Xlinker -rpath -Xlinker @loader_path -Xlinker -rpath -Xlinker /Users/admin/builder/spi-builder-workspace/.derivedData/Build/Products/Debug/PackageFrameworks -Xlinker -rpath -Xlinker @executable_path/../lib -Xlinker -object_path_lto -Xlinker /Users/admin/builder/spi-builder-workspace/.derivedData/Build/Intermediates.noindex/DeviceAuthority.build/Debug/swift-device-authority-p.build/Objects-normal/arm64/swift-device-authority_lto.o -Xclang-linker -rdynamic -Xlinker -no_deduplicate -Xlinker -dependency_info -Xlinker /Users/admin/builder/spi-builder-workspace/.derivedData/Build/Intermediates.noindex/DeviceAuthority.build/Debug/swift-device-authority-p.build/Objects-normal/arm64/swift-device-authority_dependency_info.dat -link-objc-runtime -L/Applications/Xcode-27.0.0-Release.Candidate.app/Contents/Developer/Toolchains/XcodeDefault.xctoolchain/usr/lib/swift/macosx -L/usr/lib/swift -Xlinker -add_ast_path -Xlinker /Users/admin/builder/spi-builder-workspace/.derivedData/Build/Intermediates.noindex/DeviceAuthority.build/Debug/swift-device-authority-p.build/Objects-normal/arm64/CommandLine.swiftmodule -o /Users/admin/builder/spi-builder-workspace/.derivedData/Build/Products/Debug/swift-device-authority -no-stdlib-rpath -Xlinker -add_ast_path -Xlinker /Users/admin/builder/spi-builder-workspace/.derivedData/Build/Intermediates.noindex/ShellOut.build/Debug/ShellOut-t.build/Objects-normal/arm64/ShellOut.swiftmodule
ExtractAppIntentsMetadata (in target 'CommandLine' from project 'DeviceAuthority')
    cd /Users/admin/builder/spi-builder-workspace
    /Applications/Xcode-27.0.0-Release.Candidate.app/Contents/Developer/Toolchains/XcodeDefault.xctoolchain/usr/bin/appintentsmetadataprocessor --toolchain-dir /var/run/com.apple.security.cryptexd/mnt/com.apple.MobileAsset.MetalToolchain-v27.1.266.1.5xLpQS/Metal.xctoolchain --module-name CommandLine --sdk-root /Applications/Xcode-27.0.0-Release.Candidate.app/Contents/Developer/Platforms/MacOSX.platform/Developer/SDKs/MacOSX27.0.sdk --xcode-version 27A266a --platform-family macOS --deployment-target 12.0 --bundle-identifier spi-builder-workspace.CommandLine --output /Users/admin/builder/spi-builder-workspace/.derivedData/Build/Products/Debug/ExecutableModules/CommandLine.appintents --target-triple arm64-apple-macos12.0 --binary-file /Users/admin/builder/spi-builder-workspace/.derivedData/Build/Products/Debug/ExecutableModules/CommandLine--264283BC582EAAE-testable.o --dependency-file /Users/admin/builder/spi-builder-workspace/.derivedData/Build/Intermediates.noindex/DeviceAuthority.build/Debug/CommandLine--264283BC582EAAE-testable-t.build/Objects-normal/arm64/CommandLine--264283BC582EAAE-testable_dependency_info.dat --stringsdata-file /Users/admin/builder/spi-builder-workspace/.derivedData/Build/Intermediates.noindex/DeviceAuthority.build/Debug/CommandLine--264283BC582EAAE-testable-t.build/Objects-normal/arm64/ExtractedAppShortcutsMetadata.stringsdata --source-file-list /Users/admin/builder/spi-builder-workspace/.derivedData/Build/Intermediates.noindex/DeviceAuthority.build/Debug/CommandLine--264283BC582EAAE-testable-t.build/Objects-normal/arm64/CommandLine--264283BC582EAAE-testable.SwiftFileList --metadata-file-list /Users/admin/builder/spi-builder-workspace/.derivedData/Build/Intermediates.noindex/DeviceAuthority.build/Debug/CommandLine--264283BC582EAAE-testable-t.build/CommandLine--264283BC582EAAE-testable.DependencyMetadataFileList --static-metadata-file-list /Users/admin/builder/spi-builder-workspace/.derivedData/Build/Intermediates.noindex/DeviceAuthority.build/Debug/CommandLine--264283BC582EAAE-testable-t.build/CommandLine--264283BC582EAAE-testable.DependencyStaticMetadataFileList --swift-const-vals-list /Users/admin/builder/spi-builder-workspace/.derivedData/Build/Intermediates.noindex/DeviceAuthority.build/Debug/CommandLine--264283BC582EAAE-testable-t.build/Objects-normal/arm64/CommandLine--264283BC582EAAE-testable.SwiftConstValuesFileList --force --compile-time-extraction --deployment-aware-processing --no-app-shortcuts-localization
2026-09-18 22:06:10.166 appintentsmetadataprocessor[1181:6779] Starting appintentsmetadataprocessor export
2026-09-18 22:06:10.239 appintentsmetadataprocessor[1181:6779] Extracted no relevant App Intents symbols, skipping writing output
SwiftDriverJobDiscovery normal arm64 Emitting module for DeviceAuthorityTests (in target 'DeviceAuthorityTests-product' from project 'DeviceAuthority')
SwiftDriver\ Compilation\ Requirements DeviceAuthorityTests normal arm64 com.apple.xcode.tools.swift.compiler (in target 'DeviceAuthorityTests-product' from project 'DeviceAuthority')
    cd /Users/admin/builder/spi-builder-workspace/.swiftpm/xcode
    builtin-Swift-Compilation-Requirements -- /Applications/Xcode-27.0.0-Release.Candidate.app/Contents/Developer/Toolchains/XcodeDefault.xctoolchain/usr/bin/swiftc -parse-as-library -module-name DeviceAuthorityTests -Onone @/Users/admin/builder/spi-builder-workspace/.derivedData/Build/Intermediates.noindex/DeviceAuthority.build/Debug/DeviceAuthorityTests-p.build/Objects-normal/arm64/DeviceAuthorityTests.SwiftFileList -DSWIFT_PACKAGE -DDEBUG -DXcode -plugin-path /Applications/Xcode-27.0.0-Release.Candidate.app/Contents/Developer/Toolchains/XcodeDefault.xctoolchain/usr/lib/swift/host/plugins/testing -enable-experimental-feature DebugDescriptionMacro -sdk /Applications/Xcode-27.0.0-Release.Candidate.app/Contents/Developer/Platforms/MacOSX.platform/Developer/SDKs/MacOSX27.0.sdk -target arm64-apple-macos14.0 -g -module-cache-path /Users/admin/builder/spi-builder-workspace/.derivedData/ModuleCache.noindex -Xfrontend -serialize-debugging-options -enable-testing -index-store-path /Users/admin/builder/spi-builder-workspace/.derivedData/Index.noindex/DataStore -Xcc -D_LIBCPP_HARDENING_MODE\=_LIBCPP_HARDENING_MODE_DEBUG -swift-version 5 -I /Users/admin/builder/spi-builder-workspace/.derivedData/Build/Products/Debug -Isystem /Applications/Xcode-27.0.0-Release.Candidate.app/Contents/Developer/Platforms/MacOSX.platform/Developer/usr/lib -F /Users/admin/builder/spi-builder-workspace/.derivedData/Build/Products/Debug/PackageFrameworks -F /Users/admin/builder/spi-builder-workspace/.derivedData/Build/Products/Debug -F /Applications/Xcode-27.0.0-Release.Candidate.app/Contents/Developer/Platforms/MacOSX.platform/Developer/Library/Frameworks -c -j10 -enable-batch-mode -incremental -Xcc -ivfsstatcache -Xcc /Users/admin/builder/spi-builder-workspace/.derivedData/SDKStatCaches.noindex/macosx27.0-26A425-e829b21a6f8c9b70876ba0858053c0446a22442a12e9d48fe1a705f55a1adfc4.sdkstatcache -output-file-map /Users/admin/builder/spi-builder-workspace/.derivedData/Build/Intermediates.noindex/DeviceAuthority.build/Debug/DeviceAuthorityTests-p.build/Objects-normal/arm64/DeviceAuthorityTests-OutputFileMap.json -save-temps -no-color-diagnostics -explicit-module-build -module-cache-path /Users/admin/builder/spi-builder-workspace/.derivedData/Build/Intermediates.noindex/SwiftExplicitPrecompiledModules -clang-scanner-module-cache-path /Users/admin/builder/spi-builder-workspace/.derivedData/ModuleCache.noindex -sdk-module-cache-path /Users/admin/builder/spi-builder-workspace/.derivedData/SDKExplicitPrecompiledModules -emit-dependencies -emit-module -emit-module-path /Users/admin/builder/spi-builder-workspace/.derivedData/Build/Intermediates.noindex/DeviceAuthority.build/Debug/DeviceAuthorityTests-p.build/Objects-normal/arm64/DeviceAuthorityTests.swiftmodule -serialize-diagnostics -dependency-scan-serialize-diagnostics-path /Users/admin/builder/spi-builder-workspace/.derivedData/Build/Intermediates.noindex/DeviceAuthority.build/Debug/DeviceAuthorityTests-p.build/Objects-normal/arm64/DeviceAuthorityTests-dependency-scan.dia -validate-clang-modules-once -clang-build-session-file /Users/admin/builder/spi-builder-workspace/.derivedData/ModuleCache.noindex/Session.modulevalidation -Xcc -fmodules-prune-interval\=86400 -Xcc -fmodules-prune-after\=345600 -emit-const-values -const-gather-protocols-list /Users/admin/builder/spi-builder-workspace/.derivedData/Build/Intermediates.noindex/DeviceAuthority.build/Debug/DeviceAuthorityTests-p.build/Objects-normal/arm64/DeviceAuthorityTests_const_extract_protocols.json -Xcc -I/Users/admin/builder/spi-builder-workspace/.derivedData/Build/Products/Debug/include -Xcc -I/Users/admin/builder/spi-builder-workspace/.derivedData/Build/Intermediates.noindex/DeviceAuthority.build/Debug/DeviceAuthorityTests-p.build/DerivedSources-normal/arm64 -Xcc -I/Users/admin/builder/spi-builder-workspace/.derivedData/Build/Intermediates.noindex/DeviceAuthority.build/Debug/DeviceAuthorityTests-p.build/DerivedSources/arm64 -Xcc -I/Users/admin/builder/spi-builder-workspace/.derivedData/Build/Intermediates.noindex/DeviceAuthority.build/Debug/DeviceAuthorityTests-p.build/DerivedSources -Xcc -DSWIFT_PACKAGE -Xcc -DDEBUG\=1 -working-directory /Users/admin/builder/spi-builder-workspace/.swiftpm/xcode -experimental-emit-module-separately -disable-cmo
Copy /Users/admin/builder/spi-builder-workspace/.derivedData/Build/Products/Debug/DeviceAuthorityTests.swiftmodule/arm64-apple-macos.abi.json /Users/admin/builder/spi-builder-workspace/.derivedData/Build/Intermediates.noindex/DeviceAuthority.build/Debug/DeviceAuthorityTests-p.build/Objects-normal/arm64/DeviceAuthorityTests.abi.json (in target 'DeviceAuthorityTests-product' from project 'DeviceAuthority')
    cd /Users/admin/builder/spi-builder-workspace
    builtin-copy -exclude .DS_Store -exclude CVS -exclude .svn -exclude .git -exclude .hg -resolve-src-symlinks -rename /Users/admin/builder/spi-builder-workspace/.derivedData/Build/Intermediates.noindex/DeviceAuthority.build/Debug/DeviceAuthorityTests-p.build/Objects-normal/arm64/DeviceAuthorityTests.abi.json /Users/admin/builder/spi-builder-workspace/.derivedData/Build/Products/Debug/DeviceAuthorityTests.swiftmodule/arm64-apple-macos.abi.json
Copy /Users/admin/builder/spi-builder-workspace/.derivedData/Build/Products/Debug/DeviceAuthorityTests.swiftmodule/arm64-apple-macos.swiftmodule /Users/admin/builder/spi-builder-workspace/.derivedData/Build/Intermediates.noindex/DeviceAuthority.build/Debug/DeviceAuthorityTests-p.build/Objects-normal/arm64/DeviceAuthorityTests.swiftmodule (in target 'DeviceAuthorityTests-product' from project 'DeviceAuthority')
    cd /Users/admin/builder/spi-builder-workspace
    builtin-copy -exclude .DS_Store -exclude CVS -exclude .svn -exclude .git -exclude .hg -resolve-src-symlinks -rename /Users/admin/builder/spi-builder-workspace/.derivedData/Build/Intermediates.noindex/DeviceAuthority.build/Debug/DeviceAuthorityTests-p.build/Objects-normal/arm64/DeviceAuthorityTests.swiftmodule /Users/admin/builder/spi-builder-workspace/.derivedData/Build/Products/Debug/DeviceAuthorityTests.swiftmodule/arm64-apple-macos.swiftmodule
Copy /Users/admin/builder/spi-builder-workspace/.derivedData/Build/Products/Debug/DeviceAuthorityTests.swiftmodule/arm64-apple-macos.swiftdoc /Users/admin/builder/spi-builder-workspace/.derivedData/Build/Intermediates.noindex/DeviceAuthority.build/Debug/DeviceAuthorityTests-p.build/Objects-normal/arm64/DeviceAuthorityTests.swiftdoc (in target 'DeviceAuthorityTests-product' from project 'DeviceAuthority')
    cd /Users/admin/builder/spi-builder-workspace
    builtin-copy -exclude .DS_Store -exclude CVS -exclude .svn -exclude .git -exclude .hg -resolve-src-symlinks -rename /Users/admin/builder/spi-builder-workspace/.derivedData/Build/Intermediates.noindex/DeviceAuthority.build/Debug/DeviceAuthorityTests-p.build/Objects-normal/arm64/DeviceAuthorityTests.swiftdoc /Users/admin/builder/spi-builder-workspace/.derivedData/Build/Products/Debug/DeviceAuthorityTests.swiftmodule/arm64-apple-macos.swiftdoc
Copy /Users/admin/builder/spi-builder-workspace/.derivedData/Build/Products/Debug/DeviceAuthorityTests.swiftmodule/Project/arm64-apple-macos.swiftsourceinfo /Users/admin/builder/spi-builder-workspace/.derivedData/Build/Intermediates.noindex/DeviceAuthority.build/Debug/DeviceAuthorityTests-p.build/Objects-normal/arm64/DeviceAuthorityTests.swiftsourceinfo (in target 'DeviceAuthorityTests-product' from project 'DeviceAuthority')
    cd /Users/admin/builder/spi-builder-workspace
    builtin-copy -exclude .DS_Store -exclude CVS -exclude .svn -exclude .git -exclude .hg -resolve-src-symlinks -rename /Users/admin/builder/spi-builder-workspace/.derivedData/Build/Intermediates.noindex/DeviceAuthority.build/Debug/DeviceAuthorityTests-p.build/Objects-normal/arm64/DeviceAuthorityTests.swiftsourceinfo /Users/admin/builder/spi-builder-workspace/.derivedData/Build/Products/Debug/DeviceAuthorityTests.swiftmodule/Project/arm64-apple-macos.swiftsourceinfo
RegisterExecutionPolicyException /Users/admin/builder/spi-builder-workspace/.derivedData/Build/Products/Debug/swift-device-authority (in target 'swift-device-authority-product' from project 'DeviceAuthority')
    cd /Users/admin/builder/spi-builder-workspace
    builtin-RegisterExecutionPolicyException /Users/admin/builder/spi-builder-workspace/.derivedData/Build/Products/Debug/swift-device-authority
PruneExplicitPrecompiledModules /Users/admin/builder/spi-builder-workspace/.derivedData/Build/Intermediates.noindex/ExplicitPrecompiledModules
PruneExplicitPrecompiledModules /Users/admin/builder/spi-builder-workspace/.derivedData/Build/Intermediates.noindex/SwiftExplicitPrecompiledModules
PruneExplicitPrecompiledModules /Users/admin/builder/spi-builder-workspace/.derivedData/SDKExplicitPrecompiledModules
2026-09-18 22:05:54.762 xcodebuild[908:5363] [MT] IDERunDestination: Supported platforms for the buildables in the current scheme is empty.
2026-09-18 22:05:54.866 xcodebuild[908:5363] [MT] IDERunDestination: Supported platforms for the buildables in the current scheme is empty.
--- xcodebuild: WARNING: Using the first of multiple matching destinations:
{ platform:macOS, arch:arm64, id:6e3c668aa99b8d072ff536af66bb618ae9a89efd, name:My Mac }
{ platform:macOS, arch:arm64, variant:Mac Catalyst, id:6e3c668aa99b8d072ff536af66bb618ae9a89efd, name:My Mac }
{ platform:macOS, arch:arm64, variant:DriverKit, id:6e3c668aa99b8d072ff536af66bb618ae9a89efd, name:My Mac }
{ platform:macOS, arch:arm64, variant:Designed for [iPad,iPhone], id:6e3c668aa99b8d072ff536af66bb618ae9a89efd, name:My Mac }
** BUILD FAILED **
The following build commands failed:
	SwiftCompile normal arm64 /Users/admin/builder/spi-builder-workspace/Tests/DeviceAuthorityTests/DeviceAuthorityTests.swift (in target 'DeviceAuthorityTests-product' from project 'DeviceAuthority')
	SwiftCompile normal arm64 Compiling\ DeviceAuthorityTests.swift /Users/admin/builder/spi-builder-workspace/Tests/DeviceAuthorityTests/DeviceAuthorityTests.swift (in target 'DeviceAuthorityTests-product' from project 'DeviceAuthority')
	Building workspace DeviceAuthority with scheme DeviceAuthority-Package
(3 failures)
Command line invocation:
    /Applications/Xcode-27.0.0-Release.Candidate.app/Contents/Developer/usr/bin/xcodebuild -IDEClonedSourcePackagesDirPathOverride=/Users/admin/builder/spi-builder-workspace/.dependencies -resolvePackageDependencies
Resolve Package Graph
Resolved source packages:
  console-kit: https://github.com/vapor/console-kit.git @ 4.16.1
  swift-collections: https://github.com/apple/swift-collections.git @ 1.6.0
  swift-log: https://github.com/apple/swift-log.git @ 1.15.1
  DeviceAuthority: /Users/admin/builder/spi-builder-workspace
  swift-system: https://github.com/apple/swift-system.git @ 1.8.1
  swift-atomics: https://github.com/apple/swift-atomics.git @ 1.3.1
  ShellOut: https://github.com/JohnSundell/ShellOut.git @ 2.3.0
  swift-nio: https://github.com/apple/swift-nio.git @ 2.103.0
resolved source packages: console-kit, swift-collections, swift-log, DeviceAuthority, swift-system, swift-atomics, ShellOut, swift-nio
2026-09-18 22:06:11.944 xcodebuild[1203:6846] [MT] IDERunDestination: Supported platforms for the buildables in the current scheme is empty.
2026-09-18 22:06:12.047 xcodebuild[1203:6846] [MT] IDERunDestination: Supported platforms for the buildables in the current scheme is empty.
{
  "dependencies" : [
    {
      "identity" : "console-kit",
      "requirement" : {
        "range" : [
          {
            "lower_bound" : "4.5.0",
            "upper_bound" : "5.0.0"
          }
        ]
      },
      "type" : "sourceControl",
      "url" : "https://github.com/vapor/console-kit.git"
    },
    {
      "identity" : "shellout",
      "requirement" : {
        "range" : [
          {
            "lower_bound" : "2.3.0",
            "upper_bound" : "3.0.0"
          }
        ]
      },
      "type" : "sourceControl",
      "url" : "https://github.com/JohnSundell/ShellOut.git"
    }
  ],
  "manifest_display_name" : "DeviceAuthority",
  "name" : "DeviceAuthority",
  "path" : "/Users/admin/builder/spi-builder-workspace",
  "platforms" : [
    {
      "name" : "ios",
      "version" : "9.0"
    },
    {
      "name" : "macos",
      "version" : "12.0"
    }
  ],
  "products" : [
    {
      "name" : "DeviceAuthority",
      "targets" : [
        "DeviceAuthority"
      ],
      "type" : {
        "library" : [
          "automatic"
        ]
      }
    },
    {
      "name" : "swift-device-authority",
      "targets" : [
        "CommandLine"
      ],
      "type" : {
        "executable" : null
      }
    }
  ],
  "targets" : [
    {
      "c99name" : "DeviceAuthorityTests",
      "module_type" : "SwiftTarget",
      "name" : "DeviceAuthorityTests",
      "path" : "Tests/DeviceAuthorityTests",
      "sources" : [
        "DeviceAuthorityTests.swift"
      ],
      "target_dependencies" : [
        "DeviceAuthority"
      ],
      "type" : "test"
    },
    {
      "c99name" : "DeviceAuthority",
      "module_type" : "SwiftTarget",
      "name" : "DeviceAuthority",
      "path" : "Sources/DeviceAuthority",
      "product_memberships" : [
        "DeviceAuthority"
      ],
      "sources" : [
        "DeviceAuthority.swift"
      ],
      "type" : "library"
    },
    {
      "c99name" : "CommandLine",
      "module_type" : "SwiftTarget",
      "name" : "CommandLine",
      "path" : "Sources/CommandLine",
      "product_dependencies" : [
        "ConsoleKit",
        "ShellOut"
      ],
      "product_memberships" : [
        "swift-device-authority"
      ],
      "sources" : [
        "Command.swift",
        "CreateAuthorityCommand.swift",
        "CreateLeafCommand.swift",
        "MobileConfiguration.swift"
      ],
      "type" : "executable"
    }
  ],
  "tools_version" : "5.6"
}
{
  "workspace" : {
    "name" : "DeviceAuthority",
    "schemes" : [
      "DeviceAuthority",
      "DeviceAuthority-Package",
      "swift-device-authority"
    ]
  }
}
2026-09-18 22:06:13.600 xcodebuild[1211:6921] [MT] IDERunDestination: Supported platforms for the buildables in the current scheme is empty.
2026-09-18 22:06:13.701 xcodebuild[1211:6921] [MT] IDERunDestination: Supported platforms for the buildables in the current scheme is empty.
Running build ...
env DEVELOPER_DIR=/Applications/Xcode-27.0.0-Release.Candidate.app xcrun xcodebuild -IDEClonedSourcePackagesDirPathOverride=$PWD/.dependencies -skipMacroValidation -skipPackagePluginValidation -derivedDataPath $PWD/.derivedData build -scheme DeviceAuthority-Package -destination platform=macOS,arch=arm64
Command line invocation:
    /Applications/Xcode-27.0.0-Release.Candidate.app/Contents/Developer/usr/bin/xcodebuild -IDEClonedSourcePackagesDirPathOverride=/Users/admin/builder/spi-builder-workspace/.dependencies -skipMacroValidation -skipPackagePluginValidation -derivedDataPath /Users/admin/builder/spi-builder-workspace/.derivedData build -scheme DeviceAuthority-Package -destination platform=macOS,arch=arm64
Resolve Package Graph
Resolved source packages:
  DeviceAuthority: /Users/admin/builder/spi-builder-workspace
  console-kit: https://github.com/vapor/console-kit.git @ 4.16.1
  ShellOut: https://github.com/JohnSundell/ShellOut.git @ 2.3.0
  swift-nio: https://github.com/apple/swift-nio.git @ 2.103.0
  swift-collections: https://github.com/apple/swift-collections.git @ 1.6.0
  swift-atomics: https://github.com/apple/swift-atomics.git @ 1.3.1
  swift-system: https://github.com/apple/swift-system.git @ 1.8.1
  swift-log: https://github.com/apple/swift-log.git @ 1.15.1
ComputePackagePrebuildTargetDependencyGraph
Prepare packages
CreateBuildRequest
SendProjectDescription
CreateBuildOperation
ComputeTargetDependencyGraph
note: Building targets in dependency order
note: Target dependency graph (16 targets)
    Target 'CommandLine' in project 'DeviceAuthority'
        ➜ Explicit dependency on target 'ConsoleKit-product' in project 'console-kit'
        ➜ Explicit dependency on target 'ShellOut-product' in project 'ShellOut'
    Target 'DeviceAuthorityTests-product' in project 'DeviceAuthority'
        ➜ Explicit dependency on target 'DeviceAuthority' in project 'DeviceAuthority'
    Target 'swift-device-authority-product' in project 'DeviceAuthority'
        ➜ Explicit dependency on target 'ConsoleKit-product' in project 'console-kit'
        ➜ Explicit dependency on target 'ShellOut-product' in project 'ShellOut'
    Target 'ShellOut-product' in project 'ShellOut'
        ➜ Explicit dependency on target 'ShellOut' in project 'ShellOut'
    Target 'ShellOut' in project 'ShellOut' (no dependencies)
    Target 'ConsoleKit-product' in project 'console-kit'
        ➜ Explicit dependency on target 'ConsoleKit' in project 'console-kit'
        ➜ Explicit dependency on target 'ConsoleKitTerminal' in project 'console-kit'
        ➜ Explicit dependency on target 'ConsoleKitCommands' in project 'console-kit'
        ➜ Explicit dependency on target 'Logging-product' in project 'swift-log'
        ➜ Explicit dependency on target 'NIOConcurrencyHelpers-product' in project 'swift-nio'
    Target 'ConsoleKit' in project 'console-kit'
        ➜ Explicit dependency on target 'ConsoleKitTerminal' in project 'console-kit'
        ➜ Explicit dependency on target 'ConsoleKitCommands' in project 'console-kit'
        ➜ Explicit dependency on target 'Logging-product' in project 'swift-log'
        ➜ Explicit dependency on target 'NIOConcurrencyHelpers-product' in project 'swift-nio'
    Target 'ConsoleKitCommands' in project 'console-kit'
        ➜ Explicit dependency on target 'ConsoleKitTerminal' in project 'console-kit'
        ➜ Explicit dependency on target 'Logging-product' in project 'swift-log'
        ➜ Explicit dependency on target 'NIOConcurrencyHelpers-product' in project 'swift-nio'
    Target 'ConsoleKitTerminal' in project 'console-kit'
        ➜ Explicit dependency on target 'Logging-product' in project 'swift-log'
        ➜ Explicit dependency on target 'NIOConcurrencyHelpers-product' in project 'swift-nio'
    Target 'NIOConcurrencyHelpers-product' in project 'swift-nio'
        ➜ Explicit dependency on target 'NIOConcurrencyHelpers' in project 'swift-nio'
        ➜ Explicit dependency on target 'CNIOAtomics' in project 'swift-nio'
    Target 'NIOConcurrencyHelpers' in project 'swift-nio'
        ➜ Explicit dependency on target 'CNIOAtomics' in project 'swift-nio'
    Target 'CNIOAtomics' in project 'swift-nio' (no dependencies)
    Target 'Logging-product' in project 'swift-log'
        ➜ Explicit dependency on target 'Logging' in project 'swift-log'
    Target 'Logging' in project 'swift-log' (no dependencies)
    Target 'DeviceAuthority-product' in project 'DeviceAuthority'
        ➜ Explicit dependency on target 'DeviceAuthority' in project 'DeviceAuthority'
    Target 'DeviceAuthority' in project 'DeviceAuthority' (no dependencies)
GatherProvisioningInputs
CreateBuildDescription
ClangStatCache /Applications/Xcode-27.0.0-Release.Candidate.app/Contents/Developer/Toolchains/XcodeDefault.xctoolchain/usr/bin/clang-stat-cache /Applications/Xcode-27.0.0-Release.Candidate.app/Contents/Developer/Platforms/MacOSX.platform/Developer/SDKs/MacOSX27.0.sdk /Users/admin/builder/spi-builder-workspace/.derivedData/SDKStatCaches.noindex/macosx27.0-26A425-e829b21a6f8c9b70876ba0858053c0446a22442a12e9d48fe1a705f55a1adfc4.sdkstatcache
    cd /Users/admin/builder/spi-builder-workspace/.swiftpm/xcode
    /Applications/Xcode-27.0.0-Release.Candidate.app/Contents/Developer/Toolchains/XcodeDefault.xctoolchain/usr/bin/clang-stat-cache /Applications/Xcode-27.0.0-Release.Candidate.app/Contents/Developer/Platforms/MacOSX.platform/Developer/SDKs/MacOSX27.0.sdk -o /Users/admin/builder/spi-builder-workspace/.derivedData/SDKStatCaches.noindex/macosx27.0-26A425-e829b21a6f8c9b70876ba0858053c0446a22442a12e9d48fe1a705f55a1adfc4.sdkstatcache
SwiftDriver DeviceAuthorityTests normal arm64 com.apple.xcode.tools.swift.compiler (in target 'DeviceAuthorityTests-product' from project 'DeviceAuthority')
    cd /Users/admin/builder/spi-builder-workspace/.swiftpm/xcode
    builtin-SwiftDriver -- /Applications/Xcode-27.0.0-Release.Candidate.app/Contents/Developer/Toolchains/XcodeDefault.xctoolchain/usr/bin/swiftc -parse-as-library -module-name DeviceAuthorityTests -Onone @/Users/admin/builder/spi-builder-workspace/.derivedData/Build/Intermediates.noindex/DeviceAuthority.build/Debug/DeviceAuthorityTests-p.build/Objects-normal/arm64/DeviceAuthorityTests.SwiftFileList -DSWIFT_PACKAGE -DDEBUG -DXcode -plugin-path /Applications/Xcode-27.0.0-Release.Candidate.app/Contents/Developer/Toolchains/XcodeDefault.xctoolchain/usr/lib/swift/host/plugins/testing -enable-experimental-feature DebugDescriptionMacro -sdk /Applications/Xcode-27.0.0-Release.Candidate.app/Contents/Developer/Platforms/MacOSX.platform/Developer/SDKs/MacOSX27.0.sdk -target arm64-apple-macos14.0 -g -module-cache-path /Users/admin/builder/spi-builder-workspace/.derivedData/ModuleCache.noindex -Xfrontend -serialize-debugging-options -enable-testing -index-store-path /Users/admin/builder/spi-builder-workspace/.derivedData/Index.noindex/DataStore -Xcc -D_LIBCPP_HARDENING_MODE\=_LIBCPP_HARDENING_MODE_DEBUG -swift-version 5 -I /Users/admin/builder/spi-builder-workspace/.derivedData/Build/Products/Debug -Isystem /Applications/Xcode-27.0.0-Release.Candidate.app/Contents/Developer/Platforms/MacOSX.platform/Developer/usr/lib -F /Users/admin/builder/spi-builder-workspace/.derivedData/Build/Products/Debug/PackageFrameworks -F /Users/admin/builder/spi-builder-workspace/.derivedData/Build/Products/Debug -F /Applications/Xcode-27.0.0-Release.Candidate.app/Contents/Developer/Platforms/MacOSX.platform/Developer/Library/Frameworks -c -j10 -enable-batch-mode -incremental -Xcc -ivfsstatcache -Xcc /Users/admin/builder/spi-builder-workspace/.derivedData/SDKStatCaches.noindex/macosx27.0-26A425-e829b21a6f8c9b70876ba0858053c0446a22442a12e9d48fe1a705f55a1adfc4.sdkstatcache -output-file-map /Users/admin/builder/spi-builder-workspace/.derivedData/Build/Intermediates.noindex/DeviceAuthority.build/Debug/DeviceAuthorityTests-p.build/Objects-normal/arm64/DeviceAuthorityTests-OutputFileMap.json -save-temps -no-color-diagnostics -explicit-module-build -module-cache-path /Users/admin/builder/spi-builder-workspace/.derivedData/Build/Intermediates.noindex/SwiftExplicitPrecompiledModules -clang-scanner-module-cache-path /Users/admin/builder/spi-builder-workspace/.derivedData/ModuleCache.noindex -sdk-module-cache-path /Users/admin/builder/spi-builder-workspace/.derivedData/SDKExplicitPrecompiledModules -emit-dependencies -emit-module -emit-module-path /Users/admin/builder/spi-builder-workspace/.derivedData/Build/Intermediates.noindex/DeviceAuthority.build/Debug/DeviceAuthorityTests-p.build/Objects-normal/arm64/DeviceAuthorityTests.swiftmodule -serialize-diagnostics -dependency-scan-serialize-diagnostics-path /Users/admin/builder/spi-builder-workspace/.derivedData/Build/Intermediates.noindex/DeviceAuthority.build/Debug/DeviceAuthorityTests-p.build/Objects-normal/arm64/DeviceAuthorityTests-dependency-scan.dia -validate-clang-modules-once -clang-build-session-file /Users/admin/builder/spi-builder-workspace/.derivedData/ModuleCache.noindex/Session.modulevalidation -Xcc -fmodules-prune-interval\=86400 -Xcc -fmodules-prune-after\=345600 -emit-const-values -const-gather-protocols-list /Users/admin/builder/spi-builder-workspace/.derivedData/Build/Intermediates.noindex/DeviceAuthority.build/Debug/DeviceAuthorityTests-p.build/Objects-normal/arm64/DeviceAuthorityTests_const_extract_protocols.json -Xcc -I/Users/admin/builder/spi-builder-workspace/.derivedData/Build/Products/Debug/include -Xcc -I/Users/admin/builder/spi-builder-workspace/.derivedData/Build/Intermediates.noindex/DeviceAuthority.build/Debug/DeviceAuthorityTests-p.build/DerivedSources-normal/arm64 -Xcc -I/Users/admin/builder/spi-builder-workspace/.derivedData/Build/Intermediates.noindex/DeviceAuthority.build/Debug/DeviceAuthorityTests-p.build/DerivedSources/arm64 -Xcc -I/Users/admin/builder/spi-builder-workspace/.derivedData/Build/Intermediates.noindex/DeviceAuthority.build/Debug/DeviceAuthorityTests-p.build/DerivedSources -Xcc -DSWIFT_PACKAGE -Xcc -DDEBUG\=1 -working-directory /Users/admin/builder/spi-builder-workspace/.swiftpm/xcode -experimental-emit-module-separately -disable-cmo
SwiftEmitModule normal arm64 Emitting\ module\ for\ DeviceAuthorityTests (in target 'DeviceAuthorityTests-product' from project 'DeviceAuthority')
SwiftCompile normal arm64 (in target 'DeviceAuthorityTests-product' from project 'DeviceAuthority')
    cd /Users/admin/builder/spi-builder-workspace/.swiftpm/xcode

SwiftCompile normal arm64 Compiling\ DeviceAuthorityTests.swift /Users/admin/builder/spi-builder-workspace/Tests/DeviceAuthorityTests/DeviceAuthorityTests.swift (in target 'DeviceAuthorityTests-product' from project 'DeviceAuthority')
SwiftCompile normal arm64 /Users/admin/builder/spi-builder-workspace/Tests/DeviceAuthorityTests/DeviceAuthorityTests.swift (in target 'DeviceAuthorityTests-product' from project 'DeviceAuthority')
    cd /Users/admin/builder/spi-builder-workspace/.swiftpm/xcode
    builtin-SwiftPerFileCompile DeviceAuthorityTests.swift
/Users/admin/builder/spi-builder-workspace/Tests/DeviceAuthorityTests/DeviceAuthorityTests.swift:15:40: error: missing argument for parameter 'name' in call
13 |         // Use XCTAssert and related functions to verify your tests produce the correct
14 |         // results.
15 |         XCTAssertEqual(DeviceAuthority().text, "Hello, World!")
   |                                        `- error: missing argument for parameter 'name' in call
16 |     }
17 | }
DeviceAuthority.DeviceAuthority.init:2:8: note: 'init(name:bundle:)' declared here
1 | struct DeviceAuthority {
2 | public init(name: String, bundle: Bundle = .main)}
  |        `- note: 'init(name:bundle:)' declared here
3 |
/Users/admin/builder/spi-builder-workspace/Tests/DeviceAuthorityTests/DeviceAuthorityTests.swift:15:42: error: value of type 'DeviceAuthority' has no member 'text'
13 |         // Use XCTAssert and related functions to verify your tests produce the correct
14 |         // results.
15 |         XCTAssertEqual(DeviceAuthority().text, "Hello, World!")
   |                                          `- error: value of type 'DeviceAuthority' has no member 'text'
16 |     }
17 | }
Failed frontend command:
/Applications/Xcode-27.0.0-Release.Candidate.app/Contents/Developer/Toolchains/XcodeDefault.xctoolchain/usr/bin/swift-frontend -frontend -c -primary-file /Users/admin/builder/spi-builder-workspace/Tests/DeviceAuthorityTests/DeviceAuthorityTests.swift -emit-dependencies-path /Users/admin/builder/spi-builder-workspace/.derivedData/Build/Intermediates.noindex/DeviceAuthority.build/Debug/DeviceAuthorityTests-p.build/Objects-normal/arm64/DeviceAuthorityTests.d -emit-const-values-path /Users/admin/builder/spi-builder-workspace/.derivedData/Build/Intermediates.noindex/DeviceAuthority.build/Debug/DeviceAuthorityTests-p.build/Objects-normal/arm64/DeviceAuthorityTests.swiftconstvalues -emit-reference-dependencies-path /Users/admin/builder/spi-builder-workspace/.derivedData/Build/Intermediates.noindex/DeviceAuthority.build/Debug/DeviceAuthorityTests-p.build/Objects-normal/arm64/DeviceAuthorityTests.swiftdeps -serialize-diagnostics-path /Users/admin/builder/spi-builder-workspace/.derivedData/Build/Intermediates.noindex/DeviceAuthority.build/Debug/DeviceAuthorityTests-p.build/Objects-normal/arm64/DeviceAuthorityTests.dia -target arm64-apple-macos14.0 -disable-cross-import-overlay-search -load-resolved-plugin /Applications/Xcode-27.0.0-Release.Candidate.app/Contents/Developer/Platforms/MacOSX.platform/Developer/usr/lib/swift/host/plugins/libFoundationMacros.dylib\#/Applications/Xcode-27.0.0-Release.Candidate.app/Contents/Developer/Platforms/MacOSX.platform/Developer/usr/bin/swift-plugin-server\#FoundationMacros -load-resolved-plugin /Applications/Xcode-27.0.0-Release.Candidate.app/Contents/Developer/Platforms/MacOSX.platform/Developer/usr/lib/swift/host/plugins/libObservationMacros.dylib\#/Applications/Xcode-27.0.0-Release.Candidate.app/Contents/Developer/Platforms/MacOSX.platform/Developer/usr/bin/swift-plugin-server\#ObservationMacros -load-resolved-plugin /Applications/Xcode-27.0.0-Release.Candidate.app/Contents/Developer/Platforms/MacOSX.platform/Developer/usr/lib/swift/host/plugins/libPreviewsMacros.dylib\#/Applications/Xcode-27.0.0-Release.Candidate.app/Contents/Developer/Platforms/MacOSX.platform/Developer/usr/bin/swift-plugin-server\#PreviewsMacros -load-resolved-plugin /Applications/Xcode-27.0.0-Release.Candidate.app/Contents/Developer/Platforms/MacOSX.platform/Developer/usr/lib/swift/host/plugins/libSwiftMacros.dylib\#/Applications/Xcode-27.0.0-Release.Candidate.app/Contents/Developer/Platforms/MacOSX.platform/Developer/usr/bin/swift-plugin-server\#SwiftMacros -load-resolved-plugin /Applications/Xcode-27.0.0-Release.Candidate.app/Contents/Developer/Platforms/MacOSX.platform/Developer/usr/lib/swift/host/plugins/libSwiftUIMacros.dylib\#/Applications/Xcode-27.0.0-Release.Candidate.app/Contents/Developer/Platforms/MacOSX.platform/Developer/usr/bin/swift-plugin-server\#SwiftUIMacros -disable-implicit-swift-modules -Xcc -fno-implicit-modules -Xcc -fno-implicit-module-maps -explicit-swift-module-map-file /Users/admin/builder/spi-builder-workspace/.derivedData/Build/Intermediates.noindex/DeviceAuthority.build/Debug/DeviceAuthorityTests-p.build/Objects-normal/arm64/DeviceAuthorityTests-dependencies-1.json -Xllvm -aarch64-use-tbi -enable-objc-interop -stack-check -sdk /Applications/Xcode-27.0.0-Release.Candidate.app/Contents/Developer/Platforms/MacOSX.platform/Developer/SDKs/MacOSX27.0.sdk -I /Users/admin/builder/spi-builder-workspace/.derivedData/Build/Products/Debug -Isystem /Applications/Xcode-27.0.0-Release.Candidate.app/Contents/Developer/Platforms/MacOSX.platform/Developer/usr/lib -F /Users/admin/builder/spi-builder-workspace/.derivedData/Build/Products/Debug/PackageFrameworks -F /Users/admin/builder/spi-builder-workspace/.derivedData/Build/Products/Debug -F /Applications/Xcode-27.0.0-Release.Candidate.app/Contents/Developer/Platforms/MacOSX.platform/Developer/Library/Frameworks -module-cache-path /Users/admin/builder/spi-builder-workspace/.derivedData/Build/Intermediates.noindex/SwiftExplicitPrecompiledModules -no-color-diagnostics -Xcc -fno-color-diagnostics -enable-testing -g -debug-info-format\=dwarf -dwarf-version\=4 -swift-version 5 -Onone -D SWIFT_PACKAGE -D DEBUG -D Xcode -serialize-debugging-options -enable-experimental-feature DebugDescriptionMacro -empty-abi-descriptor -validate-clang-modules-once -clang-build-session-file /Users/admin/builder/spi-builder-workspace/.derivedData/ModuleCache.noindex/Session.modulevalidation -Xcc -working-directory -Xcc /Users/admin/builder/spi-builder-workspace/.swiftpm/xcode -enable-anonymous-context-mangled-names -file-compilation-dir /Users/admin/builder/spi-builder-workspace/.swiftpm/xcode -Xcc -D_LIBCPP_HARDENING_MODE\=_LIBCPP_HARDENING_MODE_DEBUG -Xcc -ivfsstatcache -Xcc /Users/admin/builder/spi-builder-workspace/.derivedData/SDKStatCaches.noindex/macosx27.0-26A425-e829b21a6f8c9b70876ba0858053c0446a22442a12e9d48fe1a705f55a1adfc4.sdkstatcache -Xcc -fmodules-prune-interval\=86400 -Xcc -fmodules-prune-after\=345600 -Xcc -I/Users/admin/builder/spi-builder-workspace/.derivedData/Build/Products/Debug/include -Xcc -I/Users/admin/builder/spi-builder-workspace/.derivedData/Build/Intermediates.noindex/DeviceAuthority.build/Debug/DeviceAuthorityTests-p.build/DerivedSources-normal/arm64 -Xcc -I/Users/admin/builder/spi-builder-workspace/.derivedData/Build/Intermediates.noindex/DeviceAuthority.build/Debug/DeviceAuthorityTests-p.build/DerivedSources/arm64 -Xcc -I/Users/admin/builder/spi-builder-workspace/.derivedData/Build/Intermediates.noindex/DeviceAuthority.build/Debug/DeviceAuthorityTests-p.build/DerivedSources -Xcc -DSWIFT_PACKAGE -Xcc -DDEBUG\=1 -no-auto-bridging-header-chaining -module-name DeviceAuthorityTests -const-gather-protocols-file /Users/admin/builder/spi-builder-workspace/.derivedData/Build/Intermediates.noindex/DeviceAuthority.build/Debug/DeviceAuthorityTests-p.build/Objects-normal/arm64/DeviceAuthorityTests_const_extract_protocols.json -disable-clang-spi -clang-target arm64-apple-macos27.0 -target-sdk-version 27.0 -target-sdk-name macosx27.0 -in-process-plugin-server-path /Applications/Xcode-27.0.0-Release.Candidate.app/Contents/Developer/Toolchains/XcodeDefault.xctoolchain/usr/lib/swift/host/libSwiftInProcPluginServer.dylib -parse-as-library -o /Users/admin/builder/spi-builder-workspace/.derivedData/Build/Intermediates.noindex/DeviceAuthority.build/Debug/DeviceAuthorityTests-p.build/Objects-normal/arm64/DeviceAuthorityTests.o -debug-module-path /Users/admin/builder/spi-builder-workspace/.derivedData/Build/Intermediates.noindex/DeviceAuthority.build/Debug/DeviceAuthorityTests-p.build/Objects-normal/arm64/DeviceAuthorityTests.swiftmodule -index-unit-output-path /DeviceAuthority.build/Debug/DeviceAuthorityTests-p.build/Objects-normal/arm64/DeviceAuthorityTests.o -index-store-path /Users/admin/builder/spi-builder-workspace/.derivedData/Index.noindex/DataStore -index-system-modules
PruneExplicitPrecompiledModules /Users/admin/builder/spi-builder-workspace/.derivedData/Build/Intermediates.noindex/ExplicitPrecompiledModules
PruneExplicitPrecompiledModules /Users/admin/builder/spi-builder-workspace/.derivedData/Build/Intermediates.noindex/SwiftExplicitPrecompiledModules
PruneExplicitPrecompiledModules /Users/admin/builder/spi-builder-workspace/.derivedData/SDKExplicitPrecompiledModules
2026-09-18 22:06:15.025 xcodebuild[1212:6945] [MT] IDERunDestination: Supported platforms for the buildables in the current scheme is empty.
2026-09-18 22:06:15.127 xcodebuild[1212:6945] [MT] IDERunDestination: Supported platforms for the buildables in the current scheme is empty.
--- xcodebuild: WARNING: Using the first of multiple matching destinations:
{ platform:macOS, arch:arm64, id:6e3c668aa99b8d072ff536af66bb618ae9a89efd, name:My Mac }
{ platform:macOS, arch:arm64, variant:Mac Catalyst, id:6e3c668aa99b8d072ff536af66bb618ae9a89efd, name:My Mac }
{ platform:macOS, arch:arm64, variant:DriverKit, id:6e3c668aa99b8d072ff536af66bb618ae9a89efd, name:My Mac }
{ platform:macOS, arch:arm64, variant:Designed for [iPad,iPhone], id:6e3c668aa99b8d072ff536af66bb618ae9a89efd, name:My Mac }
** BUILD FAILED **
The following build commands failed:
	SwiftCompile normal arm64 /Users/admin/builder/spi-builder-workspace/Tests/DeviceAuthorityTests/DeviceAuthorityTests.swift (in target 'DeviceAuthorityTests-product' from project 'DeviceAuthority')
	SwiftCompile normal arm64 Compiling\ DeviceAuthorityTests.swift /Users/admin/builder/spi-builder-workspace/Tests/DeviceAuthorityTests/DeviceAuthorityTests.swift (in target 'DeviceAuthorityTests-product' from project 'DeviceAuthority')
	Building workspace DeviceAuthority with scheme DeviceAuthority-Package
(3 failures)
BUILD FAILURE 6.4 macosXcodebuild