Build Information
Failed to build ZeplinKit, reference main (36a7fd), with Swift 6.4 for watchOS using Xcode 27.0 on 23 Sep 2026 20:39:47 UTC.
Build Command
env DEVELOPER_DIR=/Applications/Xcode-27.0.0-Release.Candidate.app xcrun xcodebuild -IDEClonedSourcePackagesDirPathOverride=$PWD/.dependencies -skipMacroValidation -skipPackagePluginValidation -derivedDataPath $PWD/.derivedData build -scheme ZeplinKit -destination generic/platform=watchOSBuild Log
SwiftDriver Zip normal arm64 com.apple.xcode.tools.swift.compiler (in target 'Zip' from project 'Zip')
cd /Users/admin/builder/spi-builder-workspace/.swiftpm/xcode
builtin-SwiftDriver -- /Applications/Xcode-27.0.0-Release.Candidate.app/Contents/Developer/Toolchains/XcodeDefault.xctoolchain/usr/bin/swiftc -parse-as-library -module-name Zip -Onone @/Users/admin/builder/spi-builder-workspace/.derivedData/Build/Intermediates.noindex/Zip.build/Debug-watchos/Zip-t.build/Objects-normal/arm64/Zip.SwiftFileList -DSWIFT_PACKAGE -DDEBUG -DSWIFT_MODULE_RESOURCE_BUNDLE_UNAVAILABLE -Xcc -fmodule-map-file\=/Users/admin/builder/spi-builder-workspace/.derivedData/Build/Intermediates.noindex/GeneratedModuleMaps-watchos/Minizip.modulemap -DXcode -plugin-path /Applications/Xcode-27.0.0-Release.Candidate.app/Contents/Developer/Toolchains/XcodeDefault.xctoolchain/usr/lib/swift/host/plugins/testing -enable-experimental-feature DebugDescriptionMacro -sdk /Applications/Xcode-27.0.0-Release.Candidate.app/Contents/Developer/Platforms/WatchOS.platform/Developer/SDKs/WatchOS27.0.sdk -target arm64-apple-watchos9.0 -g -module-cache-path /Users/admin/builder/spi-builder-workspace/.derivedData/ModuleCache.noindex -Xfrontend -serialize-debugging-options -profile-coverage-mapping -profile-generate -enable-testing -suppress-warnings -index-store-path /Users/admin/builder/spi-builder-workspace/.derivedData/Index.noindex/DataStore -Xcc -D_LIBCPP_HARDENING_MODE\=_LIBCPP_HARDENING_MODE_DEBUG -swift-version 5 -I /Users/admin/builder/spi-builder-workspace/.derivedData/Build/Products/Debug-watchos -Isystem /Applications/Xcode-27.0.0-Release.Candidate.app/Contents/Developer/Platforms/WatchOS.platform/Developer/usr/lib -F /Users/admin/builder/spi-builder-workspace/.derivedData/Build/Products/Debug-watchos/PackageFrameworks -F /Users/admin/builder/spi-builder-workspace/.derivedData/Build/Products/Debug-watchos -F /Applications/Xcode-27.0.0-Release.Candidate.app/Contents/Developer/Platforms/WatchOS.platform/Developer/Library/Frameworks -F /Applications/Xcode-27.0.0-Release.Candidate.app/Contents/Developer/Platforms/WatchOS.platform/Developer/SDKs/WatchOS27.0.sdk/Developer/Library/Frameworks -c -j10 -enable-batch-mode -incremental -Xcc -ivfsstatcache -Xcc /Users/admin/builder/spi-builder-workspace/.derivedData/SDKStatCaches.noindex/watchos27.0-24R360-e829b21a6f8c9b70876ba0858053c04477534ef55a1706bf4c1112bbb242f0a2.sdkstatcache -output-file-map /Users/admin/builder/spi-builder-workspace/.derivedData/Build/Intermediates.noindex/Zip.build/Debug-watchos/Zip-t.build/Objects-normal/arm64/Zip-OutputFileMap.json -save-temps -no-color-diagnostics -explicit-module-build -module-cache-path /Users/admin/builder/spi-builder-workspace/.derivedData/Build/Intermediates.noindex/SwiftExplicitPrecompiledModules -clang-scanner-module-cache-path /Users/admin/builder/spi-builder-workspace/.derivedData/ModuleCache.noindex -sdk-module-cache-path /Users/admin/builder/spi-builder-workspace/.derivedData/SDKExplicitPrecompiledModules -emit-dependencies -emit-module -emit-module-path /Users/admin/builder/spi-builder-workspace/.derivedData/Build/Intermediates.noindex/Zip.build/Debug-watchos/Zip-t.build/Objects-normal/arm64/Zip.swiftmodule -serialize-diagnostics -dependency-scan-serialize-diagnostics-path /Users/admin/builder/spi-builder-workspace/.derivedData/Build/Intermediates.noindex/Zip.build/Debug-watchos/Zip-t.build/Objects-normal/arm64/Zip-dependency-scan.dia -validate-clang-modules-once -clang-build-session-file /Users/admin/builder/spi-builder-workspace/.derivedData/ModuleCache.noindex/Session.modulevalidation -Xcc -fmodules-prune-interval\=86400 -Xcc -fmodules-prune-after\=345600 -emit-const-values -const-gather-protocols-list /Users/admin/builder/spi-builder-workspace/.derivedData/Build/Intermediates.noindex/Zip.build/Debug-watchos/Zip-t.build/Objects-normal/arm64/Zip_const_extract_protocols.json -Xcc -I/Users/admin/builder/spi-builder-workspace/.dependencies/checkouts/Zip/Zip/minizip/include -Xcc -I/Users/admin/builder/spi-builder-workspace/.derivedData/Build/Products/Debug-watchos/include -Xcc -I/Users/admin/builder/spi-builder-workspace/.derivedData/Build/Intermediates.noindex/Zip.build/Debug-watchos/Zip-t.build/DerivedSources-normal/arm64 -Xcc -I/Users/admin/builder/spi-builder-workspace/.derivedData/Build/Intermediates.noindex/Zip.build/Debug-watchos/Zip-t.build/DerivedSources/arm64 -Xcc -I/Users/admin/builder/spi-builder-workspace/.derivedData/Build/Intermediates.noindex/Zip.build/Debug-watchos/Zip-t.build/DerivedSources -Xcc -DSWIFT_PACKAGE -Xcc -DDEBUG\=1 -emit-objc-header -emit-objc-header-path /Users/admin/builder/spi-builder-workspace/.derivedData/Build/Intermediates.noindex/Zip.build/Debug-watchos/Zip-t.build/Objects-normal/arm64/Zip-Swift.h -working-directory /Users/admin/builder/spi-builder-workspace/.swiftpm/xcode -experimental-emit-module-separately -disable-cmo
SwiftDriver Fetcher normal arm64 com.apple.xcode.tools.swift.compiler (in target 'Fetcher' from project 'Fetcher')
cd /Users/admin/builder/spi-builder-workspace/.swiftpm/xcode
builtin-SwiftDriver -- /Applications/Xcode-27.0.0-Release.Candidate.app/Contents/Developer/Toolchains/XcodeDefault.xctoolchain/usr/bin/swiftc -parse-as-library -module-name Fetcher -Onone @/Users/admin/builder/spi-builder-workspace/.derivedData/Build/Intermediates.noindex/Fetcher.build/Debug-watchos/Fetcher-t.build/Objects-normal/arm64/Fetcher.SwiftFileList -DSWIFT_PACKAGE -DDEBUG -DSWIFT_MODULE_RESOURCE_BUNDLE_AVAILABLE -DXcode -plugin-path /Applications/Xcode-27.0.0-Release.Candidate.app/Contents/Developer/Toolchains/XcodeDefault.xctoolchain/usr/lib/swift/host/plugins/testing -enable-experimental-feature DebugDescriptionMacro -sdk /Applications/Xcode-27.0.0-Release.Candidate.app/Contents/Developer/Platforms/WatchOS.platform/Developer/SDKs/WatchOS27.0.sdk -target arm64-apple-watchos9.0 -g -module-cache-path /Users/admin/builder/spi-builder-workspace/.derivedData/ModuleCache.noindex -Xfrontend -serialize-debugging-options -profile-coverage-mapping -profile-generate -enable-testing -suppress-warnings -index-store-path /Users/admin/builder/spi-builder-workspace/.derivedData/Index.noindex/DataStore -Xcc -D_LIBCPP_HARDENING_MODE\=_LIBCPP_HARDENING_MODE_DEBUG -swift-version 5 -I /Users/admin/builder/spi-builder-workspace/.derivedData/Build/Products/Debug-watchos -Isystem /Applications/Xcode-27.0.0-Release.Candidate.app/Contents/Developer/Platforms/WatchOS.platform/Developer/usr/lib -F /Users/admin/builder/spi-builder-workspace/.derivedData/Build/Products/Debug-watchos -F /Applications/Xcode-27.0.0-Release.Candidate.app/Contents/Developer/Platforms/WatchOS.platform/Developer/Library/Frameworks -F /Applications/Xcode-27.0.0-Release.Candidate.app/Contents/Developer/Platforms/WatchOS.platform/Developer/SDKs/WatchOS27.0.sdk/Developer/Library/Frameworks -c -j10 -enable-batch-mode -incremental -Xcc -ivfsstatcache -Xcc /Users/admin/builder/spi-builder-workspace/.derivedData/SDKStatCaches.noindex/watchos27.0-24R360-e829b21a6f8c9b70876ba0858053c04477534ef55a1706bf4c1112bbb242f0a2.sdkstatcache -output-file-map /Users/admin/builder/spi-builder-workspace/.derivedData/Build/Intermediates.noindex/Fetcher.build/Debug-watchos/Fetcher-t.build/Objects-normal/arm64/Fetcher-OutputFileMap.json -save-temps -no-color-diagnostics -explicit-module-build -module-cache-path /Users/admin/builder/spi-builder-workspace/.derivedData/Build/Intermediates.noindex/SwiftExplicitPrecompiledModules -clang-scanner-module-cache-path /Users/admin/builder/spi-builder-workspace/.derivedData/ModuleCache.noindex -sdk-module-cache-path /Users/admin/builder/spi-builder-workspace/.derivedData/SDKExplicitPrecompiledModules -emit-dependencies -emit-module -emit-module-path /Users/admin/builder/spi-builder-workspace/.derivedData/Build/Intermediates.noindex/Fetcher.build/Debug-watchos/Fetcher-t.build/Objects-normal/arm64/Fetcher.swiftmodule -serialize-diagnostics -dependency-scan-serialize-diagnostics-path /Users/admin/builder/spi-builder-workspace/.derivedData/Build/Intermediates.noindex/Fetcher.build/Debug-watchos/Fetcher-t.build/Objects-normal/arm64/Fetcher-dependency-scan.dia -validate-clang-modules-once -clang-build-session-file /Users/admin/builder/spi-builder-workspace/.derivedData/ModuleCache.noindex/Session.modulevalidation -Xcc -fmodules-prune-interval\=86400 -Xcc -fmodules-prune-after\=345600 -emit-const-values -const-gather-protocols-list /Users/admin/builder/spi-builder-workspace/.derivedData/Build/Intermediates.noindex/Fetcher.build/Debug-watchos/Fetcher-t.build/Objects-normal/arm64/Fetcher_const_extract_protocols.json -Xcc -I/Users/admin/builder/spi-builder-workspace/.derivedData/Build/Products/Debug-watchos/include -Xcc -I/Users/admin/builder/spi-builder-workspace/.derivedData/Build/Intermediates.noindex/Fetcher.build/Debug-watchos/Fetcher-t.build/DerivedSources-normal/arm64 -Xcc -I/Users/admin/builder/spi-builder-workspace/.derivedData/Build/Intermediates.noindex/Fetcher.build/Debug-watchos/Fetcher-t.build/DerivedSources/arm64 -Xcc -I/Users/admin/builder/spi-builder-workspace/.derivedData/Build/Intermediates.noindex/Fetcher.build/Debug-watchos/Fetcher-t.build/DerivedSources -Xcc -DSWIFT_PACKAGE -Xcc -DDEBUG\=1 -emit-objc-header -emit-objc-header-path /Users/admin/builder/spi-builder-workspace/.derivedData/Build/Intermediates.noindex/Fetcher.build/Debug-watchos/Fetcher-t.build/Objects-normal/arm64/Fetcher-Swift.h -working-directory /Users/admin/builder/spi-builder-workspace/.swiftpm/xcode -experimental-emit-module-separately -disable-cmo
PrecompileModule /Users/admin/builder/spi-builder-workspace/.derivedData/Build/Intermediates.noindex/ExplicitPrecompiledModules/_Builtin_float-EOHQAMFR1MUX8C8DZY4RR74MN.scan
cd /
builtin-precompileModule /Users/admin/builder/spi-builder-workspace/.derivedData/Build/Intermediates.noindex/ExplicitPrecompiledModules/_Builtin_float-EOHQAMFR1MUX8C8DZY4RR74MN.scan
PrecompileModule /Users/admin/builder/spi-builder-workspace/.derivedData/Build/Intermediates.noindex/ExplicitPrecompiledModules/ptrcheck-69N7XULRWVQ3Z7QOO3EM3A89F.scan
cd /
builtin-precompileModule /Users/admin/builder/spi-builder-workspace/.derivedData/Build/Intermediates.noindex/ExplicitPrecompiledModules/ptrcheck-69N7XULRWVQ3Z7QOO3EM3A89F.scan
PrecompileModule /Users/admin/builder/spi-builder-workspace/.derivedData/Build/Intermediates.noindex/ExplicitPrecompiledModules/_Builtin_stddef-2G16WS4KI1O8GRURG8GT0OWEX.scan
cd /
builtin-precompileModule /Users/admin/builder/spi-builder-workspace/.derivedData/Build/Intermediates.noindex/ExplicitPrecompiledModules/_Builtin_stddef-2G16WS4KI1O8GRURG8GT0OWEX.scan
PrecompileModule /Users/admin/builder/spi-builder-workspace/.derivedData/Build/Intermediates.noindex/ExplicitPrecompiledModules/_Builtin_stdarg-3FBU3SHG4221H48J15ES3MF8K.scan
cd /
builtin-precompileModule /Users/admin/builder/spi-builder-workspace/.derivedData/Build/Intermediates.noindex/ExplicitPrecompiledModules/_Builtin_stdarg-3FBU3SHG4221H48J15ES3MF8K.scan
PrecompileModule /Users/admin/builder/spi-builder-workspace/.derivedData/Build/Intermediates.noindex/ExplicitPrecompiledModules/_AvailabilityInternal-3HK0O2LNV5YUZD8JY7W3J1FYI.scan
cd /
builtin-precompileModule /Users/admin/builder/spi-builder-workspace/.derivedData/Build/Intermediates.noindex/ExplicitPrecompiledModules/_AvailabilityInternal-3HK0O2LNV5YUZD8JY7W3J1FYI.scan
PrecompileModule /Users/admin/builder/spi-builder-workspace/.derivedData/Build/Intermediates.noindex/ExplicitPrecompiledModules/_Builtin_stdarg-A34P5U89RCRB7LXC2DYKO2DFI.scan
cd /
builtin-precompileModule /Users/admin/builder/spi-builder-workspace/.derivedData/Build/Intermediates.noindex/ExplicitPrecompiledModules/_Builtin_stdarg-A34P5U89RCRB7LXC2DYKO2DFI.scan
PrecompileModule /Users/admin/builder/spi-builder-workspace/.derivedData/Build/Intermediates.noindex/ExplicitPrecompiledModules/_Builtin_float-1BOP5HWBKHBV6AJB60TC6XAHB.scan
cd /
builtin-precompileModule /Users/admin/builder/spi-builder-workspace/.derivedData/Build/Intermediates.noindex/ExplicitPrecompiledModules/_Builtin_float-1BOP5HWBKHBV6AJB60TC6XAHB.scan
PrecompileModule /Users/admin/builder/spi-builder-workspace/.derivedData/Build/Intermediates.noindex/ExplicitPrecompiledModules/ptrcheck-7884MFS85IH2ENVP3H2PVHSXU.scan
cd /
builtin-precompileModule /Users/admin/builder/spi-builder-workspace/.derivedData/Build/Intermediates.noindex/ExplicitPrecompiledModules/ptrcheck-7884MFS85IH2ENVP3H2PVHSXU.scan
PrecompileModule /Users/admin/builder/spi-builder-workspace/.derivedData/Build/Intermediates.noindex/ExplicitPrecompiledModules/_Builtin_stddef-D24ER3MLYJ1LE64PIZ3PRS6FG.scan
cd /
builtin-precompileModule /Users/admin/builder/spi-builder-workspace/.derivedData/Build/Intermediates.noindex/ExplicitPrecompiledModules/_Builtin_stddef-D24ER3MLYJ1LE64PIZ3PRS6FG.scan
PrecompileModule /Users/admin/builder/spi-builder-workspace/.derivedData/Build/Intermediates.noindex/ExplicitPrecompiledModules/_AvailabilityInternal-B2HAKF4Z5XSDV0000HSSFXY9C.scan
cd /
builtin-precompileModule /Users/admin/builder/spi-builder-workspace/.derivedData/Build/Intermediates.noindex/ExplicitPrecompiledModules/_AvailabilityInternal-B2HAKF4Z5XSDV0000HSSFXY9C.scan
PrecompileModule /Users/admin/builder/spi-builder-workspace/.derivedData/Build/Intermediates.noindex/ExplicitPrecompiledModules/_DarwinFoundation1-13H6FXL1GBYYXRCWTA0PD05GF.scan
cd /
builtin-precompileModule /Users/admin/builder/spi-builder-workspace/.derivedData/Build/Intermediates.noindex/ExplicitPrecompiledModules/_DarwinFoundation1-13H6FXL1GBYYXRCWTA0PD05GF.scan
PrecompileModule /Users/admin/builder/spi-builder-workspace/.derivedData/Build/Intermediates.noindex/ExplicitPrecompiledModules/_DarwinFoundation1-271C6YMHKE2T7B31M2WB81V4X.scan
cd /
builtin-precompileModule /Users/admin/builder/spi-builder-workspace/.derivedData/Build/Intermediates.noindex/ExplicitPrecompiledModules/_DarwinFoundation1-271C6YMHKE2T7B31M2WB81V4X.scan
PrecompileModule /Users/admin/builder/spi-builder-workspace/.derivedData/Build/Intermediates.noindex/ExplicitPrecompiledModules/_DarwinFoundation2-UOPWJD88NWYOYIOBXLEYL9XL.scan
cd /
builtin-precompileModule /Users/admin/builder/spi-builder-workspace/.derivedData/Build/Intermediates.noindex/ExplicitPrecompiledModules/_DarwinFoundation2-UOPWJD88NWYOYIOBXLEYL9XL.scan
PrecompileModule /Users/admin/builder/spi-builder-workspace/.derivedData/Build/Intermediates.noindex/ExplicitPrecompiledModules/_DarwinFoundation2-97B3A1VFJWM3XXNSKJIWN1MUQ.scan
cd /
builtin-precompileModule /Users/admin/builder/spi-builder-workspace/.derivedData/Build/Intermediates.noindex/ExplicitPrecompiledModules/_DarwinFoundation2-97B3A1VFJWM3XXNSKJIWN1MUQ.scan
PrecompileModule /Users/admin/builder/spi-builder-workspace/.derivedData/Build/Intermediates.noindex/ExplicitPrecompiledModules/_Builtin_stdint-CSE9JYDM5Q1PO78CBR9FK72Q4.scan
cd /
builtin-precompileModule /Users/admin/builder/spi-builder-workspace/.derivedData/Build/Intermediates.noindex/ExplicitPrecompiledModules/_Builtin_stdint-CSE9JYDM5Q1PO78CBR9FK72Q4.scan
PrecompileModule /Users/admin/builder/spi-builder-workspace/.derivedData/Build/Intermediates.noindex/ExplicitPrecompiledModules/_Builtin_stdint-C9F8CC0X0IM0BACQMFOUG41PC.scan
cd /
builtin-precompileModule /Users/admin/builder/spi-builder-workspace/.derivedData/Build/Intermediates.noindex/ExplicitPrecompiledModules/_Builtin_stdint-C9F8CC0X0IM0BACQMFOUG41PC.scan
PrecompileModule /Users/admin/builder/spi-builder-workspace/.derivedData/Build/Intermediates.noindex/ExplicitPrecompiledModules/_DarwinFoundation3-AEQ8M866EXUQLRMRTUGOCYYV3.scan
cd /
builtin-precompileModule /Users/admin/builder/spi-builder-workspace/.derivedData/Build/Intermediates.noindex/ExplicitPrecompiledModules/_DarwinFoundation3-AEQ8M866EXUQLRMRTUGOCYYV3.scan
PrecompileModule /Users/admin/builder/spi-builder-workspace/.derivedData/Build/Intermediates.noindex/ExplicitPrecompiledModules/_DarwinFoundation3-8YQJHADOAGVLGCJ0XL0EXZ0DO.scan
cd /
builtin-precompileModule /Users/admin/builder/spi-builder-workspace/.derivedData/Build/Intermediates.noindex/ExplicitPrecompiledModules/_DarwinFoundation3-8YQJHADOAGVLGCJ0XL0EXZ0DO.scan
SwiftExplicitDependencyGeneratePcm arm64 /Users/admin/builder/spi-builder-workspace/.derivedData/SDKExplicitPrecompiledModules/_SwiftConcurrencyShims-659N52XSKR5F0QSB880BH2FJR.pcm
SwiftExplicitDependencyGeneratePcm arm64 /Users/admin/builder/spi-builder-workspace/.derivedData/SDKExplicitPrecompiledModules/ptrauth-3TZ9WJCGLYD25HQPWH4968ONX.pcm
SwiftExplicitDependencyGeneratePcm arm64 /Users/admin/builder/spi-builder-workspace/.derivedData/SDKExplicitPrecompiledModules/_Builtin_stddef-1FU30Y8SWFB7OUUHMJQH5J6FM.pcm
SwiftExplicitDependencyGeneratePcm arm64 /Users/admin/builder/spi-builder-workspace/.derivedData/SDKExplicitPrecompiledModules/SwiftShims-4MXFZPV6FEB0XBYXCGPWAMQGL.pcm
SwiftExplicitDependencyGeneratePcm arm64 /Users/admin/builder/spi-builder-workspace/.derivedData/SDKExplicitPrecompiledModules/_Builtin_float-C0CW5Q4HGBQYKE77TC42IAFB5.pcm
SwiftExplicitDependencyGeneratePcm arm64 /Users/admin/builder/spi-builder-workspace/.derivedData/SDKExplicitPrecompiledModules/_AvailabilityInternal-BUNV3UXM65NT37THI4W1AM0SF.pcm
SwiftExplicitDependencyGeneratePcm arm64 /Users/admin/builder/spi-builder-workspace/.derivedData/SDKExplicitPrecompiledModules/_Builtin_stdbool-83J96QSOFE9VX04AAS6310UAE.pcm
SwiftExplicitDependencyGeneratePcm arm64 /Users/admin/builder/spi-builder-workspace/.derivedData/SDKExplicitPrecompiledModules/ptrcheck-AIF0NDOYZ8ORBNHQAQR5NNB8M.pcm
SwiftExplicitDependencyGeneratePcm arm64_32 /Users/admin/builder/spi-builder-workspace/.derivedData/SDKExplicitPrecompiledModules/ptrcheck-7ELIH9BTIGVKX3UBITM9N72WD.pcm
SwiftExplicitDependencyGeneratePcm arm64_32 /Users/admin/builder/spi-builder-workspace/.derivedData/SDKExplicitPrecompiledModules/_Builtin_stdbool-A967K8W8YUYEC9SN52KJ7OO88.pcm
SwiftExplicitDependencyGeneratePcm arm64_32 /Users/admin/builder/spi-builder-workspace/.derivedData/SDKExplicitPrecompiledModules/_Builtin_stdarg-D305JG44A2WPI6CJY37X3QJE8.pcm
SwiftExplicitDependencyGeneratePcm arm64_32 /Users/admin/builder/spi-builder-workspace/.derivedData/SDKExplicitPrecompiledModules/SwiftShims-9CQQGWTSNTN9EB5NSHDWUJICH.pcm
SwiftExplicitDependencyGeneratePcm arm64_32 /Users/admin/builder/spi-builder-workspace/.derivedData/SDKExplicitPrecompiledModules/_SwiftConcurrencyShims-6RTBPQ03V7BM9SPRK8SUE055H.pcm
SwiftExplicitDependencyGeneratePcm arm64_32 /Users/admin/builder/spi-builder-workspace/.derivedData/SDKExplicitPrecompiledModules/_Builtin_stddef-H44EFHQX6XSS5MZ7QP6YJZ76.pcm
SwiftExplicitDependencyGeneratePcm arm64 /Users/admin/builder/spi-builder-workspace/.derivedData/SDKExplicitPrecompiledModules/_Builtin_stdarg-A7UU8LE6MP85SM26YO7PBZNUQ.pcm
SwiftExplicitDependencyGeneratePcm arm64_32 /Users/admin/builder/spi-builder-workspace/.derivedData/SDKExplicitPrecompiledModules/_Builtin_float-6KO8O3PEWRCA4WC6PPLOYO6WJ.pcm
SwiftExplicitDependencyGeneratePcm arm64_32 /Users/admin/builder/spi-builder-workspace/.derivedData/SDKExplicitPrecompiledModules/_AvailabilityInternal-244WAN3Z1QBT7PIA64EZEFY1R.pcm
SwiftExplicitDependencyGeneratePcm arm64_32 /Users/admin/builder/spi-builder-workspace/.derivedData/SDKExplicitPrecompiledModules/ptrauth-BFXF358ME5AK535N5A9Z766WU.pcm
SwiftExplicitDependencyGeneratePcm arm64 /Users/admin/builder/spi-builder-workspace/.derivedData/SDKExplicitPrecompiledModules/_DarwinFoundation1-7SPX3MD0HMP55E4OLNCPNDQ53.pcm
PrecompileModule /Users/admin/builder/spi-builder-workspace/.derivedData/Build/Intermediates.noindex/ExplicitPrecompiledModules/zlib-7DAFVUA8KO41PA1LBPZW0LE8D.scan
cd /
builtin-precompileModule /Users/admin/builder/spi-builder-workspace/.derivedData/Build/Intermediates.noindex/ExplicitPrecompiledModules/zlib-7DAFVUA8KO41PA1LBPZW0LE8D.scan
PrecompileModule /Users/admin/builder/spi-builder-workspace/.derivedData/Build/Intermediates.noindex/ExplicitPrecompiledModules/zlib-D5XA8S7H6ZJ5UZHAFRV3Z53P2.scan
cd /
builtin-precompileModule /Users/admin/builder/spi-builder-workspace/.derivedData/Build/Intermediates.noindex/ExplicitPrecompiledModules/zlib-D5XA8S7H6ZJ5UZHAFRV3Z53P2.scan
CompileC /Users/admin/builder/spi-builder-workspace/.derivedData/Build/Intermediates.noindex/Zip.build/Debug-watchos/Minizip-t.build/Objects-normal/arm64_32/zip.o /Users/admin/builder/spi-builder-workspace/.dependencies/checkouts/Zip/Zip/minizip/zip.c normal arm64_32 c com.apple.compilers.llvm.clang.1_0.compiler (in target 'Minizip' from project 'Zip')
cd /Users/admin/builder/spi-builder-workspace/.swiftpm/xcode
Using response file: /Users/admin/builder/spi-builder-workspace/.derivedData/Build/Intermediates.noindex/Zip.build/Debug-watchos/Minizip-t.build/Objects-normal/arm64_32/7187679823f38a2a940e0043cdf9d637-common-args.resp
/Applications/Xcode-27.0.0-Release.Candidate.app/Contents/Developer/Toolchains/XcodeDefault.xctoolchain/usr/bin/clang -x c -ivfsstatcache /Users/admin/builder/spi-builder-workspace/.derivedData/SDKStatCaches.noindex/watchos27.0-24R360-e829b21a6f8c9b70876ba0858053c04477534ef55a1706bf4c1112bbb242f0a2.sdkstatcache -target arm64_32-apple-watchos9.0 -fmessage-length\=0 -fdiagnostics-show-note-include-stack -fmacro-backtrace-limit\=0 -fno-color-diagnostics -fmodules-prune-interval\=86400 -fmodules-prune-after\=345600 -fbuild-session-file\=/Users/admin/builder/spi-builder-workspace/.derivedData/ModuleCache.noindex/Session.modulevalidation -fmodules-validate-once-per-build-session -Wnon-modular-include-in-framework-module -Werror\=non-modular-include-in-framework-module -Wno-trigraphs -Wno-missing-field-initializers -Wno-missing-prototypes -Wno-return-type -Wno-missing-braces -Wparentheses -Wswitch -Wno-unused-function -Wno-unused-label -Wno-unused-parameter -Wno-unused-variable -Wunused-value -Wno-empty-body -Wno-uninitialized -Wno-unknown-pragmas -w -Wno-shadow -Wno-four-char-constants -Wno-conversion -Wno-constant-conversion -Wno-int-conversion -Wno-bool-conversion -Wno-enum-conversion -Wno-float-conversion -Wno-non-literal-null-conversion -Wno-objc-literal-conversion -Wno-shorten-64-to-32 -Wpointer-sign -Wno-newline-eof -Wno-implicit-fallthrough -isysroot /Applications/Xcode-27.0.0-Release.Candidate.app/Contents/Developer/Platforms/WatchOS.platform/Developer/SDKs/WatchOS27.0.sdk -fstrict-aliasing -Wdeprecated-declarations -Wno-sign-conversion -Wno-infinite-recursion -Wno-comma -Wno-block-capture-autoreleasing -Wno-strict-prototypes -Wno-semicolon-before-method-body -index-store-path /Users/admin/builder/spi-builder-workspace/.derivedData/Index.noindex/DataStore @/Users/admin/builder/spi-builder-workspace/.derivedData/Build/Intermediates.noindex/Zip.build/Debug-watchos/Minizip-t.build/Objects-normal/arm64_32/7187679823f38a2a940e0043cdf9d637-common-args.resp -MMD -MT dependencies -MF /Users/admin/builder/spi-builder-workspace/.derivedData/Build/Intermediates.noindex/Zip.build/Debug-watchos/Minizip-t.build/Objects-normal/arm64_32/zip.d --serialize-diagnostics /Users/admin/builder/spi-builder-workspace/.derivedData/Build/Intermediates.noindex/Zip.build/Debug-watchos/Minizip-t.build/Objects-normal/arm64_32/zip.dia -c /Users/admin/builder/spi-builder-workspace/.dependencies/checkouts/Zip/Zip/minizip/zip.c -o /Users/admin/builder/spi-builder-workspace/.derivedData/Build/Intermediates.noindex/Zip.build/Debug-watchos/Minizip-t.build/Objects-normal/arm64_32/zip.o -index-unit-output-path /Zip.build/Debug-watchos/Minizip-t.build/Objects-normal/arm64_32/zip.o
CompileC /Users/admin/builder/spi-builder-workspace/.derivedData/Build/Intermediates.noindex/Zip.build/Debug-watchos/Minizip-t.build/Objects-normal/arm64_32/unzip.o /Users/admin/builder/spi-builder-workspace/.dependencies/checkouts/Zip/Zip/minizip/unzip.c normal arm64_32 c com.apple.compilers.llvm.clang.1_0.compiler (in target 'Minizip' from project 'Zip')
cd /Users/admin/builder/spi-builder-workspace/.swiftpm/xcode
Using response file: /Users/admin/builder/spi-builder-workspace/.derivedData/Build/Intermediates.noindex/Zip.build/Debug-watchos/Minizip-t.build/Objects-normal/arm64_32/7187679823f38a2a940e0043cdf9d637-common-args.resp
/Applications/Xcode-27.0.0-Release.Candidate.app/Contents/Developer/Toolchains/XcodeDefault.xctoolchain/usr/bin/clang -x c -ivfsstatcache /Users/admin/builder/spi-builder-workspace/.derivedData/SDKStatCaches.noindex/watchos27.0-24R360-e829b21a6f8c9b70876ba0858053c04477534ef55a1706bf4c1112bbb242f0a2.sdkstatcache -target arm64_32-apple-watchos9.0 -fmessage-length\=0 -fdiagnostics-show-note-include-stack -fmacro-backtrace-limit\=0 -fno-color-diagnostics -fmodules-prune-interval\=86400 -fmodules-prune-after\=345600 -fbuild-session-file\=/Users/admin/builder/spi-builder-workspace/.derivedData/ModuleCache.noindex/Session.modulevalidation -fmodules-validate-once-per-build-session -Wnon-modular-include-in-framework-module -Werror\=non-modular-include-in-framework-module -Wno-trigraphs -Wno-missing-field-initializers -Wno-missing-prototypes -Wno-return-type -Wno-missing-braces -Wparentheses -Wswitch -Wno-unused-function -Wno-unused-label -Wno-unused-parameter -Wno-unused-variable -Wunused-value -Wno-empty-body -Wno-uninitialized -Wno-unknown-pragmas -w -Wno-shadow -Wno-four-char-constants -Wno-conversion -Wno-constant-conversion -Wno-int-conversion -Wno-bool-conversion -Wno-enum-conversion -Wno-float-conversion -Wno-non-literal-null-conversion -Wno-objc-literal-conversion -Wno-shorten-64-to-32 -Wpointer-sign -Wno-newline-eof -Wno-implicit-fallthrough -isysroot /Applications/Xcode-27.0.0-Release.Candidate.app/Contents/Developer/Platforms/WatchOS.platform/Developer/SDKs/WatchOS27.0.sdk -fstrict-aliasing -Wdeprecated-declarations -Wno-sign-conversion -Wno-infinite-recursion -Wno-comma -Wno-block-capture-autoreleasing -Wno-strict-prototypes -Wno-semicolon-before-method-body -index-store-path /Users/admin/builder/spi-builder-workspace/.derivedData/Index.noindex/DataStore @/Users/admin/builder/spi-builder-workspace/.derivedData/Build/Intermediates.noindex/Zip.build/Debug-watchos/Minizip-t.build/Objects-normal/arm64_32/7187679823f38a2a940e0043cdf9d637-common-args.resp -MMD -MT dependencies -MF /Users/admin/builder/spi-builder-workspace/.derivedData/Build/Intermediates.noindex/Zip.build/Debug-watchos/Minizip-t.build/Objects-normal/arm64_32/unzip.d --serialize-diagnostics /Users/admin/builder/spi-builder-workspace/.derivedData/Build/Intermediates.noindex/Zip.build/Debug-watchos/Minizip-t.build/Objects-normal/arm64_32/unzip.dia -c /Users/admin/builder/spi-builder-workspace/.dependencies/checkouts/Zip/Zip/minizip/unzip.c -o /Users/admin/builder/spi-builder-workspace/.derivedData/Build/Intermediates.noindex/Zip.build/Debug-watchos/Minizip-t.build/Objects-normal/arm64_32/unzip.o -index-unit-output-path /Zip.build/Debug-watchos/Minizip-t.build/Objects-normal/arm64_32/unzip.o
CompileC /Users/admin/builder/spi-builder-workspace/.derivedData/Build/Intermediates.noindex/Zip.build/Debug-watchos/Minizip-t.build/Objects-normal/arm64_32/ioapi.o /Users/admin/builder/spi-builder-workspace/.dependencies/checkouts/Zip/Zip/minizip/ioapi.c normal arm64_32 c com.apple.compilers.llvm.clang.1_0.compiler (in target 'Minizip' from project 'Zip')
cd /Users/admin/builder/spi-builder-workspace/.swiftpm/xcode
Using response file: /Users/admin/builder/spi-builder-workspace/.derivedData/Build/Intermediates.noindex/Zip.build/Debug-watchos/Minizip-t.build/Objects-normal/arm64_32/7187679823f38a2a940e0043cdf9d637-common-args.resp
/Applications/Xcode-27.0.0-Release.Candidate.app/Contents/Developer/Toolchains/XcodeDefault.xctoolchain/usr/bin/clang -x c -ivfsstatcache /Users/admin/builder/spi-builder-workspace/.derivedData/SDKStatCaches.noindex/watchos27.0-24R360-e829b21a6f8c9b70876ba0858053c04477534ef55a1706bf4c1112bbb242f0a2.sdkstatcache -target arm64_32-apple-watchos9.0 -fmessage-length\=0 -fdiagnostics-show-note-include-stack -fmacro-backtrace-limit\=0 -fno-color-diagnostics -fmodules-prune-interval\=86400 -fmodules-prune-after\=345600 -fbuild-session-file\=/Users/admin/builder/spi-builder-workspace/.derivedData/ModuleCache.noindex/Session.modulevalidation -fmodules-validate-once-per-build-session -Wnon-modular-include-in-framework-module -Werror\=non-modular-include-in-framework-module -Wno-trigraphs -Wno-missing-field-initializers -Wno-missing-prototypes -Wno-return-type -Wno-missing-braces -Wparentheses -Wswitch -Wno-unused-function -Wno-unused-label -Wno-unused-parameter -Wno-unused-variable -Wunused-value -Wno-empty-body -Wno-uninitialized -Wno-unknown-pragmas -w -Wno-shadow -Wno-four-char-constants -Wno-conversion -Wno-constant-conversion -Wno-int-conversion -Wno-bool-conversion -Wno-enum-conversion -Wno-float-conversion -Wno-non-literal-null-conversion -Wno-objc-literal-conversion -Wno-shorten-64-to-32 -Wpointer-sign -Wno-newline-eof -Wno-implicit-fallthrough -isysroot /Applications/Xcode-27.0.0-Release.Candidate.app/Contents/Developer/Platforms/WatchOS.platform/Developer/SDKs/WatchOS27.0.sdk -fstrict-aliasing -Wdeprecated-declarations -Wno-sign-conversion -Wno-infinite-recursion -Wno-comma -Wno-block-capture-autoreleasing -Wno-strict-prototypes -Wno-semicolon-before-method-body -index-store-path /Users/admin/builder/spi-builder-workspace/.derivedData/Index.noindex/DataStore @/Users/admin/builder/spi-builder-workspace/.derivedData/Build/Intermediates.noindex/Zip.build/Debug-watchos/Minizip-t.build/Objects-normal/arm64_32/7187679823f38a2a940e0043cdf9d637-common-args.resp -MMD -MT dependencies -MF /Users/admin/builder/spi-builder-workspace/.derivedData/Build/Intermediates.noindex/Zip.build/Debug-watchos/Minizip-t.build/Objects-normal/arm64_32/ioapi.d --serialize-diagnostics /Users/admin/builder/spi-builder-workspace/.derivedData/Build/Intermediates.noindex/Zip.build/Debug-watchos/Minizip-t.build/Objects-normal/arm64_32/ioapi.dia -c /Users/admin/builder/spi-builder-workspace/.dependencies/checkouts/Zip/Zip/minizip/ioapi.c -o /Users/admin/builder/spi-builder-workspace/.derivedData/Build/Intermediates.noindex/Zip.build/Debug-watchos/Minizip-t.build/Objects-normal/arm64_32/ioapi.o -index-unit-output-path /Zip.build/Debug-watchos/Minizip-t.build/Objects-normal/arm64_32/ioapi.o
SwiftExplicitDependencyGeneratePcm arm64_32 /Users/admin/builder/spi-builder-workspace/.derivedData/SDKExplicitPrecompiledModules/_DarwinFoundation1-2GWF9RFMPLQW4PDHS3NARVI3G.pcm
CompileC /Users/admin/builder/spi-builder-workspace/.derivedData/Build/Intermediates.noindex/Zip.build/Debug-watchos/Minizip-t.build/Objects-normal/arm64/zip.o /Users/admin/builder/spi-builder-workspace/.dependencies/checkouts/Zip/Zip/minizip/zip.c normal arm64 c com.apple.compilers.llvm.clang.1_0.compiler (in target 'Minizip' from project 'Zip')
cd /Users/admin/builder/spi-builder-workspace/.swiftpm/xcode
Using response file: /Users/admin/builder/spi-builder-workspace/.derivedData/Build/Intermediates.noindex/Zip.build/Debug-watchos/Minizip-t.build/Objects-normal/arm64/7187679823f38a2a940e0043cdf9d637-common-args.resp
/Applications/Xcode-27.0.0-Release.Candidate.app/Contents/Developer/Toolchains/XcodeDefault.xctoolchain/usr/bin/clang -x c -ivfsstatcache /Users/admin/builder/spi-builder-workspace/.derivedData/SDKStatCaches.noindex/watchos27.0-24R360-e829b21a6f8c9b70876ba0858053c04477534ef55a1706bf4c1112bbb242f0a2.sdkstatcache -target arm64-apple-watchos9.0 -fmessage-length\=0 -fdiagnostics-show-note-include-stack -fmacro-backtrace-limit\=0 -fno-color-diagnostics -fmodules-prune-interval\=86400 -fmodules-prune-after\=345600 -fbuild-session-file\=/Users/admin/builder/spi-builder-workspace/.derivedData/ModuleCache.noindex/Session.modulevalidation -fmodules-validate-once-per-build-session -Wnon-modular-include-in-framework-module -Werror\=non-modular-include-in-framework-module -Wno-trigraphs -Wno-missing-field-initializers -Wno-missing-prototypes -Wno-return-type -Wno-missing-braces -Wparentheses -Wswitch -Wno-unused-function -Wno-unused-label -Wno-unused-parameter -Wno-unused-variable -Wunused-value -Wno-empty-body -Wno-uninitialized -Wno-unknown-pragmas -w -Wno-shadow -Wno-four-char-constants -Wno-conversion -Wno-constant-conversion -Wno-int-conversion -Wno-bool-conversion -Wno-enum-conversion -Wno-float-conversion -Wno-non-literal-null-conversion -Wno-objc-literal-conversion -Wshorten-64-to-32 -Wpointer-sign -Wno-newline-eof -Wno-implicit-fallthrough -isysroot /Applications/Xcode-27.0.0-Release.Candidate.app/Contents/Developer/Platforms/WatchOS.platform/Developer/SDKs/WatchOS27.0.sdk -fstrict-aliasing -Wdeprecated-declarations -Wno-sign-conversion -Wno-infinite-recursion -Wno-comma -Wno-block-capture-autoreleasing -Wno-strict-prototypes -Wno-semicolon-before-method-body -index-store-path /Users/admin/builder/spi-builder-workspace/.derivedData/Index.noindex/DataStore @/Users/admin/builder/spi-builder-workspace/.derivedData/Build/Intermediates.noindex/Zip.build/Debug-watchos/Minizip-t.build/Objects-normal/arm64/7187679823f38a2a940e0043cdf9d637-common-args.resp -MMD -MT dependencies -MF /Users/admin/builder/spi-builder-workspace/.derivedData/Build/Intermediates.noindex/Zip.build/Debug-watchos/Minizip-t.build/Objects-normal/arm64/zip.d --serialize-diagnostics /Users/admin/builder/spi-builder-workspace/.derivedData/Build/Intermediates.noindex/Zip.build/Debug-watchos/Minizip-t.build/Objects-normal/arm64/zip.dia -c /Users/admin/builder/spi-builder-workspace/.dependencies/checkouts/Zip/Zip/minizip/zip.c -o /Users/admin/builder/spi-builder-workspace/.derivedData/Build/Intermediates.noindex/Zip.build/Debug-watchos/Minizip-t.build/Objects-normal/arm64/zip.o -index-unit-output-path /Zip.build/Debug-watchos/Minizip-t.build/Objects-normal/arm64/zip.o
CompileC /Users/admin/builder/spi-builder-workspace/.derivedData/Build/Intermediates.noindex/Zip.build/Debug-watchos/Minizip-t.build/Objects-normal/arm64/ioapi.o /Users/admin/builder/spi-builder-workspace/.dependencies/checkouts/Zip/Zip/minizip/ioapi.c normal arm64 c com.apple.compilers.llvm.clang.1_0.compiler (in target 'Minizip' from project 'Zip')
cd /Users/admin/builder/spi-builder-workspace/.swiftpm/xcode
Using response file: /Users/admin/builder/spi-builder-workspace/.derivedData/Build/Intermediates.noindex/Zip.build/Debug-watchos/Minizip-t.build/Objects-normal/arm64/7187679823f38a2a940e0043cdf9d637-common-args.resp
/Applications/Xcode-27.0.0-Release.Candidate.app/Contents/Developer/Toolchains/XcodeDefault.xctoolchain/usr/bin/clang -x c -ivfsstatcache /Users/admin/builder/spi-builder-workspace/.derivedData/SDKStatCaches.noindex/watchos27.0-24R360-e829b21a6f8c9b70876ba0858053c04477534ef55a1706bf4c1112bbb242f0a2.sdkstatcache -target arm64-apple-watchos9.0 -fmessage-length\=0 -fdiagnostics-show-note-include-stack -fmacro-backtrace-limit\=0 -fno-color-diagnostics -fmodules-prune-interval\=86400 -fmodules-prune-after\=345600 -fbuild-session-file\=/Users/admin/builder/spi-builder-workspace/.derivedData/ModuleCache.noindex/Session.modulevalidation -fmodules-validate-once-per-build-session -Wnon-modular-include-in-framework-module -Werror\=non-modular-include-in-framework-module -Wno-trigraphs -Wno-missing-field-initializers -Wno-missing-prototypes -Wno-return-type -Wno-missing-braces -Wparentheses -Wswitch -Wno-unused-function -Wno-unused-label -Wno-unused-parameter -Wno-unused-variable -Wunused-value -Wno-empty-body -Wno-uninitialized -Wno-unknown-pragmas -w -Wno-shadow -Wno-four-char-constants -Wno-conversion -Wno-constant-conversion -Wno-int-conversion -Wno-bool-conversion -Wno-enum-conversion -Wno-float-conversion -Wno-non-literal-null-conversion -Wno-objc-literal-conversion -Wshorten-64-to-32 -Wpointer-sign -Wno-newline-eof -Wno-implicit-fallthrough -isysroot /Applications/Xcode-27.0.0-Release.Candidate.app/Contents/Developer/Platforms/WatchOS.platform/Developer/SDKs/WatchOS27.0.sdk -fstrict-aliasing -Wdeprecated-declarations -Wno-sign-conversion -Wno-infinite-recursion -Wno-comma -Wno-block-capture-autoreleasing -Wno-strict-prototypes -Wno-semicolon-before-method-body -index-store-path /Users/admin/builder/spi-builder-workspace/.derivedData/Index.noindex/DataStore @/Users/admin/builder/spi-builder-workspace/.derivedData/Build/Intermediates.noindex/Zip.build/Debug-watchos/Minizip-t.build/Objects-normal/arm64/7187679823f38a2a940e0043cdf9d637-common-args.resp -MMD -MT dependencies -MF /Users/admin/builder/spi-builder-workspace/.derivedData/Build/Intermediates.noindex/Zip.build/Debug-watchos/Minizip-t.build/Objects-normal/arm64/ioapi.d --serialize-diagnostics /Users/admin/builder/spi-builder-workspace/.derivedData/Build/Intermediates.noindex/Zip.build/Debug-watchos/Minizip-t.build/Objects-normal/arm64/ioapi.dia -c /Users/admin/builder/spi-builder-workspace/.dependencies/checkouts/Zip/Zip/minizip/ioapi.c -o /Users/admin/builder/spi-builder-workspace/.derivedData/Build/Intermediates.noindex/Zip.build/Debug-watchos/Minizip-t.build/Objects-normal/arm64/ioapi.o -index-unit-output-path /Zip.build/Debug-watchos/Minizip-t.build/Objects-normal/arm64/ioapi.o
CompileC /Users/admin/builder/spi-builder-workspace/.derivedData/Build/Intermediates.noindex/Zip.build/Debug-watchos/Minizip-t.build/Objects-normal/arm64/unzip.o /Users/admin/builder/spi-builder-workspace/.dependencies/checkouts/Zip/Zip/minizip/unzip.c normal arm64 c com.apple.compilers.llvm.clang.1_0.compiler (in target 'Minizip' from project 'Zip')
cd /Users/admin/builder/spi-builder-workspace/.swiftpm/xcode
Using response file: /Users/admin/builder/spi-builder-workspace/.derivedData/Build/Intermediates.noindex/Zip.build/Debug-watchos/Minizip-t.build/Objects-normal/arm64/7187679823f38a2a940e0043cdf9d637-common-args.resp
/Applications/Xcode-27.0.0-Release.Candidate.app/Contents/Developer/Toolchains/XcodeDefault.xctoolchain/usr/bin/clang -x c -ivfsstatcache /Users/admin/builder/spi-builder-workspace/.derivedData/SDKStatCaches.noindex/watchos27.0-24R360-e829b21a6f8c9b70876ba0858053c04477534ef55a1706bf4c1112bbb242f0a2.sdkstatcache -target arm64-apple-watchos9.0 -fmessage-length\=0 -fdiagnostics-show-note-include-stack -fmacro-backtrace-limit\=0 -fno-color-diagnostics -fmodules-prune-interval\=86400 -fmodules-prune-after\=345600 -fbuild-session-file\=/Users/admin/builder/spi-builder-workspace/.derivedData/ModuleCache.noindex/Session.modulevalidation -fmodules-validate-once-per-build-session -Wnon-modular-include-in-framework-module -Werror\=non-modular-include-in-framework-module -Wno-trigraphs -Wno-missing-field-initializers -Wno-missing-prototypes -Wno-return-type -Wno-missing-braces -Wparentheses -Wswitch -Wno-unused-function -Wno-unused-label -Wno-unused-parameter -Wno-unused-variable -Wunused-value -Wno-empty-body -Wno-uninitialized -Wno-unknown-pragmas -w -Wno-shadow -Wno-four-char-constants -Wno-conversion -Wno-constant-conversion -Wno-int-conversion -Wno-bool-conversion -Wno-enum-conversion -Wno-float-conversion -Wno-non-literal-null-conversion -Wno-objc-literal-conversion -Wshorten-64-to-32 -Wpointer-sign -Wno-newline-eof -Wno-implicit-fallthrough -isysroot /Applications/Xcode-27.0.0-Release.Candidate.app/Contents/Developer/Platforms/WatchOS.platform/Developer/SDKs/WatchOS27.0.sdk -fstrict-aliasing -Wdeprecated-declarations -Wno-sign-conversion -Wno-infinite-recursion -Wno-comma -Wno-block-capture-autoreleasing -Wno-strict-prototypes -Wno-semicolon-before-method-body -index-store-path /Users/admin/builder/spi-builder-workspace/.derivedData/Index.noindex/DataStore @/Users/admin/builder/spi-builder-workspace/.derivedData/Build/Intermediates.noindex/Zip.build/Debug-watchos/Minizip-t.build/Objects-normal/arm64/7187679823f38a2a940e0043cdf9d637-common-args.resp -MMD -MT dependencies -MF /Users/admin/builder/spi-builder-workspace/.derivedData/Build/Intermediates.noindex/Zip.build/Debug-watchos/Minizip-t.build/Objects-normal/arm64/unzip.d --serialize-diagnostics /Users/admin/builder/spi-builder-workspace/.derivedData/Build/Intermediates.noindex/Zip.build/Debug-watchos/Minizip-t.build/Objects-normal/arm64/unzip.dia -c /Users/admin/builder/spi-builder-workspace/.dependencies/checkouts/Zip/Zip/minizip/unzip.c -o /Users/admin/builder/spi-builder-workspace/.derivedData/Build/Intermediates.noindex/Zip.build/Debug-watchos/Minizip-t.build/Objects-normal/arm64/unzip.o -index-unit-output-path /Zip.build/Debug-watchos/Minizip-t.build/Objects-normal/arm64/unzip.o
SwiftExplicitDependencyGeneratePcm arm64 /Users/admin/builder/spi-builder-workspace/.derivedData/SDKExplicitPrecompiledModules/_DarwinFoundation2-D0XAPJU49S5E9XMKYOFGSTB1Q.pcm
SwiftExplicitDependencyGeneratePcm arm64 /Users/admin/builder/spi-builder-workspace/.derivedData/SDKExplicitPrecompiledModules/_Builtin_limits-9GWPA2B0H20DYUNYHYCWKABJG.pcm
Ld /Users/admin/builder/spi-builder-workspace/.derivedData/Build/Intermediates.noindex/Zip.build/Debug-watchos/Minizip-t.build/Objects-normal/arm64_32/Binary/Minizip.o normal arm64_32 (in target 'Minizip' from project 'Zip')
cd /Users/admin/builder/spi-builder-workspace/.dependencies/checkouts/Zip
/Applications/Xcode-27.0.0-Release.Candidate.app/Contents/Developer/Toolchains/XcodeDefault.xctoolchain/usr/bin/clang -Xlinker -reproducible -target arm64_32-apple-watchos9.0 -r -isysroot /Applications/Xcode-27.0.0-Release.Candidate.app/Contents/Developer/Platforms/WatchOS.platform/Developer/SDKs/WatchOS27.0.sdk -O0 -w -Xlinker -no_warn_duplicate_libraries -F/Users/admin/builder/spi-builder-workspace/.derivedData/Build/Intermediates.noindex/EagerLinkingTBDs/Debug-watchos -F/Users/admin/builder/spi-builder-workspace/.derivedData/Build/Products/Debug-watchos -iframework /Applications/Xcode-27.0.0-Release.Candidate.app/Contents/Developer/Platforms/WatchOS.platform/Developer/Library/Frameworks -iframework /Applications/Xcode-27.0.0-Release.Candidate.app/Contents/Developer/Platforms/WatchOS.platform/Developer/SDKs/WatchOS27.0.sdk/Developer/Library/Frameworks -filelist /Users/admin/builder/spi-builder-workspace/.derivedData/Build/Intermediates.noindex/Zip.build/Debug-watchos/Minizip-t.build/Objects-normal/arm64_32/Minizip.LinkFileList -nostdlib -Xlinker -object_path_lto -Xlinker /Users/admin/builder/spi-builder-workspace/.derivedData/Build/Intermediates.noindex/Zip.build/Debug-watchos/Minizip-t.build/Objects-normal/arm64_32/Minizip_lto.o -Xlinker -no_deduplicate -Xlinker -debug_variant -Xlinker -dependency_info -Xlinker /Users/admin/builder/spi-builder-workspace/.derivedData/Build/Intermediates.noindex/Zip.build/Debug-watchos/Minizip-t.build/Objects-normal/arm64_32/Minizip_dependency_info.dat -o /Users/admin/builder/spi-builder-workspace/.derivedData/Build/Intermediates.noindex/Zip.build/Debug-watchos/Minizip-t.build/Objects-normal/arm64_32/Binary/Minizip.o
SwiftExplicitDependencyGeneratePcm arm64_32 /Users/admin/builder/spi-builder-workspace/.derivedData/SDKExplicitPrecompiledModules/_Builtin_limits-3VKBU2AFTD65PAJZ5CJ3LHFM2.pcm
SwiftExplicitDependencyGeneratePcm arm64_32 /Users/admin/builder/spi-builder-workspace/.derivedData/SDKExplicitPrecompiledModules/_DarwinFoundation2-9MY8GOSYRO0M9MKNXF6D3MBNK.pcm
Ld /Users/admin/builder/spi-builder-workspace/.derivedData/Build/Intermediates.noindex/Zip.build/Debug-watchos/Minizip-t.build/Objects-normal/arm64/Binary/Minizip.o normal arm64 (in target 'Minizip' from project 'Zip')
cd /Users/admin/builder/spi-builder-workspace/.dependencies/checkouts/Zip
/Applications/Xcode-27.0.0-Release.Candidate.app/Contents/Developer/Toolchains/XcodeDefault.xctoolchain/usr/bin/clang -Xlinker -reproducible -target arm64-apple-watchos9.0 -r -isysroot /Applications/Xcode-27.0.0-Release.Candidate.app/Contents/Developer/Platforms/WatchOS.platform/Developer/SDKs/WatchOS27.0.sdk -O0 -w -Xlinker -no_warn_duplicate_libraries -F/Users/admin/builder/spi-builder-workspace/.derivedData/Build/Intermediates.noindex/EagerLinkingTBDs/Debug-watchos -F/Users/admin/builder/spi-builder-workspace/.derivedData/Build/Products/Debug-watchos -iframework /Applications/Xcode-27.0.0-Release.Candidate.app/Contents/Developer/Platforms/WatchOS.platform/Developer/Library/Frameworks -iframework /Applications/Xcode-27.0.0-Release.Candidate.app/Contents/Developer/Platforms/WatchOS.platform/Developer/SDKs/WatchOS27.0.sdk/Developer/Library/Frameworks -filelist /Users/admin/builder/spi-builder-workspace/.derivedData/Build/Intermediates.noindex/Zip.build/Debug-watchos/Minizip-t.build/Objects-normal/arm64/Minizip.LinkFileList -nostdlib -Xlinker -object_path_lto -Xlinker /Users/admin/builder/spi-builder-workspace/.derivedData/Build/Intermediates.noindex/Zip.build/Debug-watchos/Minizip-t.build/Objects-normal/arm64/Minizip_lto.o -Xlinker -no_deduplicate -Xlinker -debug_variant -Xlinker -dependency_info -Xlinker /Users/admin/builder/spi-builder-workspace/.derivedData/Build/Intermediates.noindex/Zip.build/Debug-watchos/Minizip-t.build/Objects-normal/arm64/Minizip_dependency_info.dat -o /Users/admin/builder/spi-builder-workspace/.derivedData/Build/Intermediates.noindex/Zip.build/Debug-watchos/Minizip-t.build/Objects-normal/arm64/Binary/Minizip.o
CreateUniversalBinary /Users/admin/builder/spi-builder-workspace/.derivedData/Build/Products/Debug-watchos/Minizip.o normal arm64\ arm64_32 (in target 'Minizip' from project 'Zip')
cd /Users/admin/builder/spi-builder-workspace/.dependencies/checkouts/Zip
/Applications/Xcode-27.0.0-Release.Candidate.app/Contents/Developer/Toolchains/XcodeDefault.xctoolchain/usr/bin/lipo -create /Users/admin/builder/spi-builder-workspace/.derivedData/Build/Intermediates.noindex/Zip.build/Debug-watchos/Minizip-t.build/Objects-normal/arm64/Binary/Minizip.o /Users/admin/builder/spi-builder-workspace/.derivedData/Build/Intermediates.noindex/Zip.build/Debug-watchos/Minizip-t.build/Objects-normal/arm64_32/Binary/Minizip.o -output /Users/admin/builder/spi-builder-workspace/.derivedData/Build/Products/Debug-watchos/Minizip.o
SwiftExplicitDependencyGeneratePcm arm64 /Users/admin/builder/spi-builder-workspace/.derivedData/SDKExplicitPrecompiledModules/_Builtin_stdint-8XMILLJZEGRN2XG7XZUXZ5RLX.pcm
SwiftExplicitDependencyGeneratePcm arm64 /Users/admin/builder/spi-builder-workspace/.derivedData/SDKExplicitPrecompiledModules/sys_types-2KXQLI78OUCDP779AE68GZJ2.pcm
SwiftExplicitDependencyGeneratePcm arm64 /Users/admin/builder/spi-builder-workspace/.derivedData/SDKExplicitPrecompiledModules/string_h-E6PRXK75PHIPCZFWOFCQ3QBMK.pcm
SwiftExplicitDependencyGeneratePcm arm64_32 /Users/admin/builder/spi-builder-workspace/.derivedData/SDKExplicitPrecompiledModules/string_h-BFVLUQUSBZWYMLCU9QI7VZALW.pcm
SwiftExplicitDependencyGeneratePcm arm64_32 /Users/admin/builder/spi-builder-workspace/.derivedData/SDKExplicitPrecompiledModules/sys_types-8TLLMW08ZJWDGIIPKOYFGHHZW.pcm
SwiftExplicitDependencyGeneratePcm arm64_32 /Users/admin/builder/spi-builder-workspace/.derivedData/SDKExplicitPrecompiledModules/_Builtin_stdint-1HMXWI3V0V4TXHRWZOMZGZ80Y.pcm
SwiftExplicitDependencyGeneratePcm arm64 /Users/admin/builder/spi-builder-workspace/.derivedData/SDKExplicitPrecompiledModules/_Builtin_stdatomic-7JEFA3KBJJJN6TKJWY3OG1VG5.pcm
SwiftExplicitDependencyGeneratePcm arm64 /Users/admin/builder/spi-builder-workspace/.derivedData/SDKExplicitPrecompiledModules/_DarwinFoundation3-B97LRG0E9GON2NUE65TVG81HU.pcm
SwiftExplicitDependencyGeneratePcm arm64_32 /Users/admin/builder/spi-builder-workspace/.derivedData/SDKExplicitPrecompiledModules/_DarwinFoundation3-3DUTYQDQSD9HUAAVY947NMWOI.pcm
SwiftExplicitDependencyGeneratePcm arm64_32 /Users/admin/builder/spi-builder-workspace/.derivedData/SDKExplicitPrecompiledModules/_Builtin_stdatomic-1TY035TURL76BF2U98PZPPZRX.pcm
SwiftExplicitDependencyGeneratePcm arm64 /Users/admin/builder/spi-builder-workspace/.derivedData/SDKExplicitPrecompiledModules/_Builtin_inttypes-3UQSCM7WNM9EK4HZML8TY5J3D.pcm
SwiftExplicitDependencyGeneratePcm arm64 /Users/admin/builder/spi-builder-workspace/.derivedData/SDKExplicitPrecompiledModules/zlib-1493ITMO7TAQ9J3MSHHMOV6ZA.pcm
SwiftExplicitDependencyGeneratePcm arm64_32 /Users/admin/builder/spi-builder-workspace/.derivedData/SDKExplicitPrecompiledModules/_Builtin_inttypes-D2KPCR4PEX9AQA33NGLUT5SBR.pcm
SwiftExplicitDependencyGeneratePcm arm64_32 /Users/admin/builder/spi-builder-workspace/.derivedData/SDKExplicitPrecompiledModules/zlib-DFXT7SL3Z02DSSN7KCEFGJGDM.pcm
SwiftExplicitDependencyGeneratePcm arm64 /Users/admin/builder/spi-builder-workspace/.derivedData/SDKExplicitPrecompiledModules/Darwin-3984OXKFNSPE77NT743WK8SEX.pcm
SwiftExplicitDependencyGeneratePcm arm64 /Users/admin/builder/spi-builder-workspace/.derivedData/Build/Intermediates.noindex/SwiftExplicitPrecompiledModules/Minizip-4BOZTTVO1X9OQVXTEV3H3U1CT.pcm
SwiftExplicitDependencyGeneratePcm arm64_32 /Users/admin/builder/spi-builder-workspace/.derivedData/SDKExplicitPrecompiledModules/Darwin-3FVT1SKLN2ZQ5RVOABMTQBB34.pcm
SwiftExplicitDependencyGeneratePcm arm64_32 /Users/admin/builder/spi-builder-workspace/.derivedData/Build/Intermediates.noindex/SwiftExplicitPrecompiledModules/Minizip-67IYOEHNLGE8J2V4OTDYZAZ8A.pcm
SwiftExplicitDependencyGeneratePcm arm64 /Users/admin/builder/spi-builder-workspace/.derivedData/SDKExplicitPrecompiledModules/ObjectiveC-72IVD3VS2RS8Q28D9PIMY0KQP.pcm
SwiftExplicitDependencyGeneratePcm arm64 /Users/admin/builder/spi-builder-workspace/.derivedData/SDKExplicitPrecompiledModules/MachO-2U90NNSAQILBNBPS1SA4F8TYP.pcm
SwiftExplicitDependencyGeneratePcm arm64_32 /Users/admin/builder/spi-builder-workspace/.derivedData/SDKExplicitPrecompiledModules/ObjectiveC-6IJNELR2E80E7LUKESVCP2KET.pcm
SwiftExplicitDependencyGeneratePcm arm64_32 /Users/admin/builder/spi-builder-workspace/.derivedData/SDKExplicitPrecompiledModules/MachO-56838ZJ0NC1EBAJ0O6O8QMPDX.pcm
SwiftExplicitDependencyGeneratePcm arm64 /Users/admin/builder/spi-builder-workspace/.derivedData/SDKExplicitPrecompiledModules/os_object-3SDKD7F87FTZ26OON37DRYT6O.pcm
SwiftExplicitDependencyGeneratePcm arm64_32 /Users/admin/builder/spi-builder-workspace/.derivedData/SDKExplicitPrecompiledModules/os_object-5YWTC6L4756IWSTPGXS5NM0D0.pcm
SwiftExplicitDependencyGeneratePcm arm64 /Users/admin/builder/spi-builder-workspace/.derivedData/SDKExplicitPrecompiledModules/os_workgroup-89GG5G7YC2D0ZTK6AZXXQ20DH.pcm
SwiftExplicitDependencyGeneratePcm arm64_32 /Users/admin/builder/spi-builder-workspace/.derivedData/SDKExplicitPrecompiledModules/os_workgroup-5JHTPDMNBUNHLJI8LPHKQK1JK.pcm
SwiftExplicitDependencyGeneratePcm arm64 /Users/admin/builder/spi-builder-workspace/.derivedData/SDKExplicitPrecompiledModules/Dispatch-1NLJOVAK60XP0DUB05XA59EIM.pcm
SwiftExplicitDependencyGeneratePcm arm64_32 /Users/admin/builder/spi-builder-workspace/.derivedData/SDKExplicitPrecompiledModules/Dispatch-2P62F1T4XV63S4P99TUDTOK2Q.pcm
SwiftExplicitDependencyGeneratePcm arm64 /Users/admin/builder/spi-builder-workspace/.derivedData/SDKExplicitPrecompiledModules/XPC-40DR0X1DHKGCV4J1IOLFS8MOU.pcm
SwiftExplicitDependencyGeneratePcm arm64 /Users/admin/builder/spi-builder-workspace/.derivedData/SDKExplicitPrecompiledModules/CoreFoundation-8T2L24YC5NU7WO6WQJWRY7W08.pcm
SwiftExplicitDependencyGeneratePcm arm64_32 /Users/admin/builder/spi-builder-workspace/.derivedData/SDKExplicitPrecompiledModules/CoreFoundation-8E6Y4BA3EXYKUGJ24GT9LGV3N.pcm
SwiftExplicitDependencyGeneratePcm arm64_32 /Users/admin/builder/spi-builder-workspace/.derivedData/SDKExplicitPrecompiledModules/XPC-81Y45QFY96XYYFCW2GT6FY8S4.pcm
SwiftExplicitDependencyGeneratePcm arm64 /Users/admin/builder/spi-builder-workspace/.derivedData/SDKExplicitPrecompiledModules/os-5DIL6Z9LFIGLMZAHM7X2T5435.pcm
SwiftExplicitDependencyGeneratePcm arm64 /Users/admin/builder/spi-builder-workspace/.derivedData/SDKExplicitPrecompiledModules/Security-6RZ6YBRU8WCUHRFFRVUK5WKMM.pcm
SwiftExplicitDependencyGeneratePcm arm64_32 /Users/admin/builder/spi-builder-workspace/.derivedData/SDKExplicitPrecompiledModules/os-E5IGB442IA6SBB25TTCOLK2OC.pcm
SwiftExplicitDependencyGeneratePcm arm64_32 /Users/admin/builder/spi-builder-workspace/.derivedData/SDKExplicitPrecompiledModules/Security-D7TOWF88VWF67TB9HAFP5UWB1.pcm
SwiftExplicitDependencyGeneratePcm arm64 /Users/admin/builder/spi-builder-workspace/.derivedData/SDKExplicitPrecompiledModules/Foundation-DLBKUSGXN8QHAT8W0OARR9S8A.pcm
SwiftExplicitDependencyGeneratePcm arm64_32 /Users/admin/builder/spi-builder-workspace/.derivedData/SDKExplicitPrecompiledModules/Foundation-BJ2VQGI3OGR34500MEQ1VKHPH.pcm
SwiftCompile normal arm64 Compiling\ FetcherEnvironment.swift /Users/admin/builder/spi-builder-workspace/.dependencies/checkouts/Fetcher/Sources/Fetcher/Protocols/FetcherEnvironment.swift (in target 'Fetcher' from project 'Fetcher')
SwiftCompile normal arm64 /Users/admin/builder/spi-builder-workspace/.dependencies/checkouts/Fetcher/Sources/Fetcher/Protocols/FetcherEnvironment.swift (in target 'Fetcher' from project 'Fetcher')
cd /Users/admin/builder/spi-builder-workspace/.swiftpm/xcode
builtin-SwiftPerFileCompile FetcherEnvironment.swift
SwiftCompile normal arm64 Compiling\ FetcherLogger.swift /Users/admin/builder/spi-builder-workspace/.dependencies/checkouts/Fetcher/Sources/Fetcher/Protocols/FetcherLogger.swift (in target 'Fetcher' from project 'Fetcher')
SwiftCompile normal arm64 /Users/admin/builder/spi-builder-workspace/.dependencies/checkouts/Fetcher/Sources/Fetcher/Protocols/FetcherLogger.swift (in target 'Fetcher' from project 'Fetcher')
cd /Users/admin/builder/spi-builder-workspace/.swiftpm/xcode
builtin-SwiftPerFileCompile FetcherLogger.swift
SwiftEmitModule normal arm64 Emitting\ module\ for\ Fetcher (in target 'Fetcher' from project 'Fetcher')
SwiftCompile normal arm64 (in target 'Fetcher' from project 'Fetcher')
cd /Users/admin/builder/spi-builder-workspace/.swiftpm/xcode
SwiftCompile normal arm64 Compiling\ Token.swift /Users/admin/builder/spi-builder-workspace/.dependencies/checkouts/Fetcher/Sources/Fetcher/Models/Token.swift (in target 'Fetcher' from project 'Fetcher')
SwiftCompile normal arm64 /Users/admin/builder/spi-builder-workspace/.dependencies/checkouts/Fetcher/Sources/Fetcher/Models/Token.swift (in target 'Fetcher' from project 'Fetcher')
cd /Users/admin/builder/spi-builder-workspace/.swiftpm/xcode
builtin-SwiftPerFileCompile Token.swift
SwiftCompile normal arm64 Compiling\ APIURL.swift /Users/admin/builder/spi-builder-workspace/.dependencies/checkouts/Fetcher/Sources/Fetcher/Protocols/APIURL.swift (in target 'Fetcher' from project 'Fetcher')
SwiftCompile normal arm64 /Users/admin/builder/spi-builder-workspace/.dependencies/checkouts/Fetcher/Sources/Fetcher/Protocols/APIURL.swift (in target 'Fetcher' from project 'Fetcher')
cd /Users/admin/builder/spi-builder-workspace/.swiftpm/xcode
builtin-SwiftPerFileCompile APIURL.swift
SwiftCompile normal arm64 Compiling\ resource_bundle_accessor.swift,\ OSLog+Categories.swift /Users/admin/builder/spi-builder-workspace/.derivedData/Build/Intermediates.noindex/Fetcher.build/Debug-watchos/Fetcher-t.build/DerivedSources/resource_bundle_accessor.swift /Users/admin/builder/spi-builder-workspace/.dependencies/checkouts/Fetcher/Sources/Fetcher/Extensions/OSLog+Categories.swift (in target 'Fetcher' from project 'Fetcher')
SwiftCompile normal arm64 /Users/admin/builder/spi-builder-workspace/.derivedData/Build/Intermediates.noindex/Fetcher.build/Debug-watchos/Fetcher-t.build/DerivedSources/resource_bundle_accessor.swift (in target 'Fetcher' from project 'Fetcher')
cd /Users/admin/builder/spi-builder-workspace/.swiftpm/xcode
builtin-SwiftPerFileCompile resource_bundle_accessor.swift
SwiftCompile normal arm64 /Users/admin/builder/spi-builder-workspace/.dependencies/checkouts/Fetcher/Sources/Fetcher/Extensions/OSLog+Categories.swift (in target 'Fetcher' from project 'Fetcher')
cd /Users/admin/builder/spi-builder-workspace/.swiftpm/xcode
builtin-SwiftPerFileCompile OSLog+Categories.swift
SwiftCompile normal arm64 Compiling\ Fetcher.swift,\ APIError.swift /Users/admin/builder/spi-builder-workspace/.dependencies/checkouts/Fetcher/Sources/Fetcher/Fetcher.swift /Users/admin/builder/spi-builder-workspace/.dependencies/checkouts/Fetcher/Sources/Fetcher/Models/APIError.swift (in target 'Fetcher' from project 'Fetcher')
SwiftCompile normal arm64 (in target 'Fetcher' from project 'Fetcher')
cd /Users/admin/builder/spi-builder-workspace/.swiftpm/xcode
SwiftCompile normal arm64 /Users/admin/builder/spi-builder-workspace/.dependencies/checkouts/Fetcher/Sources/Fetcher/Models/APIError.swift (in target 'Fetcher' from project 'Fetcher')
cd /Users/admin/builder/spi-builder-workspace/.swiftpm/xcode
builtin-SwiftPerFileCompile APIError.swift
SwiftCompile normal arm64 Compiling\ ServerErrorResponse.swift /Users/admin/builder/spi-builder-workspace/.dependencies/checkouts/Fetcher/Sources/Fetcher/Models/ServerErrorResponse.swift (in target 'Fetcher' from project 'Fetcher')
SwiftCompile normal arm64 /Users/admin/builder/spi-builder-workspace/.dependencies/checkouts/Fetcher/Sources/Fetcher/Models/ServerErrorResponse.swift (in target 'Fetcher' from project 'Fetcher')
cd /Users/admin/builder/spi-builder-workspace/.swiftpm/xcode
builtin-SwiftPerFileCompile ServerErrorResponse.swift
SwiftCompile normal arm64 Compiling\ TokenErrorResponse.swift /Users/admin/builder/spi-builder-workspace/.dependencies/checkouts/Fetcher/Sources/Fetcher/Models/TokenErrorResponse.swift (in target 'Fetcher' from project 'Fetcher')
SwiftCompile normal arm64 /Users/admin/builder/spi-builder-workspace/.dependencies/checkouts/Fetcher/Sources/Fetcher/Models/TokenErrorResponse.swift (in target 'Fetcher' from project 'Fetcher')
cd /Users/admin/builder/spi-builder-workspace/.swiftpm/xcode
builtin-SwiftPerFileCompile TokenErrorResponse.swift
SwiftEmitModule normal arm64 Emitting\ module\ for\ Zip (in target 'Zip' from project 'Zip')
SwiftCompile normal arm64 (in target 'Zip' from project 'Zip')
cd /Users/admin/builder/spi-builder-workspace/.swiftpm/xcode
SwiftEmitModule normal arm64_32 Emitting\ module\ for\ Zip (in target 'Zip' from project 'Zip')
SwiftCompile normal arm64_32 (in target 'Zip' from project 'Zip')
cd /Users/admin/builder/spi-builder-workspace/.swiftpm/xcode
SwiftDriverJobDiscovery normal arm64 Emitting module for Fetcher (in target 'Fetcher' from project 'Fetcher')
SwiftDriver\ Compilation\ Requirements Fetcher normal arm64 com.apple.xcode.tools.swift.compiler (in target 'Fetcher' from project 'Fetcher')
cd /Users/admin/builder/spi-builder-workspace/.swiftpm/xcode
builtin-Swift-Compilation-Requirements -- /Applications/Xcode-27.0.0-Release.Candidate.app/Contents/Developer/Toolchains/XcodeDefault.xctoolchain/usr/bin/swiftc -parse-as-library -module-name Fetcher -Onone @/Users/admin/builder/spi-builder-workspace/.derivedData/Build/Intermediates.noindex/Fetcher.build/Debug-watchos/Fetcher-t.build/Objects-normal/arm64/Fetcher.SwiftFileList -DSWIFT_PACKAGE -DDEBUG -DSWIFT_MODULE_RESOURCE_BUNDLE_AVAILABLE -DXcode -plugin-path /Applications/Xcode-27.0.0-Release.Candidate.app/Contents/Developer/Toolchains/XcodeDefault.xctoolchain/usr/lib/swift/host/plugins/testing -enable-experimental-feature DebugDescriptionMacro -sdk /Applications/Xcode-27.0.0-Release.Candidate.app/Contents/Developer/Platforms/WatchOS.platform/Developer/SDKs/WatchOS27.0.sdk -target arm64-apple-watchos9.0 -g -module-cache-path /Users/admin/builder/spi-builder-workspace/.derivedData/ModuleCache.noindex -Xfrontend -serialize-debugging-options -profile-coverage-mapping -profile-generate -enable-testing -suppress-warnings -index-store-path /Users/admin/builder/spi-builder-workspace/.derivedData/Index.noindex/DataStore -Xcc -D_LIBCPP_HARDENING_MODE\=_LIBCPP_HARDENING_MODE_DEBUG -swift-version 5 -I /Users/admin/builder/spi-builder-workspace/.derivedData/Build/Products/Debug-watchos -Isystem /Applications/Xcode-27.0.0-Release.Candidate.app/Contents/Developer/Platforms/WatchOS.platform/Developer/usr/lib -F /Users/admin/builder/spi-builder-workspace/.derivedData/Build/Products/Debug-watchos -F /Applications/Xcode-27.0.0-Release.Candidate.app/Contents/Developer/Platforms/WatchOS.platform/Developer/Library/Frameworks -F /Applications/Xcode-27.0.0-Release.Candidate.app/Contents/Developer/Platforms/WatchOS.platform/Developer/SDKs/WatchOS27.0.sdk/Developer/Library/Frameworks -c -j10 -enable-batch-mode -incremental -Xcc -ivfsstatcache -Xcc /Users/admin/builder/spi-builder-workspace/.derivedData/SDKStatCaches.noindex/watchos27.0-24R360-e829b21a6f8c9b70876ba0858053c04477534ef55a1706bf4c1112bbb242f0a2.sdkstatcache -output-file-map /Users/admin/builder/spi-builder-workspace/.derivedData/Build/Intermediates.noindex/Fetcher.build/Debug-watchos/Fetcher-t.build/Objects-normal/arm64/Fetcher-OutputFileMap.json -save-temps -no-color-diagnostics -explicit-module-build -module-cache-path /Users/admin/builder/spi-builder-workspace/.derivedData/Build/Intermediates.noindex/SwiftExplicitPrecompiledModules -clang-scanner-module-cache-path /Users/admin/builder/spi-builder-workspace/.derivedData/ModuleCache.noindex -sdk-module-cache-path /Users/admin/builder/spi-builder-workspace/.derivedData/SDKExplicitPrecompiledModules -emit-dependencies -emit-module -emit-module-path /Users/admin/builder/spi-builder-workspace/.derivedData/Build/Intermediates.noindex/Fetcher.build/Debug-watchos/Fetcher-t.build/Objects-normal/arm64/Fetcher.swiftmodule -serialize-diagnostics -dependency-scan-serialize-diagnostics-path /Users/admin/builder/spi-builder-workspace/.derivedData/Build/Intermediates.noindex/Fetcher.build/Debug-watchos/Fetcher-t.build/Objects-normal/arm64/Fetcher-dependency-scan.dia -validate-clang-modules-once -clang-build-session-file /Users/admin/builder/spi-builder-workspace/.derivedData/ModuleCache.noindex/Session.modulevalidation -Xcc -fmodules-prune-interval\=86400 -Xcc -fmodules-prune-after\=345600 -emit-const-values -const-gather-protocols-list /Users/admin/builder/spi-builder-workspace/.derivedData/Build/Intermediates.noindex/Fetcher.build/Debug-watchos/Fetcher-t.build/Objects-normal/arm64/Fetcher_const_extract_protocols.json -Xcc -I/Users/admin/builder/spi-builder-workspace/.derivedData/Build/Products/Debug-watchos/include -Xcc -I/Users/admin/builder/spi-builder-workspace/.derivedData/Build/Intermediates.noindex/Fetcher.build/Debug-watchos/Fetcher-t.build/DerivedSources-normal/arm64 -Xcc -I/Users/admin/builder/spi-builder-workspace/.derivedData/Build/Intermediates.noindex/Fetcher.build/Debug-watchos/Fetcher-t.build/DerivedSources/arm64 -Xcc -I/Users/admin/builder/spi-builder-workspace/.derivedData/Build/Intermediates.noindex/Fetcher.build/Debug-watchos/Fetcher-t.build/DerivedSources -Xcc -DSWIFT_PACKAGE -Xcc -DDEBUG\=1 -emit-objc-header -emit-objc-header-path /Users/admin/builder/spi-builder-workspace/.derivedData/Build/Intermediates.noindex/Fetcher.build/Debug-watchos/Fetcher-t.build/Objects-normal/arm64/Fetcher-Swift.h -working-directory /Users/admin/builder/spi-builder-workspace/.swiftpm/xcode -experimental-emit-module-separately -disable-cmo
SwiftDriverJobDiscovery normal arm64 Emitting module for Zip (in target 'Zip' from project 'Zip')
SwiftDriver\ Compilation\ Requirements Zip normal arm64 com.apple.xcode.tools.swift.compiler (in target 'Zip' from project 'Zip')
cd /Users/admin/builder/spi-builder-workspace/.swiftpm/xcode
builtin-Swift-Compilation-Requirements -- /Applications/Xcode-27.0.0-Release.Candidate.app/Contents/Developer/Toolchains/XcodeDefault.xctoolchain/usr/bin/swiftc -parse-as-library -module-name Zip -Onone @/Users/admin/builder/spi-builder-workspace/.derivedData/Build/Intermediates.noindex/Zip.build/Debug-watchos/Zip-t.build/Objects-normal/arm64/Zip.SwiftFileList -DSWIFT_PACKAGE -DDEBUG -DSWIFT_MODULE_RESOURCE_BUNDLE_UNAVAILABLE -Xcc -fmodule-map-file\=/Users/admin/builder/spi-builder-workspace/.derivedData/Build/Intermediates.noindex/GeneratedModuleMaps-watchos/Minizip.modulemap -DXcode -plugin-path /Applications/Xcode-27.0.0-Release.Candidate.app/Contents/Developer/Toolchains/XcodeDefault.xctoolchain/usr/lib/swift/host/plugins/testing -enable-experimental-feature DebugDescriptionMacro -sdk /Applications/Xcode-27.0.0-Release.Candidate.app/Contents/Developer/Platforms/WatchOS.platform/Developer/SDKs/WatchOS27.0.sdk -target arm64-apple-watchos9.0 -g -module-cache-path /Users/admin/builder/spi-builder-workspace/.derivedData/ModuleCache.noindex -Xfrontend -serialize-debugging-options -profile-coverage-mapping -profile-generate -enable-testing -suppress-warnings -index-store-path /Users/admin/builder/spi-builder-workspace/.derivedData/Index.noindex/DataStore -Xcc -D_LIBCPP_HARDENING_MODE\=_LIBCPP_HARDENING_MODE_DEBUG -swift-version 5 -I /Users/admin/builder/spi-builder-workspace/.derivedData/Build/Products/Debug-watchos -Isystem /Applications/Xcode-27.0.0-Release.Candidate.app/Contents/Developer/Platforms/WatchOS.platform/Developer/usr/lib -F /Users/admin/builder/spi-builder-workspace/.derivedData/Build/Products/Debug-watchos/PackageFrameworks -F /Users/admin/builder/spi-builder-workspace/.derivedData/Build/Products/Debug-watchos -F /Applications/Xcode-27.0.0-Release.Candidate.app/Contents/Developer/Platforms/WatchOS.platform/Developer/Library/Frameworks -F /Applications/Xcode-27.0.0-Release.Candidate.app/Contents/Developer/Platforms/WatchOS.platform/Developer/SDKs/WatchOS27.0.sdk/Developer/Library/Frameworks -c -j10 -enable-batch-mode -incremental -Xcc -ivfsstatcache -Xcc /Users/admin/builder/spi-builder-workspace/.derivedData/SDKStatCaches.noindex/watchos27.0-24R360-e829b21a6f8c9b70876ba0858053c04477534ef55a1706bf4c1112bbb242f0a2.sdkstatcache -output-file-map /Users/admin/builder/spi-builder-workspace/.derivedData/Build/Intermediates.noindex/Zip.build/Debug-watchos/Zip-t.build/Objects-normal/arm64/Zip-OutputFileMap.json -save-temps -no-color-diagnostics -explicit-module-build -module-cache-path /Users/admin/builder/spi-builder-workspace/.derivedData/Build/Intermediates.noindex/SwiftExplicitPrecompiledModules -clang-scanner-module-cache-path /Users/admin/builder/spi-builder-workspace/.derivedData/ModuleCache.noindex -sdk-module-cache-path /Users/admin/builder/spi-builder-workspace/.derivedData/SDKExplicitPrecompiledModules -emit-dependencies -emit-module -emit-module-path /Users/admin/builder/spi-builder-workspace/.derivedData/Build/Intermediates.noindex/Zip.build/Debug-watchos/Zip-t.build/Objects-normal/arm64/Zip.swiftmodule -serialize-diagnostics -dependency-scan-serialize-diagnostics-path /Users/admin/builder/spi-builder-workspace/.derivedData/Build/Intermediates.noindex/Zip.build/Debug-watchos/Zip-t.build/Objects-normal/arm64/Zip-dependency-scan.dia -validate-clang-modules-once -clang-build-session-file /Users/admin/builder/spi-builder-workspace/.derivedData/ModuleCache.noindex/Session.modulevalidation -Xcc -fmodules-prune-interval\=86400 -Xcc -fmodules-prune-after\=345600 -emit-const-values -const-gather-protocols-list /Users/admin/builder/spi-builder-workspace/.derivedData/Build/Intermediates.noindex/Zip.build/Debug-watchos/Zip-t.build/Objects-normal/arm64/Zip_const_extract_protocols.json -Xcc -I/Users/admin/builder/spi-builder-workspace/.dependencies/checkouts/Zip/Zip/minizip/include -Xcc -I/Users/admin/builder/spi-builder-workspace/.derivedData/Build/Products/Debug-watchos/include -Xcc -I/Users/admin/builder/spi-builder-workspace/.derivedData/Build/Intermediates.noindex/Zip.build/Debug-watchos/Zip-t.build/DerivedSources-normal/arm64 -Xcc -I/Users/admin/builder/spi-builder-workspace/.derivedData/Build/Intermediates.noindex/Zip.build/Debug-watchos/Zip-t.build/DerivedSources/arm64 -Xcc -I/Users/admin/builder/spi-builder-workspace/.derivedData/Build/Intermediates.noindex/Zip.build/Debug-watchos/Zip-t.build/DerivedSources -Xcc -DSWIFT_PACKAGE -Xcc -DDEBUG\=1 -emit-objc-header -emit-objc-header-path /Users/admin/builder/spi-builder-workspace/.derivedData/Build/Intermediates.noindex/Zip.build/Debug-watchos/Zip-t.build/Objects-normal/arm64/Zip-Swift.h -working-directory /Users/admin/builder/spi-builder-workspace/.swiftpm/xcode -experimental-emit-module-separately -disable-cmo
Copy /Users/admin/builder/spi-builder-workspace/.derivedData/Build/Products/Debug-watchos/Fetcher.swiftmodule/arm64-apple-watchos.swiftmodule /Users/admin/builder/spi-builder-workspace/.derivedData/Build/Intermediates.noindex/Fetcher.build/Debug-watchos/Fetcher-t.build/Objects-normal/arm64/Fetcher.swiftmodule (in target 'Fetcher' from project 'Fetcher')
cd /Users/admin/builder/spi-builder-workspace/.dependencies/checkouts/Fetcher
builtin-copy -exclude .DS_Store -exclude CVS -exclude .svn -exclude .git -exclude .hg -resolve-src-symlinks -rename /Users/admin/builder/spi-builder-workspace/.derivedData/Build/Intermediates.noindex/Fetcher.build/Debug-watchos/Fetcher-t.build/Objects-normal/arm64/Fetcher.swiftmodule /Users/admin/builder/spi-builder-workspace/.derivedData/Build/Products/Debug-watchos/Fetcher.swiftmodule/arm64-apple-watchos.swiftmodule
Copy /Users/admin/builder/spi-builder-workspace/.derivedData/Build/Products/Debug-watchos/Zip.swiftmodule/arm64-apple-watchos.swiftmodule /Users/admin/builder/spi-builder-workspace/.derivedData/Build/Intermediates.noindex/Zip.build/Debug-watchos/Zip-t.build/Objects-normal/arm64/Zip.swiftmodule (in target 'Zip' from project 'Zip')
cd /Users/admin/builder/spi-builder-workspace/.dependencies/checkouts/Zip
builtin-copy -exclude .DS_Store -exclude CVS -exclude .svn -exclude .git -exclude .hg -resolve-src-symlinks -rename /Users/admin/builder/spi-builder-workspace/.derivedData/Build/Intermediates.noindex/Zip.build/Debug-watchos/Zip-t.build/Objects-normal/arm64/Zip.swiftmodule /Users/admin/builder/spi-builder-workspace/.derivedData/Build/Products/Debug-watchos/Zip.swiftmodule/arm64-apple-watchos.swiftmodule
Copy /Users/admin/builder/spi-builder-workspace/.derivedData/Build/Products/Debug-watchos/Zip.swiftmodule/arm64-apple-watchos.swiftdoc /Users/admin/builder/spi-builder-workspace/.derivedData/Build/Intermediates.noindex/Zip.build/Debug-watchos/Zip-t.build/Objects-normal/arm64/Zip.swiftdoc (in target 'Zip' from project 'Zip')
cd /Users/admin/builder/spi-builder-workspace/.dependencies/checkouts/Zip
builtin-copy -exclude .DS_Store -exclude CVS -exclude .svn -exclude .git -exclude .hg -resolve-src-symlinks -rename /Users/admin/builder/spi-builder-workspace/.derivedData/Build/Intermediates.noindex/Zip.build/Debug-watchos/Zip-t.build/Objects-normal/arm64/Zip.swiftdoc /Users/admin/builder/spi-builder-workspace/.derivedData/Build/Products/Debug-watchos/Zip.swiftmodule/arm64-apple-watchos.swiftdoc
Copy /Users/admin/builder/spi-builder-workspace/.derivedData/Build/Products/Debug-watchos/Zip.swiftmodule/arm64-apple-watchos.abi.json /Users/admin/builder/spi-builder-workspace/.derivedData/Build/Intermediates.noindex/Zip.build/Debug-watchos/Zip-t.build/Objects-normal/arm64/Zip.abi.json (in target 'Zip' from project 'Zip')
cd /Users/admin/builder/spi-builder-workspace/.dependencies/checkouts/Zip
builtin-copy -exclude .DS_Store -exclude CVS -exclude .svn -exclude .git -exclude .hg -resolve-src-symlinks -rename /Users/admin/builder/spi-builder-workspace/.derivedData/Build/Intermediates.noindex/Zip.build/Debug-watchos/Zip-t.build/Objects-normal/arm64/Zip.abi.json /Users/admin/builder/spi-builder-workspace/.derivedData/Build/Products/Debug-watchos/Zip.swiftmodule/arm64-apple-watchos.abi.json
Copy /Users/admin/builder/spi-builder-workspace/.derivedData/Build/Products/Debug-watchos/Zip.swiftmodule/Project/arm64-apple-watchos.swiftsourceinfo /Users/admin/builder/spi-builder-workspace/.derivedData/Build/Intermediates.noindex/Zip.build/Debug-watchos/Zip-t.build/Objects-normal/arm64/Zip.swiftsourceinfo (in target 'Zip' from project 'Zip')
cd /Users/admin/builder/spi-builder-workspace/.dependencies/checkouts/Zip
builtin-copy -exclude .DS_Store -exclude CVS -exclude .svn -exclude .git -exclude .hg -resolve-src-symlinks -rename /Users/admin/builder/spi-builder-workspace/.derivedData/Build/Intermediates.noindex/Zip.build/Debug-watchos/Zip-t.build/Objects-normal/arm64/Zip.swiftsourceinfo /Users/admin/builder/spi-builder-workspace/.derivedData/Build/Products/Debug-watchos/Zip.swiftmodule/Project/arm64-apple-watchos.swiftsourceinfo
Copy /Users/admin/builder/spi-builder-workspace/.derivedData/Build/Products/Debug-watchos/Fetcher.swiftmodule/arm64-apple-watchos.swiftdoc /Users/admin/builder/spi-builder-workspace/.derivedData/Build/Intermediates.noindex/Fetcher.build/Debug-watchos/Fetcher-t.build/Objects-normal/arm64/Fetcher.swiftdoc (in target 'Fetcher' from project 'Fetcher')
cd /Users/admin/builder/spi-builder-workspace/.dependencies/checkouts/Fetcher
builtin-copy -exclude .DS_Store -exclude CVS -exclude .svn -exclude .git -exclude .hg -resolve-src-symlinks -rename /Users/admin/builder/spi-builder-workspace/.derivedData/Build/Intermediates.noindex/Fetcher.build/Debug-watchos/Fetcher-t.build/Objects-normal/arm64/Fetcher.swiftdoc /Users/admin/builder/spi-builder-workspace/.derivedData/Build/Products/Debug-watchos/Fetcher.swiftmodule/arm64-apple-watchos.swiftdoc
Copy /Users/admin/builder/spi-builder-workspace/.derivedData/Build/Products/Debug-watchos/Fetcher.swiftmodule/arm64-apple-watchos.abi.json /Users/admin/builder/spi-builder-workspace/.derivedData/Build/Intermediates.noindex/Fetcher.build/Debug-watchos/Fetcher-t.build/Objects-normal/arm64/Fetcher.abi.json (in target 'Fetcher' from project 'Fetcher')
cd /Users/admin/builder/spi-builder-workspace/.dependencies/checkouts/Fetcher
builtin-copy -exclude .DS_Store -exclude CVS -exclude .svn -exclude .git -exclude .hg -resolve-src-symlinks -rename /Users/admin/builder/spi-builder-workspace/.derivedData/Build/Intermediates.noindex/Fetcher.build/Debug-watchos/Fetcher-t.build/Objects-normal/arm64/Fetcher.abi.json /Users/admin/builder/spi-builder-workspace/.derivedData/Build/Products/Debug-watchos/Fetcher.swiftmodule/arm64-apple-watchos.abi.json
Copy /Users/admin/builder/spi-builder-workspace/.derivedData/Build/Products/Debug-watchos/Fetcher.swiftmodule/Project/arm64-apple-watchos.swiftsourceinfo /Users/admin/builder/spi-builder-workspace/.derivedData/Build/Intermediates.noindex/Fetcher.build/Debug-watchos/Fetcher-t.build/Objects-normal/arm64/Fetcher.swiftsourceinfo (in target 'Fetcher' from project 'Fetcher')
cd /Users/admin/builder/spi-builder-workspace/.dependencies/checkouts/Fetcher
builtin-copy -exclude .DS_Store -exclude CVS -exclude .svn -exclude .git -exclude .hg -resolve-src-symlinks -rename /Users/admin/builder/spi-builder-workspace/.derivedData/Build/Intermediates.noindex/Fetcher.build/Debug-watchos/Fetcher-t.build/Objects-normal/arm64/Fetcher.swiftsourceinfo /Users/admin/builder/spi-builder-workspace/.derivedData/Build/Products/Debug-watchos/Fetcher.swiftmodule/Project/arm64-apple-watchos.swiftsourceinfo
SwiftEmitModule normal arm64_32 Emitting\ module\ for\ Fetcher (in target 'Fetcher' from project 'Fetcher')
SwiftCompile normal arm64_32 (in target 'Fetcher' from project 'Fetcher')
cd /Users/admin/builder/spi-builder-workspace/.swiftpm/xcode
SwiftCompile normal arm64 Compiling\ QuickZip.swift /Users/admin/builder/spi-builder-workspace/.dependencies/checkouts/Zip/Zip/QuickZip.swift (in target 'Zip' from project 'Zip')
SwiftCompile normal arm64 /Users/admin/builder/spi-builder-workspace/.dependencies/checkouts/Zip/Zip/QuickZip.swift (in target 'Zip' from project 'Zip')
cd /Users/admin/builder/spi-builder-workspace/.swiftpm/xcode
builtin-SwiftPerFileCompile QuickZip.swift
SwiftDriverJobDiscovery normal arm64_32 Emitting module for Zip (in target 'Zip' from project 'Zip')
SwiftDriver\ Compilation\ Requirements Zip normal arm64_32 com.apple.xcode.tools.swift.compiler (in target 'Zip' from project 'Zip')
cd /Users/admin/builder/spi-builder-workspace/.swiftpm/xcode
builtin-Swift-Compilation-Requirements -- /Applications/Xcode-27.0.0-Release.Candidate.app/Contents/Developer/Toolchains/XcodeDefault.xctoolchain/usr/bin/swiftc -parse-as-library -module-name Zip -Onone @/Users/admin/builder/spi-builder-workspace/.derivedData/Build/Intermediates.noindex/Zip.build/Debug-watchos/Zip-t.build/Objects-normal/arm64_32/Zip.SwiftFileList -DSWIFT_PACKAGE -DDEBUG -DSWIFT_MODULE_RESOURCE_BUNDLE_UNAVAILABLE -Xcc -fmodule-map-file\=/Users/admin/builder/spi-builder-workspace/.derivedData/Build/Intermediates.noindex/GeneratedModuleMaps-watchos/Minizip.modulemap -DXcode -plugin-path /Applications/Xcode-27.0.0-Release.Candidate.app/Contents/Developer/Toolchains/XcodeDefault.xctoolchain/usr/lib/swift/host/plugins/testing -enable-experimental-feature DebugDescriptionMacro -sdk /Applications/Xcode-27.0.0-Release.Candidate.app/Contents/Developer/Platforms/WatchOS.platform/Developer/SDKs/WatchOS27.0.sdk -target arm64_32-apple-watchos9.0 -g -module-cache-path /Users/admin/builder/spi-builder-workspace/.derivedData/ModuleCache.noindex -Xfrontend -serialize-debugging-options -profile-coverage-mapping -profile-generate -enable-testing -suppress-warnings -index-store-path /Users/admin/builder/spi-builder-workspace/.derivedData/Index.noindex/DataStore -Xcc -D_LIBCPP_HARDENING_MODE\=_LIBCPP_HARDENING_MODE_DEBUG -swift-version 5 -I /Users/admin/builder/spi-builder-workspace/.derivedData/Build/Products/Debug-watchos -Isystem /Applications/Xcode-27.0.0-Release.Candidate.app/Contents/Developer/Platforms/WatchOS.platform/Developer/usr/lib -F /Users/admin/builder/spi-builder-workspace/.derivedData/Build/Products/Debug-watchos/PackageFrameworks -F /Users/admin/builder/spi-builder-workspace/.derivedData/Build/Products/Debug-watchos -F /Applications/Xcode-27.0.0-Release.Candidate.app/Contents/Developer/Platforms/WatchOS.platform/Developer/Library/Frameworks -F /Applications/Xcode-27.0.0-Release.Candidate.app/Contents/Developer/Platforms/WatchOS.platform/Developer/SDKs/WatchOS27.0.sdk/Developer/Library/Frameworks -c -j10 -enable-batch-mode -incremental -Xcc -ivfsstatcache -Xcc /Users/admin/builder/spi-builder-workspace/.derivedData/SDKStatCaches.noindex/watchos27.0-24R360-e829b21a6f8c9b70876ba0858053c04477534ef55a1706bf4c1112bbb242f0a2.sdkstatcache -output-file-map /Users/admin/builder/spi-builder-workspace/.derivedData/Build/Intermediates.noindex/Zip.build/Debug-watchos/Zip-t.build/Objects-normal/arm64_32/Zip-OutputFileMap.json -save-temps -no-color-diagnostics -explicit-module-build -module-cache-path /Users/admin/builder/spi-builder-workspace/.derivedData/Build/Intermediates.noindex/SwiftExplicitPrecompiledModules -clang-scanner-module-cache-path /Users/admin/builder/spi-builder-workspace/.derivedData/ModuleCache.noindex -sdk-module-cache-path /Users/admin/builder/spi-builder-workspace/.derivedData/SDKExplicitPrecompiledModules -emit-dependencies -emit-module -emit-module-path /Users/admin/builder/spi-builder-workspace/.derivedData/Build/Intermediates.noindex/Zip.build/Debug-watchos/Zip-t.build/Objects-normal/arm64_32/Zip.swiftmodule -serialize-diagnostics -dependency-scan-serialize-diagnostics-path /Users/admin/builder/spi-builder-workspace/.derivedData/Build/Intermediates.noindex/Zip.build/Debug-watchos/Zip-t.build/Objects-normal/arm64_32/Zip-dependency-scan.dia -validate-clang-modules-once -clang-build-session-file /Users/admin/builder/spi-builder-workspace/.derivedData/ModuleCache.noindex/Session.modulevalidation -Xcc -fmodules-prune-interval\=86400 -Xcc -fmodules-prune-after\=345600 -emit-const-values -const-gather-protocols-list /Users/admin/builder/spi-builder-workspace/.derivedData/Build/Intermediates.noindex/Zip.build/Debug-watchos/Zip-t.build/Objects-normal/arm64_32/Zip_const_extract_protocols.json -Xcc -I/Users/admin/builder/spi-builder-workspace/.dependencies/checkouts/Zip/Zip/minizip/include -Xcc -I/Users/admin/builder/spi-builder-workspace/.derivedData/Build/Products/Debug-watchos/include -Xcc -I/Users/admin/builder/spi-builder-workspace/.derivedData/Build/Intermediates.noindex/Zip.build/Debug-watchos/Zip-t.build/DerivedSources-normal/arm64_32 -Xcc -I/Users/admin/builder/spi-builder-workspace/.derivedData/Build/Intermediates.noindex/Zip.build/Debug-watchos/Zip-t.build/DerivedSources/arm64_32 -Xcc -I/Users/admin/builder/spi-builder-workspace/.derivedData/Build/Intermediates.noindex/Zip.build/Debug-watchos/Zip-t.build/DerivedSources -Xcc -DSWIFT_PACKAGE -Xcc -DDEBUG\=1 -emit-objc-header -emit-objc-header-path /Users/admin/builder/spi-builder-workspace/.derivedData/Build/Intermediates.noindex/Zip.build/Debug-watchos/Zip-t.build/Objects-normal/arm64_32/Zip-Swift.h -working-directory /Users/admin/builder/spi-builder-workspace/.swiftpm/xcode -experimental-emit-module-separately -disable-cmo
SwiftDriverJobDiscovery normal arm64_32 Emitting module for Fetcher (in target 'Fetcher' from project 'Fetcher')
SwiftDriver\ Compilation\ Requirements Fetcher normal arm64_32 com.apple.xcode.tools.swift.compiler (in target 'Fetcher' from project 'Fetcher')
cd /Users/admin/builder/spi-builder-workspace/.swiftpm/xcode
builtin-Swift-Compilation-Requirements -- /Applications/Xcode-27.0.0-Release.Candidate.app/Contents/Developer/Toolchains/XcodeDefault.xctoolchain/usr/bin/swiftc -parse-as-library -module-name Fetcher -Onone @/Users/admin/builder/spi-builder-workspace/.derivedData/Build/Intermediates.noindex/Fetcher.build/Debug-watchos/Fetcher-t.build/Objects-normal/arm64_32/Fetcher.SwiftFileList -DSWIFT_PACKAGE -DDEBUG -DSWIFT_MODULE_RESOURCE_BUNDLE_AVAILABLE -DXcode -plugin-path /Applications/Xcode-27.0.0-Release.Candidate.app/Contents/Developer/Toolchains/XcodeDefault.xctoolchain/usr/lib/swift/host/plugins/testing -enable-experimental-feature DebugDescriptionMacro -sdk /Applications/Xcode-27.0.0-Release.Candidate.app/Contents/Developer/Platforms/WatchOS.platform/Developer/SDKs/WatchOS27.0.sdk -target arm64_32-apple-watchos9.0 -g -module-cache-path /Users/admin/builder/spi-builder-workspace/.derivedData/ModuleCache.noindex -Xfrontend -serialize-debugging-options -profile-coverage-mapping -profile-generate -enable-testing -suppress-warnings -index-store-path /Users/admin/builder/spi-builder-workspace/.derivedData/Index.noindex/DataStore -Xcc -D_LIBCPP_HARDENING_MODE\=_LIBCPP_HARDENING_MODE_DEBUG -swift-version 5 -I /Users/admin/builder/spi-builder-workspace/.derivedData/Build/Products/Debug-watchos -Isystem /Applications/Xcode-27.0.0-Release.Candidate.app/Contents/Developer/Platforms/WatchOS.platform/Developer/usr/lib -F /Users/admin/builder/spi-builder-workspace/.derivedData/Build/Products/Debug-watchos -F /Applications/Xcode-27.0.0-Release.Candidate.app/Contents/Developer/Platforms/WatchOS.platform/Developer/Library/Frameworks -F /Applications/Xcode-27.0.0-Release.Candidate.app/Contents/Developer/Platforms/WatchOS.platform/Developer/SDKs/WatchOS27.0.sdk/Developer/Library/Frameworks -c -j10 -enable-batch-mode -incremental -Xcc -ivfsstatcache -Xcc /Users/admin/builder/spi-builder-workspace/.derivedData/SDKStatCaches.noindex/watchos27.0-24R360-e829b21a6f8c9b70876ba0858053c04477534ef55a1706bf4c1112bbb242f0a2.sdkstatcache -output-file-map /Users/admin/builder/spi-builder-workspace/.derivedData/Build/Intermediates.noindex/Fetcher.build/Debug-watchos/Fetcher-t.build/Objects-normal/arm64_32/Fetcher-OutputFileMap.json -save-temps -no-color-diagnostics -explicit-module-build -module-cache-path /Users/admin/builder/spi-builder-workspace/.derivedData/Build/Intermediates.noindex/SwiftExplicitPrecompiledModules -clang-scanner-module-cache-path /Users/admin/builder/spi-builder-workspace/.derivedData/ModuleCache.noindex -sdk-module-cache-path /Users/admin/builder/spi-builder-workspace/.derivedData/SDKExplicitPrecompiledModules -emit-dependencies -emit-module -emit-module-path /Users/admin/builder/spi-builder-workspace/.derivedData/Build/Intermediates.noindex/Fetcher.build/Debug-watchos/Fetcher-t.build/Objects-normal/arm64_32/Fetcher.swiftmodule -serialize-diagnostics -dependency-scan-serialize-diagnostics-path /Users/admin/builder/spi-builder-workspace/.derivedData/Build/Intermediates.noindex/Fetcher.build/Debug-watchos/Fetcher-t.build/Objects-normal/arm64_32/Fetcher-dependency-scan.dia -validate-clang-modules-once -clang-build-session-file /Users/admin/builder/spi-builder-workspace/.derivedData/ModuleCache.noindex/Session.modulevalidation -Xcc -fmodules-prune-interval\=86400 -Xcc -fmodules-prune-after\=345600 -emit-const-values -const-gather-protocols-list /Users/admin/builder/spi-builder-workspace/.derivedData/Build/Intermediates.noindex/Fetcher.build/Debug-watchos/Fetcher-t.build/Objects-normal/arm64_32/Fetcher_const_extract_protocols.json -Xcc -I/Users/admin/builder/spi-builder-workspace/.derivedData/Build/Products/Debug-watchos/include -Xcc -I/Users/admin/builder/spi-builder-workspace/.derivedData/Build/Intermediates.noindex/Fetcher.build/Debug-watchos/Fetcher-t.build/DerivedSources-normal/arm64_32 -Xcc -I/Users/admin/builder/spi-builder-workspace/.derivedData/Build/Intermediates.noindex/Fetcher.build/Debug-watchos/Fetcher-t.build/DerivedSources/arm64_32 -Xcc -I/Users/admin/builder/spi-builder-workspace/.derivedData/Build/Intermediates.noindex/Fetcher.build/Debug-watchos/Fetcher-t.build/DerivedSources -Xcc -DSWIFT_PACKAGE -Xcc -DDEBUG\=1 -emit-objc-header -emit-objc-header-path /Users/admin/builder/spi-builder-workspace/.derivedData/Build/Intermediates.noindex/Fetcher.build/Debug-watchos/Fetcher-t.build/Objects-normal/arm64_32/Fetcher-Swift.h -working-directory /Users/admin/builder/spi-builder-workspace/.swiftpm/xcode -experimental-emit-module-separately -disable-cmo
SwiftMergeGeneratedHeaders /Users/admin/builder/spi-builder-workspace/.derivedData/Build/Intermediates.noindex/GeneratedModuleMaps-watchos/Zip-Swift.h /Users/admin/builder/spi-builder-workspace/.derivedData/Build/Intermediates.noindex/Zip.build/Debug-watchos/Zip-t.build/Objects-normal/arm64/Zip-Swift.h /Users/admin/builder/spi-builder-workspace/.derivedData/Build/Intermediates.noindex/Zip.build/Debug-watchos/Zip-t.build/Objects-normal/arm64_32/Zip-Swift.h (in target 'Zip' from project 'Zip')
cd /Users/admin/builder/spi-builder-workspace/.dependencies/checkouts/Zip
builtin-swiftHeaderTool -arch arm64 /Users/admin/builder/spi-builder-workspace/.derivedData/Build/Intermediates.noindex/Zip.build/Debug-watchos/Zip-t.build/Objects-normal/arm64/Zip-Swift.h -arch arm64_32 /Users/admin/builder/spi-builder-workspace/.derivedData/Build/Intermediates.noindex/Zip.build/Debug-watchos/Zip-t.build/Objects-normal/arm64_32/Zip-Swift.h -o /Users/admin/builder/spi-builder-workspace/.derivedData/Build/Intermediates.noindex/GeneratedModuleMaps-watchos/Zip-Swift.h
Copy /Users/admin/builder/spi-builder-workspace/.derivedData/Build/Products/Debug-watchos/Zip.swiftmodule/arm64_32-apple-watchos.swiftmodule /Users/admin/builder/spi-builder-workspace/.derivedData/Build/Intermediates.noindex/Zip.build/Debug-watchos/Zip-t.build/Objects-normal/arm64_32/Zip.swiftmodule (in target 'Zip' from project 'Zip')
cd /Users/admin/builder/spi-builder-workspace/.dependencies/checkouts/Zip
builtin-copy -exclude .DS_Store -exclude CVS -exclude .svn -exclude .git -exclude .hg -resolve-src-symlinks -rename /Users/admin/builder/spi-builder-workspace/.derivedData/Build/Intermediates.noindex/Zip.build/Debug-watchos/Zip-t.build/Objects-normal/arm64_32/Zip.swiftmodule /Users/admin/builder/spi-builder-workspace/.derivedData/Build/Products/Debug-watchos/Zip.swiftmodule/arm64_32-apple-watchos.swiftmodule
Copy /Users/admin/builder/spi-builder-workspace/.derivedData/Build/Products/Debug-watchos/Zip.swiftmodule/arm64_32-apple-watchos.swiftdoc /Users/admin/builder/spi-builder-workspace/.derivedData/Build/Intermediates.noindex/Zip.build/Debug-watchos/Zip-t.build/Objects-normal/arm64_32/Zip.swiftdoc (in target 'Zip' from project 'Zip')
cd /Users/admin/builder/spi-builder-workspace/.dependencies/checkouts/Zip
builtin-copy -exclude .DS_Store -exclude CVS -exclude .svn -exclude .git -exclude .hg -resolve-src-symlinks -rename /Users/admin/builder/spi-builder-workspace/.derivedData/Build/Intermediates.noindex/Zip.build/Debug-watchos/Zip-t.build/Objects-normal/arm64_32/Zip.swiftdoc /Users/admin/builder/spi-builder-workspace/.derivedData/Build/Products/Debug-watchos/Zip.swiftmodule/arm64_32-apple-watchos.swiftdoc
Copy /Users/admin/builder/spi-builder-workspace/.derivedData/Build/Products/Debug-watchos/Zip.swiftmodule/arm64_32-apple-watchos.abi.json /Users/admin/builder/spi-builder-workspace/.derivedData/Build/Intermediates.noindex/Zip.build/Debug-watchos/Zip-t.build/Objects-normal/arm64_32/Zip.abi.json (in target 'Zip' from project 'Zip')
cd /Users/admin/builder/spi-builder-workspace/.dependencies/checkouts/Zip
builtin-copy -exclude .DS_Store -exclude CVS -exclude .svn -exclude .git -exclude .hg -resolve-src-symlinks -rename /Users/admin/builder/spi-builder-workspace/.derivedData/Build/Intermediates.noindex/Zip.build/Debug-watchos/Zip-t.build/Objects-normal/arm64_32/Zip.abi.json /Users/admin/builder/spi-builder-workspace/.derivedData/Build/Products/Debug-watchos/Zip.swiftmodule/arm64_32-apple-watchos.abi.json
Copy /Users/admin/builder/spi-builder-workspace/.derivedData/Build/Products/Debug-watchos/Zip.swiftmodule/Project/arm64_32-apple-watchos.swiftsourceinfo /Users/admin/builder/spi-builder-workspace/.derivedData/Build/Intermediates.noindex/Zip.build/Debug-watchos/Zip-t.build/Objects-normal/arm64_32/Zip.swiftsourceinfo (in target 'Zip' from project 'Zip')
cd /Users/admin/builder/spi-builder-workspace/.dependencies/checkouts/Zip
builtin-copy -exclude .DS_Store -exclude CVS -exclude .svn -exclude .git -exclude .hg -resolve-src-symlinks -rename /Users/admin/builder/spi-builder-workspace/.derivedData/Build/Intermediates.noindex/Zip.build/Debug-watchos/Zip-t.build/Objects-normal/arm64_32/Zip.swiftsourceinfo /Users/admin/builder/spi-builder-workspace/.derivedData/Build/Products/Debug-watchos/Zip.swiftmodule/Project/arm64_32-apple-watchos.swiftsourceinfo
SwiftMergeGeneratedHeaders /Users/admin/builder/spi-builder-workspace/.derivedData/Build/Intermediates.noindex/GeneratedModuleMaps-watchos/Fetcher-Swift.h /Users/admin/builder/spi-builder-workspace/.derivedData/Build/Intermediates.noindex/Fetcher.build/Debug-watchos/Fetcher-t.build/Objects-normal/arm64/Fetcher-Swift.h /Users/admin/builder/spi-builder-workspace/.derivedData/Build/Intermediates.noindex/Fetcher.build/Debug-watchos/Fetcher-t.build/Objects-normal/arm64_32/Fetcher-Swift.h (in target 'Fetcher' from project 'Fetcher')
cd /Users/admin/builder/spi-builder-workspace/.dependencies/checkouts/Fetcher
builtin-swiftHeaderTool -arch arm64 /Users/admin/builder/spi-builder-workspace/.derivedData/Build/Intermediates.noindex/Fetcher.build/Debug-watchos/Fetcher-t.build/Objects-normal/arm64/Fetcher-Swift.h -arch arm64_32 /Users/admin/builder/spi-builder-workspace/.derivedData/Build/Intermediates.noindex/Fetcher.build/Debug-watchos/Fetcher-t.build/Objects-normal/arm64_32/Fetcher-Swift.h -o /Users/admin/builder/spi-builder-workspace/.derivedData/Build/Intermediates.noindex/GeneratedModuleMaps-watchos/Fetcher-Swift.h
Copy /Users/admin/builder/spi-builder-workspace/.derivedData/Build/Products/Debug-watchos/Fetcher.swiftmodule/arm64_32-apple-watchos.swiftmodule /Users/admin/builder/spi-builder-workspace/.derivedData/Build/Intermediates.noindex/Fetcher.build/Debug-watchos/Fetcher-t.build/Objects-normal/arm64_32/Fetcher.swiftmodule (in target 'Fetcher' from project 'Fetcher')
cd /Users/admin/builder/spi-builder-workspace/.dependencies/checkouts/Fetcher
builtin-copy -exclude .DS_Store -exclude CVS -exclude .svn -exclude .git -exclude .hg -resolve-src-symlinks -rename /Users/admin/builder/spi-builder-workspace/.derivedData/Build/Intermediates.noindex/Fetcher.build/Debug-watchos/Fetcher-t.build/Objects-normal/arm64_32/Fetcher.swiftmodule /Users/admin/builder/spi-builder-workspace/.derivedData/Build/Products/Debug-watchos/Fetcher.swiftmodule/arm64_32-apple-watchos.swiftmodule
Copy /Users/admin/builder/spi-builder-workspace/.derivedData/Build/Products/Debug-watchos/Fetcher.swiftmodule/arm64_32-apple-watchos.swiftdoc /Users/admin/builder/spi-builder-workspace/.derivedData/Build/Intermediates.noindex/Fetcher.build/Debug-watchos/Fetcher-t.build/Objects-normal/arm64_32/Fetcher.swiftdoc (in target 'Fetcher' from project 'Fetcher')
cd /Users/admin/builder/spi-builder-workspace/.dependencies/checkouts/Fetcher
builtin-copy -exclude .DS_Store -exclude CVS -exclude .svn -exclude .git -exclude .hg -resolve-src-symlinks -rename /Users/admin/builder/spi-builder-workspace/.derivedData/Build/Intermediates.noindex/Fetcher.build/Debug-watchos/Fetcher-t.build/Objects-normal/arm64_32/Fetcher.swiftdoc /Users/admin/builder/spi-builder-workspace/.derivedData/Build/Products/Debug-watchos/Fetcher.swiftmodule/arm64_32-apple-watchos.swiftdoc
Copy /Users/admin/builder/spi-builder-workspace/.derivedData/Build/Products/Debug-watchos/Fetcher.swiftmodule/arm64_32-apple-watchos.abi.json /Users/admin/builder/spi-builder-workspace/.derivedData/Build/Intermediates.noindex/Fetcher.build/Debug-watchos/Fetcher-t.build/Objects-normal/arm64_32/Fetcher.abi.json (in target 'Fetcher' from project 'Fetcher')
cd /Users/admin/builder/spi-builder-workspace/.dependencies/checkouts/Fetcher
builtin-copy -exclude .DS_Store -exclude CVS -exclude .svn -exclude .git -exclude .hg -resolve-src-symlinks -rename /Users/admin/builder/spi-builder-workspace/.derivedData/Build/Intermediates.noindex/Fetcher.build/Debug-watchos/Fetcher-t.build/Objects-normal/arm64_32/Fetcher.abi.json /Users/admin/builder/spi-builder-workspace/.derivedData/Build/Products/Debug-watchos/Fetcher.swiftmodule/arm64_32-apple-watchos.abi.json
Copy /Users/admin/builder/spi-builder-workspace/.derivedData/Build/Products/Debug-watchos/Fetcher.swiftmodule/Project/arm64_32-apple-watchos.swiftsourceinfo /Users/admin/builder/spi-builder-workspace/.derivedData/Build/Intermediates.noindex/Fetcher.build/Debug-watchos/Fetcher-t.build/Objects-normal/arm64_32/Fetcher.swiftsourceinfo (in target 'Fetcher' from project 'Fetcher')
cd /Users/admin/builder/spi-builder-workspace/.dependencies/checkouts/Fetcher
builtin-copy -exclude .DS_Store -exclude CVS -exclude .svn -exclude .git -exclude .hg -resolve-src-symlinks -rename /Users/admin/builder/spi-builder-workspace/.derivedData/Build/Intermediates.noindex/Fetcher.build/Debug-watchos/Fetcher-t.build/Objects-normal/arm64_32/Fetcher.swiftsourceinfo /Users/admin/builder/spi-builder-workspace/.derivedData/Build/Products/Debug-watchos/Fetcher.swiftmodule/Project/arm64_32-apple-watchos.swiftsourceinfo
SwiftCompile normal arm64 Compiling\ ZipUtilities.swift /Users/admin/builder/spi-builder-workspace/.dependencies/checkouts/Zip/Zip/ZipUtilities.swift (in target 'Zip' from project 'Zip')
SwiftCompile normal arm64 /Users/admin/builder/spi-builder-workspace/.dependencies/checkouts/Zip/Zip/ZipUtilities.swift (in target 'Zip' from project 'Zip')
cd /Users/admin/builder/spi-builder-workspace/.swiftpm/xcode
builtin-SwiftPerFileCompile ZipUtilities.swift
SwiftDriverJobDiscovery normal arm64 Compiling FetcherLogger.swift (in target 'Fetcher' from project 'Fetcher')
SwiftCompile normal arm64_32 Compiling\ Zip.swift /Users/admin/builder/spi-builder-workspace/.dependencies/checkouts/Zip/Zip/Zip.swift (in target 'Zip' from project 'Zip')
SwiftCompile normal arm64_32 /Users/admin/builder/spi-builder-workspace/.dependencies/checkouts/Zip/Zip/Zip.swift (in target 'Zip' from project 'Zip')
cd /Users/admin/builder/spi-builder-workspace/.swiftpm/xcode
builtin-SwiftPerFileCompile Zip.swift
SwiftCompile normal arm64_32 Compiling\ QuickZip.swift /Users/admin/builder/spi-builder-workspace/.dependencies/checkouts/Zip/Zip/QuickZip.swift (in target 'Zip' from project 'Zip')
SwiftCompile normal arm64_32 /Users/admin/builder/spi-builder-workspace/.dependencies/checkouts/Zip/Zip/QuickZip.swift (in target 'Zip' from project 'Zip')
cd /Users/admin/builder/spi-builder-workspace/.swiftpm/xcode
builtin-SwiftPerFileCompile QuickZip.swift
SwiftCompile normal arm64_32 Compiling\ ZipUtilities.swift /Users/admin/builder/spi-builder-workspace/.dependencies/checkouts/Zip/Zip/ZipUtilities.swift (in target 'Zip' from project 'Zip')
SwiftCompile normal arm64_32 /Users/admin/builder/spi-builder-workspace/.dependencies/checkouts/Zip/Zip/ZipUtilities.swift (in target 'Zip' from project 'Zip')
cd /Users/admin/builder/spi-builder-workspace/.swiftpm/xcode
builtin-SwiftPerFileCompile ZipUtilities.swift
SwiftDriverJobDiscovery normal arm64 Compiling FetcherEnvironment.swift (in target 'Fetcher' from project 'Fetcher')
SwiftDriverJobDiscovery normal arm64 Compiling APIURL.swift (in target 'Fetcher' from project 'Fetcher')
SwiftDriverJobDiscovery normal arm64 Compiling QuickZip.swift (in target 'Zip' from project 'Zip')
SwiftCompile normal arm64 Compiling\ Zip.swift /Users/admin/builder/spi-builder-workspace/.dependencies/checkouts/Zip/Zip/Zip.swift (in target 'Zip' from project 'Zip')
SwiftCompile normal arm64 /Users/admin/builder/spi-builder-workspace/.dependencies/checkouts/Zip/Zip/Zip.swift (in target 'Zip' from project 'Zip')
cd /Users/admin/builder/spi-builder-workspace/.swiftpm/xcode
builtin-SwiftPerFileCompile Zip.swift
SwiftCompile normal arm64_32 Compiling\ FetcherLogger.swift /Users/admin/builder/spi-builder-workspace/.dependencies/checkouts/Fetcher/Sources/Fetcher/Protocols/FetcherLogger.swift (in target 'Fetcher' from project 'Fetcher')
SwiftCompile normal arm64_32 /Users/admin/builder/spi-builder-workspace/.dependencies/checkouts/Fetcher/Sources/Fetcher/Protocols/FetcherLogger.swift (in target 'Fetcher' from project 'Fetcher')
cd /Users/admin/builder/spi-builder-workspace/.swiftpm/xcode
builtin-SwiftPerFileCompile FetcherLogger.swift
SwiftDriverJobDiscovery normal arm64 Compiling ZipUtilities.swift (in target 'Zip' from project 'Zip')
SwiftDriverJobDiscovery normal arm64 Compiling ServerErrorResponse.swift (in target 'Fetcher' from project 'Fetcher')
SwiftCompile normal arm64_32 Compiling\ ServerErrorResponse.swift /Users/admin/builder/spi-builder-workspace/.dependencies/checkouts/Fetcher/Sources/Fetcher/Models/ServerErrorResponse.swift (in target 'Fetcher' from project 'Fetcher')
SwiftCompile normal arm64_32 /Users/admin/builder/spi-builder-workspace/.dependencies/checkouts/Fetcher/Sources/Fetcher/Models/ServerErrorResponse.swift (in target 'Fetcher' from project 'Fetcher')
cd /Users/admin/builder/spi-builder-workspace/.swiftpm/xcode
builtin-SwiftPerFileCompile ServerErrorResponse.swift
SwiftDriverJobDiscovery normal arm64 Compiling TokenErrorResponse.swift (in target 'Fetcher' from project 'Fetcher')
SwiftCompile normal arm64_32 Compiling\ URLSession+Backports.swift,\ Fetcher+Concurrency.swift /Users/admin/builder/spi-builder-workspace/.dependencies/checkouts/Fetcher/Sources/Fetcher/Extensions/URLSession+Backports.swift /Users/admin/builder/spi-builder-workspace/.dependencies/checkouts/Fetcher/Sources/Fetcher/Fetcher+Concurrency.swift (in target 'Fetcher' from project 'Fetcher')
SwiftCompile normal arm64_32 /Users/admin/builder/spi-builder-workspace/.dependencies/checkouts/Fetcher/Sources/Fetcher/Extensions/URLSession+Backports.swift (in target 'Fetcher' from project 'Fetcher')
cd /Users/admin/builder/spi-builder-workspace/.swiftpm/xcode
builtin-SwiftPerFileCompile URLSession+Backports.swift
SwiftCompile normal arm64_32 /Users/admin/builder/spi-builder-workspace/.dependencies/checkouts/Fetcher/Sources/Fetcher/Fetcher+Concurrency.swift (in target 'Fetcher' from project 'Fetcher')
cd /Users/admin/builder/spi-builder-workspace/.swiftpm/xcode
builtin-SwiftPerFileCompile Fetcher+Concurrency.swift
SwiftDriverJobDiscovery normal arm64 Compiling Token.swift (in target 'Fetcher' from project 'Fetcher')
SwiftCompile normal arm64_32 Compiling\ Token.swift /Users/admin/builder/spi-builder-workspace/.dependencies/checkouts/Fetcher/Sources/Fetcher/Models/Token.swift (in target 'Fetcher' from project 'Fetcher')
SwiftCompile normal arm64_32 /Users/admin/builder/spi-builder-workspace/.dependencies/checkouts/Fetcher/Sources/Fetcher/Models/Token.swift (in target 'Fetcher' from project 'Fetcher')
cd /Users/admin/builder/spi-builder-workspace/.swiftpm/xcode
builtin-SwiftPerFileCompile Token.swift
SwiftDriverJobDiscovery normal arm64 Compiling resource_bundle_accessor.swift, OSLog+Categories.swift (in target 'Fetcher' from project 'Fetcher')
SwiftCompile normal arm64_32 Compiling\ TokenErrorResponse.swift /Users/admin/builder/spi-builder-workspace/.dependencies/checkouts/Fetcher/Sources/Fetcher/Models/TokenErrorResponse.swift (in target 'Fetcher' from project 'Fetcher')
SwiftCompile normal arm64_32 /Users/admin/builder/spi-builder-workspace/.dependencies/checkouts/Fetcher/Sources/Fetcher/Models/TokenErrorResponse.swift (in target 'Fetcher' from project 'Fetcher')
cd /Users/admin/builder/spi-builder-workspace/.swiftpm/xcode
builtin-SwiftPerFileCompile TokenErrorResponse.swift
SwiftCompile normal arm64_32 Compiling\ Fetcher.swift,\ APIError.swift /Users/admin/builder/spi-builder-workspace/.dependencies/checkouts/Fetcher/Sources/Fetcher/Fetcher.swift /Users/admin/builder/spi-builder-workspace/.dependencies/checkouts/Fetcher/Sources/Fetcher/Models/APIError.swift (in target 'Fetcher' from project 'Fetcher')
SwiftCompile normal arm64_32 (in target 'Fetcher' from project 'Fetcher')
cd /Users/admin/builder/spi-builder-workspace/.swiftpm/xcode
SwiftCompile normal arm64_32 /Users/admin/builder/spi-builder-workspace/.dependencies/checkouts/Fetcher/Sources/Fetcher/Models/APIError.swift (in target 'Fetcher' from project 'Fetcher')
cd /Users/admin/builder/spi-builder-workspace/.swiftpm/xcode
builtin-SwiftPerFileCompile APIError.swift
SwiftDriverJobDiscovery normal arm64 Compiling Fetcher.swift, APIError.swift (in target 'Fetcher' from project 'Fetcher')
SwiftCompile normal arm64 Compiling\ APIURLMock.swift,\ URLProtocolMock.swift /Users/admin/builder/spi-builder-workspace/.dependencies/checkouts/Fetcher/Sources/Fetcher/Models/Mock/APIURLMock.swift /Users/admin/builder/spi-builder-workspace/.dependencies/checkouts/Fetcher/Sources/Fetcher/Models/Mock/URLProtocolMock.swift (in target 'Fetcher' from project 'Fetcher')
SwiftCompile normal arm64 /Users/admin/builder/spi-builder-workspace/.dependencies/checkouts/Fetcher/Sources/Fetcher/Models/Mock/APIURLMock.swift (in target 'Fetcher' from project 'Fetcher')
cd /Users/admin/builder/spi-builder-workspace/.swiftpm/xcode
builtin-SwiftPerFileCompile APIURLMock.swift
SwiftCompile normal arm64 /Users/admin/builder/spi-builder-workspace/.dependencies/checkouts/Fetcher/Sources/Fetcher/Models/Mock/URLProtocolMock.swift (in target 'Fetcher' from project 'Fetcher')
cd /Users/admin/builder/spi-builder-workspace/.swiftpm/xcode
builtin-SwiftPerFileCompile URLProtocolMock.swift
SwiftDriverJobDiscovery normal arm64 Compiling Zip.swift (in target 'Zip' from project 'Zip')
SwiftDriver\ Compilation Zip normal arm64 com.apple.xcode.tools.swift.compiler (in target 'Zip' from project 'Zip')
cd /Users/admin/builder/spi-builder-workspace/.swiftpm/xcode
builtin-Swift-Compilation -- /Applications/Xcode-27.0.0-Release.Candidate.app/Contents/Developer/Toolchains/XcodeDefault.xctoolchain/usr/bin/swiftc -parse-as-library -module-name Zip -Onone @/Users/admin/builder/spi-builder-workspace/.derivedData/Build/Intermediates.noindex/Zip.build/Debug-watchos/Zip-t.build/Objects-normal/arm64/Zip.SwiftFileList -DSWIFT_PACKAGE -DDEBUG -DSWIFT_MODULE_RESOURCE_BUNDLE_UNAVAILABLE -Xcc -fmodule-map-file\=/Users/admin/builder/spi-builder-workspace/.derivedData/Build/Intermediates.noindex/GeneratedModuleMaps-watchos/Minizip.modulemap -DXcode -plugin-path /Applications/Xcode-27.0.0-Release.Candidate.app/Contents/Developer/Toolchains/XcodeDefault.xctoolchain/usr/lib/swift/host/plugins/testing -enable-experimental-feature DebugDescriptionMacro -sdk /Applications/Xcode-27.0.0-Release.Candidate.app/Contents/Developer/Platforms/WatchOS.platform/Developer/SDKs/WatchOS27.0.sdk -target arm64-apple-watchos9.0 -g -module-cache-path /Users/admin/builder/spi-builder-workspace/.derivedData/ModuleCache.noindex -Xfrontend -serialize-debugging-options -profile-coverage-mapping -profile-generate -enable-testing -suppress-warnings -index-store-path /Users/admin/builder/spi-builder-workspace/.derivedData/Index.noindex/DataStore -Xcc -D_LIBCPP_HARDENING_MODE\=_LIBCPP_HARDENING_MODE_DEBUG -swift-version 5 -I /Users/admin/builder/spi-builder-workspace/.derivedData/Build/Products/Debug-watchos -Isystem /Applications/Xcode-27.0.0-Release.Candidate.app/Contents/Developer/Platforms/WatchOS.platform/Developer/usr/lib -F /Users/admin/builder/spi-builder-workspace/.derivedData/Build/Products/Debug-watchos/PackageFrameworks -F /Users/admin/builder/spi-builder-workspace/.derivedData/Build/Products/Debug-watchos -F /Applications/Xcode-27.0.0-Release.Candidate.app/Contents/Developer/Platforms/WatchOS.platform/Developer/Library/Frameworks -F /Applications/Xcode-27.0.0-Release.Candidate.app/Contents/Developer/Platforms/WatchOS.platform/Developer/SDKs/WatchOS27.0.sdk/Developer/Library/Frameworks -c -j10 -enable-batch-mode -incremental -Xcc -ivfsstatcache -Xcc /Users/admin/builder/spi-builder-workspace/.derivedData/SDKStatCaches.noindex/watchos27.0-24R360-e829b21a6f8c9b70876ba0858053c04477534ef55a1706bf4c1112bbb242f0a2.sdkstatcache -output-file-map /Users/admin/builder/spi-builder-workspace/.derivedData/Build/Intermediates.noindex/Zip.build/Debug-watchos/Zip-t.build/Objects-normal/arm64/Zip-OutputFileMap.json -save-temps -no-color-diagnostics -explicit-module-build -module-cache-path /Users/admin/builder/spi-builder-workspace/.derivedData/Build/Intermediates.noindex/SwiftExplicitPrecompiledModules -clang-scanner-module-cache-path /Users/admin/builder/spi-builder-workspace/.derivedData/ModuleCache.noindex -sdk-module-cache-path /Users/admin/builder/spi-builder-workspace/.derivedData/SDKExplicitPrecompiledModules -emit-dependencies -emit-module -emit-module-path /Users/admin/builder/spi-builder-workspace/.derivedData/Build/Intermediates.noindex/Zip.build/Debug-watchos/Zip-t.build/Objects-normal/arm64/Zip.swiftmodule -serialize-diagnostics -dependency-scan-serialize-diagnostics-path /Users/admin/builder/spi-builder-workspace/.derivedData/Build/Intermediates.noindex/Zip.build/Debug-watchos/Zip-t.build/Objects-normal/arm64/Zip-dependency-scan.dia -validate-clang-modules-once -clang-build-session-file /Users/admin/builder/spi-builder-workspace/.derivedData/ModuleCache.noindex/Session.modulevalidation -Xcc -fmodules-prune-interval\=86400 -Xcc -fmodules-prune-after\=345600 -emit-const-values -const-gather-protocols-list /Users/admin/builder/spi-builder-workspace/.derivedData/Build/Intermediates.noindex/Zip.build/Debug-watchos/Zip-t.build/Objects-normal/arm64/Zip_const_extract_protocols.json -Xcc -I/Users/admin/builder/spi-builder-workspace/.dependencies/checkouts/Zip/Zip/minizip/include -Xcc -I/Users/admin/builder/spi-builder-workspace/.derivedData/Build/Products/Debug-watchos/include -Xcc -I/Users/admin/builder/spi-builder-workspace/.derivedData/Build/Intermediates.noindex/Zip.build/Debug-watchos/Zip-t.build/DerivedSources-normal/arm64 -Xcc -I/Users/admin/builder/spi-builder-workspace/.derivedData/Build/Intermediates.noindex/Zip.build/Debug-watchos/Zip-t.build/DerivedSources/arm64 -Xcc -I/Users/admin/builder/spi-builder-workspace/.derivedData/Build/Intermediates.noindex/Zip.build/Debug-watchos/Zip-t.build/DerivedSources -Xcc -DSWIFT_PACKAGE -Xcc -DDEBUG\=1 -emit-objc-header -emit-objc-header-path /Users/admin/builder/spi-builder-workspace/.derivedData/Build/Intermediates.noindex/Zip.build/Debug-watchos/Zip-t.build/Objects-normal/arm64/Zip-Swift.h -working-directory /Users/admin/builder/spi-builder-workspace/.swiftpm/xcode -experimental-emit-module-separately -disable-cmo
SwiftDriverJobDiscovery normal arm64 Compiling APIURLMock.swift, URLProtocolMock.swift (in target 'Fetcher' from project 'Fetcher')
SwiftCompile normal arm64_32 Compiling\ APIURLMock.swift,\ URLProtocolMock.swift /Users/admin/builder/spi-builder-workspace/.dependencies/checkouts/Fetcher/Sources/Fetcher/Models/Mock/APIURLMock.swift /Users/admin/builder/spi-builder-workspace/.dependencies/checkouts/Fetcher/Sources/Fetcher/Models/Mock/URLProtocolMock.swift (in target 'Fetcher' from project 'Fetcher')
SwiftCompile normal arm64_32 /Users/admin/builder/spi-builder-workspace/.dependencies/checkouts/Fetcher/Sources/Fetcher/Models/Mock/APIURLMock.swift (in target 'Fetcher' from project 'Fetcher')
cd /Users/admin/builder/spi-builder-workspace/.swiftpm/xcode
builtin-SwiftPerFileCompile APIURLMock.swift
SwiftCompile normal arm64_32 /Users/admin/builder/spi-builder-workspace/.dependencies/checkouts/Fetcher/Sources/Fetcher/Models/Mock/URLProtocolMock.swift (in target 'Fetcher' from project 'Fetcher')
cd /Users/admin/builder/spi-builder-workspace/.swiftpm/xcode
builtin-SwiftPerFileCompile URLProtocolMock.swift
SwiftCompile normal arm64_32 Compiling\ resource_bundle_accessor.swift,\ OSLog+Categories.swift /Users/admin/builder/spi-builder-workspace/.derivedData/Build/Intermediates.noindex/Fetcher.build/Debug-watchos/Fetcher-t.build/DerivedSources/resource_bundle_accessor.swift /Users/admin/builder/spi-builder-workspace/.dependencies/checkouts/Fetcher/Sources/Fetcher/Extensions/OSLog+Categories.swift (in target 'Fetcher' from project 'Fetcher')
SwiftCompile normal arm64_32 /Users/admin/builder/spi-builder-workspace/.derivedData/Build/Intermediates.noindex/Fetcher.build/Debug-watchos/Fetcher-t.build/DerivedSources/resource_bundle_accessor.swift (in target 'Fetcher' from project 'Fetcher')
cd /Users/admin/builder/spi-builder-workspace/.swiftpm/xcode
builtin-SwiftPerFileCompile resource_bundle_accessor.swift
SwiftCompile normal arm64_32 /Users/admin/builder/spi-builder-workspace/.dependencies/checkouts/Fetcher/Sources/Fetcher/Extensions/OSLog+Categories.swift (in target 'Fetcher' from project 'Fetcher')
cd /Users/admin/builder/spi-builder-workspace/.swiftpm/xcode
builtin-SwiftPerFileCompile OSLog+Categories.swift
SwiftDriverJobDiscovery normal arm64_32 Compiling FetcherLogger.swift (in target 'Fetcher' from project 'Fetcher')
SwiftCompile normal arm64_32 Compiling\ FetcherEnvironment.swift /Users/admin/builder/spi-builder-workspace/.dependencies/checkouts/Fetcher/Sources/Fetcher/Protocols/FetcherEnvironment.swift (in target 'Fetcher' from project 'Fetcher')
SwiftCompile normal arm64_32 /Users/admin/builder/spi-builder-workspace/.dependencies/checkouts/Fetcher/Sources/Fetcher/Protocols/FetcherEnvironment.swift (in target 'Fetcher' from project 'Fetcher')
cd /Users/admin/builder/spi-builder-workspace/.swiftpm/xcode
builtin-SwiftPerFileCompile FetcherEnvironment.swift
SwiftDriverJobDiscovery normal arm64_32 Compiling QuickZip.swift (in target 'Zip' from project 'Zip')
SwiftCompile normal arm64 Compiling\ URLSession+Backports.swift,\ Fetcher+Concurrency.swift /Users/admin/builder/spi-builder-workspace/.dependencies/checkouts/Fetcher/Sources/Fetcher/Extensions/URLSession+Backports.swift /Users/admin/builder/spi-builder-workspace/.dependencies/checkouts/Fetcher/Sources/Fetcher/Fetcher+Concurrency.swift (in target 'Fetcher' from project 'Fetcher')
SwiftCompile normal arm64 /Users/admin/builder/spi-builder-workspace/.dependencies/checkouts/Fetcher/Sources/Fetcher/Extensions/URLSession+Backports.swift (in target 'Fetcher' from project 'Fetcher')
cd /Users/admin/builder/spi-builder-workspace/.swiftpm/xcode
builtin-SwiftPerFileCompile URLSession+Backports.swift
SwiftCompile normal arm64 /Users/admin/builder/spi-builder-workspace/.dependencies/checkouts/Fetcher/Sources/Fetcher/Fetcher+Concurrency.swift (in target 'Fetcher' from project 'Fetcher')
cd /Users/admin/builder/spi-builder-workspace/.swiftpm/xcode
builtin-SwiftPerFileCompile Fetcher+Concurrency.swift
SwiftDriverJobDiscovery normal arm64_32 Compiling ServerErrorResponse.swift (in target 'Fetcher' from project 'Fetcher')
SwiftCompile normal arm64_32 Compiling\ APIURL.swift /Users/admin/builder/spi-builder-workspace/.dependencies/checkouts/Fetcher/Sources/Fetcher/Protocols/APIURL.swift (in target 'Fetcher' from project 'Fetcher')
SwiftCompile normal arm64_32 /Users/admin/builder/spi-builder-workspace/.dependencies/checkouts/Fetcher/Sources/Fetcher/Protocols/APIURL.swift (in target 'Fetcher' from project 'Fetcher')
cd /Users/admin/builder/spi-builder-workspace/.swiftpm/xcode
builtin-SwiftPerFileCompile APIURL.swift
SwiftDriverJobDiscovery normal arm64_32 Compiling Token.swift (in target 'Fetcher' from project 'Fetcher')
SwiftDriverJobDiscovery normal arm64_32 Compiling ZipUtilities.swift (in target 'Zip' from project 'Zip')
SwiftDriverJobDiscovery normal arm64_32 Compiling TokenErrorResponse.swift (in target 'Fetcher' from project 'Fetcher')
Ld /Users/admin/builder/spi-builder-workspace/.derivedData/Build/Intermediates.noindex/Zip.build/Debug-watchos/Zip-t.build/Objects-normal/arm64/Binary/Zip.o normal arm64 (in target 'Zip' from project 'Zip')
cd /Users/admin/builder/spi-builder-workspace/.dependencies/checkouts/Zip
/Applications/Xcode-27.0.0-Release.Candidate.app/Contents/Developer/Toolchains/XcodeDefault.xctoolchain/usr/bin/clang -Xlinker -reproducible -target arm64-apple-watchos9.0 -r -isysroot /Applications/Xcode-27.0.0-Release.Candidate.app/Contents/Developer/Platforms/WatchOS.platform/Developer/SDKs/WatchOS27.0.sdk -O0 -w -Xlinker -no_warn_duplicate_libraries -F/Users/admin/builder/spi-builder-workspace/.derivedData/Build/Intermediates.noindex/EagerLinkingTBDs/Debug-watchos -F/Users/admin/builder/spi-builder-workspace/.derivedData/Build/Products/Debug-watchos/PackageFrameworks -F/Users/admin/builder/spi-builder-workspace/.derivedData/Build/Products/Debug-watchos -iframework /Applications/Xcode-27.0.0-Release.Candidate.app/Contents/Developer/Platforms/WatchOS.platform/Developer/Library/Frameworks -iframework /Applications/Xcode-27.0.0-Release.Candidate.app/Contents/Developer/Platforms/WatchOS.platform/Developer/SDKs/WatchOS27.0.sdk/Developer/Library/Frameworks -filelist /Users/admin/builder/spi-builder-workspace/.derivedData/Build/Intermediates.noindex/Zip.build/Debug-watchos/Zip-t.build/Objects-normal/arm64/Zip.LinkFileList -nostdlib -Xlinker -object_path_lto -Xlinker /Users/admin/builder/spi-builder-workspace/.derivedData/Build/Intermediates.noindex/Zip.build/Debug-watchos/Zip-t.build/Objects-normal/arm64/Zip_lto.o -Xlinker -no_deduplicate -Xlinker -debug_variant -Xlinker -dependency_info -Xlinker /Users/admin/builder/spi-builder-workspace/.derivedData/Build/Intermediates.noindex/Zip.build/Debug-watchos/Zip-t.build/Objects-normal/arm64/Zip_dependency_info.dat -fobjc-link-runtime -L/Applications/Xcode-27.0.0-Release.Candidate.app/Contents/Developer/Toolchains/XcodeDefault.xctoolchain/usr/lib/swift/watchos -L/usr/lib/swift -Xlinker -add_ast_path -Xlinker /Users/admin/builder/spi-builder-workspace/.derivedData/Build/Intermediates.noindex/Zip.build/Debug-watchos/Zip-t.build/Objects-normal/arm64/Zip.swiftmodule -o /Users/admin/builder/spi-builder-workspace/.derivedData/Build/Intermediates.noindex/Zip.build/Debug-watchos/Zip-t.build/Objects-normal/arm64/Binary/Zip.o
SwiftDriver ZeplinKit normal arm64 com.apple.xcode.tools.swift.compiler (in target 'ZeplinKit' from project 'ZeplinKit')
cd /Users/admin/builder/spi-builder-workspace/.swiftpm/xcode
builtin-SwiftDriver -- /Applications/Xcode-27.0.0-Release.Candidate.app/Contents/Developer/Toolchains/XcodeDefault.xctoolchain/usr/bin/swiftc -parse-as-library -module-name ZeplinKit -Onone @/Users/admin/builder/spi-builder-workspace/.derivedData/Build/Intermediates.noindex/ZeplinKit.build/Debug-watchos/ZeplinKit-t.build/Objects-normal/arm64/ZeplinKit.SwiftFileList -DSWIFT_PACKAGE -DDEBUG -DSWIFT_MODULE_RESOURCE_BUNDLE_AVAILABLE -Xcc -fmodule-map-file\=/Users/admin/builder/spi-builder-workspace/.derivedData/Build/Intermediates.noindex/GeneratedModuleMaps-watchos/Minizip.modulemap -DXcode -plugin-path /Applications/Xcode-27.0.0-Release.Candidate.app/Contents/Developer/Toolchains/XcodeDefault.xctoolchain/usr/lib/swift/host/plugins/testing -enable-experimental-feature DebugDescriptionMacro -sdk /Applications/Xcode-27.0.0-Release.Candidate.app/Contents/Developer/Platforms/WatchOS.platform/Developer/SDKs/WatchOS27.0.sdk -target arm64-apple-watchos9.0 -g -module-cache-path /Users/admin/builder/spi-builder-workspace/.derivedData/ModuleCache.noindex -Xfrontend -serialize-debugging-options -profile-coverage-mapping -profile-generate -enable-testing -index-store-path /Users/admin/builder/spi-builder-workspace/.derivedData/Index.noindex/DataStore -Xcc -D_LIBCPP_HARDENING_MODE\=_LIBCPP_HARDENING_MODE_DEBUG -swift-version 5 -I /Users/admin/builder/spi-builder-workspace/.derivedData/Build/Products/Debug-watchos -Isystem /Applications/Xcode-27.0.0-Release.Candidate.app/Contents/Developer/Platforms/WatchOS.platform/Developer/usr/lib -F /Users/admin/builder/spi-builder-workspace/.derivedData/Build/Products/Debug-watchos/PackageFrameworks -F /Users/admin/builder/spi-builder-workspace/.derivedData/Build/Products/Debug-watchos -F /Applications/Xcode-27.0.0-Release.Candidate.app/Contents/Developer/Platforms/WatchOS.platform/Developer/Library/Frameworks -F /Applications/Xcode-27.0.0-Release.Candidate.app/Contents/Developer/Platforms/WatchOS.platform/Developer/SDKs/WatchOS27.0.sdk/Developer/Library/Frameworks -c -j10 -enable-batch-mode -incremental -Xcc -ivfsstatcache -Xcc /Users/admin/builder/spi-builder-workspace/.derivedData/SDKStatCaches.noindex/watchos27.0-24R360-e829b21a6f8c9b70876ba0858053c04477534ef55a1706bf4c1112bbb242f0a2.sdkstatcache -output-file-map /Users/admin/builder/spi-builder-workspace/.derivedData/Build/Intermediates.noindex/ZeplinKit.build/Debug-watchos/ZeplinKit-t.build/Objects-normal/arm64/ZeplinKit-OutputFileMap.json -save-temps -no-color-diagnostics -explicit-module-build -module-cache-path /Users/admin/builder/spi-builder-workspace/.derivedData/Build/Intermediates.noindex/SwiftExplicitPrecompiledModules -clang-scanner-module-cache-path /Users/admin/builder/spi-builder-workspace/.derivedData/ModuleCache.noindex -sdk-module-cache-path /Users/admin/builder/spi-builder-workspace/.derivedData/SDKExplicitPrecompiledModules -emit-dependencies -emit-module -emit-module-path /Users/admin/builder/spi-builder-workspace/.derivedData/Build/Intermediates.noindex/ZeplinKit.build/Debug-watchos/ZeplinKit-t.build/Objects-normal/arm64/ZeplinKit.swiftmodule -serialize-diagnostics -dependency-scan-serialize-diagnostics-path /Users/admin/builder/spi-builder-workspace/.derivedData/Build/Intermediates.noindex/ZeplinKit.build/Debug-watchos/ZeplinKit-t.build/Objects-normal/arm64/ZeplinKit-dependency-scan.dia -validate-clang-modules-once -clang-build-session-file /Users/admin/builder/spi-builder-workspace/.derivedData/ModuleCache.noindex/Session.modulevalidation -Xcc -fmodules-prune-interval\=86400 -Xcc -fmodules-prune-after\=345600 -emit-const-values -const-gather-protocols-list /Users/admin/builder/spi-builder-workspace/.derivedData/Build/Intermediates.noindex/ZeplinKit.build/Debug-watchos/ZeplinKit-t.build/Objects-normal/arm64/ZeplinKit_const_extract_protocols.json -Xcc -I/Users/admin/builder/spi-builder-workspace/.dependencies/checkouts/Zip/Zip/minizip/include -Xcc -I/Users/admin/builder/spi-builder-workspace/.derivedData/Build/Products/Debug-watchos/include -Xcc -I/Users/admin/builder/spi-builder-workspace/.derivedData/Build/Intermediates.noindex/ZeplinKit.build/Debug-watchos/ZeplinKit-t.build/DerivedSources-normal/arm64 -Xcc -I/Users/admin/builder/spi-builder-workspace/.derivedData/Build/Intermediates.noindex/ZeplinKit.build/Debug-watchos/ZeplinKit-t.build/DerivedSources/arm64 -Xcc -I/Users/admin/builder/spi-builder-workspace/.derivedData/Build/Intermediates.noindex/ZeplinKit.build/Debug-watchos/ZeplinKit-t.build/DerivedSources -Xcc -DSWIFT_PACKAGE -Xcc -DDEBUG\=1 -emit-objc-header -emit-objc-header-path /Users/admin/builder/spi-builder-workspace/.derivedData/Build/Intermediates.noindex/ZeplinKit.build/Debug-watchos/ZeplinKit-t.build/Objects-normal/arm64/ZeplinKit-Swift.h -working-directory /Users/admin/builder/spi-builder-workspace/.swiftpm/xcode -experimental-emit-module-separately -disable-cmo
/Users/admin/builder/spi-builder-workspace/Sources/Models/ZeplinProject.swift:9:8: error: Unable to resolve module dependency: 'CoreSpotlight' (in target 'ZeplinKit' from project 'ZeplinKit')
note: A dependency of main module 'ZeplinKit'
/Users/admin/builder/spi-builder-workspace/Sources/Models/ZeplinProject.swift:9:8: note: A dependency of main module 'ZeplinKit'
import CoreSpotlight
^ (in target 'ZeplinKit' from project 'ZeplinKit')
SwiftDriver ZeplinKit normal arm64_32 com.apple.xcode.tools.swift.compiler (in target 'ZeplinKit' from project 'ZeplinKit')
cd /Users/admin/builder/spi-builder-workspace/.swiftpm/xcode
builtin-SwiftDriver -- /Applications/Xcode-27.0.0-Release.Candidate.app/Contents/Developer/Toolchains/XcodeDefault.xctoolchain/usr/bin/swiftc -parse-as-library -module-name ZeplinKit -Onone @/Users/admin/builder/spi-builder-workspace/.derivedData/Build/Intermediates.noindex/ZeplinKit.build/Debug-watchos/ZeplinKit-t.build/Objects-normal/arm64_32/ZeplinKit.SwiftFileList -DSWIFT_PACKAGE -DDEBUG -DSWIFT_MODULE_RESOURCE_BUNDLE_AVAILABLE -Xcc -fmodule-map-file\=/Users/admin/builder/spi-builder-workspace/.derivedData/Build/Intermediates.noindex/GeneratedModuleMaps-watchos/Minizip.modulemap -DXcode -plugin-path /Applications/Xcode-27.0.0-Release.Candidate.app/Contents/Developer/Toolchains/XcodeDefault.xctoolchain/usr/lib/swift/host/plugins/testing -enable-experimental-feature DebugDescriptionMacro -sdk /Applications/Xcode-27.0.0-Release.Candidate.app/Contents/Developer/Platforms/WatchOS.platform/Developer/SDKs/WatchOS27.0.sdk -target arm64_32-apple-watchos9.0 -g -module-cache-path /Users/admin/builder/spi-builder-workspace/.derivedData/ModuleCache.noindex -Xfrontend -serialize-debugging-options -profile-coverage-mapping -profile-generate -enable-testing -index-store-path /Users/admin/builder/spi-builder-workspace/.derivedData/Index.noindex/DataStore -Xcc -D_LIBCPP_HARDENING_MODE\=_LIBCPP_HARDENING_MODE_DEBUG -swift-version 5 -I /Users/admin/builder/spi-builder-workspace/.derivedData/Build/Products/Debug-watchos -Isystem /Applications/Xcode-27.0.0-Release.Candidate.app/Contents/Developer/Platforms/WatchOS.platform/Developer/usr/lib -F /Users/admin/builder/spi-builder-workspace/.derivedData/Build/Products/Debug-watchos/PackageFrameworks -F /Users/admin/builder/spi-builder-workspace/.derivedData/Build/Products/Debug-watchos -F /Applications/Xcode-27.0.0-Release.Candidate.app/Contents/Developer/Platforms/WatchOS.platform/Developer/Library/Frameworks -F /Applications/Xcode-27.0.0-Release.Candidate.app/Contents/Developer/Platforms/WatchOS.platform/Developer/SDKs/WatchOS27.0.sdk/Developer/Library/Frameworks -c -j10 -enable-batch-mode -incremental -Xcc -ivfsstatcache -Xcc /Users/admin/builder/spi-builder-workspace/.derivedData/SDKStatCaches.noindex/watchos27.0-24R360-e829b21a6f8c9b70876ba0858053c04477534ef55a1706bf4c1112bbb242f0a2.sdkstatcache -output-file-map /Users/admin/builder/spi-builder-workspace/.derivedData/Build/Intermediates.noindex/ZeplinKit.build/Debug-watchos/ZeplinKit-t.build/Objects-normal/arm64_32/ZeplinKit-OutputFileMap.json -save-temps -no-color-diagnostics -explicit-module-build -module-cache-path /Users/admin/builder/spi-builder-workspace/.derivedData/Build/Intermediates.noindex/SwiftExplicitPrecompiledModules -clang-scanner-module-cache-path /Users/admin/builder/spi-builder-workspace/.derivedData/ModuleCache.noindex -sdk-module-cache-path /Users/admin/builder/spi-builder-workspace/.derivedData/SDKExplicitPrecompiledModules -emit-dependencies -emit-module -emit-module-path /Users/admin/builder/spi-builder-workspace/.derivedData/Build/Intermediates.noindex/ZeplinKit.build/Debug-watchos/ZeplinKit-t.build/Objects-normal/arm64_32/ZeplinKit.swiftmodule -serialize-diagnostics -dependency-scan-serialize-diagnostics-path /Users/admin/builder/spi-builder-workspace/.derivedData/Build/Intermediates.noindex/ZeplinKit.build/Debug-watchos/ZeplinKit-t.build/Objects-normal/arm64_32/ZeplinKit-dependency-scan.dia -validate-clang-modules-once -clang-build-session-file /Users/admin/builder/spi-builder-workspace/.derivedData/ModuleCache.noindex/Session.modulevalidation -Xcc -fmodules-prune-interval\=86400 -Xcc -fmodules-prune-after\=345600 -emit-const-values -const-gather-protocols-list /Users/admin/builder/spi-builder-workspace/.derivedData/Build/Intermediates.noindex/ZeplinKit.build/Debug-watchos/ZeplinKit-t.build/Objects-normal/arm64_32/ZeplinKit_const_extract_protocols.json -Xcc -I/Users/admin/builder/spi-builder-workspace/.dependencies/checkouts/Zip/Zip/minizip/include -Xcc -I/Users/admin/builder/spi-builder-workspace/.derivedData/Build/Products/Debug-watchos/include -Xcc -I/Users/admin/builder/spi-builder-workspace/.derivedData/Build/Intermediates.noindex/ZeplinKit.build/Debug-watchos/ZeplinKit-t.build/DerivedSources-normal/arm64_32 -Xcc -I/Users/admin/builder/spi-builder-workspace/.derivedData/Build/Intermediates.noindex/ZeplinKit.build/Debug-watchos/ZeplinKit-t.build/DerivedSources/arm64_32 -Xcc -I/Users/admin/builder/spi-builder-workspace/.derivedData/Build/Intermediates.noindex/ZeplinKit.build/Debug-watchos/ZeplinKit-t.build/DerivedSources -Xcc -DSWIFT_PACKAGE -Xcc -DDEBUG\=1 -emit-objc-header -emit-objc-header-path /Users/admin/builder/spi-builder-workspace/.derivedData/Build/Intermediates.noindex/ZeplinKit.build/Debug-watchos/ZeplinKit-t.build/Objects-normal/arm64_32/ZeplinKit-Swift.h -working-directory /Users/admin/builder/spi-builder-workspace/.swiftpm/xcode -experimental-emit-module-separately -disable-cmo
/Users/admin/builder/spi-builder-workspace/Sources/Models/ZeplinProject.swift:9:8: error: Unable to resolve module dependency: 'CoreSpotlight' (in target 'ZeplinKit' from project 'ZeplinKit')
note: A dependency of main module 'ZeplinKit'
/Users/admin/builder/spi-builder-workspace/Sources/Models/ZeplinProject.swift:9:8: note: A dependency of main module 'ZeplinKit'
import CoreSpotlight
^ (in target 'ZeplinKit' from project 'ZeplinKit')
SwiftDriverJobDiscovery normal arm64_32 Compiling URLSession+Backports.swift, Fetcher+Concurrency.swift (in target 'Fetcher' from project 'Fetcher')
SwiftDriverJobDiscovery normal arm64_32 Compiling Fetcher.swift, APIError.swift (in target 'Fetcher' from project 'Fetcher')
SwiftDriverJobDiscovery normal arm64_32 Compiling APIURL.swift (in target 'Fetcher' from project 'Fetcher')
SwiftDriverJobDiscovery normal arm64_32 Compiling FetcherEnvironment.swift (in target 'Fetcher' from project 'Fetcher')
SwiftDriverJobDiscovery normal arm64_32 Compiling resource_bundle_accessor.swift, OSLog+Categories.swift (in target 'Fetcher' from project 'Fetcher')
SwiftDriverJobDiscovery normal arm64_32 Compiling Zip.swift (in target 'Zip' from project 'Zip')
SwiftDriver\ Compilation Zip normal arm64_32 com.apple.xcode.tools.swift.compiler (in target 'Zip' from project 'Zip')
cd /Users/admin/builder/spi-builder-workspace/.swiftpm/xcode
builtin-Swift-Compilation -- /Applications/Xcode-27.0.0-Release.Candidate.app/Contents/Developer/Toolchains/XcodeDefault.xctoolchain/usr/bin/swiftc -parse-as-library -module-name Zip -Onone @/Users/admin/builder/spi-builder-workspace/.derivedData/Build/Intermediates.noindex/Zip.build/Debug-watchos/Zip-t.build/Objects-normal/arm64_32/Zip.SwiftFileList -DSWIFT_PACKAGE -DDEBUG -DSWIFT_MODULE_RESOURCE_BUNDLE_UNAVAILABLE -Xcc -fmodule-map-file\=/Users/admin/builder/spi-builder-workspace/.derivedData/Build/Intermediates.noindex/GeneratedModuleMaps-watchos/Minizip.modulemap -DXcode -plugin-path /Applications/Xcode-27.0.0-Release.Candidate.app/Contents/Developer/Toolchains/XcodeDefault.xctoolchain/usr/lib/swift/host/plugins/testing -enable-experimental-feature DebugDescriptionMacro -sdk /Applications/Xcode-27.0.0-Release.Candidate.app/Contents/Developer/Platforms/WatchOS.platform/Developer/SDKs/WatchOS27.0.sdk -target arm64_32-apple-watchos9.0 -g -module-cache-path /Users/admin/builder/spi-builder-workspace/.derivedData/ModuleCache.noindex -Xfrontend -serialize-debugging-options -profile-coverage-mapping -profile-generate -enable-testing -suppress-warnings -index-store-path /Users/admin/builder/spi-builder-workspace/.derivedData/Index.noindex/DataStore -Xcc -D_LIBCPP_HARDENING_MODE\=_LIBCPP_HARDENING_MODE_DEBUG -swift-version 5 -I /Users/admin/builder/spi-builder-workspace/.derivedData/Build/Products/Debug-watchos -Isystem /Applications/Xcode-27.0.0-Release.Candidate.app/Contents/Developer/Platforms/WatchOS.platform/Developer/usr/lib -F /Users/admin/builder/spi-builder-workspace/.derivedData/Build/Products/Debug-watchos/PackageFrameworks -F /Users/admin/builder/spi-builder-workspace/.derivedData/Build/Products/Debug-watchos -F /Applications/Xcode-27.0.0-Release.Candidate.app/Contents/Developer/Platforms/WatchOS.platform/Developer/Library/Frameworks -F /Applications/Xcode-27.0.0-Release.Candidate.app/Contents/Developer/Platforms/WatchOS.platform/Developer/SDKs/WatchOS27.0.sdk/Developer/Library/Frameworks -c -j10 -enable-batch-mode -incremental -Xcc -ivfsstatcache -Xcc /Users/admin/builder/spi-builder-workspace/.derivedData/SDKStatCaches.noindex/watchos27.0-24R360-e829b21a6f8c9b70876ba0858053c04477534ef55a1706bf4c1112bbb242f0a2.sdkstatcache -output-file-map /Users/admin/builder/spi-builder-workspace/.derivedData/Build/Intermediates.noindex/Zip.build/Debug-watchos/Zip-t.build/Objects-normal/arm64_32/Zip-OutputFileMap.json -save-temps -no-color-diagnostics -explicit-module-build -module-cache-path /Users/admin/builder/spi-builder-workspace/.derivedData/Build/Intermediates.noindex/SwiftExplicitPrecompiledModules -clang-scanner-module-cache-path /Users/admin/builder/spi-builder-workspace/.derivedData/ModuleCache.noindex -sdk-module-cache-path /Users/admin/builder/spi-builder-workspace/.derivedData/SDKExplicitPrecompiledModules -emit-dependencies -emit-module -emit-module-path /Users/admin/builder/spi-builder-workspace/.derivedData/Build/Intermediates.noindex/Zip.build/Debug-watchos/Zip-t.build/Objects-normal/arm64_32/Zip.swiftmodule -serialize-diagnostics -dependency-scan-serialize-diagnostics-path /Users/admin/builder/spi-builder-workspace/.derivedData/Build/Intermediates.noindex/Zip.build/Debug-watchos/Zip-t.build/Objects-normal/arm64_32/Zip-dependency-scan.dia -validate-clang-modules-once -clang-build-session-file /Users/admin/builder/spi-builder-workspace/.derivedData/ModuleCache.noindex/Session.modulevalidation -Xcc -fmodules-prune-interval\=86400 -Xcc -fmodules-prune-after\=345600 -emit-const-values -const-gather-protocols-list /Users/admin/builder/spi-builder-workspace/.derivedData/Build/Intermediates.noindex/Zip.build/Debug-watchos/Zip-t.build/Objects-normal/arm64_32/Zip_const_extract_protocols.json -Xcc -I/Users/admin/builder/spi-builder-workspace/.dependencies/checkouts/Zip/Zip/minizip/include -Xcc -I/Users/admin/builder/spi-builder-workspace/.derivedData/Build/Products/Debug-watchos/include -Xcc -I/Users/admin/builder/spi-builder-workspace/.derivedData/Build/Intermediates.noindex/Zip.build/Debug-watchos/Zip-t.build/DerivedSources-normal/arm64_32 -Xcc -I/Users/admin/builder/spi-builder-workspace/.derivedData/Build/Intermediates.noindex/Zip.build/Debug-watchos/Zip-t.build/DerivedSources/arm64_32 -Xcc -I/Users/admin/builder/spi-builder-workspace/.derivedData/Build/Intermediates.noindex/Zip.build/Debug-watchos/Zip-t.build/DerivedSources -Xcc -DSWIFT_PACKAGE -Xcc -DDEBUG\=1 -emit-objc-header -emit-objc-header-path /Users/admin/builder/spi-builder-workspace/.derivedData/Build/Intermediates.noindex/Zip.build/Debug-watchos/Zip-t.build/Objects-normal/arm64_32/Zip-Swift.h -working-directory /Users/admin/builder/spi-builder-workspace/.swiftpm/xcode -experimental-emit-module-separately -disable-cmo
Ld /Users/admin/builder/spi-builder-workspace/.derivedData/Build/Intermediates.noindex/Zip.build/Debug-watchos/Zip-t.build/Objects-normal/arm64_32/Binary/Zip.o normal arm64_32 (in target 'Zip' from project 'Zip')
cd /Users/admin/builder/spi-builder-workspace/.dependencies/checkouts/Zip
/Applications/Xcode-27.0.0-Release.Candidate.app/Contents/Developer/Toolchains/XcodeDefault.xctoolchain/usr/bin/clang -Xlinker -reproducible -target arm64_32-apple-watchos9.0 -r -isysroot /Applications/Xcode-27.0.0-Release.Candidate.app/Contents/Developer/Platforms/WatchOS.platform/Developer/SDKs/WatchOS27.0.sdk -O0 -w -Xlinker -no_warn_duplicate_libraries -F/Users/admin/builder/spi-builder-workspace/.derivedData/Build/Intermediates.noindex/EagerLinkingTBDs/Debug-watchos -F/Users/admin/builder/spi-builder-workspace/.derivedData/Build/Products/Debug-watchos/PackageFrameworks -F/Users/admin/builder/spi-builder-workspace/.derivedData/Build/Products/Debug-watchos -iframework /Applications/Xcode-27.0.0-Release.Candidate.app/Contents/Developer/Platforms/WatchOS.platform/Developer/Library/Frameworks -iframework /Applications/Xcode-27.0.0-Release.Candidate.app/Contents/Developer/Platforms/WatchOS.platform/Developer/SDKs/WatchOS27.0.sdk/Developer/Library/Frameworks -filelist /Users/admin/builder/spi-builder-workspace/.derivedData/Build/Intermediates.noindex/Zip.build/Debug-watchos/Zip-t.build/Objects-normal/arm64_32/Zip.LinkFileList -nostdlib -Xlinker -object_path_lto -Xlinker /Users/admin/builder/spi-builder-workspace/.derivedData/Build/Intermediates.noindex/Zip.build/Debug-watchos/Zip-t.build/Objects-normal/arm64_32/Zip_lto.o -Xlinker -no_deduplicate -Xlinker -debug_variant -Xlinker -dependency_info -Xlinker /Users/admin/builder/spi-builder-workspace/.derivedData/Build/Intermediates.noindex/Zip.build/Debug-watchos/Zip-t.build/Objects-normal/arm64_32/Zip_dependency_info.dat -fobjc-link-runtime -L/Applications/Xcode-27.0.0-Release.Candidate.app/Contents/Developer/Toolchains/XcodeDefault.xctoolchain/usr/lib/swift/watchos -L/usr/lib/swift -Xlinker -add_ast_path -Xlinker /Users/admin/builder/spi-builder-workspace/.derivedData/Build/Intermediates.noindex/Zip.build/Debug-watchos/Zip-t.build/Objects-normal/arm64_32/Zip.swiftmodule -o /Users/admin/builder/spi-builder-workspace/.derivedData/Build/Intermediates.noindex/Zip.build/Debug-watchos/Zip-t.build/Objects-normal/arm64_32/Binary/Zip.o
SwiftDriverJobDiscovery normal arm64_32 Compiling APIURLMock.swift, URLProtocolMock.swift (in target 'Fetcher' from project 'Fetcher')
CreateUniversalBinary /Users/admin/builder/spi-builder-workspace/.derivedData/Build/Products/Debug-watchos/Zip.o normal arm64\ arm64_32 (in target 'Zip' from project 'Zip')
cd /Users/admin/builder/spi-builder-workspace/.dependencies/checkouts/Zip
/Applications/Xcode-27.0.0-Release.Candidate.app/Contents/Developer/Toolchains/XcodeDefault.xctoolchain/usr/bin/lipo -create /Users/admin/builder/spi-builder-workspace/.derivedData/Build/Intermediates.noindex/Zip.build/Debug-watchos/Zip-t.build/Objects-normal/arm64/Binary/Zip.o /Users/admin/builder/spi-builder-workspace/.derivedData/Build/Intermediates.noindex/Zip.build/Debug-watchos/Zip-t.build/Objects-normal/arm64_32/Binary/Zip.o -output /Users/admin/builder/spi-builder-workspace/.derivedData/Build/Products/Debug-watchos/Zip.o
SwiftDriver\ Compilation Fetcher normal arm64_32 com.apple.xcode.tools.swift.compiler (in target 'Fetcher' from project 'Fetcher')
cd /Users/admin/builder/spi-builder-workspace/.swiftpm/xcode
builtin-Swift-Compilation -- /Applications/Xcode-27.0.0-Release.Candidate.app/Contents/Developer/Toolchains/XcodeDefault.xctoolchain/usr/bin/swiftc -parse-as-library -module-name Fetcher -Onone @/Users/admin/builder/spi-builder-workspace/.derivedData/Build/Intermediates.noindex/Fetcher.build/Debug-watchos/Fetcher-t.build/Objects-normal/arm64_32/Fetcher.SwiftFileList -DSWIFT_PACKAGE -DDEBUG -DSWIFT_MODULE_RESOURCE_BUNDLE_AVAILABLE -DXcode -plugin-path /Applications/Xcode-27.0.0-Release.Candidate.app/Contents/Developer/Toolchains/XcodeDefault.xctoolchain/usr/lib/swift/host/plugins/testing -enable-experimental-feature DebugDescriptionMacro -sdk /Applications/Xcode-27.0.0-Release.Candidate.app/Contents/Developer/Platforms/WatchOS.platform/Developer/SDKs/WatchOS27.0.sdk -target arm64_32-apple-watchos9.0 -g -module-cache-path /Users/admin/builder/spi-builder-workspace/.derivedData/ModuleCache.noindex -Xfrontend -serialize-debugging-options -profile-coverage-mapping -profile-generate -enable-testing -suppress-warnings -index-store-path /Users/admin/builder/spi-builder-workspace/.derivedData/Index.noindex/DataStore -Xcc -D_LIBCPP_HARDENING_MODE\=_LIBCPP_HARDENING_MODE_DEBUG -swift-version 5 -I /Users/admin/builder/spi-builder-workspace/.derivedData/Build/Products/Debug-watchos -Isystem /Applications/Xcode-27.0.0-Release.Candidate.app/Contents/Developer/Platforms/WatchOS.platform/Developer/usr/lib -F /Users/admin/builder/spi-builder-workspace/.derivedData/Build/Products/Debug-watchos -F /Applications/Xcode-27.0.0-Release.Candidate.app/Contents/Developer/Platforms/WatchOS.platform/Developer/Library/Frameworks -F /Applications/Xcode-27.0.0-Release.Candidate.app/Contents/Developer/Platforms/WatchOS.platform/Developer/SDKs/WatchOS27.0.sdk/Developer/Library/Frameworks -c -j10 -enable-batch-mode -incremental -Xcc -ivfsstatcache -Xcc /Users/admin/builder/spi-builder-workspace/.derivedData/SDKStatCaches.noindex/watchos27.0-24R360-e829b21a6f8c9b70876ba0858053c04477534ef55a1706bf4c1112bbb242f0a2.sdkstatcache -output-file-map /Users/admin/builder/spi-builder-workspace/.derivedData/Build/Intermediates.noindex/Fetcher.build/Debug-watchos/Fetcher-t.build/Objects-normal/arm64_32/Fetcher-OutputFileMap.json -save-temps -no-color-diagnostics -explicit-module-build -module-cache-path /Users/admin/builder/spi-builder-workspace/.derivedData/Build/Intermediates.noindex/SwiftExplicitPrecompiledModules -clang-scanner-module-cache-path /Users/admin/builder/spi-builder-workspace/.derivedData/ModuleCache.noindex -sdk-module-cache-path /Users/admin/builder/spi-builder-workspace/.derivedData/SDKExplicitPrecompiledModules -emit-dependencies -emit-module -emit-module-path /Users/admin/builder/spi-builder-workspace/.derivedData/Build/Intermediates.noindex/Fetcher.build/Debug-watchos/Fetcher-t.build/Objects-normal/arm64_32/Fetcher.swiftmodule -serialize-diagnostics -dependency-scan-serialize-diagnostics-path /Users/admin/builder/spi-builder-workspace/.derivedData/Build/Intermediates.noindex/Fetcher.build/Debug-watchos/Fetcher-t.build/Objects-normal/arm64_32/Fetcher-dependency-scan.dia -validate-clang-modules-once -clang-build-session-file /Users/admin/builder/spi-builder-workspace/.derivedData/ModuleCache.noindex/Session.modulevalidation -Xcc -fmodules-prune-interval\=86400 -Xcc -fmodules-prune-after\=345600 -emit-const-values -const-gather-protocols-list /Users/admin/builder/spi-builder-workspace/.derivedData/Build/Intermediates.noindex/Fetcher.build/Debug-watchos/Fetcher-t.build/Objects-normal/arm64_32/Fetcher_const_extract_protocols.json -Xcc -I/Users/admin/builder/spi-builder-workspace/.derivedData/Build/Products/Debug-watchos/include -Xcc -I/Users/admin/builder/spi-builder-workspace/.derivedData/Build/Intermediates.noindex/Fetcher.build/Debug-watchos/Fetcher-t.build/DerivedSources-normal/arm64_32 -Xcc -I/Users/admin/builder/spi-builder-workspace/.derivedData/Build/Intermediates.noindex/Fetcher.build/Debug-watchos/Fetcher-t.build/DerivedSources/arm64_32 -Xcc -I/Users/admin/builder/spi-builder-workspace/.derivedData/Build/Intermediates.noindex/Fetcher.build/Debug-watchos/Fetcher-t.build/DerivedSources -Xcc -DSWIFT_PACKAGE -Xcc -DDEBUG\=1 -emit-objc-header -emit-objc-header-path /Users/admin/builder/spi-builder-workspace/.derivedData/Build/Intermediates.noindex/Fetcher.build/Debug-watchos/Fetcher-t.build/Objects-normal/arm64_32/Fetcher-Swift.h -working-directory /Users/admin/builder/spi-builder-workspace/.swiftpm/xcode -experimental-emit-module-separately -disable-cmo
Ld /Users/admin/builder/spi-builder-workspace/.derivedData/Build/Intermediates.noindex/Fetcher.build/Debug-watchos/Fetcher-t.build/Objects-normal/arm64_32/Binary/Fetcher.o normal arm64_32 (in target 'Fetcher' from project 'Fetcher')
cd /Users/admin/builder/spi-builder-workspace/.dependencies/checkouts/Fetcher
/Applications/Xcode-27.0.0-Release.Candidate.app/Contents/Developer/Toolchains/XcodeDefault.xctoolchain/usr/bin/clang -Xlinker -reproducible -target arm64_32-apple-watchos9.0 -r -isysroot /Applications/Xcode-27.0.0-Release.Candidate.app/Contents/Developer/Platforms/WatchOS.platform/Developer/SDKs/WatchOS27.0.sdk -O0 -w -Xlinker -no_warn_duplicate_libraries -F/Users/admin/builder/spi-builder-workspace/.derivedData/Build/Intermediates.noindex/EagerLinkingTBDs/Debug-watchos -F/Users/admin/builder/spi-builder-workspace/.derivedData/Build/Products/Debug-watchos -iframework /Applications/Xcode-27.0.0-Release.Candidate.app/Contents/Developer/Platforms/WatchOS.platform/Developer/Library/Frameworks -iframework /Applications/Xcode-27.0.0-Release.Candidate.app/Contents/Developer/Platforms/WatchOS.platform/Developer/SDKs/WatchOS27.0.sdk/Developer/Library/Frameworks -filelist /Users/admin/builder/spi-builder-workspace/.derivedData/Build/Intermediates.noindex/Fetcher.build/Debug-watchos/Fetcher-t.build/Objects-normal/arm64_32/Fetcher.LinkFileList -nostdlib -Xlinker -object_path_lto -Xlinker /Users/admin/builder/spi-builder-workspace/.derivedData/Build/Intermediates.noindex/Fetcher.build/Debug-watchos/Fetcher-t.build/Objects-normal/arm64_32/Fetcher_lto.o -Xlinker -no_deduplicate -Xlinker -debug_variant -Xlinker -dependency_info -Xlinker /Users/admin/builder/spi-builder-workspace/.derivedData/Build/Intermediates.noindex/Fetcher.build/Debug-watchos/Fetcher-t.build/Objects-normal/arm64_32/Fetcher_dependency_info.dat -fobjc-link-runtime -L/Applications/Xcode-27.0.0-Release.Candidate.app/Contents/Developer/Toolchains/XcodeDefault.xctoolchain/usr/lib/swift/watchos -L/usr/lib/swift -Xlinker -add_ast_path -Xlinker /Users/admin/builder/spi-builder-workspace/.derivedData/Build/Intermediates.noindex/Fetcher.build/Debug-watchos/Fetcher-t.build/Objects-normal/arm64_32/Fetcher.swiftmodule -o /Users/admin/builder/spi-builder-workspace/.derivedData/Build/Intermediates.noindex/Fetcher.build/Debug-watchos/Fetcher-t.build/Objects-normal/arm64_32/Binary/Fetcher.o
ExtractAppIntentsMetadata (in target 'Zip' from project 'Zip')
cd /Users/admin/builder/spi-builder-workspace/.dependencies/checkouts/Zip
/Applications/Xcode-27.0.0-Release.Candidate.app/Contents/Developer/Toolchains/XcodeDefault.xctoolchain/usr/bin/appintentsmetadataprocessor --toolchain-dir /var/run/com.apple.security.cryptexd/mnt/com.apple.MobileAsset.MetalToolchain-v27.1.266.1.D5Xwaz/Metal.xctoolchain --module-name Zip --sdk-root /Applications/Xcode-27.0.0-Release.Candidate.app/Contents/Developer/Platforms/WatchOS.platform/Developer/SDKs/WatchOS27.0.sdk --xcode-version 27A266a --platform-family watchOS --deployment-target 9.0 --bundle-identifier zip.Zip --output /Users/admin/builder/spi-builder-workspace/.derivedData/Build/Products/Debug-watchos/Zip.appintents --target-triple arm64-apple-watchos9.0 --target-triple arm64_32-apple-watchos9.0 --binary-file /Users/admin/builder/spi-builder-workspace/.derivedData/Build/Products/Debug-watchos/Zip.o --dependency-file /Users/admin/builder/spi-builder-workspace/.derivedData/Build/Intermediates.noindex/Zip.build/Debug-watchos/Zip-t.build/Objects-normal/arm64/Zip_dependency_info.dat --dependency-file /Users/admin/builder/spi-builder-workspace/.derivedData/Build/Intermediates.noindex/Zip.build/Debug-watchos/Zip-t.build/Objects-normal/arm64_32/Zip_dependency_info.dat --stringsdata-file /Users/admin/builder/spi-builder-workspace/.derivedData/Build/Intermediates.noindex/Zip.build/Debug-watchos/Zip-t.build/Objects-normal/arm64/ExtractedAppShortcutsMetadata.stringsdata --stringsdata-file /Users/admin/builder/spi-builder-workspace/.derivedData/Build/Intermediates.noindex/Zip.build/Debug-watchos/Zip-t.build/Objects-normal/arm64_32/ExtractedAppShortcutsMetadata.stringsdata --source-file-list /Users/admin/builder/spi-builder-workspace/.derivedData/Build/Intermediates.noindex/Zip.build/Debug-watchos/Zip-t.build/Objects-normal/arm64/Zip.SwiftFileList --source-file-list /Users/admin/builder/spi-builder-workspace/.derivedData/Build/Intermediates.noindex/Zip.build/Debug-watchos/Zip-t.build/Objects-normal/arm64_32/Zip.SwiftFileList --metadata-file-list /Users/admin/builder/spi-builder-workspace/.derivedData/Build/Intermediates.noindex/Zip.build/Debug-watchos/Zip-t.build/Zip.DependencyMetadataFileList --static-metadata-file-list /Users/admin/builder/spi-builder-workspace/.derivedData/Build/Intermediates.noindex/Zip.build/Debug-watchos/Zip-t.build/Zip.DependencyStaticMetadataFileList --swift-const-vals-list /Users/admin/builder/spi-builder-workspace/.derivedData/Build/Intermediates.noindex/Zip.build/Debug-watchos/Zip-t.build/Objects-normal/arm64/Zip.SwiftConstValuesFileList --swift-const-vals-list /Users/admin/builder/spi-builder-workspace/.derivedData/Build/Intermediates.noindex/Zip.build/Debug-watchos/Zip-t.build/Objects-normal/arm64_32/Zip.SwiftConstValuesFileList --force --compile-time-extraction --deployment-aware-processing --no-app-shortcuts-localization
2026-09-23 16:39:42.010 appintentsmetadataprocessor[984:5877] Starting appintentsmetadataprocessor export
2026-09-23 16:39:42.107 appintentsmetadataprocessor[984:5877] Extracted no relevant App Intents symbols, skipping writing output
SwiftDriverJobDiscovery normal arm64 Compiling URLSession+Backports.swift, Fetcher+Concurrency.swift (in target 'Fetcher' from project 'Fetcher')
SwiftDriver\ Compilation Fetcher normal arm64 com.apple.xcode.tools.swift.compiler (in target 'Fetcher' from project 'Fetcher')
cd /Users/admin/builder/spi-builder-workspace/.swiftpm/xcode
builtin-Swift-Compilation -- /Applications/Xcode-27.0.0-Release.Candidate.app/Contents/Developer/Toolchains/XcodeDefault.xctoolchain/usr/bin/swiftc -parse-as-library -module-name Fetcher -Onone @/Users/admin/builder/spi-builder-workspace/.derivedData/Build/Intermediates.noindex/Fetcher.build/Debug-watchos/Fetcher-t.build/Objects-normal/arm64/Fetcher.SwiftFileList -DSWIFT_PACKAGE -DDEBUG -DSWIFT_MODULE_RESOURCE_BUNDLE_AVAILABLE -DXcode -plugin-path /Applications/Xcode-27.0.0-Release.Candidate.app/Contents/Developer/Toolchains/XcodeDefault.xctoolchain/usr/lib/swift/host/plugins/testing -enable-experimental-feature DebugDescriptionMacro -sdk /Applications/Xcode-27.0.0-Release.Candidate.app/Contents/Developer/Platforms/WatchOS.platform/Developer/SDKs/WatchOS27.0.sdk -target arm64-apple-watchos9.0 -g -module-cache-path /Users/admin/builder/spi-builder-workspace/.derivedData/ModuleCache.noindex -Xfrontend -serialize-debugging-options -profile-coverage-mapping -profile-generate -enable-testing -suppress-warnings -index-store-path /Users/admin/builder/spi-builder-workspace/.derivedData/Index.noindex/DataStore -Xcc -D_LIBCPP_HARDENING_MODE\=_LIBCPP_HARDENING_MODE_DEBUG -swift-version 5 -I /Users/admin/builder/spi-builder-workspace/.derivedData/Build/Products/Debug-watchos -Isystem /Applications/Xcode-27.0.0-Release.Candidate.app/Contents/Developer/Platforms/WatchOS.platform/Developer/usr/lib -F /Users/admin/builder/spi-builder-workspace/.derivedData/Build/Products/Debug-watchos -F /Applications/Xcode-27.0.0-Release.Candidate.app/Contents/Developer/Platforms/WatchOS.platform/Developer/Library/Frameworks -F /Applications/Xcode-27.0.0-Release.Candidate.app/Contents/Developer/Platforms/WatchOS.platform/Developer/SDKs/WatchOS27.0.sdk/Developer/Library/Frameworks -c -j10 -enable-batch-mode -incremental -Xcc -ivfsstatcache -Xcc /Users/admin/builder/spi-builder-workspace/.derivedData/SDKStatCaches.noindex/watchos27.0-24R360-e829b21a6f8c9b70876ba0858053c04477534ef55a1706bf4c1112bbb242f0a2.sdkstatcache -output-file-map /Users/admin/builder/spi-builder-workspace/.derivedData/Build/Intermediates.noindex/Fetcher.build/Debug-watchos/Fetcher-t.build/Objects-normal/arm64/Fetcher-OutputFileMap.json -save-temps -no-color-diagnostics -explicit-module-build -module-cache-path /Users/admin/builder/spi-builder-workspace/.derivedData/Build/Intermediates.noindex/SwiftExplicitPrecompiledModules -clang-scanner-module-cache-path /Users/admin/builder/spi-builder-workspace/.derivedData/ModuleCache.noindex -sdk-module-cache-path /Users/admin/builder/spi-builder-workspace/.derivedData/SDKExplicitPrecompiledModules -emit-dependencies -emit-module -emit-module-path /Users/admin/builder/spi-builder-workspace/.derivedData/Build/Intermediates.noindex/Fetcher.build/Debug-watchos/Fetcher-t.build/Objects-normal/arm64/Fetcher.swiftmodule -serialize-diagnostics -dependency-scan-serialize-diagnostics-path /Users/admin/builder/spi-builder-workspace/.derivedData/Build/Intermediates.noindex/Fetcher.build/Debug-watchos/Fetcher-t.build/Objects-normal/arm64/Fetcher-dependency-scan.dia -validate-clang-modules-once -clang-build-session-file /Users/admin/builder/spi-builder-workspace/.derivedData/ModuleCache.noindex/Session.modulevalidation -Xcc -fmodules-prune-interval\=86400 -Xcc -fmodules-prune-after\=345600 -emit-const-values -const-gather-protocols-list /Users/admin/builder/spi-builder-workspace/.derivedData/Build/Intermediates.noindex/Fetcher.build/Debug-watchos/Fetcher-t.build/Objects-normal/arm64/Fetcher_const_extract_protocols.json -Xcc -I/Users/admin/builder/spi-builder-workspace/.derivedData/Build/Products/Debug-watchos/include -Xcc -I/Users/admin/builder/spi-builder-workspace/.derivedData/Build/Intermediates.noindex/Fetcher.build/Debug-watchos/Fetcher-t.build/DerivedSources-normal/arm64 -Xcc -I/Users/admin/builder/spi-builder-workspace/.derivedData/Build/Intermediates.noindex/Fetcher.build/Debug-watchos/Fetcher-t.build/DerivedSources/arm64 -Xcc -I/Users/admin/builder/spi-builder-workspace/.derivedData/Build/Intermediates.noindex/Fetcher.build/Debug-watchos/Fetcher-t.build/DerivedSources -Xcc -DSWIFT_PACKAGE -Xcc -DDEBUG\=1 -emit-objc-header -emit-objc-header-path /Users/admin/builder/spi-builder-workspace/.derivedData/Build/Intermediates.noindex/Fetcher.build/Debug-watchos/Fetcher-t.build/Objects-normal/arm64/Fetcher-Swift.h -working-directory /Users/admin/builder/spi-builder-workspace/.swiftpm/xcode -experimental-emit-module-separately -disable-cmo
Ld /Users/admin/builder/spi-builder-workspace/.derivedData/Build/Intermediates.noindex/Fetcher.build/Debug-watchos/Fetcher-t.build/Objects-normal/arm64/Binary/Fetcher.o normal arm64 (in target 'Fetcher' from project 'Fetcher')
cd /Users/admin/builder/spi-builder-workspace/.dependencies/checkouts/Fetcher
/Applications/Xcode-27.0.0-Release.Candidate.app/Contents/Developer/Toolchains/XcodeDefault.xctoolchain/usr/bin/clang -Xlinker -reproducible -target arm64-apple-watchos9.0 -r -isysroot /Applications/Xcode-27.0.0-Release.Candidate.app/Contents/Developer/Platforms/WatchOS.platform/Developer/SDKs/WatchOS27.0.sdk -O0 -w -Xlinker -no_warn_duplicate_libraries -F/Users/admin/builder/spi-builder-workspace/.derivedData/Build/Intermediates.noindex/EagerLinkingTBDs/Debug-watchos -F/Users/admin/builder/spi-builder-workspace/.derivedData/Build/Products/Debug-watchos -iframework /Applications/Xcode-27.0.0-Release.Candidate.app/Contents/Developer/Platforms/WatchOS.platform/Developer/Library/Frameworks -iframework /Applications/Xcode-27.0.0-Release.Candidate.app/Contents/Developer/Platforms/WatchOS.platform/Developer/SDKs/WatchOS27.0.sdk/Developer/Library/Frameworks -filelist /Users/admin/builder/spi-builder-workspace/.derivedData/Build/Intermediates.noindex/Fetcher.build/Debug-watchos/Fetcher-t.build/Objects-normal/arm64/Fetcher.LinkFileList -nostdlib -Xlinker -object_path_lto -Xlinker /Users/admin/builder/spi-builder-workspace/.derivedData/Build/Intermediates.noindex/Fetcher.build/Debug-watchos/Fetcher-t.build/Objects-normal/arm64/Fetcher_lto.o -Xlinker -no_deduplicate -Xlinker -debug_variant -Xlinker -dependency_info -Xlinker /Users/admin/builder/spi-builder-workspace/.derivedData/Build/Intermediates.noindex/Fetcher.build/Debug-watchos/Fetcher-t.build/Objects-normal/arm64/Fetcher_dependency_info.dat -fobjc-link-runtime -L/Applications/Xcode-27.0.0-Release.Candidate.app/Contents/Developer/Toolchains/XcodeDefault.xctoolchain/usr/lib/swift/watchos -L/usr/lib/swift -Xlinker -add_ast_path -Xlinker /Users/admin/builder/spi-builder-workspace/.derivedData/Build/Intermediates.noindex/Fetcher.build/Debug-watchos/Fetcher-t.build/Objects-normal/arm64/Fetcher.swiftmodule -o /Users/admin/builder/spi-builder-workspace/.derivedData/Build/Intermediates.noindex/Fetcher.build/Debug-watchos/Fetcher-t.build/Objects-normal/arm64/Binary/Fetcher.o
CreateUniversalBinary /Users/admin/builder/spi-builder-workspace/.derivedData/Build/Products/Debug-watchos/Fetcher.o normal arm64\ arm64_32 (in target 'Fetcher' from project 'Fetcher')
cd /Users/admin/builder/spi-builder-workspace/.dependencies/checkouts/Fetcher
/Applications/Xcode-27.0.0-Release.Candidate.app/Contents/Developer/Toolchains/XcodeDefault.xctoolchain/usr/bin/lipo -create /Users/admin/builder/spi-builder-workspace/.derivedData/Build/Intermediates.noindex/Fetcher.build/Debug-watchos/Fetcher-t.build/Objects-normal/arm64/Binary/Fetcher.o /Users/admin/builder/spi-builder-workspace/.derivedData/Build/Intermediates.noindex/Fetcher.build/Debug-watchos/Fetcher-t.build/Objects-normal/arm64_32/Binary/Fetcher.o -output /Users/admin/builder/spi-builder-workspace/.derivedData/Build/Products/Debug-watchos/Fetcher.o
ExtractAppIntentsMetadata (in target 'Fetcher' from project 'Fetcher')
cd /Users/admin/builder/spi-builder-workspace/.dependencies/checkouts/Fetcher
/Applications/Xcode-27.0.0-Release.Candidate.app/Contents/Developer/Toolchains/XcodeDefault.xctoolchain/usr/bin/appintentsmetadataprocessor --toolchain-dir /var/run/com.apple.security.cryptexd/mnt/com.apple.MobileAsset.MetalToolchain-v27.1.266.1.D5Xwaz/Metal.xctoolchain --module-name Fetcher --sdk-root /Applications/Xcode-27.0.0-Release.Candidate.app/Contents/Developer/Platforms/WatchOS.platform/Developer/SDKs/WatchOS27.0.sdk --xcode-version 27A266a --platform-family watchOS --deployment-target 9.0 --bundle-identifier fetcher.Fetcher --output /Users/admin/builder/spi-builder-workspace/.derivedData/Build/Products/Debug-watchos/Fetcher.appintents --target-triple arm64-apple-watchos9.0 --target-triple arm64_32-apple-watchos9.0 --binary-file /Users/admin/builder/spi-builder-workspace/.derivedData/Build/Products/Debug-watchos/Fetcher.o --dependency-file /Users/admin/builder/spi-builder-workspace/.derivedData/Build/Intermediates.noindex/Fetcher.build/Debug-watchos/Fetcher-t.build/Objects-normal/arm64/Fetcher_dependency_info.dat --dependency-file /Users/admin/builder/spi-builder-workspace/.derivedData/Build/Intermediates.noindex/Fetcher.build/Debug-watchos/Fetcher-t.build/Objects-normal/arm64_32/Fetcher_dependency_info.dat --stringsdata-file /Users/admin/builder/spi-builder-workspace/.derivedData/Build/Intermediates.noindex/Fetcher.build/Debug-watchos/Fetcher-t.build/Objects-normal/arm64/ExtractedAppShortcutsMetadata.stringsdata --stringsdata-file /Users/admin/builder/spi-builder-workspace/.derivedData/Build/Intermediates.noindex/Fetcher.build/Debug-watchos/Fetcher-t.build/Objects-normal/arm64_32/ExtractedAppShortcutsMetadata.stringsdata --source-file-list /Users/admin/builder/spi-builder-workspace/.derivedData/Build/Intermediates.noindex/Fetcher.build/Debug-watchos/Fetcher-t.build/Objects-normal/arm64/Fetcher.SwiftFileList --source-file-list /Users/admin/builder/spi-builder-workspace/.derivedData/Build/Intermediates.noindex/Fetcher.build/Debug-watchos/Fetcher-t.build/Objects-normal/arm64_32/Fetcher.SwiftFileList --metadata-file-list /Users/admin/builder/spi-builder-workspace/.derivedData/Build/Intermediates.noindex/Fetcher.build/Debug-watchos/Fetcher-t.build/Fetcher.DependencyMetadataFileList --static-metadata-file-list /Users/admin/builder/spi-builder-workspace/.derivedData/Build/Intermediates.noindex/Fetcher.build/Debug-watchos/Fetcher-t.build/Fetcher.DependencyStaticMetadataFileList --swift-const-vals-list /Users/admin/builder/spi-builder-workspace/.derivedData/Build/Intermediates.noindex/Fetcher.build/Debug-watchos/Fetcher-t.build/Objects-normal/arm64/Fetcher.SwiftConstValuesFileList --swift-const-vals-list /Users/admin/builder/spi-builder-workspace/.derivedData/Build/Intermediates.noindex/Fetcher.build/Debug-watchos/Fetcher-t.build/Objects-normal/arm64_32/Fetcher.SwiftConstValuesFileList --force --compile-time-extraction --deployment-aware-processing --no-app-shortcuts-localization
2026-09-23 16:39:42.280 appintentsmetadataprocessor[989:5923] Starting appintentsmetadataprocessor export
PruneExplicitPrecompiledModules /Users/admin/builder/spi-builder-workspace/.derivedData/Build/Intermediates.noindex/ExplicitPrecompiledModules
PruneExplicitPrecompiledModules /Users/admin/builder/spi-builder-workspace/.derivedData/Build/Intermediates.noindex/SwiftExplicitPrecompiledModules
PruneExplicitPrecompiledModules /Users/admin/builder/spi-builder-workspace/.derivedData/SDKExplicitPrecompiledModules
2026-09-23 16:39:32.374 xcodebuild[794:4910] [MT] IDERunDestination: Supported platforms for the buildables in the current scheme is empty.
** BUILD FAILED **
The following build commands failed:
SwiftDriver ZeplinKit normal arm64 com.apple.xcode.tools.swift.compiler (in target 'ZeplinKit' from project 'ZeplinKit')
SwiftDriver ZeplinKit normal arm64_32 com.apple.xcode.tools.swift.compiler (in target 'ZeplinKit' from project 'ZeplinKit')
Building workspace ZeplinKit with scheme ZeplinKit
(3 failures)
Command line invocation:
/Applications/Xcode-27.0.0-Release.Candidate.app/Contents/Developer/usr/bin/xcodebuild -IDEClonedSourcePackagesDirPathOverride=/Users/admin/builder/spi-builder-workspace/.dependencies -resolvePackageDependencies
Resolve Package Graph
Resolved source packages:
Fetcher: https://github.com/Snapp-Mobile/Fetcher.git @ 0.0.2
Zip: https://github.com/marmelroy/Zip @ 2.1.2
SwiftFormatLintPlugin: https://github.com/Snapp-Mobile/SwiftFormatLintPlugin.git @ 1.0.5
ZeplinKit: /Users/admin/builder/spi-builder-workspace
resolved source packages: Fetcher, Zip, SwiftFormatLintPlugin, ZeplinKit
2026-09-23 16:39:43.616 xcodebuild[990:5945] [MT] IDERunDestination: Supported platforms for the buildables in the current scheme is empty.
{
"dependencies" : [
{
"identity" : "fetcher",
"requirement" : {
"range" : [
{
"lower_bound" : "0.0.2",
"upper_bound" : "1.0.0"
}
]
},
"type" : "sourceControl",
"url" : "https://github.com/Snapp-Mobile/Fetcher.git"
},
{
"identity" : "zip",
"requirement" : {
"range" : [
{
"lower_bound" : "2.0.0",
"upper_bound" : "3.0.0"
}
]
},
"type" : "sourceControl",
"url" : "https://github.com/marmelroy/Zip"
},
{
"identity" : "swiftformatlintplugin",
"requirement" : {
"range" : [
{
"lower_bound" : "1.0.4",
"upper_bound" : "2.0.0"
}
]
},
"type" : "sourceControl",
"url" : "https://github.com/Snapp-Mobile/SwiftFormatLintPlugin.git"
}
],
"manifest_display_name" : "ZeplinKit",
"name" : "ZeplinKit",
"path" : "/Users/admin/builder/spi-builder-workspace",
"platforms" : [
{
"name" : "ios",
"version" : "13.0"
},
{
"name" : "macos",
"version" : "11.0"
}
],
"products" : [
{
"name" : "ZeplinKit",
"targets" : [
"ZeplinKit"
],
"type" : {
"library" : [
"automatic"
]
}
}
],
"targets" : [
{
"c99name" : "ZeplinKitTests",
"module_type" : "SwiftTarget",
"name" : "ZeplinKitTests",
"path" : "Tests",
"product_dependencies" : [
"Fetcher",
"Lint"
],
"sources" : [
"MemberTests.swift",
"NoteTests.swift",
"NotificationTests.swift",
"ProjectTests.swift",
"ScreenTests.swift",
"ScreenVersionTests.swift",
"Shared/MockZeplinAPIConfiguration.swift",
"Shared/SharedAssertions.swift",
"Shared/ZeplinKitMockEnvironment.swift",
"Shared/ZeplinKitMockURLProtocol.swift",
"Shared/ZeplinKitMocks.swift",
"Shared/ZeplinKitURLMock.swift",
"TokenTests.swift"
],
"target_dependencies" : [
"ZeplinKit"
],
"type" : "test"
},
{
"c99name" : "ZeplinKit",
"module_type" : "SwiftTarget",
"name" : "ZeplinKit",
"path" : "Sources",
"product_dependencies" : [
"Fetcher",
"Zip",
"Lint"
],
"product_memberships" : [
"ZeplinKit"
],
"resources" : [
{
"path" : "/Users/admin/builder/spi-builder-workspace/Sources/Mocks/createComment.json",
"rule" : {
"process" : {
}
}
},
{
"path" : "/Users/admin/builder/spi-builder-workspace/Sources/Mocks/createNote.json",
"rule" : {
"process" : {
}
}
},
{
"path" : "/Users/admin/builder/spi-builder-workspace/Sources/Mocks/emptyResponse.json",
"rule" : {
"process" : {
}
}
},
{
"path" : "/Users/admin/builder/spi-builder-workspace/Sources/Mocks/flagNotificationsAsUnread.json",
"rule" : {
"process" : {
}
}
},
{
"path" : "/Users/admin/builder/spi-builder-workspace/Sources/Mocks/getCurrentUser.json",
"rule" : {
"process" : {
}
}
},
{
"path" : "/Users/admin/builder/spi-builder-workspace/Sources/Mocks/getNote.json",
"rule" : {
"process" : {
}
}
},
{
"path" : "/Users/admin/builder/spi-builder-workspace/Sources/Mocks/getNotes.json",
"rule" : {
"process" : {
}
}
},
{
"path" : "/Users/admin/builder/spi-builder-workspace/Sources/Mocks/getNotifications.json",
"rule" : {
"process" : {
}
}
},
{
"path" : "/Users/admin/builder/spi-builder-workspace/Sources/Mocks/getProject.json",
"rule" : {
"process" : {
}
}
},
{
"path" : "/Users/admin/builder/spi-builder-workspace/Sources/Mocks/getProjectMembers.json",
"rule" : {
"process" : {
}
}
},
{
"path" : "/Users/admin/builder/spi-builder-workspace/Sources/Mocks/getProjects.json",
"rule" : {
"process" : {
}
}
},
{
"path" : "/Users/admin/builder/spi-builder-workspace/Sources/Mocks/getScreen.json",
"rule" : {
"process" : {
}
}
},
{
"path" : "/Users/admin/builder/spi-builder-workspace/Sources/Mocks/getScreenVersion.json",
"rule" : {
"process" : {
}
}
},
{
"path" : "/Users/admin/builder/spi-builder-workspace/Sources/Mocks/getScreenVersions.json",
"rule" : {
"process" : {
}
}
},
{
"path" : "/Users/admin/builder/spi-builder-workspace/Sources/Mocks/getScreens.json",
"rule" : {
"process" : {
}
}
},
{
"path" : "/Users/admin/builder/spi-builder-workspace/Sources/Mocks/getSections.json",
"rule" : {
"process" : {
}
}
},
{
"path" : "/Users/admin/builder/spi-builder-workspace/Sources/Mocks/getToken.json",
"rule" : {
"process" : {
}
}
},
{
"path" : "/Users/admin/builder/spi-builder-workspace/Sources/Mocks/inviteMember.json",
"rule" : {
"process" : {
}
}
},
{
"path" : "/Users/admin/builder/spi-builder-workspace/Sources/Mocks/refreshToken.json",
"rule" : {
"process" : {
}
}
}
],
"sources" : [
"Configuration/ZeplinAPIConfiguration.swift",
"Extensions/Date+beforize.swift",
"Extensions/Fetcher+download.swift",
"Extensions/SharedFormatters.swift",
"Models/Layers/ZeplinAsset.swift",
"Models/Layers/ZeplinBoundingRectangle.swift",
"Models/Layers/ZeplinFont.swift",
"Models/Layers/ZeplinGroupedAssetContent.swift",
"Models/Layers/ZeplinLayer.swift",
"Models/Layers/ZeplinLayerBlur.swift",
"Models/Layers/ZeplinLayerBorder.swift",
"Models/Layers/ZeplinLayerFill.swift",
"Models/Layers/ZeplinLayerShadow.swift",
"Models/Layers/ZeplinLayerTextStyle.swift",
"Models/Layers/ZeplinLayerWithAssets.swift",
"Models/Layers/ZeplinPosition.swift",
"Models/NotificationComponents/ZeplinNotificationActor.swift",
"Models/NotificationComponents/ZeplinNotificationColor.swift",
"Models/NotificationComponents/ZeplinNotificationComponent.swift",
"Models/NotificationComponents/ZeplinNotificationExtension.swift",
"Models/NotificationComponents/ZeplinNotificationJiraIntegration.swift",
"Models/NotificationComponents/ZeplinNotificationOrganization.swift",
"Models/NotificationComponents/ZeplinNotificationOrganizationMember.swift",
"Models/NotificationComponents/ZeplinNotificationProject.swift",
"Models/NotificationComponents/ZeplinNotificationScreen.swift",
"Models/NotificationComponents/ZeplinNotificationScreenNote.swift",
"Models/NotificationComponents/ZeplinNotificationScreenNoteComment.swift",
"Models/NotificationComponents/ZeplinNotificationScreenSection.swift",
"Models/NotificationComponents/ZeplinNotificationScreenVersion.swift",
"Models/NotificationComponents/ZeplinNotificationSlackIntegration.swift",
"Models/NotificationComponents/ZeplinNotificationSpacingToken.swift",
"Models/NotificationComponents/ZeplinNotificationStyleguide.swift",
"Models/NotificationComponents/ZeplinNotificationTextStyle.swift",
"Models/NotificationComponents/ZeplinNotificationUser.swift",
"Models/Requests/ZeplinAddCommentRequest.swift",
"Models/Requests/ZeplinAddNoteRequest.swift",
"Models/Requests/ZeplinUpdateCommentRequest.swift",
"Models/Requests/ZeplinUpdateNoteRequest.swift",
"Models/Responses/ZeplinCreateCommentResponse.swift",
"Models/Responses/ZeplinCreateNoteResponse.swift",
"Models/Wrapper.swift",
"Models/ZeplinColor.swift",
"Models/ZeplinComment.swift",
"Models/ZeplinGrid.swift",
"Models/ZeplinImage.swift",
"Models/ZeplinLink.swift",
"Models/ZeplinLinkDestination.swift",
"Models/ZeplinNamedColor.swift",
"Models/ZeplinNote.swift",
"Models/ZeplinNotePosition.swift",
"Models/ZeplinNotification.swift",
"Models/ZeplinNotificationAction.swift",
"Models/ZeplinNotificationContext.swift",
"Models/ZeplinNotificationRepresentation.swift",
"Models/ZeplinNotificationResource.swift",
"Models/ZeplinNotificationResourceType.swift",
"Models/ZeplinNotificationUserInfo.swift",
"Models/ZeplinOrganizationMember.swift",
"Models/ZeplinOrganizationSummary.swift",
"Models/ZeplinProject.swift",
"Models/ZeplinProjectMember.swift",
"Models/ZeplinRectangle.swift",
"Models/ZeplinRole.swift",
"Models/ZeplinScreen.swift",
"Models/ZeplinScreenVersion.swift",
"Models/ZeplinScreenVersionCommit.swift",
"Models/ZeplinScreenVersionSummary.swift",
"Models/ZeplinSection.swift",
"Models/ZeplinUser.swift",
"Networking/ZeplinAPIURL.swift",
"Protocols/ZeplinColorRepresentable.swift"
],
"type" : "library"
}
],
"tools_version" : "5.6"
}
{
"workspace" : {
"name" : "ZeplinKit",
"schemes" : [
"ZeplinKit"
]
}
}
2026-09-23 16:39:45.165 xcodebuild[1000:6029] [MT] IDERunDestination: Supported platforms for the buildables in the current scheme is empty.
Running build ...
env DEVELOPER_DIR=/Applications/Xcode-27.0.0-Release.Candidate.app xcrun xcodebuild -IDEClonedSourcePackagesDirPathOverride=$PWD/.dependencies -skipMacroValidation -skipPackagePluginValidation -derivedDataPath $PWD/.derivedData build -scheme ZeplinKit -destination generic/platform=watchOS
Command line invocation:
/Applications/Xcode-27.0.0-Release.Candidate.app/Contents/Developer/usr/bin/xcodebuild -IDEClonedSourcePackagesDirPathOverride=/Users/admin/builder/spi-builder-workspace/.dependencies -skipMacroValidation -skipPackagePluginValidation -derivedDataPath /Users/admin/builder/spi-builder-workspace/.derivedData build -scheme ZeplinKit -destination generic/platform=watchOS
Resolve Package Graph
Resolved source packages:
Fetcher: https://github.com/Snapp-Mobile/Fetcher.git @ 0.0.2
SwiftFormatLintPlugin: https://github.com/Snapp-Mobile/SwiftFormatLintPlugin.git @ 1.0.5
Zip: https://github.com/marmelroy/Zip @ 2.1.2
ZeplinKit: /Users/admin/builder/spi-builder-workspace
ComputePackagePrebuildTargetDependencyGraph
Prepare packages
Compile plug-in “LintPlugin” in package “swiftformatlintplugin”
[debug]: Compiling plugin to executable at /Users/admin/builder/spi-builder-workspace/.derivedData/Build/Products/PluginExecutables/LintPlugin
[debug]: Using compiler /Applications/Xcode-27.0.0-Release.Candidate.app/Contents/Developer/Toolchains/XcodeDefault.xctoolchain/usr/bin/swiftc
[debug]: Plugin compilation output directory '/Users/admin/builder/spi-builder-workspace/.derivedData/Build/Products/PluginExecutables'
[debug]: Computed hash of plugin compilation inputs: 64b0a2f41d538e6b1f4995d2493ac2e82206274ff9bc5f941f348d4544b6c09e
Apply build tool plug-in “LintPlugin” to target “ZeplinKit” in package “spi-builder-workspace”
Linting 71 Swift file(s)...Using swift-format configuration at /Users/admin/builder/spi-builder-workspace/.swiftformat
/usr/bin/sandbox-exec -p "(version 1)
(deny default)
(import \"system.sb\")
(allow file-read*)
(allow process*)
(allow mach-lookup (global-name \"com.apple.lsd.mapdb\"))
(allow mach-lookup (global-name \"com.apple.mobileassetd.v2\"))
(allow file-write*
(subpath \"/private/tmp\")
(subpath \"/private/var/tmp\")
(subpath \"/private/var/folders/xq/y_g06wb113726d38xsyx71_h0000gn/T\")
(subpath \"/private/var/folders/xq/y_g06wb113726d38xsyx71_h0000gn/C\")
)
(deny file-write*
(subpath \"/Users/admin/builder/spi-builder-workspace\")
)
(allow file-write*
(subpath \"/Users/admin/builder/spi-builder-workspace/.derivedData/Build/Intermediates.noindex/BuildToolPluginIntermediates/spi-builder-workspace.output/ZeplinKit/LintPlugin\")
(subpath \"/private/var/folders/xq/y_g06wb113726d38xsyx71_h0000gn/T/TemporaryItems\")
)
" /Applications/Xcode-27.0.0-Release.Candidate.app/Contents/Developer/Toolchains/XcodeDefault.xctoolchain/usr/bin/swift-format lint --parallel --configuration /Users/admin/builder/spi-builder-workspace/.swiftformat /Users/admin/builder/spi-builder-workspace/Sources/Configuration/ZeplinAPIConfiguration.swift /Users/admin/builder/spi-builder-workspace/Sources/Extensions/Date+beforize.swift /Users/admin/builder/spi-builder-workspace/Sources/Extensions/Fetcher+download.swift /Users/admin/builder/spi-builder-workspace/Sources/Extensions/SharedFormatters.swift /Users/admin/builder/spi-builder-workspace/Sources/Models/Layers/ZeplinAsset.swift /Users/admin/builder/spi-builder-workspace/Sources/Models/Layers/ZeplinBoundingRectangle.swift /Users/admin/builder/spi-builder-workspace/Sources/Models/Layers/ZeplinFont.swift /Users/admin/builder/spi-builder-workspace/Sources/Models/Layers/ZeplinGroupedAssetContent.swift /Users/admin/builder/spi-builder-workspace/Sources/Models/Layers/ZeplinLayer.swift /Users/admin/builder/spi-builder-workspace/Sources/Models/Layers/ZeplinLayerBlur.swift /Users/admin/builder/spi-builder-workspace/Sources/Models/Layers/ZeplinLayerBorder.swift /Users/admin/builder/spi-builder-workspace/Sources/Models/Layers/ZeplinLayerFill.swift /Users/admin/builder/spi-builder-workspace/Sources/Models/Layers/ZeplinLayerShadow.swift /Users/admin/builder/spi-builder-workspace/Sources/Models/Layers/ZeplinLayerTextStyle.swift /Users/admin/builder/spi-builder-workspace/Sources/Models/Layers/ZeplinLayerWithAssets.swift /Users/admin/builder/spi-builder-workspace/Sources/Models/Layers/ZeplinPosition.swift /Users/admin/builder/spi-builder-workspace/Sources/Models/NotificationComponents/ZeplinNotificationActor.swift /Users/admin/builder/spi-builder-workspace/Sources/Models/NotificationComponents/ZeplinNotificationColor.swift /Users/admin/builder/spi-builder-workspace/Sources/Models/NotificationComponents/ZeplinNotificationComponent.swift /Users/admin/builder/spi-builder-workspace/Sources/Models/NotificationComponents/ZeplinNotificationExtension.swift /Users/admin/builder/spi-builder-workspace/Sources/Models/NotificationComponents/ZeplinNotificationJiraIntegration.swift /Users/admin/builder/spi-builder-workspace/Sources/Models/NotificationComponents/ZeplinNotificationOrganization.swift /Users/admin/builder/spi-builder-workspace/Sources/Models/NotificationComponents/ZeplinNotificationOrganizationMember.swift /Users/admin/builder/spi-builder-workspace/Sources/Models/NotificationComponents/ZeplinNotificationProject.swift /Users/admin/builder/spi-builder-workspace/Sources/Models/NotificationComponents/ZeplinNotificationScreen.swift /Users/admin/builder/spi-builder-workspace/Sources/Models/NotificationComponents/ZeplinNotificationScreenNote.swift /Users/admin/builder/spi-builder-workspace/Sources/Models/NotificationComponents/ZeplinNotificationScreenNoteComment.swift /Users/admin/builder/spi-builder-workspace/Sources/Models/NotificationComponents/ZeplinNotificationScreenSection.swift /Users/admin/builder/spi-builder-workspace/Sources/Models/NotificationComponents/ZeplinNotificationScreenVersion.swift /Users/admin/builder/spi-builder-workspace/Sources/Models/NotificationComponents/ZeplinNotificationSlackIntegration.swift /Users/admin/builder/spi-builder-workspace/Sources/Models/NotificationComponents/ZeplinNotificationSpacingToken.swift /Users/admin/builder/spi-builder-workspace/Sources/Models/NotificationComponents/ZeplinNotificationStyleguide.swift /Users/admin/builder/spi-builder-workspace/Sources/Models/NotificationComponents/ZeplinNotificationTextStyle.swift /Users/admin/builder/spi-builder-workspace/Sources/Models/NotificationComponents/ZeplinNotificationUser.swift /Users/admin/builder/spi-builder-workspace/Sources/Models/Requests/ZeplinAddCommentRequest.swift /Users/admin/builder/spi-builder-workspace/Sources/Models/Requests/ZeplinAddNoteRequest.swift /Users/admin/builder/spi-builder-workspace/Sources/Models/Requests/ZeplinUpdateCommentRequest.swift /Users/admin/builder/spi-builder-workspace/Sources/Models/Requests/ZeplinUpdateNoteRequest.swift /Users/admin/builder/spi-builder-workspace/Sources/Models/Responses/ZeplinCreateCommentResponse.swift /Users/admin/builder/spi-builder-workspace/Sources/Models/Responses/ZeplinCreateNoteResponse.swift /Users/admin/builder/spi-builder-workspace/Sources/Models/Wrapper.swift /Users/admin/builder/spi-builder-workspace/Sources/Models/ZeplinColor.swift /Users/admin/builder/spi-builder-workspace/Sources/Models/ZeplinComment.swift /Users/admin/builder/spi-builder-workspace/Sources/Models/ZeplinGrid.swift /Users/admin/builder/spi-builder-workspace/Sources/Models/ZeplinImage.swift /Users/admin/builder/spi-builder-workspace/Sources/Models/ZeplinLink.swift /Users/admin/builder/spi-builder-workspace/Sources/Models/ZeplinLinkDestination.swift /Users/admin/builder/spi-builder-workspace/Sources/Models/ZeplinNamedColor.swift /Users/admin/builder/spi-builder-workspace/Sources/Models/ZeplinNote.swift /Users/admin/builder/spi-builder-workspace/Sources/Models/ZeplinNotePosition.swift /Users/admin/builder/spi-builder-workspace/Sources/Models/ZeplinNotification.swift /Users/admin/builder/spi-builder-workspace/Sources/Models/ZeplinNotificationAction.swift /Users/admin/builder/spi-builder-workspace/Sources/Models/ZeplinNotificationContext.swift /Users/admin/builder/spi-builder-workspace/Sources/Models/ZeplinNotificationRepresentation.swift /Users/admin/builder/spi-builder-workspace/Sources/Models/ZeplinNotificationResource.swift /Users/admin/builder/spi-builder-workspace/Sources/Models/ZeplinNotificationResourceType.swift /Users/admin/builder/spi-builder-workspace/Sources/Models/ZeplinNotificationUserInfo.swift /Users/admin/builder/spi-builder-workspace/Sources/Models/ZeplinOrganizationMember.swift /Users/admin/builder/spi-builder-workspace/Sources/Models/ZeplinOrganizationSummary.swift /Users/admin/builder/spi-builder-workspace/Sources/Models/ZeplinProject.swift /Users/admin/builder/spi-builder-workspace/Sources/Models/ZeplinProjectMember.swift /Users/admin/builder/spi-builder-workspace/Sources/Models/ZeplinRectangle.swift /Users/admin/builder/spi-builder-workspace/Sources/Models/ZeplinRole.swift /Users/admin/builder/spi-builder-workspace/Sources/Models/ZeplinScreen.swift /Users/admin/builder/spi-builder-workspace/Sources/Models/ZeplinScreenVersion.swift /Users/admin/builder/spi-builder-workspace/Sources/Models/ZeplinScreenVersionCommit.swift /Users/admin/builder/spi-builder-workspace/Sources/Models/ZeplinScreenVersionSummary.swift /Users/admin/builder/spi-builder-workspace/Sources/Models/ZeplinSection.swift /Users/admin/builder/spi-builder-workspace/Sources/Models/ZeplinUser.swift /Users/admin/builder/spi-builder-workspace/Sources/Networking/ZeplinAPIURL.swift /Users/admin/builder/spi-builder-workspace/Sources/Protocols/ZeplinColorRepresentable.swift
Process build tool plug-in results
package: <IDESwiftPackageCore.IDESwiftPackage:0x8c1f8de00 path:'/Users/admin/builder/spi-builder-workspace'>
target: ZeplinKit
prebuildCommandOutputPaths: []
buildCommands: []
allDerivedOutputPaths: []
CreateBuildRequest
SendProjectDescription
CreateBuildOperation
ComputeTargetDependencyGraph
note: Building targets in dependency order
note: Target dependency graph (11 targets)
Target 'ZeplinKit-product' in project 'ZeplinKit'
➜ Explicit dependency on target 'ZeplinKit' in project 'ZeplinKit'
➜ Explicit dependency on target 'ZeplinKit_ZeplinKit' in project 'ZeplinKit'
➜ Explicit dependency on target 'Lint-product' in project 'SwiftFormatLintPlugin'
➜ Explicit dependency on target 'Fetcher-product' in project 'Fetcher'
➜ Explicit dependency on target 'Zip-product' in project 'Zip'
Target 'ZeplinKit' in project 'ZeplinKit'
➜ Explicit dependency on target 'ZeplinKit_ZeplinKit' in project 'ZeplinKit'
➜ Explicit dependency on target 'Lint-product' in project 'SwiftFormatLintPlugin'
➜ Explicit dependency on target 'Fetcher-product' in project 'Fetcher'
➜ Explicit dependency on target 'Zip-product' in project 'Zip'
Target 'Zip-product' in project 'Zip'
➜ Explicit dependency on target 'Zip' in project 'Zip'
➜ Explicit dependency on target 'Minizip' in project 'Zip'
Target 'Zip' in project 'Zip'
➜ Explicit dependency on target 'Minizip' in project 'Zip'
Target 'Minizip' in project 'Zip' (no dependencies)
Target 'Fetcher-product' in project 'Fetcher'
➜ Explicit dependency on target 'Fetcher' in project 'Fetcher'
➜ Explicit dependency on target 'Fetcher_Fetcher' in project 'Fetcher'
Target 'Fetcher' in project 'Fetcher'
➜ Explicit dependency on target 'Fetcher_Fetcher' in project 'Fetcher'
Target 'Fetcher_Fetcher' in project 'Fetcher' (no dependencies)
Target 'Lint-product' in project 'SwiftFormatLintPlugin'
➜ Explicit dependency on target 'LintPlugin' in project 'SwiftFormatLintPlugin'
Target 'ZeplinKit_ZeplinKit' in project 'ZeplinKit'
➜ Explicit dependency on target 'LintPlugin' in project 'SwiftFormatLintPlugin'
Target 'LintPlugin' in project 'SwiftFormatLintPlugin' (no dependencies)
GatherProvisioningInputs
CreateBuildDescription
ClangStatCache /Applications/Xcode-27.0.0-Release.Candidate.app/Contents/Developer/Toolchains/XcodeDefault.xctoolchain/usr/bin/clang-stat-cache /Applications/Xcode-27.0.0-Release.Candidate.app/Contents/Developer/Platforms/WatchOS.platform/Developer/SDKs/WatchOS27.0.sdk /Users/admin/builder/spi-builder-workspace/.derivedData/SDKStatCaches.noindex/watchos27.0-24R360-e829b21a6f8c9b70876ba0858053c04477534ef55a1706bf4c1112bbb242f0a2.sdkstatcache
cd /Users/admin/builder/spi-builder-workspace/.swiftpm/xcode
/Applications/Xcode-27.0.0-Release.Candidate.app/Contents/Developer/Toolchains/XcodeDefault.xctoolchain/usr/bin/clang-stat-cache /Applications/Xcode-27.0.0-Release.Candidate.app/Contents/Developer/Platforms/WatchOS.platform/Developer/SDKs/WatchOS27.0.sdk -o /Users/admin/builder/spi-builder-workspace/.derivedData/SDKStatCaches.noindex/watchos27.0-24R360-e829b21a6f8c9b70876ba0858053c04477534ef55a1706bf4c1112bbb242f0a2.sdkstatcache
ExtractAppIntentsMetadata (in target 'Fetcher' from project 'Fetcher')
cd /Users/admin/builder/spi-builder-workspace/.dependencies/checkouts/Fetcher
/Applications/Xcode-27.0.0-Release.Candidate.app/Contents/Developer/Toolchains/XcodeDefault.xctoolchain/usr/bin/appintentsmetadataprocessor --toolchain-dir /var/run/com.apple.security.cryptexd/mnt/com.apple.MobileAsset.MetalToolchain-v27.1.266.1.D5Xwaz/Metal.xctoolchain --module-name Fetcher --sdk-root /Applications/Xcode-27.0.0-Release.Candidate.app/Contents/Developer/Platforms/WatchOS.platform/Developer/SDKs/WatchOS27.0.sdk --xcode-version 27A266a --platform-family watchOS --deployment-target 9.0 --bundle-identifier fetcher.Fetcher --output /Users/admin/builder/spi-builder-workspace/.derivedData/Build/Products/Debug-watchos/Fetcher.appintents --target-triple arm64-apple-watchos9.0 --target-triple arm64_32-apple-watchos9.0 --binary-file /Users/admin/builder/spi-builder-workspace/.derivedData/Build/Products/Debug-watchos/Fetcher.o --dependency-file /Users/admin/builder/spi-builder-workspace/.derivedData/Build/Intermediates.noindex/Fetcher.build/Debug-watchos/Fetcher-t.build/Objects-normal/arm64/Fetcher_dependency_info.dat --dependency-file /Users/admin/builder/spi-builder-workspace/.derivedData/Build/Intermediates.noindex/Fetcher.build/Debug-watchos/Fetcher-t.build/Objects-normal/arm64_32/Fetcher_dependency_info.dat --stringsdata-file /Users/admin/builder/spi-builder-workspace/.derivedData/Build/Intermediates.noindex/Fetcher.build/Debug-watchos/Fetcher-t.build/Objects-normal/arm64/ExtractedAppShortcutsMetadata.stringsdata --stringsdata-file /Users/admin/builder/spi-builder-workspace/.derivedData/Build/Intermediates.noindex/Fetcher.build/Debug-watchos/Fetcher-t.build/Objects-normal/arm64_32/ExtractedAppShortcutsMetadata.stringsdata --source-file-list /Users/admin/builder/spi-builder-workspace/.derivedData/Build/Intermediates.noindex/Fetcher.build/Debug-watchos/Fetcher-t.build/Objects-normal/arm64/Fetcher.SwiftFileList --source-file-list /Users/admin/builder/spi-builder-workspace/.derivedData/Build/Intermediates.noindex/Fetcher.build/Debug-watchos/Fetcher-t.build/Objects-normal/arm64_32/Fetcher.SwiftFileList --metadata-file-list /Users/admin/builder/spi-builder-workspace/.derivedData/Build/Intermediates.noindex/Fetcher.build/Debug-watchos/Fetcher-t.build/Fetcher.DependencyMetadataFileList --static-metadata-file-list /Users/admin/builder/spi-builder-workspace/.derivedData/Build/Intermediates.noindex/Fetcher.build/Debug-watchos/Fetcher-t.build/Fetcher.DependencyStaticMetadataFileList --swift-const-vals-list /Users/admin/builder/spi-builder-workspace/.derivedData/Build/Intermediates.noindex/Fetcher.build/Debug-watchos/Fetcher-t.build/Objects-normal/arm64/Fetcher.SwiftConstValuesFileList --swift-const-vals-list /Users/admin/builder/spi-builder-workspace/.derivedData/Build/Intermediates.noindex/Fetcher.build/Debug-watchos/Fetcher-t.build/Objects-normal/arm64_32/Fetcher.SwiftConstValuesFileList --force --compile-time-extraction --deployment-aware-processing --no-app-shortcuts-localization
2026-09-23 16:39:47.488 appintentsmetadataprocessor[1010:6138] Starting appintentsmetadataprocessor export
2026-09-23 16:39:47.551 appintentsmetadataprocessor[1010:6138] Extracted no relevant App Intents symbols, skipping writing output
SwiftDriver ZeplinKit normal arm64 com.apple.xcode.tools.swift.compiler (in target 'ZeplinKit' from project 'ZeplinKit')
cd /Users/admin/builder/spi-builder-workspace/.swiftpm/xcode
builtin-SwiftDriver -- /Applications/Xcode-27.0.0-Release.Candidate.app/Contents/Developer/Toolchains/XcodeDefault.xctoolchain/usr/bin/swiftc -parse-as-library -module-name ZeplinKit -Onone @/Users/admin/builder/spi-builder-workspace/.derivedData/Build/Intermediates.noindex/ZeplinKit.build/Debug-watchos/ZeplinKit-t.build/Objects-normal/arm64/ZeplinKit.SwiftFileList -DSWIFT_PACKAGE -DDEBUG -DSWIFT_MODULE_RESOURCE_BUNDLE_AVAILABLE -Xcc -fmodule-map-file\=/Users/admin/builder/spi-builder-workspace/.derivedData/Build/Intermediates.noindex/GeneratedModuleMaps-watchos/Minizip.modulemap -DXcode -plugin-path /Applications/Xcode-27.0.0-Release.Candidate.app/Contents/Developer/Toolchains/XcodeDefault.xctoolchain/usr/lib/swift/host/plugins/testing -enable-experimental-feature DebugDescriptionMacro -sdk /Applications/Xcode-27.0.0-Release.Candidate.app/Contents/Developer/Platforms/WatchOS.platform/Developer/SDKs/WatchOS27.0.sdk -target arm64-apple-watchos9.0 -g -module-cache-path /Users/admin/builder/spi-builder-workspace/.derivedData/ModuleCache.noindex -Xfrontend -serialize-debugging-options -profile-coverage-mapping -profile-generate -enable-testing -index-store-path /Users/admin/builder/spi-builder-workspace/.derivedData/Index.noindex/DataStore -Xcc -D_LIBCPP_HARDENING_MODE\=_LIBCPP_HARDENING_MODE_DEBUG -swift-version 5 -I /Users/admin/builder/spi-builder-workspace/.derivedData/Build/Products/Debug-watchos -Isystem /Applications/Xcode-27.0.0-Release.Candidate.app/Contents/Developer/Platforms/WatchOS.platform/Developer/usr/lib -F /Users/admin/builder/spi-builder-workspace/.derivedData/Build/Products/Debug-watchos/PackageFrameworks -F /Users/admin/builder/spi-builder-workspace/.derivedData/Build/Products/Debug-watchos -F /Applications/Xcode-27.0.0-Release.Candidate.app/Contents/Developer/Platforms/WatchOS.platform/Developer/Library/Frameworks -F /Applications/Xcode-27.0.0-Release.Candidate.app/Contents/Developer/Platforms/WatchOS.platform/Developer/SDKs/WatchOS27.0.sdk/Developer/Library/Frameworks -c -j10 -enable-batch-mode -incremental -Xcc -ivfsstatcache -Xcc /Users/admin/builder/spi-builder-workspace/.derivedData/SDKStatCaches.noindex/watchos27.0-24R360-e829b21a6f8c9b70876ba0858053c04477534ef55a1706bf4c1112bbb242f0a2.sdkstatcache -output-file-map /Users/admin/builder/spi-builder-workspace/.derivedData/Build/Intermediates.noindex/ZeplinKit.build/Debug-watchos/ZeplinKit-t.build/Objects-normal/arm64/ZeplinKit-OutputFileMap.json -save-temps -no-color-diagnostics -explicit-module-build -module-cache-path /Users/admin/builder/spi-builder-workspace/.derivedData/Build/Intermediates.noindex/SwiftExplicitPrecompiledModules -clang-scanner-module-cache-path /Users/admin/builder/spi-builder-workspace/.derivedData/ModuleCache.noindex -sdk-module-cache-path /Users/admin/builder/spi-builder-workspace/.derivedData/SDKExplicitPrecompiledModules -emit-dependencies -emit-module -emit-module-path /Users/admin/builder/spi-builder-workspace/.derivedData/Build/Intermediates.noindex/ZeplinKit.build/Debug-watchos/ZeplinKit-t.build/Objects-normal/arm64/ZeplinKit.swiftmodule -serialize-diagnostics -dependency-scan-serialize-diagnostics-path /Users/admin/builder/spi-builder-workspace/.derivedData/Build/Intermediates.noindex/ZeplinKit.build/Debug-watchos/ZeplinKit-t.build/Objects-normal/arm64/ZeplinKit-dependency-scan.dia -validate-clang-modules-once -clang-build-session-file /Users/admin/builder/spi-builder-workspace/.derivedData/ModuleCache.noindex/Session.modulevalidation -Xcc -fmodules-prune-interval\=86400 -Xcc -fmodules-prune-after\=345600 -emit-const-values -const-gather-protocols-list /Users/admin/builder/spi-builder-workspace/.derivedData/Build/Intermediates.noindex/ZeplinKit.build/Debug-watchos/ZeplinKit-t.build/Objects-normal/arm64/ZeplinKit_const_extract_protocols.json -Xcc -I/Users/admin/builder/spi-builder-workspace/.dependencies/checkouts/Zip/Zip/minizip/include -Xcc -I/Users/admin/builder/spi-builder-workspace/.derivedData/Build/Products/Debug-watchos/include -Xcc -I/Users/admin/builder/spi-builder-workspace/.derivedData/Build/Intermediates.noindex/ZeplinKit.build/Debug-watchos/ZeplinKit-t.build/DerivedSources-normal/arm64 -Xcc -I/Users/admin/builder/spi-builder-workspace/.derivedData/Build/Intermediates.noindex/ZeplinKit.build/Debug-watchos/ZeplinKit-t.build/DerivedSources/arm64 -Xcc -I/Users/admin/builder/spi-builder-workspace/.derivedData/Build/Intermediates.noindex/ZeplinKit.build/Debug-watchos/ZeplinKit-t.build/DerivedSources -Xcc -DSWIFT_PACKAGE -Xcc -DDEBUG\=1 -emit-objc-header -emit-objc-header-path /Users/admin/builder/spi-builder-workspace/.derivedData/Build/Intermediates.noindex/ZeplinKit.build/Debug-watchos/ZeplinKit-t.build/Objects-normal/arm64/ZeplinKit-Swift.h -working-directory /Users/admin/builder/spi-builder-workspace/.swiftpm/xcode -experimental-emit-module-separately -disable-cmo
/Users/admin/builder/spi-builder-workspace/Sources/Models/ZeplinProject.swift:9:8: error: Unable to resolve module dependency: 'CoreSpotlight' (in target 'ZeplinKit' from project 'ZeplinKit')
note: A dependency of main module 'ZeplinKit'
/Users/admin/builder/spi-builder-workspace/Sources/Models/ZeplinProject.swift:9:8: note: A dependency of main module 'ZeplinKit'
import CoreSpotlight
^ (in target 'ZeplinKit' from project 'ZeplinKit')
SwiftDriver ZeplinKit normal arm64_32 com.apple.xcode.tools.swift.compiler (in target 'ZeplinKit' from project 'ZeplinKit')
cd /Users/admin/builder/spi-builder-workspace/.swiftpm/xcode
builtin-SwiftDriver -- /Applications/Xcode-27.0.0-Release.Candidate.app/Contents/Developer/Toolchains/XcodeDefault.xctoolchain/usr/bin/swiftc -parse-as-library -module-name ZeplinKit -Onone @/Users/admin/builder/spi-builder-workspace/.derivedData/Build/Intermediates.noindex/ZeplinKit.build/Debug-watchos/ZeplinKit-t.build/Objects-normal/arm64_32/ZeplinKit.SwiftFileList -DSWIFT_PACKAGE -DDEBUG -DSWIFT_MODULE_RESOURCE_BUNDLE_AVAILABLE -Xcc -fmodule-map-file\=/Users/admin/builder/spi-builder-workspace/.derivedData/Build/Intermediates.noindex/GeneratedModuleMaps-watchos/Minizip.modulemap -DXcode -plugin-path /Applications/Xcode-27.0.0-Release.Candidate.app/Contents/Developer/Toolchains/XcodeDefault.xctoolchain/usr/lib/swift/host/plugins/testing -enable-experimental-feature DebugDescriptionMacro -sdk /Applications/Xcode-27.0.0-Release.Candidate.app/Contents/Developer/Platforms/WatchOS.platform/Developer/SDKs/WatchOS27.0.sdk -target arm64_32-apple-watchos9.0 -g -module-cache-path /Users/admin/builder/spi-builder-workspace/.derivedData/ModuleCache.noindex -Xfrontend -serialize-debugging-options -profile-coverage-mapping -profile-generate -enable-testing -index-store-path /Users/admin/builder/spi-builder-workspace/.derivedData/Index.noindex/DataStore -Xcc -D_LIBCPP_HARDENING_MODE\=_LIBCPP_HARDENING_MODE_DEBUG -swift-version 5 -I /Users/admin/builder/spi-builder-workspace/.derivedData/Build/Products/Debug-watchos -Isystem /Applications/Xcode-27.0.0-Release.Candidate.app/Contents/Developer/Platforms/WatchOS.platform/Developer/usr/lib -F /Users/admin/builder/spi-builder-workspace/.derivedData/Build/Products/Debug-watchos/PackageFrameworks -F /Users/admin/builder/spi-builder-workspace/.derivedData/Build/Products/Debug-watchos -F /Applications/Xcode-27.0.0-Release.Candidate.app/Contents/Developer/Platforms/WatchOS.platform/Developer/Library/Frameworks -F /Applications/Xcode-27.0.0-Release.Candidate.app/Contents/Developer/Platforms/WatchOS.platform/Developer/SDKs/WatchOS27.0.sdk/Developer/Library/Frameworks -c -j10 -enable-batch-mode -incremental -Xcc -ivfsstatcache -Xcc /Users/admin/builder/spi-builder-workspace/.derivedData/SDKStatCaches.noindex/watchos27.0-24R360-e829b21a6f8c9b70876ba0858053c04477534ef55a1706bf4c1112bbb242f0a2.sdkstatcache -output-file-map /Users/admin/builder/spi-builder-workspace/.derivedData/Build/Intermediates.noindex/ZeplinKit.build/Debug-watchos/ZeplinKit-t.build/Objects-normal/arm64_32/ZeplinKit-OutputFileMap.json -save-temps -no-color-diagnostics -explicit-module-build -module-cache-path /Users/admin/builder/spi-builder-workspace/.derivedData/Build/Intermediates.noindex/SwiftExplicitPrecompiledModules -clang-scanner-module-cache-path /Users/admin/builder/spi-builder-workspace/.derivedData/ModuleCache.noindex -sdk-module-cache-path /Users/admin/builder/spi-builder-workspace/.derivedData/SDKExplicitPrecompiledModules -emit-dependencies -emit-module -emit-module-path /Users/admin/builder/spi-builder-workspace/.derivedData/Build/Intermediates.noindex/ZeplinKit.build/Debug-watchos/ZeplinKit-t.build/Objects-normal/arm64_32/ZeplinKit.swiftmodule -serialize-diagnostics -dependency-scan-serialize-diagnostics-path /Users/admin/builder/spi-builder-workspace/.derivedData/Build/Intermediates.noindex/ZeplinKit.build/Debug-watchos/ZeplinKit-t.build/Objects-normal/arm64_32/ZeplinKit-dependency-scan.dia -validate-clang-modules-once -clang-build-session-file /Users/admin/builder/spi-builder-workspace/.derivedData/ModuleCache.noindex/Session.modulevalidation -Xcc -fmodules-prune-interval\=86400 -Xcc -fmodules-prune-after\=345600 -emit-const-values -const-gather-protocols-list /Users/admin/builder/spi-builder-workspace/.derivedData/Build/Intermediates.noindex/ZeplinKit.build/Debug-watchos/ZeplinKit-t.build/Objects-normal/arm64_32/ZeplinKit_const_extract_protocols.json -Xcc -I/Users/admin/builder/spi-builder-workspace/.dependencies/checkouts/Zip/Zip/minizip/include -Xcc -I/Users/admin/builder/spi-builder-workspace/.derivedData/Build/Products/Debug-watchos/include -Xcc -I/Users/admin/builder/spi-builder-workspace/.derivedData/Build/Intermediates.noindex/ZeplinKit.build/Debug-watchos/ZeplinKit-t.build/DerivedSources-normal/arm64_32 -Xcc -I/Users/admin/builder/spi-builder-workspace/.derivedData/Build/Intermediates.noindex/ZeplinKit.build/Debug-watchos/ZeplinKit-t.build/DerivedSources/arm64_32 -Xcc -I/Users/admin/builder/spi-builder-workspace/.derivedData/Build/Intermediates.noindex/ZeplinKit.build/Debug-watchos/ZeplinKit-t.build/DerivedSources -Xcc -DSWIFT_PACKAGE -Xcc -DDEBUG\=1 -emit-objc-header -emit-objc-header-path /Users/admin/builder/spi-builder-workspace/.derivedData/Build/Intermediates.noindex/ZeplinKit.build/Debug-watchos/ZeplinKit-t.build/Objects-normal/arm64_32/ZeplinKit-Swift.h -working-directory /Users/admin/builder/spi-builder-workspace/.swiftpm/xcode -experimental-emit-module-separately -disable-cmo
error: Clang dependency scanning failure: (in target 'ZeplinKit' from project 'ZeplinKit')
/Users/admin/builder/spi-builder-workspace/Sources/Models/ZeplinProject.swift:9:8: error: Unable to resolve module dependency: 'CoreSpotlight' (in target 'ZeplinKit' from project 'ZeplinKit')
note: A dependency of main module 'ZeplinKit'
/Users/admin/builder/spi-builder-workspace/Sources/Models/ZeplinProject.swift:9:8: note: A dependency of main module 'ZeplinKit'
import CoreSpotlight
^ (in target 'ZeplinKit' from project 'ZeplinKit')
PruneExplicitPrecompiledModules /Users/admin/builder/spi-builder-workspace/.derivedData/SDKExplicitPrecompiledModules
PruneExplicitPrecompiledModules /Users/admin/builder/spi-builder-workspace/.derivedData/Build/Intermediates.noindex/SwiftExplicitPrecompiledModules
PruneExplicitPrecompiledModules /Users/admin/builder/spi-builder-workspace/.derivedData/Build/Intermediates.noindex/ExplicitPrecompiledModules
2026-09-23 16:39:46.456 xcodebuild[1003:6066] [MT] IDERunDestination: Supported platforms for the buildables in the current scheme is empty.
** BUILD FAILED **
The following build commands failed:
SwiftDriver ZeplinKit normal arm64 com.apple.xcode.tools.swift.compiler (in target 'ZeplinKit' from project 'ZeplinKit')
SwiftDriver ZeplinKit normal arm64_32 com.apple.xcode.tools.swift.compiler (in target 'ZeplinKit' from project 'ZeplinKit')
Building workspace ZeplinKit with scheme ZeplinKit
(3 failures)
BUILD FAILURE 6.4 watchOS