The Swift Package Index logo.Swift Package Index

Build Information

Failed to build SmartDeviceLink, reference 7.6.1 (4178a0), with Swift 6.4 for Wasm on 19 Sep 2026 08:22:22 UTC.

Build Command

bash -c docker run --pull=always --rm -v "checkouts-53886770-0":/host -w "$PWD" -e JAVA_HOME="/root/.sdkman/candidates/java/current" -e SPI_BUILD="1" -e SPI_PROCESSING="1" registry.gitlab.com/saguaro1/spi-images:wasm-6.4-latest swift build --swift-sdk swift-6.4.x-DEVELOPMENT-SNAPSHOT-2026-09-04-a_wasm 2>&1

Build Log

========================================
RunAll
========================================
Builder version: 5.1.0
Interrupt handler set up.
========================================
Checkout
========================================
Clone URL: https://github.com/smartdevicelink/sdl_ios.git
Reference: 7.6.1
Initialized empty Git repository in /host/spi-builder-workspace/.git/
hint: Using 'master' as the name for the initial branch. This default branch name
hint: is subject to change. To configure the initial branch name to use in all
hint: of your new repositories, which will suppress this warning, call:
hint:
hint: 	git config --global init.defaultBranch <name>
hint:
hint: Names commonly chosen instead of 'master' are 'main', 'trunk' and
hint: 'development'. The just-created branch can be renamed via this command:
hint:
hint: 	git branch -m <name>
From https://github.com/smartdevicelink/sdl_ios
 * tag               7.6.1      -> FETCH_HEAD
HEAD is now at 4178a0f Merge pull request #2122 from smartdevicelink/develop
Submodule path 'bson_c_lib': checked out '48d38d5b7a9b6cffc8171087b68bee5f4649e67d'
Submodule path 'generator/rpc_spec': checked out '6537500b45f65e02d884da9d73d6820ba7b0b1f5'
Submodule 'bson_c_lib' (https://github.com/smartdevicelink/bson_c_lib.git) registered for path 'bson_c_lib'
Submodule 'generator/rpc_spec' (https://github.com/smartdevicelink/rpc_spec.git) registered for path 'generator/rpc_spec'
Cloning into '/host/spi-builder-workspace/bson_c_lib'...
Cloning into '/host/spi-builder-workspace/generator/rpc_spec'...
Cloned https://github.com/smartdevicelink/sdl_ios.git
Revision (git rev-parse @):
4178a0f33bdcfaef3dc5baa2fc32ef5e482edd3e
SUCCESS checkout https://github.com/smartdevicelink/sdl_ios.git at 7.6.1
========================================
Build
========================================
Selected platform:         wasm
Swift version:             6.4
Building package at path:  $PWD
https://github.com/smartdevicelink/sdl_ios.git
Running build ...
bash -c docker run --pull=always --rm -v "checkouts-53886770-0":/host -w "$PWD" -e JAVA_HOME="/root/.sdkman/candidates/java/current" -e SPI_BUILD="1" -e SPI_PROCESSING="1" registry.gitlab.com/saguaro1/spi-images:wasm-6.4-latest swift build --swift-sdk swift-6.4.x-DEVELOPMENT-SNAPSHOT-2026-09-04-a_wasm 2>&1
wasm-6.4-latest: Pulling from saguaro1/spi-images
Digest: sha256:4328fdb43c680d205c1d6761b1e3267aa38277eefdda9ddfb17b6a0f1a77857a
Status: Image is up to date for registry.gitlab.com/saguaro1/spi-images:wasm-6.4-latest
Fetching https://github.com/smartdevicelink/bson_c_lib.git
[1/860] Fetching bson_c_lib
Fetched https://github.com/smartdevicelink/bson_c_lib.git (0.51s)
Computing version for https://github.com/smartdevicelink/bson_c_lib.git
Computed https://github.com/smartdevicelink/bson_c_lib.git at 1.2.6 (0.70s)
Creating working copy for https://github.com/smartdevicelink/bson_c_lib.git
Working copy of https://github.com/smartdevicelink/bson_c_lib.git resolved at 1.2.6
Building for debugging...
[Pre-planning 1 / 185]
[Planning deferred tasks]
warning: no rule to process file '/host/spi-builder-workspace/SmartDeviceLink/Assets/SDLAssets.xcassets' of type 'folder.assetcatalog' for architecture 'wasm32'
In file included from /host/spi-builder-workspace/.build/checkouts/bson_c_lib/src/emhashmap/emhashmap.c:1:
/host/spi-builder-workspace/.build/checkouts/bson_c_lib/src/emhashmap/emhashmap.h:4:10: fatal error: 'sys/queue.h' file not found
    4 | #include <sys/queue.h>
      |          ^~~~~~~~~~~~~
1 error generated.
error: CompileC /host/spi-builder-workspace/.build/out/Intermediates.noindex/BiSON.build/Debug-webassembly-wasm32/BiSON-t.build/Objects-normal/wasm32/emhashmap.o /host/spi-builder-workspace/.build/checkouts/bson_c_lib/src/emhashmap/emhashmap.c normal wasm32 c com.apple.compilers.llvm.clang.1_0.compiler failed with a nonzero exit code. Command line:     cd /host

    Using response file: /host/spi-builder-workspace/.build/out/Intermediates.noindex/BiSON.build/Debug-webassembly-wasm32/BiSON-t.build/Objects-normal/wasm32/9f65232cb83f8421e3a495a5062eba382369c975104ee97bafc405ab795bfc5e-common-args.resp

    /usr/bin/clang -x c -target wasm32-unknown-wasip1 -fmessage-length\=0 -fdiagnostics-show-note-include-stack -fmacro-backtrace-limit\=0 -fcolor-diagnostics -Wno-trigraphs -Wno-missing-field-initializers -Wno-missing-prototypes -Wno-return-type -Wno-missing-braces -Wparentheses -Wswitch -Wno-unused-function -Wno-unused-label -Wno-unused-parameter -Wno-unused-variable -Wunused-value -Wno-empty-body -Wno-uninitialized -Wno-unknown-pragmas -w -Wno-shadow -Wno-four-char-constants -Wno-conversion -Wno-constant-conversion -Wno-int-conversion -Wno-bool-conversion -Wno-enum-conversion -Wno-float-conversion -Wno-non-literal-null-conversion -Wno-objc-literal-conversion -Wno-shorten-64-to-32 -Wpointer-sign -Wno-newline-eof -Wno-implicit-fallthrough -fstrict-aliasing -Wdeprecated-declarations -Wno-sign-conversion -Wno-infinite-recursion -Wno-comma -Wno-block-capture-autoreleasing -Wno-strict-prototypes -Wno-semicolon-before-method-body --sysroot /root/.swiftpm/swift-sdks/swift-6.4.x-DEVELOPMENT-SNAPSHOT-2026-09-04-a_wasm.artifactbundle/swift-6.4.x-DEVELOPMENT-SNAPSHOT-2026-09-04-a_wasm/wasm32-unknown-wasip1/WASI.sdk @/host/spi-builder-workspace/.build/out/Intermediates.noindex/BiSON.build/Debug-webassembly-wasm32/BiSON-t.build/Objects-normal/wasm32/9f65232cb83f8421e3a495a5062eba382369c975104ee97bafc405ab795bfc5e-common-args.resp -MMD -MT dependencies -MF /host/spi-builder-workspace/.build/out/Intermediates.noindex/BiSON.build/Debug-webassembly-wasm32/BiSON-t.build/Objects-normal/wasm32/emhashmap.d --serialize-diagnostics /host/spi-builder-workspace/.build/out/Intermediates.noindex/BiSON.build/Debug-webassembly-wasm32/BiSON-t.build/Objects-normal/wasm32/emhashmap.dia -c /host/spi-builder-workspace/.build/checkouts/bson_c_lib/src/emhashmap/emhashmap.c -o /host/spi-builder-workspace/.build/out/Intermediates.noindex/BiSON.build/Debug-webassembly-wasm32/BiSON-t.build/Objects-normal/wasm32/emhashmap.o
In file included from /host/spi-builder-workspace/.build/checkouts/bson_c_lib/src/bson_object.c:1:
In file included from /host/spi-builder-workspace/.build/checkouts/bson_c_lib/src/bson_object.h:9:
/host/spi-builder-workspace/.build/checkouts/bson_c_lib/src/emhashmap/emhashmap.h:4:10: fatal error: 'sys/queue.h' file not found
    4 | #include <sys/queue.h>
      |          ^~~~~~~~~~~~~
1 error generated.
error: CompileC /host/spi-builder-workspace/.build/out/Intermediates.noindex/BiSON.build/Debug-webassembly-wasm32/BiSON-t.build/Objects-normal/wasm32/bson_object.o /host/spi-builder-workspace/.build/checkouts/bson_c_lib/src/bson_object.c normal wasm32 c com.apple.compilers.llvm.clang.1_0.compiler failed with a nonzero exit code. Command line:     cd /host

    Using response file: /host/spi-builder-workspace/.build/out/Intermediates.noindex/BiSON.build/Debug-webassembly-wasm32/BiSON-t.build/Objects-normal/wasm32/9f65232cb83f8421e3a495a5062eba382369c975104ee97bafc405ab795bfc5e-common-args.resp

    /usr/bin/clang -x c -target wasm32-unknown-wasip1 -fmessage-length\=0 -fdiagnostics-show-note-include-stack -fmacro-backtrace-limit\=0 -fcolor-diagnostics -Wno-trigraphs -Wno-missing-field-initializers -Wno-missing-prototypes -Wno-return-type -Wno-missing-braces -Wparentheses -Wswitch -Wno-unused-function -Wno-unused-label -Wno-unused-parameter -Wno-unused-variable -Wunused-value -Wno-empty-body -Wno-uninitialized -Wno-unknown-pragmas -w -Wno-shadow -Wno-four-char-constants -Wno-conversion -Wno-constant-conversion -Wno-int-conversion -Wno-bool-conversion -Wno-enum-conversion -Wno-float-conversion -Wno-non-literal-null-conversion -Wno-objc-literal-conversion -Wno-shorten-64-to-32 -Wpointer-sign -Wno-newline-eof -Wno-implicit-fallthrough -fstrict-aliasing -Wdeprecated-declarations -Wno-sign-conversion -Wno-infinite-recursion -Wno-comma -Wno-block-capture-autoreleasing -Wno-strict-prototypes -Wno-semicolon-before-method-body --sysroot /root/.swiftpm/swift-sdks/swift-6.4.x-DEVELOPMENT-SNAPSHOT-2026-09-04-a_wasm.artifactbundle/swift-6.4.x-DEVELOPMENT-SNAPSHOT-2026-09-04-a_wasm/wasm32-unknown-wasip1/WASI.sdk @/host/spi-builder-workspace/.build/out/Intermediates.noindex/BiSON.build/Debug-webassembly-wasm32/BiSON-t.build/Objects-normal/wasm32/9f65232cb83f8421e3a495a5062eba382369c975104ee97bafc405ab795bfc5e-common-args.resp -MMD -MT dependencies -MF /host/spi-builder-workspace/.build/out/Intermediates.noindex/BiSON.build/Debug-webassembly-wasm32/BiSON-t.build/Objects-normal/wasm32/bson_object.d --serialize-diagnostics /host/spi-builder-workspace/.build/out/Intermediates.noindex/BiSON.build/Debug-webassembly-wasm32/BiSON-t.build/Objects-normal/wasm32/bson_object.dia -c /host/spi-builder-workspace/.build/checkouts/bson_c_lib/src/bson_object.c -o /host/spi-builder-workspace/.build/out/Intermediates.noindex/BiSON.build/Debug-webassembly-wasm32/BiSON-t.build/Objects-normal/wasm32/bson_object.o
In file included from /host/spi-builder-workspace/.build/checkouts/bson_c_lib/src/bson_array.c:1:
In file included from /host/spi-builder-workspace/.build/checkouts/bson_c_lib/src/bson_array.h:4:
In file included from /host/spi-builder-workspace/.build/checkouts/bson_c_lib/src/bson_object.h:9:
/host/spi-builder-workspace/.build/checkouts/bson_c_lib/src/emhashmap/emhashmap.h:4:10: fatal error: 'sys/queue.h' file not found
    4 | #include <sys/queue.h>
      |          ^~~~~~~~~~~~~
1 error generated.
error: CompileC /host/spi-builder-workspace/.build/out/Intermediates.noindex/BiSON.build/Debug-webassembly-wasm32/BiSON-t.build/Objects-normal/wasm32/bson_array.o /host/spi-builder-workspace/.build/checkouts/bson_c_lib/src/bson_array.c normal wasm32 c com.apple.compilers.llvm.clang.1_0.compiler failed with a nonzero exit code. Command line:     cd /host

    Using response file: /host/spi-builder-workspace/.build/out/Intermediates.noindex/BiSON.build/Debug-webassembly-wasm32/BiSON-t.build/Objects-normal/wasm32/9f65232cb83f8421e3a495a5062eba382369c975104ee97bafc405ab795bfc5e-common-args.resp

    /usr/bin/clang -x c -target wasm32-unknown-wasip1 -fmessage-length\=0 -fdiagnostics-show-note-include-stack -fmacro-backtrace-limit\=0 -fcolor-diagnostics -Wno-trigraphs -Wno-missing-field-initializers -Wno-missing-prototypes -Wno-return-type -Wno-missing-braces -Wparentheses -Wswitch -Wno-unused-function -Wno-unused-label -Wno-unused-parameter -Wno-unused-variable -Wunused-value -Wno-empty-body -Wno-uninitialized -Wno-unknown-pragmas -w -Wno-shadow -Wno-four-char-constants -Wno-conversion -Wno-constant-conversion -Wno-int-conversion -Wno-bool-conversion -Wno-enum-conversion -Wno-float-conversion -Wno-non-literal-null-conversion -Wno-objc-literal-conversion -Wno-shorten-64-to-32 -Wpointer-sign -Wno-newline-eof -Wno-implicit-fallthrough -fstrict-aliasing -Wdeprecated-declarations -Wno-sign-conversion -Wno-infinite-recursion -Wno-comma -Wno-block-capture-autoreleasing -Wno-strict-prototypes -Wno-semicolon-before-method-body --sysroot /root/.swiftpm/swift-sdks/swift-6.4.x-DEVELOPMENT-SNAPSHOT-2026-09-04-a_wasm.artifactbundle/swift-6.4.x-DEVELOPMENT-SNAPSHOT-2026-09-04-a_wasm/wasm32-unknown-wasip1/WASI.sdk @/host/spi-builder-workspace/.build/out/Intermediates.noindex/BiSON.build/Debug-webassembly-wasm32/BiSON-t.build/Objects-normal/wasm32/9f65232cb83f8421e3a495a5062eba382369c975104ee97bafc405ab795bfc5e-common-args.resp -MMD -MT dependencies -MF /host/spi-builder-workspace/.build/out/Intermediates.noindex/BiSON.build/Debug-webassembly-wasm32/BiSON-t.build/Objects-normal/wasm32/bson_array.d --serialize-diagnostics /host/spi-builder-workspace/.build/out/Intermediates.noindex/BiSON.build/Debug-webassembly-wasm32/BiSON-t.build/Objects-normal/wasm32/bson_array.dia -c /host/spi-builder-workspace/.build/checkouts/bson_c_lib/src/bson_array.c -o /host/spi-builder-workspace/.build/out/Intermediates.noindex/BiSON.build/Debug-webassembly-wasm32/BiSON-t.build/Objects-normal/wasm32/bson_array.o
In file included from <built-in>:1:
/host/spi-builder-workspace/.build/out/Intermediates.noindex/SmartDeviceLink.build/Debug-webassembly-wasm32/SmartDeviceLink-t.build/DerivedSources/resource_bundle_accessor.h:1:9: fatal error: 'Foundation/Foundation.h' file not found
    1 | #import <Foundation/Foundation.h>
      |         ^~~~~~~~~~~~~~~~~~~~~~~~~
1 error generated.
error: CompileC /host/spi-builder-workspace/.build/out/Intermediates.noindex/SmartDeviceLink.build/Debug-webassembly-wasm32/SmartDeviceLink-t.build/Objects-normal/wasm32/SDLWiperStatus.o /host/spi-builder-workspace/SmartDeviceLink/public/SDLWiperStatus.m normal wasm32 objective-c com.apple.compilers.llvm.clang.1_0.compiler failed with a nonzero exit code. Command line:     cd /host

    Using response file: /host/spi-builder-workspace/.build/out/Intermediates.noindex/SmartDeviceLink.build/Debug-webassembly-wasm32/SmartDeviceLink-t.build/Objects-normal/wasm32/6f95552a3397ee1cec971b90cf334075d5f321c3a3b0689ad55c3d1e24702600-common-args.resp

    /usr/bin/clang -x objective-c -target wasm32-unknown-wasip1 -fmessage-length\=0 -fdiagnostics-show-note-include-stack -fmacro-backtrace-limit\=0 -fcolor-diagnostics -Wno-trigraphs -Wno-missing-field-initializers -Wno-missing-prototypes -Wno-return-type -Wno-implicit-atomic-properties -Wno-objc-interface-ivars -Wno-arc-repeated-use-of-weak -Wno-missing-braces -Wparentheses -Wswitch -Wno-unused-function -Wno-unused-label -Wno-unused-parameter -Wno-unused-variable -Wunused-value -Wno-empty-body -Wno-uninitialized -Wno-unknown-pragmas -Wno-shadow -Wno-four-char-constants -Wno-conversion -Wno-constant-conversion -Wno-int-conversion -Wno-bool-conversion -Wno-enum-conversion -Wno-float-conversion -Wno-non-literal-null-conversion -Wno-objc-literal-conversion -Wno-shorten-64-to-32 -Wpointer-sign -Wno-newline-eof -Wno-selector -Wno-strict-selector-match -Wno-undeclared-selector -Wno-deprecated-implementations -Wno-implicit-fallthrough -fstrict-aliasing -Wprotocol -Wdeprecated-declarations -Wno-sign-conversion -Wno-infinite-recursion -Wno-comma -Wno-block-capture-autoreleasing -Wno-strict-prototypes -Wno-semicolon-before-method-body --sysroot /root/.swiftpm/swift-sdks/swift-6.4.x-DEVELOPMENT-SNAPSHOT-2026-09-04-a_wasm.artifactbundle/swift-6.4.x-DEVELOPMENT-SNAPSHOT-2026-09-04-a_wasm/wasm32-unknown-wasip1/WASI.sdk @/host/spi-builder-workspace/.build/out/Intermediates.noindex/SmartDeviceLink.build/Debug-webassembly-wasm32/SmartDeviceLink-t.build/Objects-normal/wasm32/6f95552a3397ee1cec971b90cf334075d5f321c3a3b0689ad55c3d1e24702600-common-args.resp -include /host/spi-builder-workspace/.build/out/Intermediates.noindex/SmartDeviceLink.build/Debug-webassembly-wasm32/SmartDeviceLink-t.build/DerivedSources/resource_bundle_accessor.h -MMD -MT dependencies -MF /host/spi-builder-workspace/.build/out/Intermediates.noindex/SmartDeviceLink.build/Debug-webassembly-wasm32/SmartDeviceLink-t.build/Objects-normal/wasm32/SDLWiperStatus.d --serialize-diagnostics /host/spi-builder-workspace/.build/out/Intermediates.noindex/SmartDeviceLink.build/Debug-webassembly-wasm32/SmartDeviceLink-t.build/Objects-normal/wasm32/SDLWiperStatus.dia -c /host/spi-builder-workspace/SmartDeviceLink/public/SDLWiperStatus.m -o /host/spi-builder-workspace/.build/out/Intermediates.noindex/SmartDeviceLink.build/Debug-webassembly-wasm32/SmartDeviceLink-t.build/Objects-normal/wasm32/SDLWiperStatus.o
error: Build failed
BUILD FAILURE 6.4 wasm