The Swift Package Index logo.Swift Package Index

Build Information

Failed to build GoogleCloudEssentialContactsV1, reference main (961379), with Swift 6.2 for Android on 10 Oct 2026 20:44:50 UTC.

Build Command

bash -c docker run --pull=always --rm -v "checkouts-54344843-0":/host -w "$PWD" -e JAVA_HOME="/root/.sdkman/candidates/java/current" -e SPI_BUILD="1" -e SPI_PROCESSING="1" registry.gitlab.com/saguaro1/spi-images:android-6.2-latest swift build --swift-sdk aarch64-unknown-linux-android28 2>&1

Build Log

========================================
RunAll
========================================
Builder version: 5.1.1
Interrupt handler set up.
========================================
Checkout
========================================
Clone URL: https://github.com/googleapis/swift-google-cloud-essentialcontacts-v1.git
Reference: main
Initialized empty Git repository in /host/spi-builder-workspace/.git/
hint: Using 'master' as the name for the initial branch. This default branch name
hint: is subject to change. To configure the initial branch name to use in all
hint: of your new repositories, which will suppress this warning, call:
hint:
hint: 	git config --global init.defaultBranch <name>
hint:
hint: Names commonly chosen instead of 'master' are 'main', 'trunk' and
hint: 'development'. The just-created branch can be renamed via this command:
hint:
hint: 	git branch -m <name>
From https://github.com/googleapis/swift-google-cloud-essentialcontacts-v1
 * branch            main       -> FETCH_HEAD
 * [new branch]      main       -> origin/main
HEAD is now at 9613790 chore: release circa 2026-10-07 (#1382)
Cloned https://github.com/googleapis/swift-google-cloud-essentialcontacts-v1.git
Revision (git rev-parse @):
96137904f0dcc692b67793f907d8f54078d473bf
SPI manifest file found: $PWD/.spi.yml
SUCCESS checkout https://github.com/googleapis/swift-google-cloud-essentialcontacts-v1.git at main
========================================
Build
========================================
Selected platform:         android
Swift version:             6.2
Building package at path:  $PWD
https://github.com/googleapis/swift-google-cloud-essentialcontacts-v1.git
Running build ...
bash -c docker run --pull=always --rm -v "checkouts-54344843-0":/host -w "$PWD" -e JAVA_HOME="/root/.sdkman/candidates/java/current" -e SPI_BUILD="1" -e SPI_PROCESSING="1" registry.gitlab.com/saguaro1/spi-images:android-6.2-latest swift build --swift-sdk aarch64-unknown-linux-android28 2>&1
android-6.2-latest: Pulling from saguaro1/spi-images
Digest: sha256:a839c9ce201f1dacc8eb056626ec7ab0a1c6d53d7b77c83feda395f4507c51be
Status: Image is up to date for registry.gitlab.com/saguaro1/spi-images:android-6.2-latest
Fetching https://github.com/googleapis/swift-google-auth
Fetching https://github.com/googleapis/swift-google-gax
Fetching https://github.com/googleapis/swift-google-wkt
Fetching https://github.com/apple/swift-log
[1/1023] Fetching swift-google-wkt
[482/2046] Fetching swift-google-wkt, swift-google-auth
[1035/3794] Fetching swift-google-wkt, swift-google-auth, swift-google-gax
[1836/12051] Fetching swift-google-wkt, swift-google-auth, swift-google-gax, swift-log
Fetched https://github.com/googleapis/swift-google-auth from cache (0.68s)
Fetched https://github.com/googleapis/swift-google-wkt from cache (0.68s)
Fetched https://github.com/apple/swift-log from cache (0.68s)
[1311/1748] Fetching swift-google-gax
Fetched https://github.com/googleapis/swift-google-gax from cache (0.74s)
Computing version for https://github.com/googleapis/swift-google-wkt
Computed https://github.com/googleapis/swift-google-wkt at 0.5.0 (0.90s)
Fetching https://github.com/swift-extras/swift-extras-base64
[1/954] Fetching swift-extras-base64
Fetched https://github.com/swift-extras/swift-extras-base64 from cache (0.40s)
Computing version for https://github.com/googleapis/swift-google-gax
Computed https://github.com/googleapis/swift-google-gax at 0.5.0 (0.59s)
Fetching https://github.com/swift-server/async-http-client.git
Fetching https://github.com/googleapis/swift-google-rpc
Fetching https://github.com/apple/swift-nio
[1/422] Fetching swift-google-rpc
[423/16886] Fetching swift-google-rpc, async-http-client
[16887/103260] Fetching swift-google-rpc, async-http-client, swift-nio
Fetched https://github.com/googleapis/swift-google-rpc from cache (4.07s)
Fetched https://github.com/swift-server/async-http-client.git from cache (4.07s)
Fetched https://github.com/apple/swift-nio from cache (4.11s)
Computing version for https://github.com/googleapis/swift-google-auth
Computed https://github.com/googleapis/swift-google-auth at 0.5.0 (4.27s)
Fetching https://github.com/apple/swift-system.git
Fetching https://github.com/vapor/jwt-kit.git
[1/7241] Fetching swift-system
[7242/17495] Fetching swift-system, jwt-kit
Fetched https://github.com/apple/swift-system.git from cache (1.45s)
Fetched https://github.com/vapor/jwt-kit.git from cache (1.45s)
Computing version for https://github.com/googleapis/swift-google-rpc
Computed https://github.com/googleapis/swift-google-rpc at 0.5.0 (1.62s)
Computing version for https://github.com/swift-extras/swift-extras-base64
Computed https://github.com/swift-extras/swift-extras-base64 at 1.2.0 (0.15s)
Computing version for https://github.com/swift-server/async-http-client.git
Computed https://github.com/swift-server/async-http-client.git at 1.36.2 (0.19s)
Fetching https://github.com/apple/swift-nio-ssl.git
Fetching https://github.com/apple/swift-atomics.git
Fetching https://github.com/apple/swift-nio-transport-services.git
Fetching https://github.com/apple/swift-nio-http2.git
Fetching https://github.com/apple/swift-service-context.git
Fetching https://github.com/apple/swift-configuration.git
[1/1500] Fetching swift-service-context
[1396/4367] Fetching swift-service-context, swift-nio-transport-services
[4368/21228] Fetching swift-service-context, swift-nio-transport-services, swift-nio-ssl
[5043/23117] Fetching swift-service-context, swift-nio-transport-services, swift-nio-ssl, swift-atomics
[5231/27045] Fetching swift-service-context, swift-nio-transport-services, swift-nio-ssl, swift-atomics, swift-configuration
[9515/39339] Fetching swift-service-context, swift-nio-transport-services, swift-nio-ssl, swift-atomics, swift-configuration, swift-nio-http2
Fetched https://github.com/apple/swift-service-context.git from cache (0.64s)
Fetched https://github.com/apple/swift-configuration.git from cache (0.64s)
Fetching https://github.com/apple/swift-nio-extras.git
Fetching https://github.com/apple/swift-distributed-tracing.git
[6901/33911] Fetching swift-nio-transport-services, swift-nio-ssl, swift-atomics, swift-nio-http2
[33912/40462] Fetching swift-nio-transport-services, swift-nio-ssl, swift-atomics, swift-nio-http2, swift-distributed-tracing
[35550/47165] Fetching swift-nio-transport-services, swift-nio-ssl, swift-atomics, swift-nio-http2, swift-distributed-tracing, swift-nio-extras
Fetched https://github.com/apple/swift-atomics.git from cache (1.11s)
[37622/45276] Fetching swift-nio-transport-services, swift-nio-ssl, swift-nio-http2, swift-distributed-tracing, swift-nio-extras
Fetched https://github.com/apple/swift-nio-transport-services.git from cache (1.11s)
[34956/42409] Fetching swift-nio-ssl, swift-nio-http2, swift-distributed-tracing, swift-nio-extras
Fetched https://github.com/apple/swift-nio-http2.git from cache (1.12s)
Fetching https://github.com/apple/swift-algorithms.git
[23062/30115] Fetching swift-nio-ssl, swift-distributed-tracing, swift-nio-extras
Fetched https://github.com/apple/swift-distributed-tracing.git from cache (0.62s)
Fetched https://github.com/apple/swift-nio-extras.git from cache (0.62s)
Fetched https://github.com/apple/swift-nio-ssl.git from cache (1.50s)
[1/6164] Fetching swift-algorithms
Fetched https://github.com/apple/swift-algorithms.git from cache (0.80s)
Computing version for https://github.com/apple/swift-service-context.git
Computed https://github.com/apple/swift-service-context.git at 1.3.0 (2.07s)
Computing version for https://github.com/apple/swift-algorithms.git
Computed https://github.com/apple/swift-algorithms.git at 1.2.1 (0.89s)
Fetching https://github.com/apple/swift-numerics.git
[1/6728] Fetching swift-numerics
Fetched https://github.com/apple/swift-numerics.git from cache (0.57s)
Computing version for https://github.com/apple/swift-log
Computed https://github.com/apple/swift-log at 1.16.1 (0.73s)
Computing version for https://github.com/apple/swift-distributed-tracing.git
Computed https://github.com/apple/swift-distributed-tracing.git at 1.5.0 (0.16s)
Computing version for https://github.com/apple/swift-atomics.git
Computed https://github.com/apple/swift-atomics.git at 1.3.1 (0.15s)
Computing version for https://github.com/apple/swift-numerics.git
Computed https://github.com/apple/swift-numerics.git at 1.1.1 (0.15s)
Computing version for https://github.com/apple/swift-nio
Computed https://github.com/apple/swift-nio at 2.104.0 (0.36s)
Fetching https://github.com/apple/swift-collections.git
[1/28703] Fetching swift-collections
Fetched https://github.com/apple/swift-collections.git from cache (1.38s)
Computing version for https://github.com/apple/swift-configuration.git
Computed https://github.com/apple/swift-configuration.git at 1.2.2 (2.19s)
Fetching https://github.com/swift-server/swift-service-lifecycle
[1/2867] Fetching swift-service-lifecycle
Fetched https://github.com/swift-server/swift-service-lifecycle from cache (0.47s)
Computing version for https://github.com/apple/swift-nio-transport-services.git
Computed https://github.com/apple/swift-nio-transport-services.git at 1.28.0 (0.64s)
Computing version for https://github.com/swift-server/swift-service-lifecycle
Computed https://github.com/swift-server/swift-service-lifecycle at 2.12.1 (0.15s)
Fetching https://github.com/apple/swift-async-algorithms.git
[1/6820] Fetching swift-async-algorithms
Fetched https://github.com/apple/swift-async-algorithms.git from cache (0.59s)
Computing version for https://github.com/apple/swift-async-algorithms.git
Computed https://github.com/apple/swift-async-algorithms.git at 1.1.7 (0.81s)
Computing version for https://github.com/apple/swift-collections.git
Computed https://github.com/apple/swift-collections.git at 1.7.2 (0.25s)
Computing version for https://github.com/apple/swift-nio-http2.git
Computed https://github.com/apple/swift-nio-http2.git at 1.46.0 (0.17s)
Computing version for https://github.com/vapor/jwt-kit.git
Computed https://github.com/vapor/jwt-kit.git at 5.7.1 (0.16s)
Fetching https://github.com/apple/swift-crypto.git
Fetching https://github.com/apple/swift-certificates.git
[1/18629] Fetching swift-crypto
[188/26238] Fetching swift-crypto, swift-certificates
Fetched https://github.com/apple/swift-certificates.git from cache (1.78s)
Fetched https://github.com/apple/swift-crypto.git from cache (1.80s)
Computing version for https://github.com/apple/swift-crypto.git
Computed https://github.com/apple/swift-crypto.git at 4.5.2 (2.42s)
Fetching https://github.com/apple/swift-asn1.git
[1/2009] Fetching swift-asn1
Fetched https://github.com/apple/swift-asn1.git from cache (0.43s)
Computing version for https://github.com/apple/swift-asn1.git
Computed https://github.com/apple/swift-asn1.git at 1.7.3 (0.62s)
Computing version for https://github.com/apple/swift-certificates.git
Computed https://github.com/apple/swift-certificates.git at 1.21.0 (0.22s)
Computing version for https://github.com/apple/swift-nio-ssl.git
Computed https://github.com/apple/swift-nio-ssl.git at 2.37.5 (0.20s)
Computing version for https://github.com/apple/swift-system.git
Computed https://github.com/apple/swift-system.git at 1.8.1 (0.19s)
Computing version for https://github.com/apple/swift-nio-extras.git
Computed https://github.com/apple/swift-nio-extras.git at 1.35.1 (0.28s)
Fetching https://github.com/apple/swift-http-types.git
Fetching https://github.com/apple/swift-http-structured-headers.git
[1/1939] Fetching swift-http-types
[389/3192] Fetching swift-http-types, swift-http-structured-headers
Fetched https://github.com/apple/swift-http-structured-headers.git from cache (0.68s)
Fetched https://github.com/apple/swift-http-types.git from cache (0.68s)
Computing version for https://github.com/apple/swift-http-structured-headers.git
Computed https://github.com/apple/swift-http-structured-headers.git at 1.7.0 (0.84s)
Computing version for https://github.com/apple/swift-http-types.git
Computed https://github.com/apple/swift-http-types.git at 1.8.0 (0.18s)
Creating working copy for https://github.com/apple/swift-system.git
Working copy of https://github.com/apple/swift-system.git resolved at 1.8.1
Creating working copy for https://github.com/apple/swift-collections.git
Working copy of https://github.com/apple/swift-collections.git resolved at 1.7.2
Creating working copy for https://github.com/apple/swift-nio-extras.git
Working copy of https://github.com/apple/swift-nio-extras.git resolved at 1.35.1
Creating working copy for https://github.com/vapor/jwt-kit.git
Working copy of https://github.com/vapor/jwt-kit.git resolved at 5.7.1
Creating working copy for https://github.com/apple/swift-numerics.git
Working copy of https://github.com/apple/swift-numerics.git resolved at 1.1.1
Creating working copy for https://github.com/apple/swift-algorithms.git
Working copy of https://github.com/apple/swift-algorithms.git resolved at 1.2.1
Creating working copy for https://github.com/swift-server/async-http-client.git
Working copy of https://github.com/swift-server/async-http-client.git resolved at 1.36.2
Creating working copy for https://github.com/apple/swift-asn1.git
Working copy of https://github.com/apple/swift-asn1.git resolved at 1.7.3
Creating working copy for https://github.com/apple/swift-atomics.git
Working copy of https://github.com/apple/swift-atomics.git resolved at 1.3.1
Creating working copy for https://github.com/apple/swift-service-context.git
Working copy of https://github.com/apple/swift-service-context.git resolved at 1.3.0
Creating working copy for https://github.com/apple/swift-http-types.git
Working copy of https://github.com/apple/swift-http-types.git resolved at 1.8.0
Creating working copy for https://github.com/apple/swift-configuration.git
Working copy of https://github.com/apple/swift-configuration.git resolved at 1.2.2
Creating working copy for https://github.com/googleapis/swift-google-rpc
Working copy of https://github.com/googleapis/swift-google-rpc resolved at 0.5.0
Creating working copy for https://github.com/googleapis/swift-google-wkt
Working copy of https://github.com/googleapis/swift-google-wkt resolved at 0.5.0
Creating working copy for https://github.com/googleapis/swift-google-gax
Working copy of https://github.com/googleapis/swift-google-gax resolved at 0.5.0
Creating working copy for https://github.com/apple/swift-nio-http2.git
Working copy of https://github.com/apple/swift-nio-http2.git resolved at 1.46.0
Creating working copy for https://github.com/apple/swift-crypto.git
Working copy of https://github.com/apple/swift-crypto.git resolved at 4.5.2
Creating working copy for https://github.com/googleapis/swift-google-auth
Working copy of https://github.com/googleapis/swift-google-auth resolved at 0.5.0
Creating working copy for https://github.com/apple/swift-distributed-tracing.git
Working copy of https://github.com/apple/swift-distributed-tracing.git resolved at 1.5.0
Creating working copy for https://github.com/apple/swift-nio-ssl.git
Working copy of https://github.com/apple/swift-nio-ssl.git resolved at 2.37.5
Creating working copy for https://github.com/apple/swift-log
Working copy of https://github.com/apple/swift-log resolved at 1.16.1
Creating working copy for https://github.com/apple/swift-nio-transport-services.git
Working copy of https://github.com/apple/swift-nio-transport-services.git resolved at 1.28.0
Creating working copy for https://github.com/apple/swift-nio
Working copy of https://github.com/apple/swift-nio resolved at 2.104.0
Creating working copy for https://github.com/swift-extras/swift-extras-base64
Working copy of https://github.com/swift-extras/swift-extras-base64 resolved at 1.2.0
Creating working copy for https://github.com/apple/swift-certificates.git
Working copy of https://github.com/apple/swift-certificates.git resolved at 1.21.0
Creating working copy for https://github.com/apple/swift-async-algorithms.git
Working copy of https://github.com/apple/swift-async-algorithms.git resolved at 1.1.7
Creating working copy for https://github.com/swift-server/swift-service-lifecycle
Working copy of https://github.com/swift-server/swift-service-lifecycle resolved at 2.12.1
Creating working copy for https://github.com/apple/swift-http-structured-headers.git
Working copy of https://github.com/apple/swift-http-structured-headers.git resolved at 1.7.0
Building for debugging...
[0/918] Compiling ghash-ssse3-x86-apple.S
[1/918] Compiling CAsyncHTTPClient CAsyncHTTPClient.c
[2/918] Compiling _NumericsShims _NumericsShims.c
[2/918] Write sources
[7/918] Compiling _AtomicsShims.c
[7/918] Write sources
[52/918] Write swift-version--11D90AFD9DD3AB2.txt
[53/918] Compiling SimpleFIPS202.c
[54/918] Compiling CXKCPShims shims.c
[55/924] Compiling aes.cc
[56/924] Compiling cpu_aarch64_apple.cc
[57/943] Compiling a_bool.cc
[59/943] Emitting module _CertificateInternals
[59/946] Compiling convert.cc
[60/946] Compiling a_mbstr.cc
[61/946] Compiling a_bitstr.cc
[63/996] Emitting module RealModule
[64/997] Compiling InternalCollectionsUtilities BorrowingIteratorProtocol+Equality.swift
[65/997] Compiling InternalCollectionsUtilities BorrowingIteratorProtocol+Extras.swift
[66/997] Emitting module InternalCollectionsUtilities
[67/997] Compiling InternalCollectionsUtilities _UnsafeBitSet+_Word.swift
[68/997] Compiling InternalCollectionsUtilities _UnsafeBitSet.swift
[69/997] Compiling InternalCollectionsUtilities UnsafeBufferPointer+Extras.swift
[70/997] Compiling InternalCollectionsUtilities UnsafeMutableBufferPointer+Extras.swift
[71/997] Compiling InternalCollectionsUtilities UnsafeMutablePointer+Extras.swift
[72/997] Compiling InternalCollectionsUtilities UnsafeMutableRawBufferPointer+Extras.swift
[73/997] Compiling InternalCollectionsUtilities UnsafePointer+Extras.swift
[74/1000] Emitting module _NIOBase64
[77/1000] Compiling InternalCollectionsUtilities Debugging.swift
[78/1000] Compiling InternalCollectionsUtilities Descriptions.swift
[79/1000] Compiling _NIOBase64 Base64.swift
[80/1000] Compiling InternalCollectionsUtilities Strideable+LimitHelpers.swift
[81/1000] Compiling InternalCollectionsUtilities String+Padding.swift
[82/1000] Compiling InternalCollectionsUtilities TemporaryAllocation.swift
[83/1000] Compiling InternalCollectionsUtilities _UnsafeBitSet+Index.swift
[84/1001] Compiling RealModule RelaxedArithmetic.swift
[85/1001] Compiling InternalCollectionsUtilities UnsafeRawBufferPointer+Extras.swift
[86/1001] Compiling InternalCollectionsUtilities _SortedCollection.swift
[87/1001] Compiling InternalCollectionsUtilities _UniqueCollection.swift
[88/1001] Compiling _CertificateInternals _TinyArray.swift
[89/1001] Compiling Logging LoggingSystem.swift
[90/1003] Compiling InternalCollectionsUtilities MutableSpan+Extras.swift
[91/1003] Compiling InternalCollectionsUtilities OutputSpan+Extras.swift
[92/1003] Compiling InternalCollectionsUtilities RandomAccessCollection+Offsets.swift
[93/1003] Compiling InternalCollectionsUtilities Span+Extras.swift
[95/1003] Compiling RealModule Real.swift
[97/1003] Compiling RealModule RealFunctions.swift
[98/1003] Compiling ServiceContextModule ServiceContextKey.swift
[99/1003] Compiling RealModule Float80+Real.swift
[100/1003] Compiling RealModule Float16+Real.swift
[101/1003] Compiling InternalCollectionsUtilities Iterable+CopyContents.swift
[102/1003] Compiling InternalCollectionsUtilities Iterable+Equality.swift
[103/1003] Compiling InternalCollectionsUtilities LifetimeOverride.swift
[104/1003] Compiling InternalCollectionsUtilities MutableRef.swift
[105/1003] Compiling InternalCollectionsUtilities FixedWidthInteger+roundUpToPowerOfTwo.swift
[106/1003] Compiling InternalCollectionsUtilities Integer rank.swift
[107/1003] Compiling InternalCollectionsUtilities UInt+first and last set bit.swift
[108/1003] Compiling InternalCollectionsUtilities UInt+reversed.swift
[113/1005] Compiling Logging Logger+With.swift
[114/1010] Compiling _NIODataStructures PriorityQueue.swift
[115/1010] Compiling _NIODataStructures _TinyArray.swift
[116/1010] Emitting module _NIODataStructures
[117/1010] Compiling _NIODataStructures Heap.swift
[117/1010] Wrapping AST for _NIOBase64 for debugging
[121/1011] Emitting module ServiceContextModule
[122/1011] Compiling ServiceContextModule ServiceContext.swift
[122/1012] Wrapping AST for _CertificateInternals for debugging
[125/1012] Wrapping AST for RealModule for debugging
[126/1016] Compiling KeccakSponge.c
[130/1016] Compiling Logging Logger+Attributes.swift
[130/1022] Wrapping AST for _NIODataStructures for debugging
[131/1022] Wrapping AST for ServiceContextModule for debugging
[133/1022] Compiling SpanPreview OutputSpan+InputSpanHelpers.swift
[133/1022] Wrapping AST for InternalCollectionsUtilities for debugging
[135/1022] Emitting module SpanPreview
[136/1022] Compiling SpanPreview MutableSpan+InputSpanHelpers.swift
[137/1022] Compiling SpanPreview InputSpan.swift
[138/1023] Compiling Logging Logger.swift
[138/1023] Compiling KeccakHash.c
[140/1023] Compiling CSystem shims.c
[141/1023] Compiling CNIOWindows shim.c
[142/1023] Compiling CNIOWindows WSAStartup.c
[143/1023] Wrapping AST for SpanPreview for debugging
[145/1023] Emitting module Instrumentation
[146/1023] Compiling ExtrasBase64 Base64+Span.swift
[147/1024] Compiling Instrumentation NoOpInstrument.swift
[148/1045] Compiling Instrumentation MultiplexInstrument.swift
[148/1064] Compiling CNIOWASI CNIOWASI.c
[149/1102] Compiling CNIOPosix event_loop_id.c
[150/1102] Compiling CNIOOpenBSD shim.c
[151/1102] Compiling CNIOLinux shim.c
[152/1102] Compiling CNIOLinux liburing_shims.c
[153/1102] Compiling KeccakP-1600-opt64.c
[155/1102] Compiling DequeModule Deque+Extras.swift
[156/1102] Compiling DequeModule Deque+Hashable.swift
[156/1104] Compiling CNIOLLHTTP c_nio_http.c
[157/1104] Compiling CNIOLLHTTP c_nio_api.c
[158/1104] Compiling CNIOFreeBSD shim.c
[160/1104] Compiling DequeModule Deque+Collection.swift
[161/1104] Compiling DequeModule Deque+CustomReflectable.swift
[161/1104] Compiling CNIOExtrasZlib zutil.c
[162/1104] Compiling CNIOExtrasZlib trees.c
[163/1104] Compiling CNIOLLHTTP c_nio_llhttp.c
[164/1104] Compiling CNIOExtrasZlib inftrees.c
[166/1104] Compiling DequeModule RigidDeque+Descriptions.swift
[167/1104] Compiling DequeModule RigidDeque+Equatable.swift
[168/1104] Compiling DequeModule RigidDeque+Hashable.swift
[169/1104] Compiling DequeModule RigidDeque+Initializers.swift
[170/1104] Compiling DequeModule RigidDeque+Insertions.swift
[171/1104] Compiling DequeModule RigidDeque+Iterable.swift
[172/1104] Compiling DequeModule RigidDeque+Prepend.swift
[173/1104] Compiling DequeModule RigidDeque+Removals.swift
[174/1104] Compiling DequeModule RigidDeque+Replacements.swift
[175/1104] Compiling DequeModule RigidDeque+Testing.swift
[176/1104] Compiling DequeModule RigidDeque.swift
[177/1104] Compiling DequeModule UniqueDeque+Append.swift
[177/1104] Compiling CNIOExtrasZlib inffast.c
[178/1109] Compiling CNIOExtrasZlib inflate.c
[179/1109] Compiling CNIOExtrasZlib crc32.c
[180/1109] Compiling CNIOExtrasZlib adler32.c
[182/1109] Compiling DequeModule _DequeBuffer.swift
[183/1109] Compiling DequeModule _DequeBufferHeader.swift
[184/1109] Compiling DequeModule RigidDeque+Append.swift
[185/1109] Compiling DequeModule RigidDeque+Consumption.swift
[186/1109] Compiling SwiftASN1 DER.swift
[187/1109] Compiling SwiftASN1 Errors.swift
[187/1109] Compiling CNIODarwin shim.c
[188/1109] Compiling CNIOExtrasZlib deflate.c
[189/1109] Compiling fiat_p256_adx_sqr.S
[191/1109] Compiling DequeModule UniqueDeque+Initializers.swift
[192/1109] Compiling DequeModule UniqueDeque+Insertions.swift
[193/1109] Compiling DequeModule UniqueDeque+Iterable.swift
[194/1109] Compiling DequeModule UniqueDeque+Prepend.swift
[195/1109] Compiling DequeModule UniqueDeque+Removals.swift
[196/1109] Compiling DequeModule UniqueDeque+Consumption.swift
[197/1109] Compiling DequeModule UniqueDeque+ContainerOperations.swift
[198/1109] Compiling DequeModule UniqueDeque+Deprecations.swift
[199/1109] Compiling DequeModule UniqueDeque+Descriptions.swift
[200/1109] Compiling DequeModule UniqueDeque+Equatable.swift
[201/1109] Compiling DequeModule UniqueDeque+Hashable.swift
[201/1109] Compiling CNIOBoringSSLShims shims.c
[202/1109] Compiling fiat_p256_adx_mul.S
[203/1109] Compiling fiat_curve25519_adx_square.S
[204/1109] Compiling fiat_curve25519_adx_mul.S
[206/1109] Compiling DequeModule Deque+Testing.swift
[207/1109] Compiling DequeModule Deque._Storage.swift
[208/1109] Emitting module Logging
[213/1109] Compiling DequeModule Deque._UnsafeHandle.swift
[214/1109] Compiling DequeModule Deque.swift
[220/1109] Compiling ExtrasBase64 Base32+Span.swift
[221/1109] Compiling ExtrasBase64 Base32.swift
[222/1109] Compiling Logging MetadataProvider.swift
[225/1114] Compiling DequeModule Deque+Descriptions.swift
[226/1114] Compiling DequeModule Deque+Equatable.swift
[227/1114] Compiling DequeModule Deque+ExpressibleByArrayLiteral.swift
[230/1114] Compiling DequeModule Deque+Codable.swift
[245/1115] Compiling Instrumentation Locks.swift
[246/1115] Compiling Instrumentation InstrumentationSystem.swift
[247/1115] Compiling Instrumentation Instrument.swift
[266/1124] Compiling Tracing InstrumentationSystem+Tracing.swift
[267/1125] Compiling Tracing NoOpTracer.swift
[268/1125] Emitting module SystemPackage
[269/1125] Emitting module Tracing
[272/1125] Compiling Tracing TracingTime.swift
[273/1125] Compiling Tracing TracerProtocol.swift
[276/1125] Compiling Tracing WithTracer.swift
[277/1125] Emitting module SwiftASN1
[279/1126] Compiling Tracing Tracer.swift
[280/1126] Compiling Tracing TracerProtocol+Legacy.swift
[281/1126] Wrapping AST for Logging for debugging
[292/1126] Wrapping AST for SwiftASN1 for debugging
[293/1126] Wrapping AST for Instrumentation for debugging
[295/1126] Compiling Tracing SpanProtocol.swift
[296/1127] Compiling tls_record.cc
[297/1127] Wrapping AST for Tracing for debugging
[299/1127] Compiling SystemPackage SystemString.swift
[300/1127] Compiling SystemPackage Util+StringArray.swift
[301/1127] Compiling SystemPackage Util.swift
[302/1127] Compiling SystemPackage UtilConsumers.swift
[303/1127] Compiling SystemPackage WinSDK+Overlay.swift
[304/1128] Compiling tls_method.cc
[305/1128] Wrapping AST for SystemPackage for debugging
[306/1128] Compiling tls13_server.cc
[307/1128] Compiling tls13_both.cc
[309/1128] Compiling DequeModule UniqueDeque+Replacements.swift
[310/1128] Compiling DequeModule UniqueDeque.swift
[311/1128] Compiling DequeModule _DequeSlot.swift
[312/1128] Compiling DequeModule _UnsafeDequeHandle.swift
[313/1128] Compiling DequeModule _UnsafeDequeSegments.swift
[313/1128] Compiling tls13_client.cc
[315/1128] Emitting module DequeModule
[316/1129] Compiling t1_enc.cc
[317/1172] Compiling tls13_enc.cc
[318/1172] Wrapping AST for DequeModule for debugging
[319/1172] Compiling ssl_stat.cc
[320/1172] Compiling ssl_versions.cc
[321/1172] Compiling ssl_transcript.cc
[322/1172] Compiling ssl_x509.cc
[323/1172] Compiling ssl_lib.cc
[324/1172] Compiling ssl_privkey.cc
[325/1172] Compiling ssl_key_share.cc
[326/1172] Compiling ssl_file.cc
[328/1172] Emitting module ExtrasBase64
[329/1172] Compiling Configuration SeparatorKeyEncoder.swift
[330/1172] Compiling Configuration MultiProvider.swift
[331/1172] Compiling Configuration CLIArgumentParser.swift
[332/1172] Compiling Configuration CLISnapshot.swift
[333/1172] Compiling Configuration CommandLineArgumentsProvider.swift
[334/1172] Compiling Configuration EnvironmentFileParser.swift
[335/1172] Compiling Configuration Deprecations.swift
[336/1172] Compiling Configuration ExpressibleByConfigInt.swift
[337/1172] Compiling Configuration ExpressibleByConfigString.swift
[338/1172] Compiling Configuration CLIKeyEncoder.swift
[339/1172] Compiling Configuration ConfigKeyEncoder.swift
[340/1172] Compiling Configuration DotSeparatorKeyDecoder.swift
[340/1177] Compiling ssl_session.cc
[341/1177] Compiling ssl_cipher.cc
[343/1177] Compiling Configuration JSONSnapshot.swift
[344/1177] Compiling Configuration PropertyListSnapshot.swift
[345/1177] Compiling Configuration ReloadingFileProvider.swift
[346/1177] Compiling Configuration ReloadingFileProviderMetrics.swift
[347/1177] Compiling Configuration YAMLSnapshot.swift
[348/1177] Compiling Configuration InMemoryProvider.swift
[349/1177] Compiling Configuration MutableInMemoryProvider.swift
[350/1177] Compiling Configuration ConfigProvider+Operators.swift
[351/1177] Compiling Configuration KeyMappingProvider.swift
[352/1177] Compiling Configuration SecretsSpecifier.swift
[353/1177] Compiling Configuration AsyncCombineLatestManySequence.swift
[354/1177] Compiling Configuration CombineLatestManyStateMachine.swift
[355/1177] Compiling Configuration EnvironmentKeyEncoder.swift
[356/1177] Compiling Configuration EnvironmentVariablesProvider.swift
[357/1177] Compiling Configuration CommonProviderFileSystem.swift
[358/1177] Compiling Configuration DirectoryFilesProvider.swift
[359/1177] Compiling Configuration FileProvider.swift
[360/1177] Compiling Configuration FileProviderSnapshot.swift
[360/1177] Compiling ssl_credential.cc
[362/1177] Compiling Configuration CombineLatestManyStorage.swift
[363/1177] Compiling Configuration AsyncSequences.swift
[364/1177] Compiling Configuration FoundationExtensions.swift
[365/1177] Compiling Configuration Span.swift
[366/1177] Compiling Configuration ConfigBytesFromStringDecoder.swift
[367/1177] Compiling ExtrasBase64 Base64.swift
[367/1178] Compiling s3_pkt.cc
[369/1178] Compiling ssl_buffer.cc
[370/1209] Compiling ssl_cert.cc
[371/1209] Compiling s3_lib.cc
[372/1209] Wrapping AST for ExtrasBase64 for debugging
[373/1209] Compiling ssl_aead_ctx.cc
[374/1209] Compiling ssl_asn1.cc
[375/1209] Compiling s3_both.cc
[377/1209] Compiling GoogleWKT WKTFloatValue.swift
[378/1209] Compiling GoogleWKT WKTInt32Value.swift
[379/1209] Compiling GoogleWKT WKTInt64Value.swift
[380/1209] Compiling GoogleWKT WKTRecursive.swift
[381/1213] Compiling GoogleWKT WKTDoubleValue.swift
[382/1213] Compiling GoogleWKT WKTDuration.swift
[383/1213] Compiling GoogleWKT WKTEmpty.swift
[384/1213] Compiling GoogleWKT WKTFieldMask.swift
[384/1213] Compiling encrypted_client_hello.cc
[386/1213] Compiling GoogleWKT WKTSourceContext.swift
[387/1213] Compiling GoogleWKT WKTSyntax.swift
[388/1213] Compiling GoogleWKT WKTType.swift
[389/1213] Compiling GoogleWKT PackageVersion.swift
[390/1213] Compiling GoogleWKT WKTValue.swift
[391/1213] Compiling GoogleWKT WKTApi.swift
[392/1213] Compiling GoogleWKT WKTEnum.swift
[393/1213] Compiling GoogleWKT WKTEnumValue.swift
[394/1213] Compiling GoogleWKT WKTField.swift
[395/1213] Compiling GoogleWKT WKTMethod.swift
[396/1213] Compiling GoogleWKT WKTMixin.swift
[397/1213] Compiling GoogleWKT WKTOption.swift
[398/1213] Compiling GoogleWKT WKTStringValue.swift
[399/1213] Compiling GoogleWKT WKTTimestamp.swift
[400/1213] Compiling GoogleWKT WKTUInt32Value.swift
[401/1213] Compiling GoogleWKT WKTUInt64Value.swift
[401/1213] Compiling handshake.cc
[402/1213] Compiling handshake_client.cc
[403/1213] Compiling extensions.cc
[404/1213] Compiling handshake_server.cc
[405/1213] Compiling handoff.cc
[407/1213] Emitting module Configuration
[416/1213] Compiling GoogleWKT UnknownFields.swift
[417/1213] Compiling GoogleWKT WKTAny.swift
[418/1213] Compiling GoogleWKT WKTAnyError.swift
[419/1213] Compiling GoogleWKT WKTBoolValue.swift
[420/1214] Compiling d1_srtp.cc
[421/1214] Compiling d1_pkt.cc
[422/1214] Wrapping AST for Configuration for debugging
[423/1214] Compiling md5-x86_64-apple.S
[424/1214] Compiling md5-x86_64-linux.S
[426/1214] Emitting module GoogleWKT
[431/1214] Compiling GoogleWKT WKTBytesValue.swift
[432/1214] Compiling GoogleWKT AnyPackable.swift
[433/1214] Compiling GoogleWKT DecodeToDefault.swift
[434/1214] Compiling GoogleWKT DiscoveryBase64.swift
[435/1214] Compiling GoogleWKT ProtoJSONDecoder.swift
[436/1214] Compiling GoogleWKT ProtoJSONEncoder.swift
[436/1214] Compiling md5-586-linux.S
[437/1214] Compiling dtls_record.cc
[438/1215] Compiling dtls_method.cc
[439/1215] Compiling md5-586-apple.S
[441/1215] Compiling chacha20_poly1305_x86_64-linux.S
[442/1215] Compiling chacha20_poly1305_x86_64-apple.S
[443/1215] Compiling chacha20_poly1305_armv8-win.S
[444/1215] Wrapping AST for GoogleWKT for debugging
[445/1215] Compiling chacha20_poly1305_armv8-apple.S
[446/1215] Compiling chacha-x86_64-linux.S
[447/1215] Compiling chacha20_poly1305_armv8-linux.S
[448/1230] Compiling chacha-x86_64-apple.S
[449/1230] Compiling chacha-x86-linux.S
[450/1230] Compiling chacha-x86-apple.S
[451/1230] Compiling chacha-armv8-apple.S
[452/1230] Compiling chacha-armv8-win.S
[453/1230] Compiling chacha-armv8-linux.S
[454/1230] Compiling chacha-armv4-linux.S
[455/1230] Compiling aes128gcmsiv-x86_64-linux.S
[456/1230] Compiling aes128gcmsiv-x86_64-apple.S
[457/1230] Compiling x86_64-mont5-linux.S
[458/1230] Compiling x86_64-mont5-apple.S
[459/1230] Compiling x86_64-mont-linux.S
[460/1230] Compiling x86_64-mont-apple.S
[461/1230] Compiling x86-mont-linux.S
[462/1230] Compiling vpaes-x86_64-linux.S
[463/1230] Compiling vpaes-x86_64-apple.S
[464/1230] Compiling x86-mont-apple.S
[465/1230] Compiling vpaes-x86-linux.S
[466/1230] Compiling vpaes-armv8-win.S
[467/1230] Compiling vpaes-armv8-linux.S
[468/1230] Compiling vpaes-x86-apple.S
[469/1230] Compiling vpaes-armv8-apple.S
[470/1230] Compiling vpaes-armv7-linux.S
[471/1230] Compiling sha512-x86_64-linux.S
[472/1230] Compiling sha512-x86_64-apple.S
[474/1230] Compiling GoogleRpc HttpRequest.swift
[475/1230] Compiling GoogleRpc HttpResponse.swift
[475/1230] Compiling sha512-armv8-win.S
[476/1232] Compiling sha512-armv8-apple.S
[477/1232] Compiling d1_lib.cc
[478/1232] Compiling sha512-armv8-linux.S
[479/1232] Compiling sha512-armv4-linux.S
[480/1232] Compiling sha256-x86_64-linux.S
[481/1232] Compiling err_data.cc
[482/1232] Compiling sha512-586-apple.S
[483/1232] Compiling sha512-586-linux.S
[484/1232] Compiling sha256-x86_64-apple.S
[485/1232] Compiling bio_ssl.cc
[486/1232] Compiling sha256-armv8-apple.S
[487/1232] Compiling sha256-armv8-linux.S
[488/1232] Compiling sha256-armv8-win.S
[489/1232] Compiling sha256-armv4-linux.S
[490/1232] Compiling sha256-586-linux.S
[491/1232] Compiling sha256-586-apple.S
[492/1232] Compiling sha1-armv8-linux.S
[494/1232] Compiling GoogleRpc RequestInfo.swift
[495/1232] Compiling GoogleRpc ResourceInfo.swift
[495/1232] Compiling sha1-x86_64-linux.S
[496/1232] Compiling sha1-x86_64-apple.S
[497/1232] Compiling sha1-armv8-win.S
[498/1232] Compiling sha1-armv8-apple.S
[499/1232] Compiling sha1-armv4-large-linux.S
[501/1232] Compiling GoogleRpc Help.swift
[502/1232] Compiling GoogleRpc HttpHeader.swift
[503/1232] Compiling GoogleRpc DebugInfo.swift
[504/1232] Compiling GoogleRpc ErrorInfo.swift
[504/1232] Compiling sha1-586-linux.S
[505/1232] Compiling sha1-586-apple.S
[506/1232] Compiling rsaz-avx2-apple.S
[507/1232] Compiling rdrand-x86_64-linux.S
[508/1232] Compiling rsaz-avx2-linux.S
[509/1232] Compiling rdrand-x86_64-apple.S
[510/1232] Compiling p256_beeu-armv8-asm-win.S
[511/1232] Compiling p256_beeu-x86_64-asm-linux.S
[512/1232] Compiling p256_beeu-x86_64-asm-apple.S
[513/1232] Compiling p256_beeu-armv8-asm-apple.S
[514/1232] Compiling p256_beeu-armv8-asm-linux.S
[515/1232] Compiling d1_both.cc
[516/1232] Compiling p256-armv8-asm-apple.S
[518/1232] Emitting module GoogleRpc
[518/1232] Compiling p256-armv8-asm-win.S
[520/1232] Compiling GoogleRpc BadRequest.swift
[521/1232] Compiling GoogleRpc Code.swift
[521/1232] Compiling p256-x86_64-asm-linux.S
[523/1232] Compiling GoogleRpc LocalizedMessage.swift
[524/1232] Compiling GoogleRpc PackageVersion.swift
[525/1232] Compiling GoogleRpc PreconditionFailure.swift
[526/1232] Compiling GoogleRpc QuotaFailure.swift
[526/1232] Compiling ghashv8-armv8-win.S
[527/1232] Compiling p256-x86_64-asm-apple.S
[528/1232] Compiling p256-armv8-asm-linux.S
[529/1232] Compiling ghashv8-armv7-linux.S
[530/1232] Compiling ghashv8-armv8-linux.S
[531/1232] Compiling ghashv8-armv8-apple.S
[532/1232] Compiling ghash-x86_64-apple.S
[533/1232] Compiling ghash-x86_64-linux.S
[534/1232] Compiling ghash-x86-linux.S
[535/1232] Compiling ghash-x86-apple.S
[536/1232] Compiling ghash-ssse3-x86_64-linux.S
[537/1232] Compiling ghash-ssse3-x86-linux.S
[538/1232] Compiling ghash-ssse3-x86_64-apple.S
[539/1232] Compiling ghash-armv4-linux.S
[540/1232] Compiling ghash-ssse3-x86-apple.S
[541/1232] Compiling ghash-neon-armv8-win.S
[542/1232] Compiling ghash-neon-armv8-apple.S
[544/1232] Compiling GoogleRpc RetryInfo.swift
[545/1232] Compiling GoogleRpc Status.swift
[545/1232] Compiling ghash-neon-armv8-linux.S
[546/1232] Compiling co-586-linux.S
[547/1233] Compiling co-586-apple.S
[548/1233] Compiling bsaes-armv7-linux.S
[549/1233] Compiling bn-armv8-linux.S
[550/1233] Compiling bn-armv8-apple.S
[552/1233] Compiling bn-armv8-win.S
[553/1233] Compiling bn-586-linux.S
[554/1233] Compiling armv8-mont-win.S
[555/1233] Compiling bn-586-apple.S
[556/1233] Compiling armv4-mont-linux.S
[557/1233] Compiling armv8-mont-apple.S
[558/1233] Compiling armv8-mont-linux.S
[559/1233] Compiling aesv8-gcm-armv8-win.S
[560/1233] Compiling aesv8-gcm-armv8-apple.S
[561/1233] Compiling aesv8-armv8-linux.S
[562/1233] Compiling aesv8-armv8-apple.S
[563/1233] Compiling aesv8-armv8-win.S
[564/1233] Compiling aesv8-gcm-armv8-linux.S
[564/1233] Compiling aesv8-armv7-linux.S
[566/1233] Compiling aesni-x86_64-linux.S
[567/1233] Compiling aesni-x86_64-apple.S
[568/1233] Compiling aesni-x86-linux.S
[569/1233] Compiling aesni-gcm-x86_64-linux.S
[570/1233] Wrapping AST for GoogleRpc for debugging
[571/1233] Compiling aesni-x86-apple.S
[572/1233] Compiling aes-gcm-avx2-x86_64-linux.S
[573/1233] Compiling aes-gcm-avx2-x86_64-apple.S
[574/1233] Compiling aesni-gcm-x86_64-apple.S
[575/1233] Compiling aes-gcm-avx10-x86_64-linux.S
[576/1233] Compiling aes-gcm-avx10-x86_64-apple.S
[577/1233] Compiling x_sig.cc
[578/1233] Compiling x_name.cc
[579/1233] Compiling x_spki.cc
[580/1233] Compiling x_val.cc
[581/1233] Compiling x_x509.cc
[582/1233] Compiling x_x509a.cc
[583/1233] Compiling x_pubkey.cc
[584/1233] Compiling x_req.cc
[585/1233] Compiling x_exten.cc
[586/1233] Compiling x_crl.cc
[587/1233] Compiling x509cset.cc
[588/1233] Compiling x509_vpm.cc
[589/1233] Compiling x_algor.cc
[590/1233] Compiling x_all.cc
[591/1233] Compiling x509spki.cc
[592/1233] Compiling x_attrib.cc
[593/1233] Compiling x509rset.cc
[594/1233] Compiling x509name.cc
[595/1233] Compiling x509_vfy.cc
[596/1233] Compiling x509_v3.cc
[597/1233] Compiling x509_set.cc
[598/1233] Compiling x509_def.cc
[599/1233] Compiling x509_ext.cc
[600/1233] Compiling x509_txt.cc
[601/1233] Compiling x509_trs.cc
[602/1233] Compiling x509_req.cc
[603/1233] Compiling x509_lu.cc
[604/1233] Compiling x509_obj.cc
[605/1233] Compiling x509_cmp.cc
[606/1233] Compiling x509_att.cc
[607/1233] Compiling x509_d2.cc
[608/1233] Compiling x509.cc
[609/1233] Compiling v3_skey.cc
[610/1233] Compiling v3_utl.cc
[611/1233] Compiling v3_pmaps.cc
[612/1233] Compiling v3_pcons.cc
[613/1233] Compiling v3_purp.cc
[614/1233] Compiling v3_ocsp.cc
[615/1233] Compiling v3_prn.cc
[616/1233] Compiling v3_info.cc
[617/1233] Compiling v3_ia5.cc
[618/1233] Compiling v3_genn.cc
[619/1233] Compiling v3_ncons.cc
[620/1233] Compiling v3_int.cc
[621/1233] Compiling v3_lib.cc
[622/1233] Compiling v3_crld.cc
[623/1233] Compiling v3_cpols.cc
[624/1233] Compiling v3_enum.cc
[625/1233] Compiling v3_extku.cc
[626/1233] Compiling v3_akeya.cc
[627/1233] Compiling v3_conf.cc
[628/1233] Compiling v3_akey.cc
[629/1233] Compiling v3_bcons.cc
[630/1233] Compiling v3_bitst.cc
[631/1233] Compiling v3_alt.cc
[632/1233] Compiling t_x509a.cc
[633/1233] Compiling t_req.cc
[634/1233] Compiling rsa_pss.cc
[635/1233] Compiling t_x509.cc
[636/1233] Compiling t_crl.cc
[637/1233] Compiling i2d_pr.cc
[638/1233] Compiling by_dir.cc
[639/1233] Compiling name_print.cc
[640/1233] Compiling policy.cc
[641/1233] Compiling asn1_gen.cc
[642/1233] Compiling by_file.cc
[643/1233] Compiling a_digest.cc
[644/1233] Compiling algorithm.cc
[645/1233] Compiling a_verify.cc
[646/1233] Compiling pmbtoken.cc
[647/1233] Compiling a_sign.cc
[648/1233] Compiling thread_pthread.cc
[649/1233] Compiling voprf.cc
[650/1233] Compiling thread_win.cc
[651/1233] Compiling stack.cc
[652/1233] Compiling thread.cc
[653/1233] Compiling trust_token.cc
[654/1233] Compiling thread_none.cc
[655/1233] Compiling slhdsa.cc
[656/1233] Compiling sha256.cc
[657/1233] Compiling siphash.cc
[658/1233] Compiling sha512.cc
[659/1233] Compiling rsa_crypt.cc
[660/1233] Compiling sha1.cc
[661/1233] Compiling rsa_print.cc
[662/1233] Compiling spake2plus.cc
[663/1233] Compiling rc4.cc
[664/1233] Compiling rsa_asn1.cc
[665/1233] Compiling rsa_extra.cc
[666/1233] Compiling refcount.cc
[667/1233] Compiling windows.cc
[668/1233] Compiling urandom.cc
[669/1233] Compiling ios.cc
[670/1233] Compiling passive.cc
[671/1233] Compiling rand.cc
[672/1233] Compiling fork_detect.cc
[673/1233] Compiling poly1305_arm_asm.S
[674/1233] Compiling trusty.cc
[675/1233] Compiling getentropy.cc
[676/1233] Compiling deterministic.cc
[677/1233] Compiling forkunsafe.cc
[678/1233] Compiling pool.cc
[679/1233] Compiling poly1305.cc
[680/1233] Compiling poly1305_arm.cc
[681/1233] Compiling poly1305_vec.cc
[682/1233] Compiling pkcs7.cc
[683/1233] Compiling p5_pbev2.cc
[684/1233] Compiling pkcs8_x509.cc
[685/1233] Compiling pkcs8.cc
[686/1233] Compiling pem_xaux.cc
[687/1233] Compiling pkcs7_x509.cc
[688/1233] Compiling pem_pk8.cc
[689/1233] Compiling pem_x509.cc
[690/1233] Compiling pem_pkey.cc
[691/1233] Compiling pem_all.cc
[692/1233] Compiling obj.cc
[693/1233] Compiling obj_xref.cc
[694/1233] Compiling pem_lib.cc
[695/1233] Compiling mldsa.cc
[696/1233] Compiling mem.cc
[697/1233] Compiling mlkem.cc
[698/1233] Compiling pem_oth.cc
[699/1233] Compiling poly_rq_mul.S
[700/1233] Compiling fips_shared_support.cc
[701/1233] Compiling md5.cc
[702/1233] Compiling pem_info.cc
[703/1233] Compiling lhash.cc
[704/1233] Compiling ex_data.cc
[705/1233] Compiling md4.cc
[706/1233] Compiling scrypt.cc
[707/1233] Compiling kyber.cc
[708/1233] Compiling sign.cc
[709/1233] Compiling hpke.cc
[710/1233] Compiling print.cc
[711/1233] Compiling hrss.cc
[712/1233] Compiling p_x25519_asn1.cc
[713/1233] Compiling pbkdf.cc
[714/1233] Compiling p_x25519.cc
[715/1233] Compiling p_hkdf.cc
[716/1233] Compiling p_rsa_asn1.cc
[717/1233] Compiling p_ed25519.cc
[718/1233] Compiling p_ed25519_asn1.cc
[719/1233] Compiling p_dh.cc
[720/1233] Compiling p_rsa.cc
[721/1233] Compiling p_dsa_asn1.cc
[722/1233] Compiling p_ec_asn1.cc
[723/1233] Compiling p_dh_asn1.cc
[724/1233] Compiling p_ec.cc
[725/1233] Compiling err.cc
[726/1233] Compiling evp_asn1.cc
[727/1233] Compiling engine.cc
[728/1233] Compiling evp_ctx.cc
[729/1233] Compiling evp.cc
[730/1233] Compiling hash_to_curve.cc
[731/1233] Compiling ecdsa_asn1.cc
[732/1233] Compiling ec_derive.cc
[733/1233] Compiling ecdh.cc
[734/1233] Compiling dsa.cc
[735/1233] Compiling dh_asn1.cc
[736/1233] Compiling ec_asn1.cc
[737/1233] Compiling digest_extra.cc
[738/1233] Compiling dsa_asn1.cc
[739/1233] Compiling params.cc
[740/1233] Compiling x25519-asm-arm.S
[741/1233] Compiling des.cc
[742/1233] Compiling curve25519_64_adx.cc
[743/1233] Compiling curve25519.cc
[744/1233] Compiling bcm.cc
[745/1233] Compiling cpu_intel.cc
[746/1233] Compiling cpu_aarch64_win.cc
[747/1233] Compiling cpu_arm_linux.cc
[748/1233] Compiling crypto.cc
[749/1233] Compiling cpu_aarch64_sysreg.cc
[750/1233] Compiling spake25519.cc
[751/1233] Compiling cpu_arm_freebsd.cc
[752/1233] Compiling cpu_aarch64_fuchsia.cc
[753/1233] Compiling cpu_aarch64_linux.cc
[754/1233] Compiling cpu_aarch64_openbsd.cc
[755/1233] Compiling tls_cbc.cc
[756/1233] Compiling cpu_aarch64_apple.cc
[757/1233] Compiling get_cipher.cc
[758/1233] Compiling e_rc4.cc
[759/1233] Compiling e_rc2.cc
[760/1233] Compiling e_null.cc
[761/1233] Compiling e_des.cc
[762/1233] Compiling conf.cc
[763/1233] Compiling e_tls.cc
[764/1233] Compiling e_chacha20poly1305.cc
[765/1233] Compiling chacha.cc
[766/1233] Compiling unicode.cc
[767/1233] Compiling e_aesgcmsiv.cc
[768/1233] Compiling e_aesctrhmac.cc
[769/1233] Compiling derive_key.cc
[770/1233] Compiling asn1_compat.cc
[771/1233] Compiling buf.cc
[772/1233] Compiling cbb.cc
[773/1233] Compiling blake2.cc
[774/1233] Compiling cbs.cc
[775/1233] Compiling ber.cc
[776/1233] Compiling socket_helper.cc
[777/1233] Compiling socket.cc
[778/1233] Compiling printf.cc
[779/1233] Compiling bn_asn1.cc
[780/1233] Compiling connect.cc
[781/1233] Compiling bio_mem.cc
[782/1233] Compiling pair.cc
[783/1233] Compiling errno.cc
[784/1233] Compiling hexdump.cc
[785/1233] Compiling file.cc
[786/1233] Compiling base64.cc
[787/1233] Compiling fd.cc
[788/1233] Compiling bio.cc
[789/1233] Compiling tasn_utl.cc
[790/1233] Compiling tasn_typ.cc
[791/1233] Compiling tasn_fre.cc
[792/1233] Compiling tasn_dec.cc
[793/1233] Compiling f_int.cc
[794/1233] Compiling f_string.cc
[795/1233] Compiling tasn_new.cc
[796/1233] Compiling tasn_enc.cc
[797/1233] Compiling posix_time.cc
[798/1233] Compiling a_utctm.cc
[799/1233] Compiling asn1_lib.cc
[800/1233] Compiling asn1_par.cc
[801/1233] Compiling asn_pack.cc
[802/1233] Compiling a_type.cc
[803/1233] Compiling a_strnid.cc
[804/1233] Compiling a_octet.cc
[805/1233] Compiling a_strex.cc
[806/1233] Compiling a_time.cc
[807/1233] Compiling a_int.cc
[808/1233] Compiling a_d2i_fp.cc
[809/1233] Compiling a_i2d_fp.cc
[810/1233] Compiling CGoogleGaxCRC32C CGoogleGaxCRC32C.c
[811/1233] Compiling a_object.cc
[812/1233] Compiling a_gentm.cc
[813/1233] Compiling a_dup.cc
[814/1233] Compiling fiat_p256_adx_sqr.S
[815/1233] Compiling fiat_p256_adx_mul.S
[816/1233] Compiling fiat_curve25519_adx_square.S
[817/1233] Compiling a_bitstr.cc
[818/1233] Compiling fiat_curve25519_adx_mul.S
[819/1233] Compiling md5-x86_64-linux.S
[820/1233] Compiling md5-586-linux.S
[821/1233] Compiling md5-586-apple.S
[822/1233] Compiling md5-x86_64-apple.S
[823/1233] Compiling CCryptoBoringSSLShims shims.c
[824/1233] Compiling chacha20_poly1305_x86_64-linux.S
[824/1233] Compiling chacha20_poly1305_x86_64-apple.S
[826/1233] Compiling chacha20_poly1305_armv8-win.S
[827/1233] Compiling chacha20_poly1305_armv8-apple.S
[828/1233] Compiling chacha-x86_64-linux.S
[829/1233] Compiling chacha-x86_64-apple.S
[830/1233] Compiling chacha20_poly1305_armv8-linux.S
[831/1233] Compiling a_bool.cc
[832/1233] Compiling chacha-x86-linux.S
[833/1233] Compiling chacha-armv8-win.S
[834/1233] Compiling chacha-armv8-apple.S
[835/1233] Compiling chacha-x86-apple.S
[836/1233] Compiling chacha-armv4-linux.S
[837/1233] Compiling chacha-armv8-linux.S
[838/1233] Compiling aes128gcmsiv-x86_64-linux.S
[839/1233] Compiling x86_64-mont5-apple.S
[840/1233] Compiling aes128gcmsiv-x86_64-apple.S
[841/1233] Compiling x86_64-mont-linux.S
[842/1233] Compiling x86_64-mont5-linux.S
[843/1233] Compiling x86_64-mont-apple.S
[844/1233] Compiling vpaes-x86_64-apple.S
[845/1233] Compiling x86-mont-linux.S
[846/1233] Compiling x86-mont-apple.S
[847/1233] Compiling vpaes-x86-linux.S
[848/1233] Compiling vpaes-x86-apple.S
[849/1233] Compiling vpaes-x86_64-linux.S
[850/1233] Compiling err_data.cc
[851/1233] Compiling vpaes-armv8-win.S
[852/1233] Compiling vpaes-armv7-linux.S
[853/1233] Compiling vpaes-armv8-apple.S
[854/1233] Compiling vpaes-armv8-linux.S
[855/1233] Compiling sha512-x86_64-apple.S
[856/1233] Compiling sha512-x86_64-linux.S
[857/1233] Compiling sha512-armv8-win.S
[858/1233] Compiling sha512-586-linux.S
[859/1233] Compiling sha512-armv4-linux.S
[860/1233] Compiling sha512-armv8-linux.S
[861/1233] Compiling sha512-armv8-apple.S
[862/1233] Compiling sha512-586-apple.S
[863/1233] Compiling sha256-x86_64-apple.S
[864/1233] Compiling sha256-x86_64-linux.S
[865/1233] Compiling sha256-armv8-win.S
[866/1233] Compiling sha256-armv8-linux.S
[867/1233] Compiling sha256-armv4-linux.S
[868/1233] Compiling sha256-armv8-apple.S
[869/1233] Compiling sha256-586-linux.S
[870/1233] Compiling sha1-x86_64-apple.S
[871/1233] Compiling sha1-x86_64-linux.S
[872/1233] Compiling sha256-586-apple.S
[873/1233] Compiling sha1-armv8-win.S
[874/1233] Compiling sha1-armv8-apple.S
[874/1233] Compiling sha1-armv8-linux.S
[876/1233] Compiling sha1-586-linux.S
[877/1233] Compiling sha1-armv4-large-linux.S
[878/1233] Compiling sha1-586-apple.S
[879/1233] Compiling rsaz-avx2-linux.S
[880/1233] Compiling rsaz-avx2-apple.S
[881/1233] Compiling rdrand-x86_64-linux.S
[882/1233] Compiling p256_beeu-x86_64-asm-linux.S
[883/1233] Compiling p256_beeu-armv8-asm-win.S
[884/1233] Compiling p256_beeu-x86_64-asm-apple.S
[885/1233] Compiling rdrand-x86_64-apple.S
[886/1233] Compiling p256_beeu-armv8-asm-linux.S
[887/1233] Compiling p256-x86_64-asm-linux.S
[888/1233] Compiling p256-x86_64-asm-apple.S
[889/1233] Compiling p256-armv8-asm-win.S
[890/1233] Compiling p256_beeu-armv8-asm-apple.S
[891/1233] Compiling p256-armv8-asm-apple.S
[892/1233] Compiling ghashv8-armv8-win.S
[893/1233] Compiling p256-armv8-asm-linux.S
[894/1233] Compiling ghashv8-armv8-linux.S
[895/1233] Compiling ghashv8-armv8-apple.S
[896/1233] Compiling ghashv8-armv7-linux.S
[897/1233] Compiling ghash-x86_64-apple.S
[898/1233] Compiling ghash-x86-linux.S
[899/1233] Compiling ghash-x86_64-linux.S
[900/1233] Compiling ghash-ssse3-x86_64-linux.S
[901/1233] Compiling ghash-x86-apple.S
[902/1233] Compiling ghash-ssse3-x86_64-apple.S
[903/1233] Compiling ghash-ssse3-x86-linux.S
[904/1233] Compiling ghash-neon-armv8-apple.S
[905/1233] Compiling ghash-neon-armv8-linux.S
[906/1233] Compiling ghash-armv4-linux.S
[906/1233] Compiling ghash-neon-armv8-win.S
[908/1233] Compiling co-586-apple.S
[909/1233] Compiling co-586-linux.S
[910/1233] Compiling bsaes-armv7-linux.S
[911/1233] Compiling bn-armv8-win.S
[912/1233] Compiling bn-armv8-linux.S
[913/1233] Compiling bn-armv8-apple.S
[914/1233] Compiling bn-586-apple.S
[915/1233] Compiling bn-586-linux.S
[916/1233] Compiling armv8-mont-win.S
[917/1233] Compiling armv8-mont-linux.S
[918/1233] Compiling armv8-mont-apple.S
[919/1233] Compiling armv4-mont-linux.S
[920/1233] Compiling aesv8-gcm-armv8-win.S
[921/1233] Compiling aesv8-armv8-linux.S
[922/1233] Compiling aesv8-gcm-armv8-linux.S
[923/1233] Compiling aesv8-gcm-armv8-apple.S
[924/1233] Compiling aesv8-armv7-linux.S
[924/1233] Compiling aesv8-armv8-win.S
[926/1233] Compiling aesv8-armv8-apple.S
[926/1233] Compiling aesni-x86_64-apple.S
[928/1233] Compiling aesni-gcm-x86_64-linux.S
[929/1233] Compiling aesni-x86-linux.S
[930/1233] Compiling aesni-x86-apple.S
[931/1233] Compiling aesni-x86_64-linux.S
[932/1233] Compiling aes-gcm-avx512-x86_64-apple.S
[933/1233] Compiling aes-gcm-avx512-x86_64-linux.S
[934/1233] Compiling aes-gcm-avx2-x86_64-linux.S
[935/1233] Compiling aes-gcm-avx2-x86_64-apple.S
[936/1233] Compiling aesni-gcm-x86_64-apple.S
[937/1233] Compiling c-nioatomics.c
[938/1233] Compiling x_x509.cc
[939/1233] Compiling xwing.cc
[940/1233] Compiling x_spki.cc
[941/1233] Compiling x_req.cc
[942/1233] Compiling x_sig.cc
[943/1233] Compiling x_pubkey.cc
[944/1233] Compiling x_x509a.cc
[945/1233] Compiling x_name.cc
[946/1233] Compiling x_exten.cc
[947/1233] Compiling c-atomics.c
[948/1233] Compiling x_algor.cc
[949/1240] Compiling x509rset.cc
[950/1240] Compiling x509spki.cc
[951/1240] Compiling x_crl.cc
[951/1240] Compiling x_all.cc
[954/1240] Compiling NIOConcurrencyHelpers NIOLockedValueBox.swift
[954/1240] Compiling x_attrib.cc
[955/1240] Compiling x509cset.cc
[956/1240] Compiling NIOConcurrencyHelpers lock.swift
[958/1240] Compiling NIOConcurrencyHelpers NIOAtomic.swift
[959/1240] Compiling NIOConcurrencyHelpers NIOThreadPoolWorkAvailable.swift
[960/1240] Emitting module NIOConcurrencyHelpers
[961/1240] Compiling NIOConcurrencyHelpers NIOLock.swift
[962/1240] Compiling NIOConcurrencyHelpers atomics.swift
[963/1241] Compiling x509_v3.cc
[964/1241] Compiling x509name.cc
[965/1241] Wrapping AST for NIOConcurrencyHelpers for debugging
[966/1241] Compiling x509_txt.cc
[967/1241] Compiling x509_set.cc
[968/1241] Compiling x509_vfy.cc
[969/1241] Compiling x509_vpm.cc
[970/1241] Compiling x509_trs.cc
[971/1241] Compiling x509_ext.cc
[972/1241] Compiling x509_def.cc
[973/1241] Compiling x509_lu.cc
[974/1241] Compiling x509_req.cc
[975/1241] Compiling x509_obj.cc
[976/1241] Compiling x509_d2.cc
[977/1241] Compiling x509.cc
[978/1241] Compiling v3_utl.cc
[979/1241] Compiling x509_cmp.cc
[980/1241] Compiling x509_att.cc
[981/1241] Compiling v3_pcons.cc
[982/1241] Compiling v3_purp.cc
[983/1241] Compiling v3_ocsp.cc
[984/1241] Compiling v3_prn.cc
[985/1241] Compiling v3_skey.cc
[986/1241] Compiling v3_pmaps.cc
[987/1241] Compiling v3_int.cc
[988/1241] Compiling v3_ncons.cc
[989/1241] Compiling v3_ia5.cc
[990/1241] Compiling v3_lib.cc
[991/1241] Compiling v3_info.cc
[992/1241] Compiling v3_genn.cc
[993/1241] Compiling v3_crld.cc
[994/1241] Compiling v3_extku.cc
[995/1241] Compiling v3_enum.cc
[996/1241] Compiling v3_conf.cc
[997/1241] Compiling v3_cpols.cc
[998/1241] Compiling v3_akeya.cc
[999/1241] Compiling v3_alt.cc
[1000/1241] Compiling v3_bcons.cc
[1001/1241] Compiling v3_akey.cc
[1002/1241] Compiling v3_bitst.cc
[1003/1241] Compiling t_crl.cc
[1004/1241] Compiling t_x509a.cc
[1005/1241] Compiling i2d_pr.cc
[1006/1241] Compiling policy.cc
[1007/1241] Compiling t_x509.cc
[1008/1241] Compiling t_req.cc
[1009/1241] Compiling rsa_pss.cc
[1010/1241] Compiling name_print.cc
[1011/1241] Compiling by_file.cc
[1012/1241] Compiling asn1_gen.cc
[1013/1241] Compiling trust_token.cc
[1014/1241] Compiling voprf.cc
[1015/1241] Compiling a_sign.cc
[1016/1241] Compiling pmbtoken.cc
[1017/1241] Compiling algorithm.cc
[1018/1241] Compiling a_verify.cc
[1019/1241] Compiling by_dir.cc
[1020/1241] Compiling thread_win.cc
[1021/1241] Compiling a_digest.cc
[1022/1241] Compiling thread_pthread.cc
[1023/1241] Compiling thread.cc
[1024/1241] Compiling thread_none.cc
[1025/1241] Compiling siphash.cc
[1026/1241] Compiling stack.cc
[1027/1241] Compiling sha1.cc
[1028/1241] Compiling sha512.cc
[1029/1241] Compiling rsa_extra.cc
[1030/1241] Compiling sha256.cc
[1031/1241] Compiling rsa_print.cc
[1032/1241] Compiling slhdsa.cc
[1033/1241] Compiling rc4.cc
[1034/1241] Compiling rsa_crypt.cc
[1035/1241] Compiling spake2plus.cc
[1036/1241] Compiling refcount.cc
[1037/1241] Compiling rsa_asn1.cc
[1038/1241] Compiling rand.cc
[1039/1241] Compiling windows.cc
[1040/1241] Compiling trusty.cc
[1041/1241] Compiling forkunsafe.cc
[1042/1241] Compiling passive.cc
[1043/1241] Compiling urandom.cc
[1044/1241] Compiling poly1305_arm_asm.S
[1045/1241] Compiling fork_detect.cc
[1046/1241] Compiling getentropy.cc
[1047/1241] Compiling ios.cc
[1048/1241] Compiling deterministic.cc
[1049/1241] Compiling poly1305.cc
[1050/1241] Compiling poly1305_arm.cc
[1051/1241] Compiling pool.cc
[1052/1241] Compiling poly1305_vec.cc
[1053/1241] Compiling pkcs8_x509.cc
[1054/1241] Compiling pkcs7.cc
[1055/1241] Compiling pkcs8.cc
[1056/1241] Compiling pkcs7_x509.cc
[1057/1241] Compiling p5_pbev2.cc
[1058/1241] Compiling pem_pk8.cc
[1059/1241] Compiling pem_xaux.cc
[1060/1241] Compiling pem_oth.cc
[1061/1241] Compiling pem_pkey.cc
[1062/1241] Compiling mlkem.cc
[1063/1241] Compiling pem_x509.cc
[1064/1241] Compiling obj_xref.cc
[1065/1241] Compiling mem.cc
[1066/1241] Compiling pem_all.cc
[1067/1241] Compiling mldsa.cc
[1068/1241] Compiling pem_lib.cc
[1069/1241] Compiling md4.cc
[1070/1241] Compiling poly_rq_mul.S
[1071/1241] Compiling pem_info.cc
[1072/1241] Compiling obj.cc
[1073/1241] Compiling fips_shared_support.cc
[1074/1241] Compiling lhash.cc
[1075/1241] Compiling md5.cc
[1076/1241] Compiling hpke.cc
[1077/1241] Compiling fuzzer_mode.cc
[1078/1241] Compiling sign.cc
[1079/1241] Compiling kyber.cc
[1080/1241] Compiling ex_data.cc
[1081/1241] Compiling scrypt.cc
[1082/1241] Compiling hrss.cc
[1083/1241] Compiling p_x25519_asn1.cc
[1084/1241] Compiling pbkdf.cc
[1085/1241] Compiling print.cc
[1086/1241] Compiling p_rsa.cc
[1087/1241] Compiling p_x25519.cc
[1088/1241] Compiling p_rsa_asn1.cc
[1089/1241] Compiling p_ed25519_asn1.cc
[1090/1241] Compiling p_hkdf.cc
[1091/1241] Compiling p_dsa_asn1.cc
[1092/1241] Compiling p_ec_asn1.cc
[1093/1241] Compiling p_ed25519.cc
[1094/1241] Compiling p_ec.cc
[1095/1241] Compiling p_dh_asn1.cc
[1096/1241] Compiling p_dh.cc
[1097/1241] Compiling evp_asn1.cc
[1098/1241] Compiling err.cc
[1099/1241] Compiling evp_ctx.cc
[1100/1241] Compiling ecdh.cc
[1101/1241] Compiling engine.cc
[1102/1241] Compiling ecdsa_p1363.cc
[1103/1241] Compiling evp.cc
[1104/1241] Compiling ec_derive.cc
[1105/1241] Compiling ecdsa_asn1.cc
[1106/1241] Compiling hash_to_curve.cc
[1107/1241] Compiling dsa.cc
[1108/1241] Compiling ec_asn1.cc
[1109/1241] Compiling curve25519_64_adx.cc
[1110/1241] Compiling dsa_asn1.cc
[1111/1241] Compiling x25519-asm-arm.S
[1112/1241] Compiling digest_extra.cc
[1113/1241] Compiling params.cc
[1114/1241] Compiling des.cc
[1115/1241] Compiling spake25519.cc
[1116/1241] Compiling dh_asn1.cc
[1117/1241] Compiling curve25519.cc
[1118/1241] Compiling cpu_aarch64_win.cc
[1119/1241] Compiling cpu_intel.cc
[1120/1241] Compiling crypto.cc
[1121/1241] Compiling cpu_aarch64_openbsd.cc
[1122/1241] Compiling cpu_aarch64_sysreg.cc
[1123/1241] Compiling cpu_arm_freebsd.cc
[1124/1241] Compiling cpu_arm_linux.cc
[1125/1241] Compiling cpu_aarch64_linux.cc
[1126/1241] Compiling cpu_aarch64_fuchsia.cc
[1127/1241] Compiling cms.cc
[1128/1241] Compiling conf.cc
[1129/1241] Compiling tls_cbc.cc
[1130/1241] Compiling e_tls.cc
[1131/1241] Compiling get_cipher.cc
[1132/1241] Compiling e_null.cc
[1133/1241] Compiling e_rc2.cc
[1134/1241] Compiling e_rc4.cc
[1135/1241] Compiling e_des.cc
[1136/1241] Compiling e_chacha20poly1305.cc
[1137/1241] Compiling e_aesctrhmac.cc
[1138/1241] Compiling e_aesgcmsiv.cc
[1139/1241] Compiling e_aeseax.cc
[1140/1241] Compiling derive_key.cc
[1141/1241] Compiling chacha.cc
[1142/1241] Compiling cbb.cc
[1143/1241] Compiling unicode.cc
[1144/1241] Compiling exponentiation.cc
[1145/1241] Compiling sqrt.cc
[1146/1241] Compiling cbs.cc
[1147/1241] Compiling ber.cc
[1148/1241] Compiling bcm.cc
[1149/1241] Compiling buf.cc
[1150/1241] Compiling div.cc
[1151/1241] Compiling asn1_compat.cc
[1152/1241] Compiling pair.cc
[1153/1241] Compiling convert.cc
[1154/1241] Compiling blake2.cc
[1155/1241] Compiling printf.cc
[1156/1241] Compiling hexdump.cc
[1157/1241] Compiling errno.cc
[1158/1241] Compiling fd.cc
[1159/1241] Compiling file.cc
[1160/1241] Compiling bio_mem.cc
[1161/1241] Compiling bn_asn1.cc
[1162/1241] Compiling bio.cc
[1163/1241] Compiling tasn_typ.cc
[1164/1241] Compiling tasn_enc.cc
[1165/1241] Compiling base64.cc
[1166/1241] Compiling tasn_fre.cc
[1167/1241] Compiling f_string.cc
[1168/1241] Compiling posix_time.cc
[1169/1241] Compiling tasn_dec.cc
[1170/1241] Compiling tasn_utl.cc
[1171/1241] Compiling f_int.cc
[1172/1241] Compiling tasn_new.cc
[1173/1241] Compiling asn1_par.cc
[1174/1241] Compiling asn1_lib.cc
[1175/1241] Compiling asn_pack.cc
[1176/1241] Compiling a_utctm.cc
[1177/1241] Compiling a_strex.cc
[1178/1241] Compiling a_octet.cc
[1179/1241] Compiling a_type.cc
[1180/1241] Compiling a_object.cc
[1181/1241] Compiling a_i2d_fp.cc
[1181/1241] Write sources
[1185/1259] Compiling a_time.cc
[1186/1259] Compiling a_strnid.cc
[1188/1284] Compiling Algorithms EitherSequence.swift
[1189/1284] Compiling Algorithms FirstNonNil.swift
[1189/1286] Compiling a_dup.cc
[1191/1286] Compiling Algorithms Keyed.swift
[1192/1286] Compiling Algorithms MinMax.swift
[1193/1286] Compiling Algorithms RandomSample.swift
[1194/1286] Compiling Algorithms Reductions.swift
[1194/1286] Compiling a_int.cc
[1195/1286] Compiling a_mbstr.cc
[1197/1286] Compiling Algorithms Intersperse.swift
[1198/1286] Compiling Algorithms Joined.swift
[1199/1286] Compiling Algorithms Combinations.swift
[1200/1286] Compiling Algorithms Compacted.swift
[1201/1286] Compiling Algorithms Cycle.swift
[1202/1286] Compiling Atomics IntegerOperations.swift
[1203/1286] Compiling Atomics Unmanaged extensions.swift
[1203/1286] Compiling a_d2i_fp.cc
[1204/1286] Compiling a_gentm.cc
[1206/1286] Compiling Algorithms Split.swift
[1207/1286] Compiling Algorithms Stride.swift
[1208/1286] Compiling Algorithms Suffix.swift
[1213/1297] Compiling Algorithms Permutations.swift
[1214/1297] Compiling Algorithms Product.swift
[1218/1297] Compiling CryptoBoringWrapper RandomBytes.swift
[1219/1297] Compiling Algorithms Trim.swift
[1220/1297] Compiling Algorithms Unique.swift
[1221/1297] Compiling Algorithms Windows.swift
[1222/1297] Compiling Algorithms FlattenCollection.swift
[1223/1297] Compiling Algorithms Grouped.swift
[1224/1297] Compiling Algorithms Indexed.swift
[1225/1297] Compiling Algorithms AdjacentPairs.swift
[1226/1297] Compiling Algorithms Chain.swift
[1227/1297] Compiling Algorithms Chunked.swift
[1232/1297] Compiling CryptoBoringWrapper FiniteFieldArithmeticContext.swift
[1237/1297] Emitting module CryptoBoringWrapper
[1238/1297] Compiling CryptoBoringWrapper CryptoKitErrors_boring.swift
[1239/1297] Compiling CryptoBoringWrapper BoringSSLAEAD.swift
[1240/1297] Compiling CryptoBoringWrapper EllipticCurvePoint.swift
[1241/1297] Compiling CryptoBoringWrapper EllipticCurve.swift
[1242/1297] Compiling CryptoBoringWrapper ArbitraryPrecisionInteger.swift
[1243/1298] Wrapping AST for CryptoBoringWrapper for debugging
[1249/1298] Emitting module Algorithms
[1251/1358] Emitting module Atomics
[1252/1384] Wrapping AST for Algorithms for debugging
[1253/1384] Wrapping AST for Atomics for debugging
[1255/1448] Compiling NIOCore CircularBuffer.swift
[1256/1448] Compiling NIOCore Codec.swift
[1257/1448] Compiling NIOCore ConvenienceOptionSupport.swift
[1258/1448] Compiling NIOCore DeadChannel.swift
[1259/1448] Compiling NIOCore DispatchQueue+WithFuture.swift
[1260/1448] Compiling NIOCore EventLoop+Deprecated.swift
[1261/1448] Compiling NIOCore EventLoop+SerialExecutor.swift
[1262/1448] Compiling NIOCore EventLoop.swift
[1263/1448] Compiling NIOCore EventLoopFuture+AssumeIsolated.swift
[1264/1456] Emitting module Crypto
[1265/1467] Compiling NIOCore ByteBuffer-hex.swift
[1266/1467] Compiling NIOCore ByteBuffer-int.swift
[1267/1467] Compiling NIOCore ByteBuffer-lengthPrefix.swift
[1277/1467] Compiling NIOCore AddressedEnvelope.swift
[1278/1467] Compiling NIOCore AsyncAwaitSupport.swift
[1279/1467] Compiling NIOCore AsyncChannel.swift
[1280/1467] Compiling NIOCore AsyncChannelHandler.swift
[1281/1467] Compiling NIOCore AsyncChannelInboundStream.swift
[1282/1467] Compiling NIOCore AsyncChannelOutboundWriter.swift
[1283/1467] Compiling NIOCore NIOAsyncSequenceProducer.swift
[1284/1467] Compiling NIOCore NIOAsyncSequenceProducerStrategies.swift
[1285/1467] Compiling NIOCore NIOAsyncWriter.swift
[1286/1467] Compiling NIOCore ByteBuffer-multi-int.swift
[1287/1467] Compiling NIOCore ByteBuffer-quicBinaryEncodingStrategy.swift
[1288/1467] Compiling NIOCore ByteBuffer-views.swift
[1289/1467] Compiling NIOCore Channel.swift
[1290/1467] Compiling NIOCore ChannelHandler.swift
[1291/1467] Compiling NIOCore ChannelHandlers.swift
[1292/1467] Compiling NIOCore ChannelInvoker.swift
[1293/1467] Compiling NIOCore ChannelOption.swift
[1294/1467] Compiling NIOCore ChannelPipeline.swift
[1295/1467] Compiling NIOCore NIOThrowingAsyncSequenceProducer.swift
[1296/1467] Compiling NIOCore BSDSocketAPI.swift
[1297/1467] Compiling NIOCore ByteBuffer-aux.swift
[1298/1467] Compiling NIOCore ByteBuffer-binaryEncodedLengthPrefix.swift
[1299/1467] Compiling NIOCore ByteBuffer-conversions.swift
[1300/1467] Compiling NIOCore ByteBuffer-core.swift
[1301/1467] Compiling NIOCore NIOCoreSendableMetatype.swift
[1302/1467] Compiling NIOCore NIODecodedAsyncSequence.swift
[1303/1467] Compiling NIOCore NIOLoopBound.swift
[1304/1467] Compiling NIOCore NIOPooledRecvBufferAllocator.swift
[1305/1467] Compiling NIOCore NIOScheduledCallback.swift
[1306/1467] Compiling NIOCore NIOSendable.swift
[1307/1467] Compiling NIOCore NIOSplitLinesMessageDecoder.swift
[1308/1467] Compiling NIOCore NIOTransportAccessibleChannelCore.swift
[1309/1467] Compiling NIOCore RecvByteBufferAllocator.swift
[1310/1467] Compiling NIOCore EventLoopFuture+Deprecated.swift
[1311/1467] Compiling NIOCore EventLoopFuture+WithEventLoop.swift
[1312/1467] Compiling NIOCore EventLoopFuture.swift
[1313/1467] Compiling NIOCore FileDescriptor.swift
[1314/1467] Compiling NIOCore FileHandle.swift
[1315/1467] Compiling NIOCore FileRegion.swift
[1316/1467] Compiling NIOCore GlobalSingletons.swift
[1317/1467] Compiling NIOCore IO.swift
[1318/1467] Compiling NIOCore IOData.swift
[1319/1467] Compiling NIOCore IPProtocol.swift
[1320/1467] Compiling NIOCore IntegerBitPacking.swift
[1321/1467] Compiling NIOCore IntegerTypes.swift
[1322/1467] Compiling NIOCore Interfaces.swift
[1323/1467] Compiling NIOCore Linux.swift
[1324/1467] Compiling NIOCore MarkedCircularBuffer.swift
[1325/1467] Compiling NIOCore MulticastChannel.swift
[1326/1467] Compiling NIOCore NIOAny.swift
[1327/1467] Compiling NIOCore NIOCloseOnErrorHandler.swift
[1328/1467] Compiling Crypto Signature.swift
[1329/1467] Compiling Crypto CryptoKitErrors_boring.swift
[1330/1467] Compiling Crypto Optional+withUnsafeBytes_boring.swift
[1331/1467] Compiling Crypto RNG_boring.swift
[1332/1467] Compiling Crypto SafeCompare_boring.swift
[1333/1467] Compiling Crypto Zeroization_boring.swift
[1334/1467] Compiling Crypto _CryptoModuleAnchor.swift
[1335/1467] Compiling Crypto PrettyBytes.swift
[1336/1467] Compiling Crypto SafeCompare.swift
[1337/1467] Compiling Crypto SecureBytes.swift
[1338/1467] Compiling Crypto Zeroization.swift
[1339/1467] Compiling NIOCore SingleStepByteToMessageDecoder.swift
[1340/1467] Compiling NIOCore SocketAddresses.swift
[1341/1467] Compiling NIOCore SocketOptionProvider.swift
[1342/1467] Compiling NIOCore SystemCallHelpers.swift
[1343/1467] Compiling NIOCore TimeAmount+Duration.swift
[1344/1467] Compiling NIOCore TypeAssistedChannelHandler.swift
[1345/1467] Compiling NIOCore UniversalBootstrapSupport.swift
[1346/1467] Compiling NIOCore Utilities.swift
[1358/1467] Compiling Crypto HPKE-LabeledExtract.swift
[1359/1467] Compiling Crypto HPKE-Utils.swift
[1360/1467] Compiling Crypto DHKEM.swift
[1361/1467] Compiling Crypto HPKE-KEM-Curve25519.swift
[1362/1467] Compiling Crypto HPKE-NIST-EC-KEMs.swift
[1363/1467] Compiling Crypto HPKE-KEM.swift
[1364/1467] Compiling Crypto HPKE-Errors.swift
[1365/1467] Compiling Crypto HPKE.swift
[1366/1467] Compiling Crypto HPKE-Context.swift
[1367/1467] Compiling Crypto HPKE-KeySchedule.swift
[1368/1467] Compiling Crypto HPKE-Modes.swift
[1369/1467] Compiling Crypto Insecure.swift
[1394/1468] Wrapping AST for Crypto for debugging
[1396/1530] Compiling CryptoExtras PKCS8DERRepresentation.swift
[1397/1530] Compiling CryptoExtras PKCS8PrivateKey.swift
[1398/1530] Compiling CryptoExtras RFC8410AlgorithmIdentifier.swift
[1399/1530] Compiling CryptoExtras ECToolbox_boring.swift
[1400/1530] Compiling CryptoExtras ECToolbox.swift
[1401/1530] Compiling CryptoExtras HashToField.swift
[1402/1530] Compiling CryptoExtras KDF.swift
[1403/1530] Compiling CryptoExtras PBKDF2_boring.swift
[1404/1530] Compiling CryptoExtras PBKDF2_commoncrypto.swift
[1405/1538] Compiling CryptoExtras Data+Extensions.swift
[1406/1538] Compiling CryptoExtras DigestType.swift
[1407/1538] Compiling CryptoExtras Error.swift
[1408/1538] Compiling CryptoExtras I2OSP.swift
[1409/1538] Compiling CryptoExtras IntegerEncoding.swift
[1410/1538] Compiling CryptoExtras PEMDocument.swift
[1411/1538] Compiling CryptoExtras PrettyBytes.swift
[1412/1538] Compiling CryptoExtras SubjectPublicKeyInfo.swift
[1413/1538] Compiling CryptoExtras ARCServer.swift
[1414/1538] Compiling CryptoExtras ChaCha20CTR_boring.swift
[1415/1538] Compiling CryptoExtras ChaCha20CTR.swift
[1416/1538] Compiling CryptoExtras BoringSSLSHA512256Context.swift
[1417/1538] Compiling CryptoExtras BoringSSLSHA512256HashFunction.swift
[1418/1538] Compiling CryptoExtras SHA512256.swift
[1419/1538] Compiling CryptoExtras SHA512256Digest.swift
[1420/1538] Compiling CryptoExtras Curve25519+PEM.swift
[1421/1538] Compiling CryptoExtras ObjectIdentifier.swift
[1422/1538] Compiling CryptoExtras PBKDF2.swift
[1423/1538] Compiling CryptoExtras Scrypt_boring.swift
[1424/1538] Compiling CryptoExtras Scrypt.swift
[1425/1538] Compiling CryptoExtras OPRF.swift
[1426/1538] Compiling CryptoExtras OPRFClient.swift
[1427/1538] Compiling CryptoExtras OPRFServer.swift
[1428/1538] Compiling CryptoExtras VOPRF+API.swift
[1429/1538] Compiling CryptoExtras VOPRFClient.swift
[1430/1538] Compiling CryptoExtras VOPRFServer.swift
[1431/1538] Compiling CryptoExtras ThreadOps.swift
[1432/1538] Compiling CryptoExtras ThreadPosix.swift
[1433/1538] Compiling CryptoExtras ThreadSpecific.swift
[1434/1538] Compiling CryptoExtras ThreadWindows.swift
[1435/1538] Compiling CryptoExtras DLEQ.swift
[1436/1538] Compiling CryptoExtras Prover.swift
[1437/1538] Compiling CryptoExtras Verifier.swift
[1438/1538] Compiling CryptoExtras ZKPToolbox.swift
[1439/1538] Emitting module CryptoExtras
[1440/1538] Compiling CryptoExtras AES_CBC.swift
[1441/1538] Compiling CryptoExtras AES_CFB.swift
[1442/1538] Compiling CryptoExtras AES_CTR.swift
[1443/1538] Compiling CryptoExtras AES_GCM_SIV.swift
[1444/1538] Compiling CryptoExtras Block Function.swift
[1445/1538] Compiling CryptoExtras AES_CBC_boring.swift
[1446/1538] Compiling CryptoExtras AES_CFB_boring.swift
[1447/1538] Compiling CryptoExtras AES_CTR_boring.swift
[1448/1538] Compiling CryptoExtras AES_GCM_SIV_boring.swift
[1449/1538] Compiling CryptoExtras BoringSSLPassphraseCallbackManager.swift
[1450/1538] Compiling CryptoExtras RSA+BlindSigning.swift
[1451/1538] Compiling CryptoExtras RSA.swift
[1452/1538] Compiling CryptoExtras RSA_boring.swift
[1453/1538] Compiling CryptoExtras Reexport.swift
[1454/1538] Compiling CryptoExtras Zeroization_boring.swift
[1455/1538] Compiling CryptoExtras BoringSSLHelpers.swift
[1456/1538] Compiling CryptoExtras CryptoKitErrors_boring.swift
[1457/1538] Compiling CryptoExtras CMAC.swift
[1458/1538] Compiling CryptoExtras ARC+API.swift
[1459/1538] Compiling CryptoExtras ARC.swift
[1460/1538] Compiling CryptoExtras ARCCredential.swift
[1461/1538] Compiling CryptoExtras ARCEncoding.swift
[1462/1538] Compiling CryptoExtras ARCPrecredential.swift
[1463/1538] Compiling CryptoExtras ARCPresentation.swift
[1464/1538] Compiling CryptoExtras ARCRequest.swift
[1465/1538] Compiling CryptoExtras ARCResponse.swift
[1466/1541] Wrapping AST for CryptoExtras for debugging
[1468/1541] Compiling _CryptoExtras Exports.swift
[1469/1541] Emitting module _CryptoExtras
[1470/1542] Wrapping AST for _CryptoExtras for debugging
[1472/1637] Compiling X509 CMSSignerInfo.swift
[1473/1637] Compiling X509 CMSVersion.swift
[1474/1637] Compiling X509 Curve25519+DER.swift
[1475/1637] Compiling X509 CustomPrivateKey.swift
[1476/1637] Compiling X509 Digests.swift
[1477/1637] Compiling X509 DistinguishedName.swift
[1478/1637] Compiling X509 CommonName.swift
[1479/1637] Compiling X509 CountryName.swift
[1480/1637] Compiling X509 DNBuilder.swift
[1481/1637] Compiling X509 VersionPolicy.swift
[1482/1637] Compiling X509 ServerIdentityPolicy.swift
[1483/1637] Compiling X509 TrustRootLoading.swift
[1484/1637] Compiling X509 UnverifiedChain.swift
[1485/1637] Compiling X509 CMSIssuerAndSerialNumber.swift
[1486/1637] Compiling X509 CMSOperations.swift
[1487/1637] Compiling X509 CMSSignature.swift
[1488/1637] Compiling X509 CMSSignedData.swift
[1489/1637] Compiling X509 CMSSignerIdentifier.swift
[1490/1637] Compiling X509 PKCS8PrivateKey.swift
[1491/1637] Compiling X509 PromiseAndFuture.swift
[1492/1637] Compiling X509 RDNAttribute.swift
[1493/1637] Compiling X509 RandomNumberGenerator+bytes.swift
[1494/1637] Compiling X509 RelativeDistinguishedName.swift
[1495/1637] Compiling X509 SEC1PrivateKey.swift
[1496/1637] Compiling X509 SecKeyWrapper.swift
[1497/1637] Compiling X509 Signature.swift
[1498/1637] Compiling X509 SignatureAlgorithm.swift
[1499/1637] Compiling X509 AllOfPolicies.swift
[1500/1637] Compiling X509 AnyPolicy.swift
[1501/1637] Compiling X509 CertificateStore.swift
[1502/1637] Compiling X509 CustomCertificateStore.swift
[1503/1650] Compiling X509 OneOfPolicies.swift
[1504/1650] Compiling X509 PolicyBuilder.swift
[1505/1650] Compiling X509 BasicConstraintsPolicy.swift
[1506/1650] Compiling X509 DNSNames.swift
[1507/1650] Compiling X509 ExpiryPolicy.swift
[1508/1650] Compiling X509 IPConstraints.swift
[1509/1650] Compiling X509 NameConstraintsPolicy.swift
[1510/1650] Compiling X509 RFC5280Policy.swift
[1511/1650] Compiling X509 URIConstraints.swift
[1512/1650] Emitting module NIOCore
[1513/1651] Wrapping AST for NIOCore for debugging
[1515/1708] Compiling NIOFoundationEssentialsCompat Codable+ByteBuffer.swift
[1516/1708] Compiling NIOPosix BSDSocketAPICommon.swift
[1517/1708] Compiling NIOPosix BSDSocketAPIPosix.swift
[1518/1708] Compiling NIOPosix BSDSocketAPIWindows.swift
[1519/1708] Compiling NIOPosix BaseSocket.swift
[1520/1708] Compiling NIOPosix BaseSocketChannel+AccessibleTransport.swift
[1521/1708] Compiling NIOPosix BaseSocketChannel+SocketOptionProvider.swift
[1522/1708] Compiling NIOPosix BaseSocketChannel.swift
[1523/1708] Compiling NIOPosix BaseStreamSocketChannel.swift
[1524/1708] Compiling NIOPosix Bootstrap.swift
[1525/1708] Compiling NIOPosix ControlMessage.swift
[1526/1708] Compiling NIOPosix DatagramVectorReadManager.swift
[1527/1708] Compiling NIOPosix Errors+Any.swift
[1528/1708] Compiling NIOPosix FileDescriptor.swift
[1529/1708] Compiling NIOFoundationEssentialsCompat ByteBuffer-foundation.swift
[1530/1708] Emitting module NIOFoundationEssentialsCompat
[1532/1709] Compiling NIOEmbedded Embedded.swift
[1533/1709] Compiling NIOEmbedded AsyncTestingEventLoop.swift
[1533/1709] Wrapping AST for NIOFoundationEssentialsCompat for debugging
[1535/1709] Emitting module NIOEmbedded
[1536/1709] Compiling NIOEmbedded AsyncTestingChannel.swift
[1537/1710] Wrapping AST for NIOEmbedded for debugging
[1539/1710] Compiling NIOPosix PendingWritesManager.swift
[1540/1710] Compiling NIOPosix Selectable.swift
[1541/1710] Compiling NIOPosix SelectableChannel.swift
[1542/1710] Compiling NIOPosix SelectableEventLoop.swift
[1543/1710] Compiling NIOPosix SelectorEpoll.swift
[1544/1710] Compiling NIOPosix SelectorGeneric.swift
[1545/1710] Compiling NIOPosix SelectorKqueue.swift
[1546/1710] Compiling NIOPosix SelectorUring.swift
[1547/1710] Compiling NIOPosix PipeChannel.swift
[1548/1710] Compiling NIOPosix PipePair.swift
[1549/1710] Compiling NIOPosix Pool.swift
[1550/1710] Compiling NIOPosix PosixSingletons+ConcurrencyTakeOver.swift
[1551/1710] Compiling NIOPosix PosixSingletons.swift
[1552/1710] Compiling NIOPosix RawSocketBootstrap.swift
[1553/1710] Compiling X509 NameConstraints.swift
[1554/1710] Compiling X509 SubjectAlternativeName.swift
[1555/1710] Compiling X509 SubjectKeyIdentifier.swift
[1556/1710] Compiling X509 Extension.swift
[1557/1710] Compiling X509 Extensions.swift
[1558/1710] Compiling X509 ExtensionsBuilder.swift
[1559/1710] Compiling X509 GeneralName.swift
[1560/1710] Compiling X509 Lock.swift
[1561/1710] Compiling X509 LockedValueBox.swift
[1562/1710] Compiling X509 BasicOCSPResponse.swift
[1563/1710] Compiling X509 DirectoryString.swift
[1564/1710] Compiling X509 OCSPCertID.swift
[1565/1710] Compiling X509 OCSPCertStatus.swift
[1566/1710] Compiling X509 OCSPExtensionID.swift
[1567/1710] Compiling X509 OCSPNonce.swift
[1568/1710] Compiling X509 OCSPPolicy.swift
[1569/1710] Compiling X509 OCSPRequest.swift
[1570/1710] Compiling X509 OCSPResponse.swift
[1571/1710] Compiling X509 OCSPResponseBytes.swift
[1572/1710] Compiling X509 OCSPResponseData.swift
[1573/1710] Compiling X509 OCSPResponseStatus.swift
[1574/1710] Compiling X509 OCSPSignature.swift
[1575/1710] Compiling X509 OCSPSingleRequest.swift
[1576/1710] Compiling X509 OCSPSingleResponse.swift
[1577/1710] Compiling X509 OCSPTBSRequest.swift
[1578/1710] Compiling X509 OCSPVersion.swift
[1579/1710] Compiling X509 ValidatedCertificateChain.swift
[1580/1710] Compiling X509 VerificationDiagnostic.swift
[1581/1710] Compiling X509 Verifier.swift
[1582/1710] Compiling X509 VerifierPolicy.swift
[1583/1710] Compiling X509 AlgorithmIdentifier.swift
[1584/1710] Compiling X509 ECDSASignature.swift
[1585/1710] Compiling X509 RSAPKCS1PublicKey.swift
[1586/1710] Compiling X509 SubjectPublicKeyInfo.swift
[1587/1710] Compiling X509 TBSCertificate.swift
[1588/1710] Compiling X509 Time.swift
[1589/1710] Compiling X509 TimeCalculations.swift
[1590/1710] Compiling X509 Validity.swift
[1591/1710] Compiling X509 X509SendableMetatype.swift
[1592/1710] Emitting module NIOPosix
[1599/1717] Compiling NIOPosix GetaddrinfoResolver.swift
[1608/1717] Compiling NIOPosix HappyEyeballs.swift
[1609/1717] Compiling NIOPosix IO.swift
[1610/1717] Compiling NIOPosix IntegerBitPacking.swift
[1611/1717] Compiling NIOPosix IntegerTypes.swift
[1612/1717] Compiling NIOPosix Linux.swift
[1613/1717] Compiling NIOPosix LinuxCPUSet.swift
[1614/1717] Compiling NIOPosix LinuxUring.swift
[1615/1717] Compiling NIOPosix MultiThreadedEventLoopGroup.swift
[1616/1717] Compiling NIOPosix NIOPosixSendableMetatype.swift
[1617/1717] Compiling NIOPosix NIORandomizedDNSResolver.swift
[1618/1717] Compiling NIOPosix NIOThreadPool.swift
[1619/1717] Compiling NIOPosix NonBlockingFileIO.swift
[1620/1717] Compiling NIOPosix PendingDatagramWritesManager.swift
[1621/1717] Compiling NIOPosix VsockChannelEvents.swift
[1622/1717] Compiling NIOPosix Windows.swift
[1623/1717] Compiling X509 CSRVersion.swift
[1624/1717] Compiling X509 CertificateSigningRequest.swift
[1625/1717] Compiling X509 CertificationRequestInfo.swift
[1626/1717] Compiling X509 ExtensionRequest.swift
[1627/1717] Compiling X509 Certificate.swift
[1628/1717] Compiling X509 CertificatePrivateKey.swift
[1629/1717] Compiling X509 CertificatePublicKey.swift
[1630/1717] Compiling X509 CertificateSerialNumber.swift
[1631/1717] Compiling X509 CertificateVersion.swift
[1632/1717] Compiling X509 CMSAttribute.swift
[1633/1717] Compiling X509 CMSContentInfo.swift
[1634/1717] Compiling X509 CMSEncapsulatedContentInfo.swift
[1635/1717] Emitting module X509
[1636/1717] Compiling NIOPosix SelectorWSAPoll.swift
[1637/1717] Compiling NIOPosix ServerSocket.swift
[1638/1717] Compiling NIOPosix Socket.swift
[1639/1717] Compiling NIOPosix SocketChannel.swift
[1640/1717] Compiling NIOPosix SocketProtocols.swift
[1641/1717] Compiling NIOPosix StructuredConcurrencyHelpers.swift
[1642/1717] Compiling NIOPosix System.swift
[1649/1717] Compiling NIOPosix Resolver.swift
[1657/1718] Wrapping AST for X509 for debugging
[1659/1785] Compiling JWTKit P256+CurveType.swift
[1660/1785] Compiling JWTKit P384+CurveType.swift
[1661/1785] Compiling JWTKit P521+CurveType.swift
[1662/1785] Compiling JWTKit EdDSA.swift
[1663/1785] Compiling JWTKit EdDSACurve.swift
[1664/1785] Compiling JWTKit EdDSAError.swift
[1665/1785] Compiling JWTKit EdDSASigner.swift
[1666/1785] Compiling JWTKit ECDSASigningAlgorithm.swift
[1667/1785] Compiling JWTKit JWTKeyCollection+ECDSA.swift
[1675/1785] Compiling JWTKit JWTKeyCollection+EdDSA.swift
[1676/1794] Compiling JWTKit GoogleHostedDomainClaim.swift
[1677/1794] Compiling JWTKit IDClaim.swift
[1678/1794] Compiling JWTKit IssuedAtClaim.swift
[1679/1794] Compiling JWTKit IssuerClaim.swift
[1680/1794] Compiling JWTKit JWTClaim.swift
[1681/1794] Compiling JWTKit JWTMultiValueClaim.swift
[1682/1794] Compiling JWTKit JWTUnixEpochClaim.swift
[1683/1794] Compiling JWTKit MLDSA87+MLDSAKey.swift
[1684/1794] Compiling JWTKit MLDSAError.swift
[1685/1794] Compiling JWTKit MLDSAKey.swift
[1686/1794] Compiling JWTKit MLDSASigner.swift
[1687/1794] Compiling JWTKit AudienceClaim.swift
[1688/1794] Compiling JWTKit BoolClaim.swift
[1689/1794] Compiling JWTKit ExpirationClaim.swift
[1690/1795] Wrapping AST for NIOPosix for debugging
[1692/1797] Emitting module JWTKit
[1693/1797] Compiling NIO Exports.swift
[1694/1797] Emitting module NIO
[1695/1808] Wrapping AST for NIO for debugging
[1697/1837] Compiling NIOHTTP1 HTTPTypes.swift
[1698/1837] Compiling NIOHTTP1 HTTPServerPipelineHandler.swift
[1699/1837] Compiling NIOHTTP1 HTTPServerProtocolErrorHandler.swift
[1700/1837] Compiling NIOHTTP1 NIOHTTPClientUpgradeHandler.swift
[1701/1837] Compiling NIOHTTP1 NIOHTTPObjectAggregator.swift
[1702/1837] Compiling NIOHTTP1 NIOTypedHTTPClientUpgradeHandler.swift
[1703/1837] Compiling NIOHTTP1 NIOTypedHTTPClientUpgraderStateMachine.swift
[1716/1837] Compiling NIOSOCKS SOCKSClientHandler.swift
[1717/1837] Compiling NIOSOCKS SOCKSServerHandshakeHandler.swift
[1718/1837] Compiling NIOSOCKS Messages.swift
[1719/1837] Compiling NIOSOCKS SOCKSRequest.swift
[1720/1837] Compiling NIOSOCKS AuthenticationMethod.swift
[1721/1837] Compiling NIOSOCKS ClientGreeting.swift
[1722/1837] Compiling NIOSOCKS Errors.swift
[1723/1837] Compiling NIOSOCKS Helpers.swift
[1724/1837] Compiling NIOHTTP1 HTTPTypedPipelineSetup.swift
[1725/1837] Compiling JWTKit HMAC.swift
[1726/1837] Compiling JWTKit HMACError.swift
[1727/1837] Compiling JWTKit HMACSigner.swift
[1728/1837] Compiling JWTKit JWTKeyCollection+HMAC.swift
[1729/1837] Compiling JWTKit Insecure.swift
[1730/1837] Compiling JWTKit JWK.swift
[1731/1837] Compiling JWTKit JWKIdentifier.swift
[1732/1837] Compiling JWTKit JWKS.swift
[1733/1837] Compiling JWTKit JWKSigner.swift
[1734/1837] Compiling JWTKit LocaleClaim.swift
[1735/1837] Compiling JWTKit NotBeforeClaim.swift
[1736/1837] Compiling JWTKit SubjectClaim.swift
[1737/1837] Compiling JWTKit TenantIDClaim.swift
[1738/1837] Compiling JWTKit ECDSA.swift
[1739/1837] Compiling JWTKit ECDSACurve.swift
[1740/1837] Compiling JWTKit ECDSACurveType.swift
[1741/1837] Compiling JWTKit ECDSAError.swift
[1742/1837] Compiling JWTKit ECDSAKeyTypes.swift
[1743/1837] Compiling JWTKit ECDSASigner.swift
[1744/1837] Compiling NIOTLS NIOTypedApplicationProtocolNegotiationHandler.swift
[1745/1837] Compiling JWTKit JWTAlgorithm.swift
[1746/1837] Compiling JWTKit JWTError.swift
[1747/1837] Compiling JWTKit JWTHeader+CommonFields.swift
[1748/1837] Compiling JWTKit JWTHeader.swift
[1749/1837] Compiling JWTKit JWTHeaderField.swift
[1750/1837] Compiling JWTKit JWTKeyCollection.swift
[1751/1837] Compiling JWTKit JWTParser+MandatoryVerificationFields.swift
[1752/1837] Compiling JWTKit JWTParser.swift
[1753/1837] Compiling JWTKit JWTPayload.swift
[1754/1837] Compiling NIOFoundationCompat Exports.swift
[1755/1837] Compiling NIOTLS TLSEvents.swift
[1756/1837] Compiling NIOSOCKS SelectedAuthenticationMethod.swift
[1757/1838] Compiling NIOFoundationCompat WaitSpinningRunLoop.swift
[1758/1838] Compiling NIOFoundationCompat JSONSerialization+ByteBuffer.swift
[1759/1838] Compiling NIOTLS ApplicationProtocolNegotiationHandler.swift
[1760/1838] Emitting module NIOTLS
[1761/1838] Emitting module NIOFoundationCompat
[1762/1839] Emitting module NIOSOCKS
[1764/1839] Compiling NIOSOCKS SOCKSResponse.swift
[1770/1839] Wrapping AST for NIOFoundationCompat for debugging
[1772/1839] Compiling NIOSOCKS ClientStateMachine.swift
[1775/1841] Compiling NIOSOCKS ServerStateMachine.swift
[1776/1841] Compiling NIOTLS ProtocolNegotiationHandlerStateMachine.swift
[1777/1841] Compiling NIOTLS SNIHandler.swift
[1781/1843] Wrapping AST for NIOTLS for debugging
[1782/1863] Wrapping AST for NIOSOCKS for debugging
[1784/1873] Compiling NIOSSL LinuxCABundle.swift
[1785/1873] Compiling NIOSSL NIOSSLClientHandler.swift
[1786/1873] Compiling NIOSSL NIOSSLHandler+Configuration.swift
[1787/1873] Compiling NIOSSL SSLErrors.swift
[1788/1873] Compiling NIOSSL SSLInit.swift
[1789/1873] Compiling NIOSSL SSLPKCS12Bundle.swift
[1790/1873] Compiling NIOSSL NIOSSLServerHandler.swift
[1791/1873] Compiling JWTKit CustomizedJSONCoders.swift
[1792/1873] Compiling JWTKit Utilities.swift
[1793/1873] Compiling JWTKit AppleIdentityToken.swift
[1794/1873] Compiling JWTKit FirebaseAuthIdentityToken.swift
[1795/1873] Compiling JWTKit GoogleIdentityToken.swift
[1796/1873] Compiling JWTKit MicrosoftIdentityToken.swift
[1797/1873] Compiling JWTKit EmptyPolicy.swift
[1798/1873] Compiling JWTKit ValidationTimePayload.swift
[1799/1873] Compiling JWTKit X5CVerifier.swift
[1801/1874] Compiling NIOSSL SSLConnection.swift
[1802/1874] Compiling NIOSSL SSLContext.swift
[1802/1874] Wrapping AST for JWTKit for debugging
[1804/1874] Emitting module NIOHTTP1
[1805/1874] Compiling NIOSSL NIOSSLHandler.swift
[1806/1874] Compiling NIOSSL AndroidCABundle.swift
[1807/1874] Compiling NIOSSL ByteBufferBIO.swift
[1808/1874] Compiling NIOSSL SSLCertificateExtensions.swift
[1809/1874] Compiling NIOSSL SSLCertificateName.swift
[1810/1874] Compiling NIOSSL IdentityVerification.swift
[1811/1874] Compiling NIOSSL SSLCertificate.swift
[1812/1877] Wrapping AST for NIOHTTP1 for debugging
[1814/1892] Compiling NIOHTTPCompression HTTPRequestCompressor.swift
[1815/1892] Emitting module NIOHTTPCompression
[1816/1892] Compiling NIOHTTPCompression HTTPDecompressor.swift
[1817/1892] Compiling NIOHTTPCompression HTTPDecompression.swift
[1818/1892] Compiling NIOHPACK DynamicHeaderTable.swift
[1819/1892] Compiling NIOHPACK HPACKDecoder.swift
[1820/1892] Compiling NIOHPACK HPACKEncoder.swift
[1821/1892] Compiling NIOHPACK HPACKErrors.swift
[1822/1896] Compiling NIOHTTPCompression HTTPCompression.swift
[1827/1896] Emitting module NIOSSL
[1828/1896] Compiling NIOHPACK IndexedHeaderTable.swift
[1829/1896] Compiling NIOHPACK HuffmanTables.swift
[1830/1896] Compiling NIOHPACK IntegerCoding.swift
[1831/1896] Compiling NIOHPACK HPACKHeader.swift
[1832/1896] Compiling NIOHPACK HeaderTables.swift
[1833/1896] Compiling NIOSSL CustomPrivateKey.swift
[1834/1896] Compiling NIOSSL FreeBSDCABundle.swift
[1840/1897] Compiling NIOSSL SSLPrivateKey.swift
[1841/1897] Compiling NIOSSL SSLPublicKey.swift
[1842/1897] Compiling NIOSSL SecurityFrameworkCertificateVerification.swift
[1843/1897] Compiling NIOSSL String+unsafeUninitializedCapacity.swift
[1844/1897] Compiling NIOSSL SubjectAlternativeName.swift
[1845/1897] Compiling NIOSSL NIOSSLSecureBytes.swift
[1846/1897] Compiling NIOSSL RNG.swift
[1847/1897] Compiling NIOSSL SafeCompare.swift
[1848/1897] Compiling NIOHTTPCompression HTTPResponseCompressor.swift
[1849/1898] Compiling NIOHPACK HuffmanCoding.swift
[1851/1898] Emitting module NIOHPACK
[1852/1898] Compiling NIOHPACK StaticHeaderTable.swift
[1852/1898] Wrapping AST for NIOHTTPCompression for debugging
[1859/1898] Compiling NIOSSL ObjectIdentifier.swift
[1860/1898] Compiling NIOSSL PosixPort.swift
[1861/1898] Compiling NIOSSL SSLCallbacks.swift
[1864/1899] Wrapping AST for NIOHPACK for debugging
[1866/1962] Compiling NIOHTTP2 HTTP2UserEvents.swift
[1867/1962] Compiling NIOHTTP2 InboundEventBuffer.swift
[1868/1962] Compiling NIOHTTP2 InboundWindowManager.swift
[1869/1962] Compiling NIOHTTP2 MultiplexerAbstractChannel.swift
[1871/1963] Compiling NIOHTTP2 HasFlowControlWindows.swift
[1872/1963] Compiling NIOHTTP2 HasLocalSettings.swift
[1873/1963] Compiling NIOHTTP2 HasRemoteSettings.swift
[1874/1963] Compiling NIOHTTP2 LocallyQuiescingState.swift
[1875/1963] Compiling NIOHTTP2 QuiescingState.swift
[1876/1963] Compiling NIOHTTP2 RemotelyQuiescingState.swift
[1877/1963] Compiling NIOHTTP2 SendAndReceiveGoawayState.swift
[1878/1963] Compiling NIOHTTP2 StateMachineResult.swift
[1879/1963] Compiling NIOHTTP2 ContentLengthVerifier.swift
[1879/1971] Wrapping AST for NIOSSL for debugging
[1881/1971] Emitting module NIOHTTP2
[1882/1971] Compiling NIOHTTP2 ConnectionStateMachine.swift
[1883/1971] Compiling NIOHTTP2 ConnectionStreamsState.swift
[1884/1971] Compiling NIOHTTP2 MayReceiveFrames.swift
[1885/1971] Compiling NIOHTTP2 ReceivingDataState.swift
[1886/1971] Compiling NIOHTTP2 ReceivingGoAwayState.swift
[1887/1971] Compiling NIOHTTP2 ReceivingHeadersState.swift
[1888/1971] Compiling NIOHTTP2 ReceivingPushPromiseState.swift
[1889/1971] Compiling NIOHTTP2 ReceivingRstStreamState.swift
[1890/1971] Compiling NIOHTTP2 ReceivingWindowUpdateState.swift
[1891/1971] Compiling NIOHTTP2 NIOHTTP2ServerConnectionManagementHandler.swift
[1892/1971] Compiling NIOHTTP2 StreamChannelFlowController.swift
[1893/1971] Compiling NIOHTTP2 StreamChannelList.swift
[1894/1971] Compiling NIOHTTP2 StreamMap.swift
[1895/1971] Compiling NIOHTTP2 StreamStateMachine.swift
[1896/1971] Compiling NIOHTTP2 Timer.swift
[1897/1971] Compiling NIOHTTP2 UnsafeTransfer.swift
[1898/1971] Compiling NIOHTTP2 WatermarkedFlowController.swift
[1899/1971] Compiling NIOHTTP2 DOSHeuristics.swift
[1900/1971] Compiling NIOHTTP2 Error+Any.swift
[1901/1971] Compiling NIOHTTP2 ConcurrentStreamBuffer.swift
[1902/1971] Compiling NIOHTTP2 ControlFrameBuffer.swift
[1903/1971] Compiling NIOHTTP2 OutboundFlowControlBuffer.swift
[1904/1971] Compiling NIOHTTP2 OutboundFrameBuffer.swift
[1905/1971] Compiling NIOHTTP2 GlitchesMonitor.swift
[1906/1971] Compiling NIOHTTP2 HPACKHeaders+Validation.swift
[1907/1971] Compiling NIOHTTP2 HTTP2ChannelHandler+InboundStreamMultiplexer.swift
[1908/1971] Compiling NIOHTTP2 HTTP2FrameParser.swift
[1909/1971] Compiling NIOHTTP2 HTTP2PingData.swift
[1910/1971] Compiling NIOHTTP2 HTTP2PipelineHelpers.swift
[1911/1971] Compiling NIOHTTP2 HTTP2Settings.swift
[1912/1971] Compiling NIOHTTP2 HTTP2Stream.swift
[1913/1971] Compiling NIOHTTP2 HTTP2StreamChannel+OutboundStreamMultiplexer.swift
[1914/1971] Compiling NIOHTTP2 HTTP2StreamChannel.swift
[1915/1971] Compiling NIOHTTP2 HTTP2StreamDelegate.swift
[1916/1971] Compiling NIOHTTP2 HTTP2StreamID.swift
[1917/1971] Compiling NIOHTTP2 MaySendFrames.swift
[1918/1971] Compiling NIOHTTP2 SendingDataState.swift
[1919/1971] Compiling NIOHTTP2 SendingGoawayState.swift
[1920/1971] Compiling NIOHTTP2 SendingHeadersState.swift
[1921/1971] Compiling NIOHTTP2 SendingPushPromiseState.swift
[1922/1971] Compiling NIOHTTP2 SendingRstStreamState.swift
[1923/1971] Compiling NIOHTTP2 SendingWindowUpdateState.swift
[1924/1971] Compiling NIOHTTP2 HTTP2SettingsState.swift
[1925/1971] Compiling NIOHTTP2 HasExtendedConnectSettings.swift
[1926/1971] Compiling NIOHTTP2 HTTP2StreamMultiplexer.swift
[1927/1971] Compiling NIOHTTP2 HTTP2ToHTTP1Codec.swift
[1932/1971] Compiling NIOHTTP2 NIOHTTP2FrameDelegate.swift
[1933/1971] Compiling NIOHTTP2 NIOHTTP2ServerConnectionManagementHandler+StateMachine.swift
[1934/1971] Compiling NIOHTTP2 HTTP2ChannelHandler+InlineStreamMultiplexer.swift
[1935/1971] Compiling NIOHTTP2 HTTP2ChannelHandler.swift
[1936/1971] Compiling NIOHTTP2 HTTP2CommonInboundStreamMultiplexer.swift
[1937/1971] Compiling NIOHTTP2 HTTP2ConnectionStateChange.swift
[1938/1971] Compiling NIOHTTP2 HTTP2Error.swift
[1939/1971] Compiling NIOHTTP2 HTTP2ErrorCode.swift
[1940/1971] Compiling NIOHTTP2 HTTP2FlowControlWindow.swift
[1941/1971] Compiling NIOHTTP2 HTTP2Frame.swift
[1942/1971] Compiling NIOHTTP2 HTTP2FrameEncoder.swift
[1943/1972] Wrapping AST for NIOHTTP2 for debugging
[1945/2036] Emitting module AsyncHTTPClient
[1946/2044] Compiling AsyncHTTPClient LRUCache.swift
[1947/2044] Compiling AsyncHTTPClient NIOLoopBound+Execute.swift
[1948/2044] Compiling AsyncHTTPClient NWErrorHandler.swift
[1949/2044] Compiling AsyncHTTPClient NWWaitingHandler.swift
[1950/2044] Compiling AsyncHTTPClient TLSConfiguration.swift
[1951/2044] Compiling AsyncHTTPClient RedirectState.swift
[1952/2044] Compiling AsyncHTTPClient RequestBag+StateMachine.swift
[1953/2044] Compiling AsyncHTTPClient RequestBag+Tracing.swift
[1954/2044] Compiling AsyncHTTPClient RequestBag.swift
[1955/2044] Compiling AsyncHTTPClient AnyAsyncSequence.swift
[1956/2044] Compiling AsyncHTTPClient AnyAsyncSequenceProucerDelete.swift
[1957/2044] Compiling AsyncHTTPClient AsyncLazySequence.swift
[1958/2044] Compiling AsyncHTTPClient HTTPClient+execute.swift
[1959/2044] Compiling AsyncHTTPClient HTTPClient+shutdown.swift
[1960/2044] Compiling AsyncHTTPClient HTTPClient+tracing.swift
[1961/2044] Compiling AsyncHTTPClient HTTPClientRequest+Prepared.swift
[1962/2044] Compiling AsyncHTTPClient HTTPClientRequest+auth.swift
[1963/2044] Compiling AsyncHTTPClient HTTPClientRequest.swift
[1964/2044] Compiling AsyncHTTPClient RequestValidation.swift
[1965/2044] Compiling AsyncHTTPClient SSLContextCache.swift
[1966/2044] Compiling AsyncHTTPClient Scheme.swift
[1967/2044] Compiling AsyncHTTPClient Singleton.swift
[1968/2044] Compiling AsyncHTTPClient StringConvertibleInstances.swift
[1969/2044] Compiling AsyncHTTPClient StructuredConcurrencyHelpers.swift
[1970/2044] Compiling AsyncHTTPClient TracingSupport.swift
[1971/2044] Compiling AsyncHTTPClient Utils.swift
[1972/2044] Compiling AsyncHTTPClient RequestOptions.swift
[1973/2044] Compiling AsyncHTTPClient HTTPConnectionPool+Backoff.swift
[1974/2044] Compiling AsyncHTTPClient HTTPConnectionPool+HTTP1Connections.swift
[1975/2044] Compiling AsyncHTTPClient HTTPConnectionPool+HTTP1StateMachine.swift
[1976/2044] Compiling AsyncHTTPClient HTTPConnectionPool+HTTP2Connections.swift
[1977/2044] Compiling AsyncHTTPClient HTTPConnectionPool+HTTP2StateMachine.swift
[1978/2044] Compiling AsyncHTTPClient HTTPConnectionPool+RequestQueue.swift
[1979/2044] Compiling AsyncHTTPClient HTTPConnectionPool+StateMachine.swift
[1980/2044] Compiling AsyncHTTPClient ConnectionTarget.swift
[1981/2044] Compiling AsyncHTTPClient HTTPConnectionEvent.swift
[1982/2044] Compiling AsyncHTTPClient HTTPConnectionPool+Factory.swift
[1983/2044] Compiling AsyncHTTPClient HTTPConnectionPool+Manager.swift
[1984/2044] Compiling AsyncHTTPClient HTTPConnectionPool.swift
[1985/2044] Compiling AsyncHTTPClient HTTPExecutableRequest.swift
[1986/2044] Compiling AsyncHTTPClient HTTPRequestStateMachine+Demand.swift
[1987/2044] Compiling AsyncHTTPClient HTTPRequestStateMachine.swift
[1988/2044] Compiling AsyncHTTPClient RequestBodyLength.swift
[1989/2044] Compiling AsyncHTTPClient RequestFramingMetadata.swift
[1990/2044] Compiling AsyncHTTPClient HTTP1ProxyConnectHandler.swift
[1991/2044] Compiling AsyncHTTPClient SOCKSEventsHandler.swift
[1992/2044] Compiling AsyncHTTPClient TLSEventsHandler.swift
[1993/2044] Compiling AsyncHTTPClient HTTP1ClientChannelHandler.swift
[1994/2044] Compiling AsyncHTTPClient HTTP1Connection.swift
[1995/2044] Compiling AsyncHTTPClient HTTP1ConnectionStateMachine.swift
[1996/2044] Compiling AsyncHTTPClient HTTP2ClientRequestHandler.swift
[1997/2044] Compiling AsyncHTTPClient HTTP2Connection.swift
[1998/2044] Compiling AsyncHTTPClient HTTP2IdleHandler.swift
[1999/2044] Compiling AsyncHTTPClient DeconstructedURL.swift
[2000/2044] Compiling AsyncHTTPClient FileDownloadDelegate.swift
[2001/2044] Compiling AsyncHTTPClient FoundationExtensions.swift
[2002/2044] Compiling AsyncHTTPClient HTTPClient+HTTPCookie.swift
[2003/2044] Compiling AsyncHTTPClient HTTPClient+Proxy.swift
[2004/2044] Compiling AsyncHTTPClient HTTPClient+StructuredConcurrency.swift
[2005/2044] Compiling AsyncHTTPClient HTTPClient.swift
[2006/2044] Compiling AsyncHTTPClient HTTPClientConfiguration+SwiftConfiguration.swift
[2007/2044] Compiling AsyncHTTPClient HTTPHandler.swift
[2008/2044] Compiling AsyncHTTPClient HTTPClientResponse.swift
[2009/2044] Compiling AsyncHTTPClient SingleIteratorPrecondition.swift
[2010/2044] Compiling AsyncHTTPClient Transaction+StateMachine.swift
[2011/2044] Compiling AsyncHTTPClient Transaction.swift
[2012/2044] Compiling AsyncHTTPClient Base64.swift
[2013/2044] Compiling AsyncHTTPClient BasicAuth.swift
[2014/2044] Compiling AsyncHTTPClient BestEffortHashableTLSConfiguration.swift
[2015/2044] Compiling AsyncHTTPClient Configuration+BrowserLike.swift
[2016/2044] Compiling AsyncHTTPClient ConnectionPool.swift
[2017/2045] Wrapping AST for AsyncHTTPClient for debugging
[2019/2068] Emitting module GoogleAuth
[2020/2068] Compiling GoogleAuth ADC.swift
[2021/2068] Compiling GoogleAuth ADCPath.swift
[2022/2068] Compiling GoogleAuth ADCResolver.swift
[2023/2068] Compiling GoogleAuth AuthHeaders.swift
[2024/2071] Compiling GoogleAuth CredentialParserRegistry.swift
[2025/2071] Compiling GoogleAuth Credentials.swift
[2026/2071] Compiling GoogleAuth CredentialsError.swift
[2027/2071] Compiling GoogleAuth AnonymousCredentials.swift
[2028/2071] Compiling GoogleAuth ApiKeyCredentials.swift
[2029/2071] Compiling GoogleAuth ExternalAccountCredentials.swift
[2030/2071] Compiling GoogleAuth UserAccountData.swift
[2031/2071] Compiling GoogleAuth UserAccountTokenProvider.swift
[2032/2071] Compiling GoogleAuth UserCredentials.swift
[2033/2071] Compiling GoogleAuth SubjectTokenProvider.swift
[2034/2071] Compiling GoogleAuth MDSAccessTokenProvider.swift
[2035/2071] Compiling GoogleAuth MDSCredentials.swift
[2036/2071] Compiling GoogleAuth ServiceAccountCredentials.swift
[2037/2071] Compiling GoogleAuth ServiceAccountData.swift
[2038/2071] Compiling GoogleAuth ServiceAccountTokenProvider.swift
[2039/2071] Compiling GoogleAuth AuthHTTPClient.swift
[2040/2071] Compiling GoogleAuth AuthHTTPError.swift
[2041/2071] Compiling GoogleAuth RetryEngine.swift
[2042/2071] Compiling GoogleAuth STSHandler.swift
[2043/2071] Compiling GoogleAuth TokenCache.swift
[2044/2071] Compiling GoogleAuth PackageVersion.swift
[2045/2072] Wrapping AST for GoogleAuth for debugging
[2047/2130] Compiling GoogleGax AIP194+PollingErrorPolicy.swift
[2048/2130] Compiling GoogleGax AIP194+RetryPolicy.swift
[2049/2130] Compiling GoogleGax AIP194.swift
[2050/2130] Compiling GoogleGax AdaptiveThrottler.swift
[2051/2130] Compiling GoogleGax AlwaysPoll.swift
[2052/2130] Compiling GoogleGax AlwaysRetry.swift
[2053/2130] Compiling GoogleGax ApiClientHeader.swift
[2054/2130] Compiling GoogleGax BackoffPolicy.swift
[2055/2130] Compiling GoogleGax BasePollingErrorPolicy.swift
[2056/2138] Compiling GoogleGax LimitedAttemptCount+PollingErrorPolicy.swift
[2057/2138] Compiling GoogleGax LimitedAttemptCount+RetryPolicy.swift
[2058/2138] Compiling GoogleGax LimitedAttemptCount.swift
[2059/2138] Compiling GoogleGax LimitedElapsedTime+PollingErrorPolicy.swift
[2060/2138] Compiling GoogleGax LimitedElapsedTime+RetryPolicy.swift
[2061/2138] Compiling GoogleGax LimitedElapsedTime.swift
[2062/2138] Compiling GoogleGax LongRunningOperations.swift
[2063/2138] Compiling GoogleGax NeverRetry.swift
[2064/2138] Compiling GoogleGax BaseRetryPolicy.swift
[2065/2138] Compiling GoogleGax BindingError.swift
[2066/2138] Compiling GoogleGax CRC32C.swift
[2067/2138] Compiling GoogleGax CircuitBreaker.swift
[2068/2138] Compiling GoogleGax ClientError.swift
[2069/2138] Compiling GoogleGax ClientOptions.swift
[2070/2138] Compiling GoogleGax ContinueOnIO+PollingErrorPolicy.swift
[2071/2138] Compiling GoogleGax ContinueOnIO+RetryPolicy.swift
[2072/2138] Compiling GoogleGax RequestOptions.swift
[2073/2138] Compiling GoogleGax RetryLoop.swift
[2074/2138] Compiling GoogleGax RetryPolicy.swift
[2075/2138] Compiling GoogleGax RetryResult.swift
[2076/2138] Compiling GoogleGax RetryState.swift
[2077/2138] Compiling GoogleGax RetryThrottler.swift
[2078/2138] Compiling GoogleGax RetryThrottlerError.swift
[2079/2138] Compiling GoogleGax RoutingMatcher.swift
[2080/2138] Emitting module GoogleGax
[2081/2138] Compiling GoogleGax HTTPClientProtocol.swift
[2082/2138] Compiling GoogleGax HTTPClientRequest.swift
[2083/2138] Compiling GoogleGax HTTPClientResponse.swift
[2084/2138] Compiling GoogleGax HTTPHeaders.swift
[2085/2138] Compiling GoogleGax HTTPResponseBody.swift
[2086/2138] Compiling GoogleGax HeaderNames.swift
[2087/2138] Compiling GoogleGax Host.swift
[2088/2138] Compiling GoogleGax InProgressResult.swift
[2089/2138] Compiling GoogleGax ContinueOnIO.swift
[2090/2138] Compiling GoogleGax CredentialsProtocol.swift
[2091/2138] Compiling GoogleGax ErrorWrapper.swift
[2092/2138] Compiling GoogleGax ExponentialBackoff+BackoffPolicy.swift
[2093/2138] Compiling GoogleGax ExponentialBackoff+PollingBackoffPolicy.swift
[2094/2138] Compiling GoogleGax ExponentialBackoff.swift
[2095/2138] Compiling GoogleGax HTTPClient.swift
[2096/2138] Compiling GoogleGax HTTPClientHolder.swift
[2097/2138] Compiling GoogleGax Pagination.swift
/host/spi-builder-workspace/.build/checkouts/swift-google-gax/Sources/GoogleGax/Pagination.swift:44:22: error: cannot convert '@Sendable (String) async throws -> (response: ResponseType, items: [Item], nextToken: String)' to 'nonisolated(nonsending) @Sendable (String) async throws -> (response: ResponseType, items: [Item], nextToken: String)' because crossing of an isolation boundary requires parameter and result types to conform to 'Sendable' protocol
 42 |   ) where ResponseType: _PaginatedResponse<Item> {
 43 |     self.initialPageToken = initialPageToken ?? ""
 44 |     self.fetchPage = { token in
    |                      |- error: cannot convert '@Sendable (String) async throws -> (response: ResponseType, items: [Item], nextToken: String)' to 'nonisolated(nonsending) @Sendable (String) async throws -> (response: ResponseType, items: [Item], nextToken: String)' because crossing of an isolation boundary requires parameter and result types to conform to 'Sendable' protocol
    |                      `- note: type 'Item' does not conform to 'Sendable' protocol
 45 |       let response = try await listRpc(token)
 46 |       return (response, response._getPaginatedItems(), response._nextPageToken())
[2098/2138] Compiling GoogleGax PollingBackoffPolicy.swift
/host/spi-builder-workspace/.build/checkouts/swift-google-gax/Sources/GoogleGax/Pagination.swift:44:22: error: cannot convert '@Sendable (String) async throws -> (response: ResponseType, items: [Item], nextToken: String)' to 'nonisolated(nonsending) @Sendable (String) async throws -> (response: ResponseType, items: [Item], nextToken: String)' because crossing of an isolation boundary requires parameter and result types to conform to 'Sendable' protocol
 42 |   ) where ResponseType: _PaginatedResponse<Item> {
 43 |     self.initialPageToken = initialPageToken ?? ""
 44 |     self.fetchPage = { token in
    |                      |- error: cannot convert '@Sendable (String) async throws -> (response: ResponseType, items: [Item], nextToken: String)' to 'nonisolated(nonsending) @Sendable (String) async throws -> (response: ResponseType, items: [Item], nextToken: String)' because crossing of an isolation boundary requires parameter and result types to conform to 'Sendable' protocol
    |                      `- note: type 'Item' does not conform to 'Sendable' protocol
 45 |       let response = try await listRpc(token)
 46 |       return (response, response._getPaginatedItems(), response._nextPageToken())
[2099/2138] Compiling GoogleGax PollingErrorPolicy.swift
/host/spi-builder-workspace/.build/checkouts/swift-google-gax/Sources/GoogleGax/Pagination.swift:44:22: error: cannot convert '@Sendable (String) async throws -> (response: ResponseType, items: [Item], nextToken: String)' to 'nonisolated(nonsending) @Sendable (String) async throws -> (response: ResponseType, items: [Item], nextToken: String)' because crossing of an isolation boundary requires parameter and result types to conform to 'Sendable' protocol
 42 |   ) where ResponseType: _PaginatedResponse<Item> {
 43 |     self.initialPageToken = initialPageToken ?? ""
 44 |     self.fetchPage = { token in
    |                      |- error: cannot convert '@Sendable (String) async throws -> (response: ResponseType, items: [Item], nextToken: String)' to 'nonisolated(nonsending) @Sendable (String) async throws -> (response: ResponseType, items: [Item], nextToken: String)' because crossing of an isolation boundary requires parameter and result types to conform to 'Sendable' protocol
    |                      `- note: type 'Item' does not conform to 'Sendable' protocol
 45 |       let response = try await listRpc(token)
 46 |       return (response, response._getPaginatedItems(), response._nextPageToken())
[2100/2138] Compiling GoogleGax PollingResult.swift
/host/spi-builder-workspace/.build/checkouts/swift-google-gax/Sources/GoogleGax/Pagination.swift:44:22: error: cannot convert '@Sendable (String) async throws -> (response: ResponseType, items: [Item], nextToken: String)' to 'nonisolated(nonsending) @Sendable (String) async throws -> (response: ResponseType, items: [Item], nextToken: String)' because crossing of an isolation boundary requires parameter and result types to conform to 'Sendable' protocol
 42 |   ) where ResponseType: _PaginatedResponse<Item> {
 43 |     self.initialPageToken = initialPageToken ?? ""
 44 |     self.fetchPage = { token in
    |                      |- error: cannot convert '@Sendable (String) async throws -> (response: ResponseType, items: [Item], nextToken: String)' to 'nonisolated(nonsending) @Sendable (String) async throws -> (response: ResponseType, items: [Item], nextToken: String)' because crossing of an isolation boundary requires parameter and result types to conform to 'Sendable' protocol
    |                      `- note: type 'Item' does not conform to 'Sendable' protocol
 45 |       let response = try await listRpc(token)
 46 |       return (response, response._getPaginatedItems(), response._nextPageToken())
[2101/2138] Compiling GoogleGax PollingState.swift
/host/spi-builder-workspace/.build/checkouts/swift-google-gax/Sources/GoogleGax/Pagination.swift:44:22: error: cannot convert '@Sendable (String) async throws -> (response: ResponseType, items: [Item], nextToken: String)' to 'nonisolated(nonsending) @Sendable (String) async throws -> (response: ResponseType, items: [Item], nextToken: String)' because crossing of an isolation boundary requires parameter and result types to conform to 'Sendable' protocol
 42 |   ) where ResponseType: _PaginatedResponse<Item> {
 43 |     self.initialPageToken = initialPageToken ?? ""
 44 |     self.fetchPage = { token in
    |                      |- error: cannot convert '@Sendable (String) async throws -> (response: ResponseType, items: [Item], nextToken: String)' to 'nonisolated(nonsending) @Sendable (String) async throws -> (response: ResponseType, items: [Item], nextToken: String)' because crossing of an isolation boundary requires parameter and result types to conform to 'Sendable' protocol
    |                      `- note: type 'Item' does not conform to 'Sendable' protocol
 45 |       let response = try await listRpc(token)
 46 |       return (response, response._getPaginatedItems(), response._nextPageToken())
[2102/2138] Compiling GoogleGax ProtobufConversionError.swift
/host/spi-builder-workspace/.build/checkouts/swift-google-gax/Sources/GoogleGax/Pagination.swift:44:22: error: cannot convert '@Sendable (String) async throws -> (response: ResponseType, items: [Item], nextToken: String)' to 'nonisolated(nonsending) @Sendable (String) async throws -> (response: ResponseType, items: [Item], nextToken: String)' because crossing of an isolation boundary requires parameter and result types to conform to 'Sendable' protocol
 42 |   ) where ResponseType: _PaginatedResponse<Item> {
 43 |     self.initialPageToken = initialPageToken ?? ""
 44 |     self.fetchPage = { token in
    |                      |- error: cannot convert '@Sendable (String) async throws -> (response: ResponseType, items: [Item], nextToken: String)' to 'nonisolated(nonsending) @Sendable (String) async throws -> (response: ResponseType, items: [Item], nextToken: String)' because crossing of an isolation boundary requires parameter and result types to conform to 'Sendable' protocol
    |                      `- note: type 'Item' does not conform to 'Sendable' protocol
 45 |       let response = try await listRpc(token)
 46 |       return (response, response._getPaginatedItems(), response._nextPageToken())
[2103/2138] Compiling GoogleGax QueryParameter.swift
/host/spi-builder-workspace/.build/checkouts/swift-google-gax/Sources/GoogleGax/Pagination.swift:44:22: error: cannot convert '@Sendable (String) async throws -> (response: ResponseType, items: [Item], nextToken: String)' to 'nonisolated(nonsending) @Sendable (String) async throws -> (response: ResponseType, items: [Item], nextToken: String)' because crossing of an isolation boundary requires parameter and result types to conform to 'Sendable' protocol
 42 |   ) where ResponseType: _PaginatedResponse<Item> {
 43 |     self.initialPageToken = initialPageToken ?? ""
 44 |     self.fetchPage = { token in
    |                      |- error: cannot convert '@Sendable (String) async throws -> (response: ResponseType, items: [Item], nextToken: String)' to 'nonisolated(nonsending) @Sendable (String) async throws -> (response: ResponseType, items: [Item], nextToken: String)' because crossing of an isolation boundary requires parameter and result types to conform to 'Sendable' protocol
    |                      `- note: type 'Item' does not conform to 'Sendable' protocol
 45 |       let response = try await listRpc(token)
 46 |       return (response, response._getPaginatedItems(), response._nextPageToken())
[2104/2138] Compiling GoogleGax RequestError.swift
/host/spi-builder-workspace/.build/checkouts/swift-google-gax/Sources/GoogleGax/Pagination.swift:44:22: error: cannot convert '@Sendable (String) async throws -> (response: ResponseType, items: [Item], nextToken: String)' to 'nonisolated(nonsending) @Sendable (String) async throws -> (response: ResponseType, items: [Item], nextToken: String)' because crossing of an isolation boundary requires parameter and result types to conform to 'Sendable' protocol
 42 |   ) where ResponseType: _PaginatedResponse<Item> {
 43 |     self.initialPageToken = initialPageToken ?? ""
 44 |     self.fetchPage = { token in
    |                      |- error: cannot convert '@Sendable (String) async throws -> (response: ResponseType, items: [Item], nextToken: String)' to 'nonisolated(nonsending) @Sendable (String) async throws -> (response: ResponseType, items: [Item], nextToken: String)' because crossing of an isolation boundary requires parameter and result types to conform to 'Sendable' protocol
    |                      `- note: type 'Item' does not conform to 'Sendable' protocol
 45 |       let response = try await listRpc(token)
 46 |       return (response, response._getPaginatedItems(), response._nextPageToken())
[2105/2138] Compiling GoogleGax ServiceError.swift
[2106/2138] Compiling GoogleGax StatusDetail.swift
[2107/2138] Compiling GoogleGax StrictIdempotency.swift
[2108/2138] Compiling GoogleGax ThrottleResult.swift
[2109/2138] Compiling GoogleGax TooManyRequests+PollingErrorPolicy.swift
[2110/2138] Compiling GoogleGax TooManyRequests+RetryPolicy.swift
[2111/2138] Compiling GoogleGax TooManyRequests.swift
[2112/2138] Compiling GoogleGax PackageVersion.swift
BUILD FAILURE 6.2 android