Build Information
Failed to build Chat_SDK_SwiftPM, reference main (27033b), with Swift 6.4 for tvOS using Xcode 27.0 on 24 Oct 2026 15:12:54 UTC.
Build Command
env DEVELOPER_DIR=/Applications/Xcode-27.0.0.app xcrun xcodebuild -IDEClonedSourcePackagesDirPathOverride=$PWD/.dependencies -skipMacroValidation -skipPackagePluginValidation -derivedDataPath $PWD/.derivedData build -scheme Chat_SDK_SwiftPM -destination generic/platform=tvOSBuild Log
========================================
RunAll
========================================
Builder version: 5.1.3
Interrupt handler set up.
========================================
Checkout
========================================
Clone URL: https://github.com/Tencent-RTC/Chat_SDK_SwiftPM.git
Reference: main
Initialized empty Git repository in /Users/admin/builder/spi-builder-workspace/.git/
From https://github.com/Tencent-RTC/Chat_SDK_SwiftPM
* branch main -> FETCH_HEAD
* [new branch] main -> origin/main
HEAD is now at 27033bb Merge pull request #2 from lzmlsfe/9.1.7822
Cloned https://github.com/Tencent-RTC/Chat_SDK_SwiftPM.git
Revision (git rev-parse @):
27033bbe65d53fe52e2cd46f3d03b46546306178
SUCCESS checkout https://github.com/Tencent-RTC/Chat_SDK_SwiftPM.git at main
========================================
Build
========================================
Selected platform: tvOS
Swift version: 6.4
Building package at path: $PWD
https://github.com/Tencent-RTC/Chat_SDK_SwiftPM.git
Command line invocation:
/Applications/Xcode-27.0.0.app/Contents/Developer/usr/bin/xcodebuild -IDEClonedSourcePackagesDirPathOverride=/Users/admin/builder/spi-builder-workspace/.dependencies -resolvePackageDependencies
Resolve Package Graph
Resolve Package Graph
Resolved source packages:
Chat_SDK_SwiftPM: /Users/admin/builder/spi-builder-workspace
resolved source packages: Chat_SDK_SwiftPM
2026-10-24 11:12:16.527 xcodebuild[530:3030] [MT] IDERunDestination: Supported platforms for the buildables in the current scheme is empty.
{
"dependencies" : [
],
"manifest_display_name" : "Chat_SDK_SwiftPM",
"name" : "Chat_SDK_SwiftPM",
"path" : "/Users/admin/builder/spi-builder-workspace",
"platforms" : [
],
"products" : [
{
"name" : "Chat_SDK_SwiftPM",
"targets" : [
"ImSDK_Plus_xcframework"
],
"type" : {
"library" : [
"automatic"
]
}
}
],
"targets" : [
{
"c99name" : "ImSDK_Plus_xcframework",
"module_type" : "BinaryTarget",
"name" : "ImSDK_Plus_xcframework",
"path" : "remote/archive/ImSDK_Plus_9.1.7822.xcframework.zip",
"product_memberships" : [
"Chat_SDK_SwiftPM"
],
"sources" : [
],
"type" : "binary"
}
],
"tools_version" : "5.10"
}
{
"workspace" : {
"name" : "Chat_SDK_SwiftPM",
"schemes" : [
"Chat_SDK_SwiftPM"
]
}
}
2026-10-24 11:12:48.389 xcodebuild[639:3860] [MT] IDERunDestination: Supported platforms for the buildables in the current scheme is empty.
Running build ...
env DEVELOPER_DIR=/Applications/Xcode-27.0.0.app xcrun xcodebuild -IDEClonedSourcePackagesDirPathOverride=$PWD/.dependencies -skipMacroValidation -skipPackagePluginValidation -derivedDataPath $PWD/.derivedData build -scheme Chat_SDK_SwiftPM -destination generic/platform=tvOS
Command line invocation:
/Applications/Xcode-27.0.0.app/Contents/Developer/usr/bin/xcodebuild -IDEClonedSourcePackagesDirPathOverride=/Users/admin/builder/spi-builder-workspace/.dependencies -skipMacroValidation -skipPackagePluginValidation -derivedDataPath /Users/admin/builder/spi-builder-workspace/.derivedData build -scheme Chat_SDK_SwiftPM -destination generic/platform=tvOS
Resolve Package Graph
Resolve Package Graph
Resolved source packages:
Chat_SDK_SwiftPM: /Users/admin/builder/spi-builder-workspace
ComputePackagePrebuildTargetDependencyGraph
Prepare packages
CreateBuildRequest
SendProjectDescription
CreateBuildOperation
ComputeTargetDependencyGraph
note: Building targets in dependency order
note: Target dependency graph (1 target)
Target 'Chat_SDK_SwiftPM-product' in project 'Chat_SDK_SwiftPM' (no dependencies)
GatherProvisioningInputs
CreateBuildDescription
ExecuteExternalTool /Applications/Xcode-27.0.0.app/Contents/Developer/Toolchains/XcodeDefault.xctoolchain/usr/bin/clang -v -E -dM -isysroot /Applications/Xcode-27.0.0.app/Contents/Developer/Platforms/AppleTVOS.platform/Developer/SDKs/AppleTVOS27.0.sdk -x c -c /dev/null
Build description signature: 4a07217a04a8f22d58d8787383a5304e
Build description path: /Users/admin/builder/spi-builder-workspace/.derivedData/Build/Intermediates.noindex/XCBuildData/4a07217a04a8f22d58d8787383a5304e.xcbuilddata
/Users/admin/builder/spi-builder-workspace/.dependencies/artifacts/spi-builder-workspace/ImSDK_Plus_xcframework/ImSDK_Plus.xcframework:1:1: error: While building for tvOS, no library for this platform was found in '/Users/admin/builder/spi-builder-workspace/.dependencies/artifacts/spi-builder-workspace/ImSDK_Plus_xcframework/ImSDK_Plus.xcframework'. (in target 'Chat_SDK_SwiftPM-product' from project 'Chat_SDK_SwiftPM')
2026-10-24 11:12:50.168 xcodebuild[640:3904] [MT] IDERunDestination: Supported platforms for the buildables in the current scheme is empty.
** BUILD FAILED **
The following build commands failed:
Building workspace Chat_SDK_SwiftPM with scheme Chat_SDK_SwiftPM
(1 failure)
Command line invocation:
/Applications/Xcode-27.0.0.app/Contents/Developer/usr/bin/xcodebuild -IDEClonedSourcePackagesDirPathOverride=/Users/admin/builder/spi-builder-workspace/.dependencies -resolvePackageDependencies
Resolve Package Graph
Resolved source packages:
Chat_SDK_SwiftPM: /Users/admin/builder/spi-builder-workspace
resolved source packages: Chat_SDK_SwiftPM
2026-10-24 11:12:51.852 xcodebuild[673:4183] [MT] IDERunDestination: Supported platforms for the buildables in the current scheme is empty.
{
"dependencies" : [
],
"manifest_display_name" : "Chat_SDK_SwiftPM",
"name" : "Chat_SDK_SwiftPM",
"path" : "/Users/admin/builder/spi-builder-workspace",
"platforms" : [
],
"products" : [
{
"name" : "Chat_SDK_SwiftPM",
"targets" : [
"ImSDK_Plus_xcframework"
],
"type" : {
"library" : [
"automatic"
]
}
}
],
"targets" : [
{
"c99name" : "ImSDK_Plus_xcframework",
"module_type" : "BinaryTarget",
"name" : "ImSDK_Plus_xcframework",
"path" : "remote/archive/ImSDK_Plus_9.1.7822.xcframework.zip",
"product_memberships" : [
"Chat_SDK_SwiftPM"
],
"sources" : [
],
"type" : "binary"
}
],
"tools_version" : "5.10"
}
{
"workspace" : {
"name" : "Chat_SDK_SwiftPM",
"schemes" : [
"Chat_SDK_SwiftPM"
]
}
}
2026-10-24 11:12:53.059 xcodebuild[681:4239] [MT] IDERunDestination: Supported platforms for the buildables in the current scheme is empty.
Running build ...
env DEVELOPER_DIR=/Applications/Xcode-27.0.0.app xcrun xcodebuild -IDEClonedSourcePackagesDirPathOverride=$PWD/.dependencies -skipMacroValidation -skipPackagePluginValidation -derivedDataPath $PWD/.derivedData build -scheme Chat_SDK_SwiftPM -destination generic/platform=tvOS
Command line invocation:
/Applications/Xcode-27.0.0.app/Contents/Developer/usr/bin/xcodebuild -IDEClonedSourcePackagesDirPathOverride=/Users/admin/builder/spi-builder-workspace/.dependencies -skipMacroValidation -skipPackagePluginValidation -derivedDataPath /Users/admin/builder/spi-builder-workspace/.derivedData build -scheme Chat_SDK_SwiftPM -destination generic/platform=tvOS
Resolve Package Graph
Resolved source packages:
Chat_SDK_SwiftPM: /Users/admin/builder/spi-builder-workspace
ComputePackagePrebuildTargetDependencyGraph
Prepare packages
CreateBuildRequest
SendProjectDescription
CreateBuildOperation
ComputeTargetDependencyGraph
note: Building targets in dependency order
note: Target dependency graph (1 target)
Target 'Chat_SDK_SwiftPM-product' in project 'Chat_SDK_SwiftPM' (no dependencies)
GatherProvisioningInputs
CreateBuildDescription
/Users/admin/builder/spi-builder-workspace/.dependencies/artifacts/spi-builder-workspace/ImSDK_Plus_xcframework/ImSDK_Plus.xcframework:1:1: error: While building for tvOS, no library for this platform was found in '/Users/admin/builder/spi-builder-workspace/.dependencies/artifacts/spi-builder-workspace/ImSDK_Plus_xcframework/ImSDK_Plus.xcframework'. (in target 'Chat_SDK_SwiftPM-product' from project 'Chat_SDK_SwiftPM')
2026-10-24 11:12:54.003 xcodebuild[682:4270] [MT] IDERunDestination: Supported platforms for the buildables in the current scheme is empty.
** BUILD FAILED **
The following build commands failed:
Building workspace Chat_SDK_SwiftPM with scheme Chat_SDK_SwiftPM
(1 failure)
BUILD FAILURE 6.4 tvOS