Build Information
Failed to build WWMLWhisper, reference main (08e01f), with Swift 6.1 for Wasm on 14 Aug 2026 14:35:51 UTC.
Build Command
bash -c docker run --pull=always --rm -v "checkouts-54344844-0":/host -w "$PWD" -e JAVA_HOME="/root/.sdkman/candidates/java/current" -e SPI_BUILD="1" -e SPI_PROCESSING="1" registry.gitlab.com/saguaro1/spi-images:wasm-6.1-latest swift build --swift-sdk wasm32-unknown-wasi 2>&1Build Log
========================================
RunAll
========================================
Builder version: 5.0.1
Interrupt handler set up.
========================================
Checkout
========================================
Clone URL: https://github.com/William-Weng/WWMLWhisper.git
Reference: main
Initialized empty Git repository in /host/spi-builder-workspace/.git/
hint: Using 'master' as the name for the initial branch. This default branch name
hint: is subject to change. To configure the initial branch name to use in all
hint: of your new repositories, which will suppress this warning, call:
hint:
hint: git config --global init.defaultBranch <name>
hint:
hint: Names commonly chosen instead of 'master' are 'main', 'trunk' and
hint: 'development'. The just-created branch can be renamed via this command:
hint:
hint: git branch -m <name>
From https://github.com/William-Weng/WWMLWhisper
* branch main -> FETCH_HEAD
* [new branch] main -> origin/main
HEAD is now at 08e01fb - ⚠️ WWMLWhisper has been deprecated. Please use WWAudioFileTranscription instead.
Cloned https://github.com/William-Weng/WWMLWhisper.git
Revision (git rev-parse @):
08e01fbcaa78ace4fdbc76b84344f334053551e7
SUCCESS checkout https://github.com/William-Weng/WWMLWhisper.git at main
========================================
Build
========================================
Selected platform: wasm
Swift version: 6.1
Building package at path: $PWD
https://github.com/William-Weng/WWMLWhisper.git
https://github.com/William-Weng/WWMLWhisper.git
WARNING: environment variable SUPPRESS_SWIFT_6_FLAGS is not set
Running build ...
bash -c docker run --pull=always --rm -v "checkouts-54344844-0":/host -w "$PWD" -e JAVA_HOME="/root/.sdkman/candidates/java/current" -e SPI_BUILD="1" -e SPI_PROCESSING="1" registry.gitlab.com/saguaro1/spi-images:wasm-6.1-latest swift build --swift-sdk wasm32-unknown-wasi -Xswiftc -Xfrontend -Xswiftc -stats-output-dir -Xswiftc -Xfrontend -Xswiftc .stats -Xswiftc -strict-concurrency=complete -Xswiftc -enable-upcoming-feature -Xswiftc StrictConcurrency -Xswiftc -enable-upcoming-feature -Xswiftc DisableOutwardActorInference -Xswiftc -enable-upcoming-feature -Xswiftc GlobalActorIsolatedTypesUsability -Xswiftc -enable-upcoming-feature -Xswiftc InferSendableFromCaptures 2>&1
wasm-6.1-latest: Pulling from saguaro1/spi-images
Digest: sha256:290f441d1f5b7bf0dbbe61e8b7514208804cdcb507d57b3c762463ad036298f7
Status: Image is up to date for registry.gitlab.com/saguaro1/spi-images:wasm-6.1-latest
Fetching https://github.com/William-Weng/WWNetworking.git
[1/846] Fetching wwnetworking
Fetched https://github.com/William-Weng/WWNetworking.git from cache (0.55s)
Computing version for https://github.com/William-Weng/WWNetworking.git
Computed https://github.com/William-Weng/WWNetworking.git at 1.9.1 (0.80s)
Creating working copy for https://github.com/William-Weng/WWNetworking.git
Working copy of https://github.com/William-Weng/WWNetworking.git resolved at 1.9.1
Downloading binary artifact https://github.com/William-Weng/WWMLWhisper/releases/download/1.1.3/Whisper.xcframework.zip
[6345/43072096] Downloading https://github.com/William-Weng/WWMLWhisper/releases/download/1.1.3/Whisper.xcframework.zip
Downloaded https://github.com/William-Weng/WWMLWhisper/releases/download/1.1.3/Whisper.xcframework.zip (3.15s)
Building for debugging...
[0/4] Write sources
[2/4] Copying Privacy
[3/4] Write swift-version-24593BA9C3E375BF.txt
[5/10] Compiling WWNetworking resource_bundle_accessor.swift
/host/spi-builder-workspace/.build/checkouts/WWNetworking/Sources/WWNetworking/Utility/Constant.swift:8:8: error: no such module 'UIKit'
6 | //
7 |
8 | import UIKit
| `- error: no such module 'UIKit'
9 |
10 | // MARK: - typealias
error: emit-module command failed with exit code 1 (use -v to see invocation)
[6/10] Compiling WWNetworking Extension.swift
/host/spi-builder-workspace/.build/checkouts/WWNetworking/Sources/WWNetworking/Utility/Constant.swift:8:8: error: no such module 'UIKit'
6 | //
7 |
8 | import UIKit
| `- error: no such module 'UIKit'
9 |
10 | // MARK: - typealias
[7/10] Emitting module WWNetworking
/host/spi-builder-workspace/.build/checkouts/WWNetworking/Sources/WWNetworking/Utility/Constant.swift:8:8: error: no such module 'UIKit'
6 | //
7 |
8 | import UIKit
| `- error: no such module 'UIKit'
9 |
10 | // MARK: - typealias
[8/10] Compiling WWNetworking Constant.swift
/host/spi-builder-workspace/.build/checkouts/WWNetworking/Sources/WWNetworking/Utility/Constant.swift:8:8: error: no such module 'UIKit'
6 | //
7 |
8 | import UIKit
| `- error: no such module 'UIKit'
9 |
10 | // MARK: - typealias
[9/10] Compiling WWNetworking Networking.swift
/host/spi-builder-workspace/.build/checkouts/WWNetworking/Sources/WWNetworking/Utility/Constant.swift:8:8: error: no such module 'UIKit'
6 | //
7 |
8 | import UIKit
| `- error: no such module 'UIKit'
9 |
10 | // MARK: - typealias
[10/10] Compiling WWNetworking Model.swift
/host/spi-builder-workspace/.build/checkouts/WWNetworking/Sources/WWNetworking/Utility/Constant.swift:8:8: error: no such module 'UIKit'
6 | //
7 |
8 | import UIKit
| `- error: no such module 'UIKit'
9 |
10 | // MARK: - typealias
Running build ...
bash -c docker run --pull=always --rm -v "checkouts-54344844-0":/host -w "$PWD" -e JAVA_HOME="/root/.sdkman/candidates/java/current" -e SPI_BUILD="1" -e SPI_PROCESSING="1" registry.gitlab.com/saguaro1/spi-images:wasm-6.1-latest swift build --swift-sdk wasm32-unknown-wasi 2>&1
wasm-6.1-latest: Pulling from saguaro1/spi-images
Digest: sha256:290f441d1f5b7bf0dbbe61e8b7514208804cdcb507d57b3c762463ad036298f7
Status: Image is up to date for registry.gitlab.com/saguaro1/spi-images:wasm-6.1-latest
[0/1] Planning build
Building for debugging...
[0/1] Write swift-version-24593BA9C3E375BF.txt
[2/7] Compiling WWNetworking resource_bundle_accessor.swift
/host/spi-builder-workspace/.build/checkouts/WWNetworking/Sources/WWNetworking/Utility/Constant.swift:8:8: error: no such module 'UIKit'
6 | //
7 |
8 | import UIKit
| `- error: no such module 'UIKit'
9 |
10 | // MARK: - typealias
[3/7] Compiling WWNetworking Model.swift
/host/spi-builder-workspace/.build/checkouts/WWNetworking/Sources/WWNetworking/Utility/Constant.swift:8:8: error: no such module 'UIKit'
6 | //
7 |
8 | import UIKit
| `- error: no such module 'UIKit'
9 |
10 | // MARK: - typealias
[4/7] Compiling WWNetworking Extension.swift
/host/spi-builder-workspace/.build/checkouts/WWNetworking/Sources/WWNetworking/Utility/Constant.swift:8:8: error: no such module 'UIKit'
6 | //
7 |
8 | import UIKit
| `- error: no such module 'UIKit'
9 |
10 | // MARK: - typealias
[5/7] Compiling WWNetworking Constant.swift
/host/spi-builder-workspace/.build/checkouts/WWNetworking/Sources/WWNetworking/Utility/Constant.swift:8:8: error: no such module 'UIKit'
6 | //
7 |
8 | import UIKit
| `- error: no such module 'UIKit'
9 |
10 | // MARK: - typealias
error: emit-module command failed with exit code 1 (use -v to see invocation)
[6/7] Emitting module WWNetworking
/host/spi-builder-workspace/.build/checkouts/WWNetworking/Sources/WWNetworking/Utility/Constant.swift:8:8: error: no such module 'UIKit'
6 | //
7 |
8 | import UIKit
| `- error: no such module 'UIKit'
9 |
10 | // MARK: - typealias
[7/7] Compiling WWNetworking Networking.swift
/host/spi-builder-workspace/.build/checkouts/WWNetworking/Sources/WWNetworking/Utility/Constant.swift:8:8: error: no such module 'UIKit'
6 | //
7 |
8 | import UIKit
| `- error: no such module 'UIKit'
9 |
10 | // MARK: - typealias
BUILD FAILURE 6.1 wasm