The Swift Package Index logo.Swift Package Index

Build Information

Failed to build swift-tca-loadable, reference main (6dfa06), with Swift 6.4 for visionOS using Xcode 27.0 on 20 Sep 2026 16:03:44 UTC.

Build Command

env DEVELOPER_DIR=/Applications/Xcode-27.0.0-Release.Candidate.app xcrun xcodebuild -IDEClonedSourcePackagesDirPathOverride=$PWD/.dependencies -skipMacroValidation -skipPackagePluginValidation -derivedDataPath $PWD/.derivedData build -scheme swift-tca-loadable-Package -destination generic/platform=xrOS

Build Log

SwiftMergeGeneratedHeaders /Users/admin/builder/spi-builder-workspace/.derivedData/Build/Intermediates.noindex/GeneratedModuleMaps-xros/UIKitNavigation-Swift.h /Users/admin/builder/spi-builder-workspace/.derivedData/Build/Intermediates.noindex/swift-navigation.build/Debug-xros/UIKitNavigation-t.build/Objects-normal/arm64/UIKitNavigation-Swift.h (in target 'UIKitNavigation' from project 'swift-navigation')
    cd /Users/admin/builder/spi-builder-workspace/.dependencies/checkouts/swift-navigation
    builtin-swiftHeaderTool -arch arm64 /Users/admin/builder/spi-builder-workspace/.derivedData/Build/Intermediates.noindex/swift-navigation.build/Debug-xros/UIKitNavigation-t.build/Objects-normal/arm64/UIKitNavigation-Swift.h -o /Users/admin/builder/spi-builder-workspace/.derivedData/Build/Intermediates.noindex/GeneratedModuleMaps-xros/UIKitNavigation-Swift.h
Copy /Users/admin/builder/spi-builder-workspace/.derivedData/Build/Products/Debug-xros/UIKitNavigation.swiftmodule/arm64-apple-xros.abi.json /Users/admin/builder/spi-builder-workspace/.derivedData/Build/Intermediates.noindex/swift-navigation.build/Debug-xros/UIKitNavigation-t.build/Objects-normal/arm64/UIKitNavigation.abi.json (in target 'UIKitNavigation' from project 'swift-navigation')
    cd /Users/admin/builder/spi-builder-workspace/.dependencies/checkouts/swift-navigation
    builtin-copy -exclude .DS_Store -exclude CVS -exclude .svn -exclude .git -exclude .hg -resolve-src-symlinks -rename /Users/admin/builder/spi-builder-workspace/.derivedData/Build/Intermediates.noindex/swift-navigation.build/Debug-xros/UIKitNavigation-t.build/Objects-normal/arm64/UIKitNavigation.abi.json /Users/admin/builder/spi-builder-workspace/.derivedData/Build/Products/Debug-xros/UIKitNavigation.swiftmodule/arm64-apple-xros.abi.json
Copy /Users/admin/builder/spi-builder-workspace/.derivedData/Build/Products/Debug-xros/UIKitNavigation.swiftmodule/arm64-apple-xros.swiftdoc /Users/admin/builder/spi-builder-workspace/.derivedData/Build/Intermediates.noindex/swift-navigation.build/Debug-xros/UIKitNavigation-t.build/Objects-normal/arm64/UIKitNavigation.swiftdoc (in target 'UIKitNavigation' from project 'swift-navigation')
    cd /Users/admin/builder/spi-builder-workspace/.dependencies/checkouts/swift-navigation
    builtin-copy -exclude .DS_Store -exclude CVS -exclude .svn -exclude .git -exclude .hg -resolve-src-symlinks -rename /Users/admin/builder/spi-builder-workspace/.derivedData/Build/Intermediates.noindex/swift-navigation.build/Debug-xros/UIKitNavigation-t.build/Objects-normal/arm64/UIKitNavigation.swiftdoc /Users/admin/builder/spi-builder-workspace/.derivedData/Build/Products/Debug-xros/UIKitNavigation.swiftmodule/arm64-apple-xros.swiftdoc
Copy /Users/admin/builder/spi-builder-workspace/.derivedData/Build/Products/Debug-xros/UIKitNavigation.swiftmodule/arm64-apple-xros.swiftmodule /Users/admin/builder/spi-builder-workspace/.derivedData/Build/Intermediates.noindex/swift-navigation.build/Debug-xros/UIKitNavigation-t.build/Objects-normal/arm64/UIKitNavigation.swiftmodule (in target 'UIKitNavigation' from project 'swift-navigation')
    cd /Users/admin/builder/spi-builder-workspace/.dependencies/checkouts/swift-navigation
    builtin-copy -exclude .DS_Store -exclude CVS -exclude .svn -exclude .git -exclude .hg -resolve-src-symlinks -rename /Users/admin/builder/spi-builder-workspace/.derivedData/Build/Intermediates.noindex/swift-navigation.build/Debug-xros/UIKitNavigation-t.build/Objects-normal/arm64/UIKitNavigation.swiftmodule /Users/admin/builder/spi-builder-workspace/.derivedData/Build/Products/Debug-xros/UIKitNavigation.swiftmodule/arm64-apple-xros.swiftmodule
Copy /Users/admin/builder/spi-builder-workspace/.derivedData/Build/Products/Debug-xros/UIKitNavigation.swiftmodule/Project/arm64-apple-xros.swiftsourceinfo /Users/admin/builder/spi-builder-workspace/.derivedData/Build/Intermediates.noindex/swift-navigation.build/Debug-xros/UIKitNavigation-t.build/Objects-normal/arm64/UIKitNavigation.swiftsourceinfo (in target 'UIKitNavigation' from project 'swift-navigation')
    cd /Users/admin/builder/spi-builder-workspace/.dependencies/checkouts/swift-navigation
    builtin-copy -exclude .DS_Store -exclude CVS -exclude .svn -exclude .git -exclude .hg -resolve-src-symlinks -rename /Users/admin/builder/spi-builder-workspace/.derivedData/Build/Intermediates.noindex/swift-navigation.build/Debug-xros/UIKitNavigation-t.build/Objects-normal/arm64/UIKitNavigation.swiftsourceinfo /Users/admin/builder/spi-builder-workspace/.derivedData/Build/Products/Debug-xros/UIKitNavigation.swiftmodule/Project/arm64-apple-xros.swiftsourceinfo
SwiftDriver ComposableArchitecture normal arm64 com.apple.xcode.tools.swift.compiler (in target 'ComposableArchitecture' from project 'swift-composable-architecture')
    cd /Users/admin/builder/spi-builder-workspace
    builtin-SwiftDriver -- /Applications/Xcode-27.0.0-Release.Candidate.app/Contents/Developer/Toolchains/XcodeDefault.xctoolchain/usr/bin/swiftc -parse-as-library -module-name ComposableArchitecture -Onone @/Users/admin/builder/spi-builder-workspace/.derivedData/Build/Intermediates.noindex/swift-composable-architecture.build/Debug-xros/ComposableArchitecture-t.build/Objects-normal/arm64/ComposableArchitecture.SwiftFileList -DSWIFT_PACKAGE -DDEBUG -DSWIFT_MODULE_RESOURCE_BUNDLE_AVAILABLE -Xcc -fmodule-map-file\=/Users/admin/builder/spi-builder-workspace/.derivedData/Build/Intermediates.noindex/GeneratedModuleMaps-xros/UIKitNavigationShim.modulemap -DXcode -enable-upcoming-feature ExistentialAny -plugin-path /Applications/Xcode-27.0.0-Release.Candidate.app/Contents/Developer/Toolchains/XcodeDefault.xctoolchain/usr/lib/swift/host/plugins/testing -enable-experimental-feature DebugDescriptionMacro -sdk /Applications/Xcode-27.0.0-Release.Candidate.app/Contents/Developer/Platforms/XROS.platform/Developer/SDKs/XROS27.0.sdk -target arm64-apple-xros1.0 -g -module-cache-path /Users/admin/builder/spi-builder-workspace/.derivedData/ModuleCache.noindex -Xfrontend -serialize-debugging-options -profile-coverage-mapping -profile-generate -enable-testing -suppress-warnings -index-store-path /Users/admin/builder/spi-builder-workspace/.derivedData/Index.noindex/DataStore -Xcc -D_LIBCPP_HARDENING_MODE\=_LIBCPP_HARDENING_MODE_DEBUG -swift-version 6 -I /Users/admin/builder/spi-builder-workspace/.derivedData/Build/Products/Debug-xros -Isystem /Applications/Xcode-27.0.0-Release.Candidate.app/Contents/Developer/Platforms/XROS.platform/Developer/usr/lib -F /Users/admin/builder/spi-builder-workspace/.derivedData/Build/Products/Debug-xros/PackageFrameworks -F /Users/admin/builder/spi-builder-workspace/.derivedData/Build/Products/Debug-xros -F /Applications/Xcode-27.0.0-Release.Candidate.app/Contents/Developer/Platforms/XROS.platform/Developer/Library/Frameworks -F /Applications/Xcode-27.0.0-Release.Candidate.app/Contents/Developer/Platforms/XROS.platform/Developer/SDKs/XROS27.0.sdk/Developer/Library/Frameworks -Xfrontend -load-plugin-executable -Xfrontend /Users/admin/builder/spi-builder-workspace/.derivedData/Build/Products/Debug/CasePathsMacros\#CasePathsMacros -Xfrontend -load-plugin-executable -Xfrontend /Users/admin/builder/spi-builder-workspace/.derivedData/Build/Products/Debug/ComposableArchitectureMacros\#ComposableArchitectureMacros -Xfrontend -load-plugin-executable -Xfrontend /Users/admin/builder/spi-builder-workspace/.derivedData/Build/Products/Debug/DependenciesMacrosPlugin\#DependenciesMacrosPlugin -Xfrontend -load-plugin-executable -Xfrontend /Users/admin/builder/spi-builder-workspace/.derivedData/Build/Products/Debug/PerceptionMacros\#PerceptionMacros -Xfrontend -load-plugin-executable -Xfrontend /Users/admin/builder/spi-builder-workspace/.derivedData/Build/Products/Debug/SwiftNavigationMacros\#SwiftNavigationMacros -c -j10 -enable-batch-mode -incremental -Xcc -ivfsstatcache -Xcc /Users/admin/builder/spi-builder-workspace/.derivedData/SDKStatCaches.noindex/xros27.0-24M361-e829b21a6f8c9b70876ba0858053c044735bd543db762f57723cac368afd1ce4.sdkstatcache -output-file-map /Users/admin/builder/spi-builder-workspace/.derivedData/Build/Intermediates.noindex/swift-composable-architecture.build/Debug-xros/ComposableArchitecture-t.build/Objects-normal/arm64/ComposableArchitecture-OutputFileMap.json -save-temps -no-color-diagnostics -explicit-module-build -module-cache-path /Users/admin/builder/spi-builder-workspace/.derivedData/Build/Intermediates.noindex/SwiftExplicitPrecompiledModules -clang-scanner-module-cache-path /Users/admin/builder/spi-builder-workspace/.derivedData/ModuleCache.noindex -sdk-module-cache-path /Users/admin/builder/spi-builder-workspace/.derivedData/SDKExplicitPrecompiledModules -emit-dependencies -emit-module -emit-module-path /Users/admin/builder/spi-builder-workspace/.derivedData/Build/Intermediates.noindex/swift-composable-architecture.build/Debug-xros/ComposableArchitecture-t.build/Objects-normal/arm64/ComposableArchitecture.swiftmodule -serialize-diagnostics -dependency-scan-serialize-diagnostics-path /Users/admin/builder/spi-builder-workspace/.derivedData/Build/Intermediates.noindex/swift-composable-architecture.build/Debug-xros/ComposableArchitecture-t.build/Objects-normal/arm64/ComposableArchitecture-dependency-scan.dia -user-module-version 1.26.2 -validate-clang-modules-once -clang-build-session-file /Users/admin/builder/spi-builder-workspace/.derivedData/ModuleCache.noindex/Session.modulevalidation -Xcc -fmodules-prune-interval\=86400 -Xcc -fmodules-prune-after\=345600 -package-name swift_composable_architecture -emit-const-values -const-gather-protocols-list /Users/admin/builder/spi-builder-workspace/.derivedData/Build/Intermediates.noindex/swift-composable-architecture.build/Debug-xros/ComposableArchitecture-t.build/Objects-normal/arm64/ComposableArchitecture_const_extract_protocols.json -Xcc -I/Users/admin/builder/spi-builder-workspace/.dependencies/checkouts/swift-navigation/Sources/UIKitNavigationShim/include -Xcc -I/Users/admin/builder/spi-builder-workspace/.derivedData/Build/Products/Debug-xros/include -Xcc -I/Users/admin/builder/spi-builder-workspace/.derivedData/Build/Intermediates.noindex/swift-composable-architecture.build/Debug-xros/ComposableArchitecture-t.build/DerivedSources-normal/arm64 -Xcc -I/Users/admin/builder/spi-builder-workspace/.derivedData/Build/Intermediates.noindex/swift-composable-architecture.build/Debug-xros/ComposableArchitecture-t.build/DerivedSources/arm64 -Xcc -I/Users/admin/builder/spi-builder-workspace/.derivedData/Build/Intermediates.noindex/swift-composable-architecture.build/Debug-xros/ComposableArchitecture-t.build/DerivedSources -Xcc -DSWIFT_PACKAGE -Xcc -DDEBUG\=1 -emit-objc-header -emit-objc-header-path /Users/admin/builder/spi-builder-workspace/.derivedData/Build/Intermediates.noindex/swift-composable-architecture.build/Debug-xros/ComposableArchitecture-t.build/Objects-normal/arm64/ComposableArchitecture-Swift.h -working-directory /Users/admin/builder/spi-builder-workspace -experimental-emit-module-separately -disable-cmo
SwiftDriverJobDiscovery normal arm64 Compiling UIColorWell.swift, UIControl.swift, UIDatePicker.swift (in target 'UIKitNavigation' from project 'swift-navigation')
SwiftDriverJobDiscovery normal arm64 Compiling UIKitAnimation.swift, UITransaction.swift (in target 'UIKitNavigation' from project 'swift-navigation')
SwiftDriverJobDiscovery normal arm64 Compiling UITextField.swift, Exports.swift (in target 'UIKitNavigation' from project 'swift-navigation')
SwiftDriverJobDiscovery normal arm64 Compiling UISwitch.swift, UITabBarController.swift (in target 'UIKitNavigation' from project 'swift-navigation')
SwiftDriverJobDiscovery normal arm64 Compiling NavigationStackController.swift, Presentation.swift (in target 'UIKitNavigation' from project 'swift-navigation')
SwiftDriver\ Compilation UIKitNavigation normal arm64 com.apple.xcode.tools.swift.compiler (in target 'UIKitNavigation' from project 'swift-navigation')
    cd /Users/admin/builder/spi-builder-workspace
    builtin-Swift-Compilation -- /Applications/Xcode-27.0.0-Release.Candidate.app/Contents/Developer/Toolchains/XcodeDefault.xctoolchain/usr/bin/swiftc -parse-as-library -module-name UIKitNavigation -Onone @/Users/admin/builder/spi-builder-workspace/.derivedData/Build/Intermediates.noindex/swift-navigation.build/Debug-xros/UIKitNavigation-t.build/Objects-normal/arm64/UIKitNavigation.SwiftFileList -DSWIFT_PACKAGE -DDEBUG -DSWIFT_MODULE_RESOURCE_BUNDLE_UNAVAILABLE -DCasePaths -DCustomDump -DIssueReporting -DPerception -Xcc -fmodule-map-file\=/Users/admin/builder/spi-builder-workspace/.derivedData/Build/Intermediates.noindex/GeneratedModuleMaps-xros/UIKitNavigationShim.modulemap -DXcode -enable-experimental-feature CheckImplementationOnly -enable-upcoming-feature ExistentialAny -enable-upcoming-feature ImmutableWeakCaptures -enable-upcoming-feature InferIsolatedConformances -enable-upcoming-feature InternalImportsByDefault -enable-upcoming-feature MemberImportVisibility -enable-upcoming-feature NonisolatedNonsendingByDefault -plugin-path /Applications/Xcode-27.0.0-Release.Candidate.app/Contents/Developer/Toolchains/XcodeDefault.xctoolchain/usr/lib/swift/host/plugins/testing -enable-experimental-feature DebugDescriptionMacro -sdk /Applications/Xcode-27.0.0-Release.Candidate.app/Contents/Developer/Platforms/XROS.platform/Developer/SDKs/XROS27.0.sdk -target arm64-apple-xros1.0 -g -module-cache-path /Users/admin/builder/spi-builder-workspace/.derivedData/ModuleCache.noindex -Xfrontend -serialize-debugging-options -profile-coverage-mapping -profile-generate -enable-testing -suppress-warnings -index-store-path /Users/admin/builder/spi-builder-workspace/.derivedData/Index.noindex/DataStore -Xcc -D_LIBCPP_HARDENING_MODE\=_LIBCPP_HARDENING_MODE_DEBUG -swift-version 6 -I /Users/admin/builder/spi-builder-workspace/.derivedData/Build/Products/Debug-xros -Isystem /Applications/Xcode-27.0.0-Release.Candidate.app/Contents/Developer/Platforms/XROS.platform/Developer/usr/lib -F /Users/admin/builder/spi-builder-workspace/.derivedData/Build/Products/Debug-xros/PackageFrameworks -F /Users/admin/builder/spi-builder-workspace/.derivedData/Build/Products/Debug-xros -F /Applications/Xcode-27.0.0-Release.Candidate.app/Contents/Developer/Platforms/XROS.platform/Developer/Library/Frameworks -F /Applications/Xcode-27.0.0-Release.Candidate.app/Contents/Developer/Platforms/XROS.platform/Developer/SDKs/XROS27.0.sdk/Developer/Library/Frameworks -Xfrontend -load-plugin-executable -Xfrontend /Users/admin/builder/spi-builder-workspace/.derivedData/Build/Products/Debug/CasePathsMacros\#CasePathsMacros -Xfrontend -load-plugin-executable -Xfrontend /Users/admin/builder/spi-builder-workspace/.derivedData/Build/Products/Debug/PerceptionMacros\#PerceptionMacros -Xfrontend -load-plugin-executable -Xfrontend /Users/admin/builder/spi-builder-workspace/.derivedData/Build/Products/Debug/SwiftNavigationMacros\#SwiftNavigationMacros -c -j10 -enable-batch-mode -incremental -Xcc -ivfsstatcache -Xcc /Users/admin/builder/spi-builder-workspace/.derivedData/SDKStatCaches.noindex/xros27.0-24M361-e829b21a6f8c9b70876ba0858053c044735bd543db762f57723cac368afd1ce4.sdkstatcache -output-file-map /Users/admin/builder/spi-builder-workspace/.derivedData/Build/Intermediates.noindex/swift-navigation.build/Debug-xros/UIKitNavigation-t.build/Objects-normal/arm64/UIKitNavigation-OutputFileMap.json -save-temps -no-color-diagnostics -explicit-module-build -module-cache-path /Users/admin/builder/spi-builder-workspace/.derivedData/Build/Intermediates.noindex/SwiftExplicitPrecompiledModules -clang-scanner-module-cache-path /Users/admin/builder/spi-builder-workspace/.derivedData/ModuleCache.noindex -sdk-module-cache-path /Users/admin/builder/spi-builder-workspace/.derivedData/SDKExplicitPrecompiledModules -emit-dependencies -emit-module -emit-module-path /Users/admin/builder/spi-builder-workspace/.derivedData/Build/Intermediates.noindex/swift-navigation.build/Debug-xros/UIKitNavigation-t.build/Objects-normal/arm64/UIKitNavigation.swiftmodule -serialize-diagnostics -dependency-scan-serialize-diagnostics-path /Users/admin/builder/spi-builder-workspace/.derivedData/Build/Intermediates.noindex/swift-navigation.build/Debug-xros/UIKitNavigation-t.build/Objects-normal/arm64/UIKitNavigation-dependency-scan.dia -user-module-version 2.11.2 -validate-clang-modules-once -clang-build-session-file /Users/admin/builder/spi-builder-workspace/.derivedData/ModuleCache.noindex/Session.modulevalidation -Xcc -fmodules-prune-interval\=86400 -Xcc -fmodules-prune-after\=345600 -package-name swift_navigation -emit-const-values -const-gather-protocols-list /Users/admin/builder/spi-builder-workspace/.derivedData/Build/Intermediates.noindex/swift-navigation.build/Debug-xros/UIKitNavigation-t.build/Objects-normal/arm64/UIKitNavigation_const_extract_protocols.json -Xcc -I/Users/admin/builder/spi-builder-workspace/.dependencies/checkouts/swift-navigation/Sources/UIKitNavigationShim/include -Xcc -I/Users/admin/builder/spi-builder-workspace/.derivedData/Build/Products/Debug-xros/include -Xcc -I/Users/admin/builder/spi-builder-workspace/.derivedData/Build/Intermediates.noindex/swift-navigation.build/Debug-xros/UIKitNavigation-t.build/DerivedSources-normal/arm64 -Xcc -I/Users/admin/builder/spi-builder-workspace/.derivedData/Build/Intermediates.noindex/swift-navigation.build/Debug-xros/UIKitNavigation-t.build/DerivedSources/arm64 -Xcc -I/Users/admin/builder/spi-builder-workspace/.derivedData/Build/Intermediates.noindex/swift-navigation.build/Debug-xros/UIKitNavigation-t.build/DerivedSources -Xcc -DSWIFT_PACKAGE -Xcc -DDEBUG\=1 -emit-objc-header -emit-objc-header-path /Users/admin/builder/spi-builder-workspace/.derivedData/Build/Intermediates.noindex/swift-navigation.build/Debug-xros/UIKitNavigation-t.build/Objects-normal/arm64/UIKitNavigation-Swift.h -working-directory /Users/admin/builder/spi-builder-workspace -experimental-emit-module-separately -disable-cmo
Ld /Users/admin/builder/spi-builder-workspace/.derivedData/Build/Products/Debug-xros/UIKitNavigation.o normal (in target 'UIKitNavigation' from project 'swift-navigation')
    cd /Users/admin/builder/spi-builder-workspace/.dependencies/checkouts/swift-navigation
    /Applications/Xcode-27.0.0-Release.Candidate.app/Contents/Developer/Toolchains/XcodeDefault.xctoolchain/usr/bin/clang -Xlinker -reproducible -target arm64-apple-xros1.0 -r -isysroot /Applications/Xcode-27.0.0-Release.Candidate.app/Contents/Developer/Platforms/XROS.platform/Developer/SDKs/XROS27.0.sdk -O0 -w -Xlinker -no_warn_duplicate_libraries -F/Users/admin/builder/spi-builder-workspace/.derivedData/Build/Intermediates.noindex/EagerLinkingTBDs/Debug-xros -F/Users/admin/builder/spi-builder-workspace/.derivedData/Build/Products/Debug-xros/PackageFrameworks -F/Users/admin/builder/spi-builder-workspace/.derivedData/Build/Products/Debug-xros -iframework /Applications/Xcode-27.0.0-Release.Candidate.app/Contents/Developer/Platforms/XROS.platform/Developer/Library/Frameworks -iframework /Applications/Xcode-27.0.0-Release.Candidate.app/Contents/Developer/Platforms/XROS.platform/Developer/SDKs/XROS27.0.sdk/Developer/Library/Frameworks -filelist /Users/admin/builder/spi-builder-workspace/.derivedData/Build/Intermediates.noindex/swift-navigation.build/Debug-xros/UIKitNavigation-t.build/Objects-normal/arm64/UIKitNavigation.LinkFileList -nostdlib -Xlinker -object_path_lto -Xlinker /Users/admin/builder/spi-builder-workspace/.derivedData/Build/Intermediates.noindex/swift-navigation.build/Debug-xros/UIKitNavigation-t.build/Objects-normal/arm64/UIKitNavigation_lto.o -Xlinker -no_deduplicate -Xlinker -debug_variant -Xlinker -dependency_info -Xlinker /Users/admin/builder/spi-builder-workspace/.derivedData/Build/Intermediates.noindex/swift-navigation.build/Debug-xros/UIKitNavigation-t.build/Objects-normal/arm64/UIKitNavigation_dependency_info.dat -fobjc-link-runtime -L/Applications/Xcode-27.0.0-Release.Candidate.app/Contents/Developer/Toolchains/XcodeDefault.xctoolchain/usr/lib/swift/xros -L/usr/lib/swift -Xlinker -add_ast_path -Xlinker /Users/admin/builder/spi-builder-workspace/.derivedData/Build/Intermediates.noindex/swift-navigation.build/Debug-xros/UIKitNavigation-t.build/Objects-normal/arm64/UIKitNavigation.swiftmodule -o /Users/admin/builder/spi-builder-workspace/.derivedData/Build/Products/Debug-xros/UIKitNavigation.o
ExtractAppIntentsMetadata (in target 'UIKitNavigation' from project 'swift-navigation')
    cd /Users/admin/builder/spi-builder-workspace/.dependencies/checkouts/swift-navigation
    /Applications/Xcode-27.0.0-Release.Candidate.app/Contents/Developer/Toolchains/XcodeDefault.xctoolchain/usr/bin/appintentsmetadataprocessor --toolchain-dir /var/run/com.apple.security.cryptexd/mnt/com.apple.MobileAsset.MetalToolchain-v27.1.266.1.7rFi4z/Metal.xctoolchain --module-name UIKitNavigation --sdk-root /Applications/Xcode-27.0.0-Release.Candidate.app/Contents/Developer/Platforms/XROS.platform/Developer/SDKs/XROS27.0.sdk --xcode-version 27A266a --platform-family xrOS --deployment-target 1.0 --bundle-identifier swift-navigation.UIKitNavigation --output /Users/admin/builder/spi-builder-workspace/.derivedData/Build/Products/Debug-xros/UIKitNavigation.appintents --target-triple arm64-apple-xros1.0 --binary-file /Users/admin/builder/spi-builder-workspace/.derivedData/Build/Products/Debug-xros/UIKitNavigation.o --dependency-file /Users/admin/builder/spi-builder-workspace/.derivedData/Build/Intermediates.noindex/swift-navigation.build/Debug-xros/UIKitNavigation-t.build/Objects-normal/arm64/UIKitNavigation_dependency_info.dat --stringsdata-file /Users/admin/builder/spi-builder-workspace/.derivedData/Build/Intermediates.noindex/swift-navigation.build/Debug-xros/UIKitNavigation-t.build/Objects-normal/arm64/ExtractedAppShortcutsMetadata.stringsdata --source-file-list /Users/admin/builder/spi-builder-workspace/.derivedData/Build/Intermediates.noindex/swift-navigation.build/Debug-xros/UIKitNavigation-t.build/Objects-normal/arm64/UIKitNavigation.SwiftFileList --metadata-file-list /Users/admin/builder/spi-builder-workspace/.derivedData/Build/Intermediates.noindex/swift-navigation.build/Debug-xros/UIKitNavigation-t.build/UIKitNavigation.DependencyMetadataFileList --static-metadata-file-list /Users/admin/builder/spi-builder-workspace/.derivedData/Build/Intermediates.noindex/swift-navigation.build/Debug-xros/UIKitNavigation-t.build/UIKitNavigation.DependencyStaticMetadataFileList --swift-const-vals-list /Users/admin/builder/spi-builder-workspace/.derivedData/Build/Intermediates.noindex/swift-navigation.build/Debug-xros/UIKitNavigation-t.build/Objects-normal/arm64/UIKitNavigation.SwiftConstValuesFileList --force --compile-time-extraction --deployment-aware-processing --no-app-shortcuts-localization
2026-09-20 12:03:22.204 appintentsmetadataprocessor[2931:15320] Starting appintentsmetadataprocessor export
2026-09-20 12:03:22.266 appintentsmetadataprocessor[2931:15320] Extracted no relevant App Intents symbols, skipping writing output
SwiftCompile normal arm64 Compiling\ resource_bundle_accessor.swift,\ CaseReducer.swift,\ Core.swift,\ Dismiss.swift,\ IsPresented.swift,\ Effect.swift,\ Cancellation.swift /Users/admin/builder/spi-builder-workspace/.derivedData/Build/Intermediates.noindex/swift-composable-architecture.build/Debug-xros/ComposableArchitecture-t.build/DerivedSources/resource_bundle_accessor.swift /Users/admin/builder/spi-builder-workspace/.dependencies/checkouts/swift-composable-architecture/Sources/ComposableArchitecture/CaseReducer.swift /Users/admin/builder/spi-builder-workspace/.dependencies/checkouts/swift-composable-architecture/Sources/ComposableArchitecture/Core.swift /Users/admin/builder/spi-builder-workspace/.dependencies/checkouts/swift-composable-architecture/Sources/ComposableArchitecture/Dependencies/Dismiss.swift /Users/admin/builder/spi-builder-workspace/.dependencies/checkouts/swift-composable-architecture/Sources/ComposableArchitecture/Dependencies/IsPresented.swift /Users/admin/builder/spi-builder-workspace/.dependencies/checkouts/swift-composable-architecture/Sources/ComposableArchitecture/Effect.swift /Users/admin/builder/spi-builder-workspace/.dependencies/checkouts/swift-composable-architecture/Sources/ComposableArchitecture/Effects/Cancellation.swift (in target 'ComposableArchitecture' from project 'swift-composable-architecture')
SwiftCompile normal arm64 /Users/admin/builder/spi-builder-workspace/.derivedData/Build/Intermediates.noindex/swift-composable-architecture.build/Debug-xros/ComposableArchitecture-t.build/DerivedSources/resource_bundle_accessor.swift (in target 'ComposableArchitecture' from project 'swift-composable-architecture')
    cd /Users/admin/builder/spi-builder-workspace
    builtin-SwiftPerFileCompile resource_bundle_accessor.swift
SwiftCompile normal arm64 /Users/admin/builder/spi-builder-workspace/.dependencies/checkouts/swift-composable-architecture/Sources/ComposableArchitecture/CaseReducer.swift (in target 'ComposableArchitecture' from project 'swift-composable-architecture')
    cd /Users/admin/builder/spi-builder-workspace
    builtin-SwiftPerFileCompile CaseReducer.swift
SwiftCompile normal arm64 /Users/admin/builder/spi-builder-workspace/.dependencies/checkouts/swift-composable-architecture/Sources/ComposableArchitecture/Core.swift (in target 'ComposableArchitecture' from project 'swift-composable-architecture')
    cd /Users/admin/builder/spi-builder-workspace
    builtin-SwiftPerFileCompile Core.swift
SwiftCompile normal arm64 /Users/admin/builder/spi-builder-workspace/.dependencies/checkouts/swift-composable-architecture/Sources/ComposableArchitecture/Dependencies/Dismiss.swift (in target 'ComposableArchitecture' from project 'swift-composable-architecture')
    cd /Users/admin/builder/spi-builder-workspace
    builtin-SwiftPerFileCompile Dismiss.swift
SwiftCompile normal arm64 /Users/admin/builder/spi-builder-workspace/.dependencies/checkouts/swift-composable-architecture/Sources/ComposableArchitecture/Dependencies/IsPresented.swift (in target 'ComposableArchitecture' from project 'swift-composable-architecture')
    cd /Users/admin/builder/spi-builder-workspace
    builtin-SwiftPerFileCompile IsPresented.swift
SwiftCompile normal arm64 /Users/admin/builder/spi-builder-workspace/.dependencies/checkouts/swift-composable-architecture/Sources/ComposableArchitecture/Effect.swift (in target 'ComposableArchitecture' from project 'swift-composable-architecture')
    cd /Users/admin/builder/spi-builder-workspace
    builtin-SwiftPerFileCompile Effect.swift
SwiftCompile normal arm64 /Users/admin/builder/spi-builder-workspace/.dependencies/checkouts/swift-composable-architecture/Sources/ComposableArchitecture/Effects/Cancellation.swift (in target 'ComposableArchitecture' from project 'swift-composable-architecture')
    cd /Users/admin/builder/spi-builder-workspace
    builtin-SwiftPerFileCompile Cancellation.swift
SwiftCompile normal arm64 Compiling\ Publisher.swift,\ AreOrderedSetsDuplicates.swift,\ Box.swift,\ Create.swift,\ CurrentValueRelay.swift,\ Debug.swift /Users/admin/builder/spi-builder-workspace/.dependencies/checkouts/swift-composable-architecture/Sources/ComposableArchitecture/Effects/Publisher.swift /Users/admin/builder/spi-builder-workspace/.dependencies/checkouts/swift-composable-architecture/Sources/ComposableArchitecture/Internal/AreOrderedSetsDuplicates.swift /Users/admin/builder/spi-builder-workspace/.dependencies/checkouts/swift-composable-architecture/Sources/ComposableArchitecture/Internal/Box.swift /Users/admin/builder/spi-builder-workspace/.dependencies/checkouts/swift-composable-architecture/Sources/ComposableArchitecture/Internal/Create.swift /Users/admin/builder/spi-builder-workspace/.dependencies/checkouts/swift-composable-architecture/Sources/ComposableArchitecture/Internal/CurrentValueRelay.swift /Users/admin/builder/spi-builder-workspace/.dependencies/checkouts/swift-composable-architecture/Sources/ComposableArchitecture/Internal/Debug.swift (in target 'ComposableArchitecture' from project 'swift-composable-architecture')
SwiftCompile normal arm64 /Users/admin/builder/spi-builder-workspace/.dependencies/checkouts/swift-composable-architecture/Sources/ComposableArchitecture/Effects/Publisher.swift (in target 'ComposableArchitecture' from project 'swift-composable-architecture')
    cd /Users/admin/builder/spi-builder-workspace
    builtin-SwiftPerFileCompile Publisher.swift
SwiftCompile normal arm64 /Users/admin/builder/spi-builder-workspace/.dependencies/checkouts/swift-composable-architecture/Sources/ComposableArchitecture/Internal/AreOrderedSetsDuplicates.swift (in target 'ComposableArchitecture' from project 'swift-composable-architecture')
    cd /Users/admin/builder/spi-builder-workspace
    builtin-SwiftPerFileCompile AreOrderedSetsDuplicates.swift
SwiftCompile normal arm64 /Users/admin/builder/spi-builder-workspace/.dependencies/checkouts/swift-composable-architecture/Sources/ComposableArchitecture/Internal/Box.swift (in target 'ComposableArchitecture' from project 'swift-composable-architecture')
    cd /Users/admin/builder/spi-builder-workspace
    builtin-SwiftPerFileCompile Box.swift
SwiftCompile normal arm64 /Users/admin/builder/spi-builder-workspace/.dependencies/checkouts/swift-composable-architecture/Sources/ComposableArchitecture/Internal/Create.swift (in target 'ComposableArchitecture' from project 'swift-composable-architecture')
    cd /Users/admin/builder/spi-builder-workspace
    builtin-SwiftPerFileCompile Create.swift
SwiftCompile normal arm64 /Users/admin/builder/spi-builder-workspace/.dependencies/checkouts/swift-composable-architecture/Sources/ComposableArchitecture/Internal/CurrentValueRelay.swift (in target 'ComposableArchitecture' from project 'swift-composable-architecture')
    cd /Users/admin/builder/spi-builder-workspace
    builtin-SwiftPerFileCompile CurrentValueRelay.swift
SwiftCompile normal arm64 /Users/admin/builder/spi-builder-workspace/.dependencies/checkouts/swift-composable-architecture/Sources/ComposableArchitecture/Internal/Debug.swift (in target 'ComposableArchitecture' from project 'swift-composable-architecture')
    cd /Users/admin/builder/spi-builder-workspace
    builtin-SwiftPerFileCompile Debug.swift
SwiftCompile normal arm64 Compiling\ DefaultSubscript.swift,\ Deprecations.swift,\ DispatchQueue.swift,\ EffectActions.swift,\ EphemeralState.swift,\ Exports.swift /Users/admin/builder/spi-builder-workspace/.dependencies/checkouts/swift-composable-architecture/Sources/ComposableArchitecture/Internal/DefaultSubscript.swift /Users/admin/builder/spi-builder-workspace/.dependencies/checkouts/swift-composable-architecture/Sources/ComposableArchitecture/Internal/Deprecations.swift /Users/admin/builder/spi-builder-workspace/.dependencies/checkouts/swift-composable-architecture/Sources/ComposableArchitecture/Internal/DispatchQueue.swift /Users/admin/builder/spi-builder-workspace/.dependencies/checkouts/swift-composable-architecture/Sources/ComposableArchitecture/Internal/EffectActions.swift /Users/admin/builder/spi-builder-workspace/.dependencies/checkouts/swift-composable-architecture/Sources/ComposableArchitecture/Internal/EphemeralState.swift /Users/admin/builder/spi-builder-workspace/.dependencies/checkouts/swift-composable-architecture/Sources/ComposableArchitecture/Internal/Exports.swift (in target 'ComposableArchitecture' from project 'swift-composable-architecture')
SwiftCompile normal arm64 /Users/admin/builder/spi-builder-workspace/.dependencies/checkouts/swift-composable-architecture/Sources/ComposableArchitecture/Internal/DefaultSubscript.swift (in target 'ComposableArchitecture' from project 'swift-composable-architecture')
    cd /Users/admin/builder/spi-builder-workspace
    builtin-SwiftPerFileCompile DefaultSubscript.swift
SwiftCompile normal arm64 /Users/admin/builder/spi-builder-workspace/.dependencies/checkouts/swift-composable-architecture/Sources/ComposableArchitecture/Internal/Deprecations.swift (in target 'ComposableArchitecture' from project 'swift-composable-architecture')
    cd /Users/admin/builder/spi-builder-workspace
    builtin-SwiftPerFileCompile Deprecations.swift
SwiftCompile normal arm64 /Users/admin/builder/spi-builder-workspace/.dependencies/checkouts/swift-composable-architecture/Sources/ComposableArchitecture/Internal/DispatchQueue.swift (in target 'ComposableArchitecture' from project 'swift-composable-architecture')
    cd /Users/admin/builder/spi-builder-workspace
    builtin-SwiftPerFileCompile DispatchQueue.swift
SwiftCompile normal arm64 /Users/admin/builder/spi-builder-workspace/.dependencies/checkouts/swift-composable-architecture/Sources/ComposableArchitecture/Internal/EffectActions.swift (in target 'ComposableArchitecture' from project 'swift-composable-architecture')
    cd /Users/admin/builder/spi-builder-workspace
    builtin-SwiftPerFileCompile EffectActions.swift
SwiftCompile normal arm64 /Users/admin/builder/spi-builder-workspace/.dependencies/checkouts/swift-composable-architecture/Sources/ComposableArchitecture/Internal/EphemeralState.swift (in target 'ComposableArchitecture' from project 'swift-composable-architecture')
    cd /Users/admin/builder/spi-builder-workspace
    builtin-SwiftPerFileCompile EphemeralState.swift
SwiftCompile normal arm64 /Users/admin/builder/spi-builder-workspace/.dependencies/checkouts/swift-composable-architecture/Sources/ComposableArchitecture/Internal/Exports.swift (in target 'ComposableArchitecture' from project 'swift-composable-architecture')
    cd /Users/admin/builder/spi-builder-workspace
    builtin-SwiftPerFileCompile Exports.swift
SwiftCompile normal arm64 Compiling\ HashableStaticString.swift,\ KeyPath+Sendable.swift,\ Locking.swift,\ Logger.swift,\ NavigationID.swift,\ OpenExistential.swift /Users/admin/builder/spi-builder-workspace/.dependencies/checkouts/swift-composable-architecture/Sources/ComposableArchitecture/Internal/HashableStaticString.swift /Users/admin/builder/spi-builder-workspace/.dependencies/checkouts/swift-composable-architecture/Sources/ComposableArchitecture/Internal/KeyPath+Sendable.swift /Users/admin/builder/spi-builder-workspace/.dependencies/checkouts/swift-composable-architecture/Sources/ComposableArchitecture/Internal/Locking.swift /Users/admin/builder/spi-builder-workspace/.dependencies/checkouts/swift-composable-architecture/Sources/ComposableArchitecture/Internal/Logger.swift /Users/admin/builder/spi-builder-workspace/.dependencies/checkouts/swift-composable-architecture/Sources/ComposableArchitecture/Internal/NavigationID.swift /Users/admin/builder/spi-builder-workspace/.dependencies/checkouts/swift-composable-architecture/Sources/ComposableArchitecture/Internal/OpenExistential.swift (in target 'ComposableArchitecture' from project 'swift-composable-architecture')
SwiftCompile normal arm64 /Users/admin/builder/spi-builder-workspace/.dependencies/checkouts/swift-composable-architecture/Sources/ComposableArchitecture/Internal/HashableStaticString.swift (in target 'ComposableArchitecture' from project 'swift-composable-architecture')
    cd /Users/admin/builder/spi-builder-workspace
    builtin-SwiftPerFileCompile HashableStaticString.swift
SwiftCompile normal arm64 /Users/admin/builder/spi-builder-workspace/.dependencies/checkouts/swift-composable-architecture/Sources/ComposableArchitecture/Internal/KeyPath+Sendable.swift (in target 'ComposableArchitecture' from project 'swift-composable-architecture')
    cd /Users/admin/builder/spi-builder-workspace
    builtin-SwiftPerFileCompile KeyPath+Sendable.swift
SwiftCompile normal arm64 /Users/admin/builder/spi-builder-workspace/.dependencies/checkouts/swift-composable-architecture/Sources/ComposableArchitecture/Internal/Locking.swift (in target 'ComposableArchitecture' from project 'swift-composable-architecture')
    cd /Users/admin/builder/spi-builder-workspace
    builtin-SwiftPerFileCompile Locking.swift
SwiftCompile normal arm64 /Users/admin/builder/spi-builder-workspace/.dependencies/checkouts/swift-composable-architecture/Sources/ComposableArchitecture/Internal/Logger.swift (in target 'ComposableArchitecture' from project 'swift-composable-architecture')
    cd /Users/admin/builder/spi-builder-workspace
    builtin-SwiftPerFileCompile Logger.swift
SwiftCompile normal arm64 /Users/admin/builder/spi-builder-workspace/.dependencies/checkouts/swift-composable-architecture/Sources/ComposableArchitecture/Internal/NavigationID.swift (in target 'ComposableArchitecture' from project 'swift-composable-architecture')
    cd /Users/admin/builder/spi-builder-workspace
    builtin-SwiftPerFileCompile NavigationID.swift
SwiftCompile normal arm64 /Users/admin/builder/spi-builder-workspace/.dependencies/checkouts/swift-composable-architecture/Sources/ComposableArchitecture/Internal/OpenExistential.swift (in target 'ComposableArchitecture' from project 'swift-composable-architecture')
    cd /Users/admin/builder/spi-builder-workspace
    builtin-SwiftPerFileCompile OpenExistential.swift
SwiftCompile normal arm64 Compiling\ PresentationID.swift,\ ReturningLastNonNilValue.swift,\ RuntimeWarnings.swift,\ StackIDGenerator.swift,\ Macros.swift,\ Alert+Observation.swift /Users/admin/builder/spi-builder-workspace/.dependencies/checkouts/swift-composable-architecture/Sources/ComposableArchitecture/Internal/PresentationID.swift /Users/admin/builder/spi-builder-workspace/.dependencies/checkouts/swift-composable-architecture/Sources/ComposableArchitecture/Internal/ReturningLastNonNilValue.swift /Users/admin/builder/spi-builder-workspace/.dependencies/checkouts/swift-composable-architecture/Sources/ComposableArchitecture/Internal/RuntimeWarnings.swift /Users/admin/builder/spi-builder-workspace/.dependencies/checkouts/swift-composable-architecture/Sources/ComposableArchitecture/Internal/StackIDGenerator.swift /Users/admin/builder/spi-builder-workspace/.dependencies/checkouts/swift-composable-architecture/Sources/ComposableArchitecture/Macros.swift /Users/admin/builder/spi-builder-workspace/.dependencies/checkouts/swift-composable-architecture/Sources/ComposableArchitecture/Observation/Alert+Observation.swift (in target 'ComposableArchitecture' from project 'swift-composable-architecture')
SwiftCompile normal arm64 /Users/admin/builder/spi-builder-workspace/.dependencies/checkouts/swift-composable-architecture/Sources/ComposableArchitecture/Internal/PresentationID.swift (in target 'ComposableArchitecture' from project 'swift-composable-architecture')
    cd /Users/admin/builder/spi-builder-workspace
    builtin-SwiftPerFileCompile PresentationID.swift
SwiftCompile normal arm64 /Users/admin/builder/spi-builder-workspace/.dependencies/checkouts/swift-composable-architecture/Sources/ComposableArchitecture/Internal/ReturningLastNonNilValue.swift (in target 'ComposableArchitecture' from project 'swift-composable-architecture')
    cd /Users/admin/builder/spi-builder-workspace
    builtin-SwiftPerFileCompile ReturningLastNonNilValue.swift
SwiftCompile normal arm64 /Users/admin/builder/spi-builder-workspace/.dependencies/checkouts/swift-composable-architecture/Sources/ComposableArchitecture/Internal/RuntimeWarnings.swift (in target 'ComposableArchitecture' from project 'swift-composable-architecture')
    cd /Users/admin/builder/spi-builder-workspace
    builtin-SwiftPerFileCompile RuntimeWarnings.swift
SwiftCompile normal arm64 /Users/admin/builder/spi-builder-workspace/.dependencies/checkouts/swift-composable-architecture/Sources/ComposableArchitecture/Internal/StackIDGenerator.swift (in target 'ComposableArchitecture' from project 'swift-composable-architecture')
    cd /Users/admin/builder/spi-builder-workspace
    builtin-SwiftPerFileCompile StackIDGenerator.swift
SwiftCompile normal arm64 /Users/admin/builder/spi-builder-workspace/.dependencies/checkouts/swift-composable-architecture/Sources/ComposableArchitecture/Macros.swift (in target 'ComposableArchitecture' from project 'swift-composable-architecture')
    cd /Users/admin/builder/spi-builder-workspace
    builtin-SwiftPerFileCompile Macros.swift
SwiftCompile normal arm64 /Users/admin/builder/spi-builder-workspace/.dependencies/checkouts/swift-composable-architecture/Sources/ComposableArchitecture/Observation/Alert+Observation.swift (in target 'ComposableArchitecture' from project 'swift-composable-architecture')
    cd /Users/admin/builder/spi-builder-workspace
    builtin-SwiftPerFileCompile Alert+Observation.swift
SwiftCompile normal arm64 Compiling\ Binding+Observation.swift,\ IdentifiedArray+Observation.swift,\ NavigationStack+Observation.swift,\ ObservableState.swift,\ ObservationStateRegistrar.swift,\ Store+Observation.swift /Users/admin/builder/spi-builder-workspace/.dependencies/checkouts/swift-composable-architecture/Sources/ComposableArchitecture/Observation/Binding+Observation.swift /Users/admin/builder/spi-builder-workspace/.dependencies/checkouts/swift-composable-architecture/Sources/ComposableArchitecture/Observation/IdentifiedArray+Observation.swift /Users/admin/builder/spi-builder-workspace/.dependencies/checkouts/swift-composable-architecture/Sources/ComposableArchitecture/Observation/NavigationStack+Observation.swift /Users/admin/builder/spi-builder-workspace/.dependencies/checkouts/swift-composable-architecture/Sources/ComposableArchitecture/Observation/ObservableState.swift /Users/admin/builder/spi-builder-workspace/.dependencies/checkouts/swift-composable-architecture/Sources/ComposableArchitecture/Observation/ObservationStateRegistrar.swift /Users/admin/builder/spi-builder-workspace/.dependencies/checkouts/swift-composable-architecture/Sources/ComposableArchitecture/Observation/Store+Observation.swift (in target 'ComposableArchitecture' from project 'swift-composable-architecture')
SwiftCompile normal arm64 /Users/admin/builder/spi-builder-workspace/.dependencies/checkouts/swift-composable-architecture/Sources/ComposableArchitecture/Observation/Binding+Observation.swift (in target 'ComposableArchitecture' from project 'swift-composable-architecture')
    cd /Users/admin/builder/spi-builder-workspace
    builtin-SwiftPerFileCompile Binding+Observation.swift
SwiftCompile normal arm64 /Users/admin/builder/spi-builder-workspace/.dependencies/checkouts/swift-composable-architecture/Sources/ComposableArchitecture/Observation/IdentifiedArray+Observation.swift (in target 'ComposableArchitecture' from project 'swift-composable-architecture')
    cd /Users/admin/builder/spi-builder-workspace
    builtin-SwiftPerFileCompile IdentifiedArray+Observation.swift
SwiftCompile normal arm64 /Users/admin/builder/spi-builder-workspace/.dependencies/checkouts/swift-composable-architecture/Sources/ComposableArchitecture/Observation/NavigationStack+Observation.swift (in target 'ComposableArchitecture' from project 'swift-composable-architecture')
    cd /Users/admin/builder/spi-builder-workspace
    builtin-SwiftPerFileCompile NavigationStack+Observation.swift
SwiftCompile normal arm64 /Users/admin/builder/spi-builder-workspace/.dependencies/checkouts/swift-composable-architecture/Sources/ComposableArchitecture/Observation/ObservableState.swift (in target 'ComposableArchitecture' from project 'swift-composable-architecture')
    cd /Users/admin/builder/spi-builder-workspace
    builtin-SwiftPerFileCompile ObservableState.swift
SwiftCompile normal arm64 /Users/admin/builder/spi-builder-workspace/.dependencies/checkouts/swift-composable-architecture/Sources/ComposableArchitecture/Observation/ObservationStateRegistrar.swift (in target 'ComposableArchitecture' from project 'swift-composable-architecture')
    cd /Users/admin/builder/spi-builder-workspace
    builtin-SwiftPerFileCompile ObservationStateRegistrar.swift
SwiftCompile normal arm64 /Users/admin/builder/spi-builder-workspace/.dependencies/checkouts/swift-composable-architecture/Sources/ComposableArchitecture/Observation/Store+Observation.swift (in target 'ComposableArchitecture' from project 'swift-composable-architecture')
    cd /Users/admin/builder/spi-builder-workspace
    builtin-SwiftPerFileCompile Store+Observation.swift
SwiftCompile normal arm64 Compiling\ DependencyKeyWritingReducer.swift,\ EmptyReducer.swift,\ ForEachReducer.swift,\ IfCaseLetReducer.swift,\ IfLetReducer.swift,\ OnChange.swift /Users/admin/builder/spi-builder-workspace/.dependencies/checkouts/swift-composable-architecture/Sources/ComposableArchitecture/Reducer/Reducers/DependencyKeyWritingReducer.swift /Users/admin/builder/spi-builder-workspace/.dependencies/checkouts/swift-composable-architecture/Sources/ComposableArchitecture/Reducer/Reducers/EmptyReducer.swift /Users/admin/builder/spi-builder-workspace/.dependencies/checkouts/swift-composable-architecture/Sources/ComposableArchitecture/Reducer/Reducers/ForEachReducer.swift /Users/admin/builder/spi-builder-workspace/.dependencies/checkouts/swift-composable-architecture/Sources/ComposableArchitecture/Reducer/Reducers/IfCaseLetReducer.swift /Users/admin/builder/spi-builder-workspace/.dependencies/checkouts/swift-composable-architecture/Sources/ComposableArchitecture/Reducer/Reducers/IfLetReducer.swift /Users/admin/builder/spi-builder-workspace/.dependencies/checkouts/swift-composable-architecture/Sources/ComposableArchitecture/Reducer/Reducers/OnChange.swift (in target 'ComposableArchitecture' from project 'swift-composable-architecture')
SwiftCompile normal arm64 /Users/admin/builder/spi-builder-workspace/.dependencies/checkouts/swift-composable-architecture/Sources/ComposableArchitecture/Reducer/Reducers/DependencyKeyWritingReducer.swift (in target 'ComposableArchitecture' from project 'swift-composable-architecture')
    cd /Users/admin/builder/spi-builder-workspace
    builtin-SwiftPerFileCompile DependencyKeyWritingReducer.swift
SwiftCompile normal arm64 /Users/admin/builder/spi-builder-workspace/.dependencies/checkouts/swift-composable-architecture/Sources/ComposableArchitecture/Reducer/Reducers/EmptyReducer.swift (in target 'ComposableArchitecture' from project 'swift-composable-architecture')
    cd /Users/admin/builder/spi-builder-workspace
    builtin-SwiftPerFileCompile EmptyReducer.swift
SwiftCompile normal arm64 /Users/admin/builder/spi-builder-workspace/.dependencies/checkouts/swift-composable-architecture/Sources/ComposableArchitecture/Reducer/Reducers/ForEachReducer.swift (in target 'ComposableArchitecture' from project 'swift-composable-architecture')
    cd /Users/admin/builder/spi-builder-workspace
    builtin-SwiftPerFileCompile ForEachReducer.swift
SwiftCompile normal arm64 /Users/admin/builder/spi-builder-workspace/.dependencies/checkouts/swift-composable-architecture/Sources/ComposableArchitecture/Reducer/Reducers/IfCaseLetReducer.swift (in target 'ComposableArchitecture' from project 'swift-composable-architecture')
    cd /Users/admin/builder/spi-builder-workspace
    builtin-SwiftPerFileCompile IfCaseLetReducer.swift
SwiftCompile normal arm64 /Users/admin/builder/spi-builder-workspace/.dependencies/checkouts/swift-composable-architecture/Sources/ComposableArchitecture/Reducer/Reducers/IfLetReducer.swift (in target 'ComposableArchitecture' from project 'swift-composable-architecture')
    cd /Users/admin/builder/spi-builder-workspace
    builtin-SwiftPerFileCompile IfLetReducer.swift
SwiftCompile normal arm64 /Users/admin/builder/spi-builder-workspace/.dependencies/checkouts/swift-composable-architecture/Sources/ComposableArchitecture/Reducer/Reducers/OnChange.swift (in target 'ComposableArchitecture' from project 'swift-composable-architecture')
    cd /Users/admin/builder/spi-builder-workspace
    builtin-SwiftPerFileCompile OnChange.swift
SwiftEmitModule normal arm64 Emitting\ module\ for\ ComposableArchitecture (in target 'ComposableArchitecture' from project 'swift-composable-architecture')
SwiftCompile normal arm64 (in target 'ComposableArchitecture' from project 'swift-composable-architecture')
    cd /Users/admin/builder/spi-builder-workspace

SwiftCompile normal arm64 Compiling\ ViewAction.swift,\ Reducer.swift,\ ReducerBuilder.swift,\ BindingReducer.swift,\ CombineReducers.swift,\ DebugReducer.swift /Users/admin/builder/spi-builder-workspace/.dependencies/checkouts/swift-composable-architecture/Sources/ComposableArchitecture/Observation/ViewAction.swift /Users/admin/builder/spi-builder-workspace/.dependencies/checkouts/swift-composable-architecture/Sources/ComposableArchitecture/Reducer.swift /Users/admin/builder/spi-builder-workspace/.dependencies/checkouts/swift-composable-architecture/Sources/ComposableArchitecture/Reducer/ReducerBuilder.swift /Users/admin/builder/spi-builder-workspace/.dependencies/checkouts/swift-composable-architecture/Sources/ComposableArchitecture/Reducer/Reducers/BindingReducer.swift /Users/admin/builder/spi-builder-workspace/.dependencies/checkouts/swift-composable-architecture/Sources/ComposableArchitecture/Reducer/Reducers/CombineReducers.swift /Users/admin/builder/spi-builder-workspace/.dependencies/checkouts/swift-composable-architecture/Sources/ComposableArchitecture/Reducer/Reducers/DebugReducer.swift (in target 'ComposableArchitecture' from project 'swift-composable-architecture')
SwiftCompile normal arm64 /Users/admin/builder/spi-builder-workspace/.dependencies/checkouts/swift-composable-architecture/Sources/ComposableArchitecture/Observation/ViewAction.swift (in target 'ComposableArchitecture' from project 'swift-composable-architecture')
    cd /Users/admin/builder/spi-builder-workspace
    builtin-SwiftPerFileCompile ViewAction.swift
SwiftCompile normal arm64 /Users/admin/builder/spi-builder-workspace/.dependencies/checkouts/swift-composable-architecture/Sources/ComposableArchitecture/Reducer.swift (in target 'ComposableArchitecture' from project 'swift-composable-architecture')
    cd /Users/admin/builder/spi-builder-workspace
    builtin-SwiftPerFileCompile Reducer.swift
SwiftCompile normal arm64 /Users/admin/builder/spi-builder-workspace/.dependencies/checkouts/swift-composable-architecture/Sources/ComposableArchitecture/Reducer/ReducerBuilder.swift (in target 'ComposableArchitecture' from project 'swift-composable-architecture')
    cd /Users/admin/builder/spi-builder-workspace
    builtin-SwiftPerFileCompile ReducerBuilder.swift
SwiftCompile normal arm64 /Users/admin/builder/spi-builder-workspace/.dependencies/checkouts/swift-composable-architecture/Sources/ComposableArchitecture/Reducer/Reducers/BindingReducer.swift (in target 'ComposableArchitecture' from project 'swift-composable-architecture')
    cd /Users/admin/builder/spi-builder-workspace
    builtin-SwiftPerFileCompile BindingReducer.swift
SwiftCompile normal arm64 /Users/admin/builder/spi-builder-workspace/.dependencies/checkouts/swift-composable-architecture/Sources/ComposableArchitecture/Reducer/Reducers/CombineReducers.swift (in target 'ComposableArchitecture' from project 'swift-composable-architecture')
    cd /Users/admin/builder/spi-builder-workspace
    builtin-SwiftPerFileCompile CombineReducers.swift
SwiftCompile normal arm64 /Users/admin/builder/spi-builder-workspace/.dependencies/checkouts/swift-composable-architecture/Sources/ComposableArchitecture/Reducer/Reducers/DebugReducer.swift (in target 'ComposableArchitecture' from project 'swift-composable-architecture')
    cd /Users/admin/builder/spi-builder-workspace
    builtin-SwiftPerFileCompile DebugReducer.swift
SwiftCompile normal arm64 Compiling\ AppStorageKeyPathKey.swift,\ Store.swift,\ Binding.swift,\ TestStore.swift,\ AlertStateUIKit.swift,\ NavigationStackControllerUIKit.swift /Users/admin/builder/spi-builder-workspace/.dependencies/checkouts/swift-composable-architecture/Sources/ComposableArchitecture/Sharing/AppStorageKeyPathKey.swift /Users/admin/builder/spi-builder-workspace/.dependencies/checkouts/swift-composable-architecture/Sources/ComposableArchitecture/Store.swift /Users/admin/builder/spi-builder-workspace/.dependencies/checkouts/swift-composable-architecture/Sources/ComposableArchitecture/SwiftUI/Binding.swift /Users/admin/builder/spi-builder-workspace/.dependencies/checkouts/swift-composable-architecture/Sources/ComposableArchitecture/TestStore.swift /Users/admin/builder/spi-builder-workspace/.dependencies/checkouts/swift-composable-architecture/Sources/ComposableArchitecture/UIKit/AlertStateUIKit.swift /Users/admin/builder/spi-builder-workspace/.dependencies/checkouts/swift-composable-architecture/Sources/ComposableArchitecture/UIKit/NavigationStackControllerUIKit.swift (in target 'ComposableArchitecture' from project 'swift-composable-architecture')
SwiftCompile normal arm64 /Users/admin/builder/spi-builder-workspace/.dependencies/checkouts/swift-composable-architecture/Sources/ComposableArchitecture/Sharing/AppStorageKeyPathKey.swift (in target 'ComposableArchitecture' from project 'swift-composable-architecture')
    cd /Users/admin/builder/spi-builder-workspace
    builtin-SwiftPerFileCompile AppStorageKeyPathKey.swift
SwiftCompile normal arm64 /Users/admin/builder/spi-builder-workspace/.dependencies/checkouts/swift-composable-architecture/Sources/ComposableArchitecture/Store.swift (in target 'ComposableArchitecture' from project 'swift-composable-architecture')
    cd /Users/admin/builder/spi-builder-workspace
    builtin-SwiftPerFileCompile Store.swift
SwiftCompile normal arm64 /Users/admin/builder/spi-builder-workspace/.dependencies/checkouts/swift-composable-architecture/Sources/ComposableArchitecture/SwiftUI/Binding.swift (in target 'ComposableArchitecture' from project 'swift-composable-architecture')
    cd /Users/admin/builder/spi-builder-workspace
    builtin-SwiftPerFileCompile Binding.swift
SwiftCompile normal arm64 /Users/admin/builder/spi-builder-workspace/.dependencies/checkouts/swift-composable-architecture/Sources/ComposableArchitecture/TestStore.swift (in target 'ComposableArchitecture' from project 'swift-composable-architecture')
    cd /Users/admin/builder/spi-builder-workspace
    builtin-SwiftPerFileCompile TestStore.swift
SwiftCompile normal arm64 /Users/admin/builder/spi-builder-workspace/.dependencies/checkouts/swift-composable-architecture/Sources/ComposableArchitecture/UIKit/AlertStateUIKit.swift (in target 'ComposableArchitecture' from project 'swift-composable-architecture')
    cd /Users/admin/builder/spi-builder-workspace
    builtin-SwiftPerFileCompile AlertStateUIKit.swift
SwiftCompile normal arm64 /Users/admin/builder/spi-builder-workspace/.dependencies/checkouts/swift-composable-architecture/Sources/ComposableArchitecture/UIKit/NavigationStackControllerUIKit.swift (in target 'ComposableArchitecture' from project 'swift-composable-architecture')
    cd /Users/admin/builder/spi-builder-workspace
    builtin-SwiftPerFileCompile NavigationStackControllerUIKit.swift
SwiftCompile normal arm64 Compiling\ Optional.swift,\ PresentationReducer.swift,\ Reduce.swift,\ Scope.swift,\ SignpostReducer.swift,\ StackReducer.swift /Users/admin/builder/spi-builder-workspace/.dependencies/checkouts/swift-composable-architecture/Sources/ComposableArchitecture/Reducer/Reducers/Optional.swift /Users/admin/builder/spi-builder-workspace/.dependencies/checkouts/swift-composable-architecture/Sources/ComposableArchitecture/Reducer/Reducers/PresentationReducer.swift /Users/admin/builder/spi-builder-workspace/.dependencies/checkouts/swift-composable-architecture/Sources/ComposableArchitecture/Reducer/Reducers/Reduce.swift /Users/admin/builder/spi-builder-workspace/.dependencies/checkouts/swift-composable-architecture/Sources/ComposableArchitecture/Reducer/Reducers/Scope.swift /Users/admin/builder/spi-builder-workspace/.dependencies/checkouts/swift-composable-architecture/Sources/ComposableArchitecture/Reducer/Reducers/SignpostReducer.swift /Users/admin/builder/spi-builder-workspace/.dependencies/checkouts/swift-composable-architecture/Sources/ComposableArchitecture/Reducer/Reducers/StackReducer.swift (in target 'ComposableArchitecture' from project 'swift-composable-architecture')
SwiftCompile normal arm64 /Users/admin/builder/spi-builder-workspace/.dependencies/checkouts/swift-composable-architecture/Sources/ComposableArchitecture/Reducer/Reducers/Optional.swift (in target 'ComposableArchitecture' from project 'swift-composable-architecture')
    cd /Users/admin/builder/spi-builder-workspace
    builtin-SwiftPerFileCompile Optional.swift
SwiftCompile normal arm64 /Users/admin/builder/spi-builder-workspace/.dependencies/checkouts/swift-composable-architecture/Sources/ComposableArchitecture/Reducer/Reducers/PresentationReducer.swift (in target 'ComposableArchitecture' from project 'swift-composable-architecture')
    cd /Users/admin/builder/spi-builder-workspace
    builtin-SwiftPerFileCompile PresentationReducer.swift
SwiftCompile normal arm64 /Users/admin/builder/spi-builder-workspace/.dependencies/checkouts/swift-composable-architecture/Sources/ComposableArchitecture/Reducer/Reducers/Reduce.swift (in target 'ComposableArchitecture' from project 'swift-composable-architecture')
    cd /Users/admin/builder/spi-builder-workspace
    builtin-SwiftPerFileCompile Reduce.swift
SwiftCompile normal arm64 /Users/admin/builder/spi-builder-workspace/.dependencies/checkouts/swift-composable-architecture/Sources/ComposableArchitecture/Reducer/Reducers/Scope.swift (in target 'ComposableArchitecture' from project 'swift-composable-architecture')
    cd /Users/admin/builder/spi-builder-workspace
    builtin-SwiftPerFileCompile Scope.swift
SwiftCompile normal arm64 /Users/admin/builder/spi-builder-workspace/.dependencies/checkouts/swift-composable-architecture/Sources/ComposableArchitecture/Reducer/Reducers/SignpostReducer.swift (in target 'ComposableArchitecture' from project 'swift-composable-architecture')
    cd /Users/admin/builder/spi-builder-workspace
    builtin-SwiftPerFileCompile SignpostReducer.swift
SwiftCompile normal arm64 /Users/admin/builder/spi-builder-workspace/.dependencies/checkouts/swift-composable-architecture/Sources/ComposableArchitecture/Reducer/Reducers/StackReducer.swift (in target 'ComposableArchitecture' from project 'swift-composable-architecture')
    cd /Users/admin/builder/spi-builder-workspace
    builtin-SwiftPerFileCompile StackReducer.swift
SwiftDriverJobDiscovery normal arm64 Compiling ViewAction.swift, Reducer.swift, ReducerBuilder.swift, BindingReducer.swift, CombineReducers.swift, DebugReducer.swift (in target 'ComposableArchitecture' from project 'swift-composable-architecture')
SwiftDriverJobDiscovery normal arm64 Compiling HashableStaticString.swift, KeyPath+Sendable.swift, Locking.swift, Logger.swift, NavigationID.swift, OpenExistential.swift (in target 'ComposableArchitecture' from project 'swift-composable-architecture')
SwiftDriverJobDiscovery normal arm64 Compiling Publisher.swift, AreOrderedSetsDuplicates.swift, Box.swift, Create.swift, CurrentValueRelay.swift, Debug.swift (in target 'ComposableArchitecture' from project 'swift-composable-architecture')
SwiftDriverJobDiscovery normal arm64 Compiling DependencyKeyWritingReducer.swift, EmptyReducer.swift, ForEachReducer.swift, IfCaseLetReducer.swift, IfLetReducer.swift, OnChange.swift (in target 'ComposableArchitecture' from project 'swift-composable-architecture')
SwiftDriverJobDiscovery normal arm64 Compiling resource_bundle_accessor.swift, CaseReducer.swift, Core.swift, Dismiss.swift, IsPresented.swift, Effect.swift, Cancellation.swift (in target 'ComposableArchitecture' from project 'swift-composable-architecture')
SwiftDriverJobDiscovery normal arm64 Compiling PresentationID.swift, ReturningLastNonNilValue.swift, RuntimeWarnings.swift, StackIDGenerator.swift, Macros.swift, Alert+Observation.swift (in target 'ComposableArchitecture' from project 'swift-composable-architecture')
SwiftDriverJobDiscovery normal arm64 Compiling Binding+Observation.swift, IdentifiedArray+Observation.swift, NavigationStack+Observation.swift, ObservableState.swift, ObservationStateRegistrar.swift, Store+Observation.swift (in target 'ComposableArchitecture' from project 'swift-composable-architecture')
SwiftDriverJobDiscovery normal arm64 Emitting module for ComposableArchitecture (in target 'ComposableArchitecture' from project 'swift-composable-architecture')
SwiftDriver\ Compilation\ Requirements ComposableArchitecture normal arm64 com.apple.xcode.tools.swift.compiler (in target 'ComposableArchitecture' from project 'swift-composable-architecture')
    cd /Users/admin/builder/spi-builder-workspace
    builtin-Swift-Compilation-Requirements -- /Applications/Xcode-27.0.0-Release.Candidate.app/Contents/Developer/Toolchains/XcodeDefault.xctoolchain/usr/bin/swiftc -parse-as-library -module-name ComposableArchitecture -Onone @/Users/admin/builder/spi-builder-workspace/.derivedData/Build/Intermediates.noindex/swift-composable-architecture.build/Debug-xros/ComposableArchitecture-t.build/Objects-normal/arm64/ComposableArchitecture.SwiftFileList -DSWIFT_PACKAGE -DDEBUG -DSWIFT_MODULE_RESOURCE_BUNDLE_AVAILABLE -Xcc -fmodule-map-file\=/Users/admin/builder/spi-builder-workspace/.derivedData/Build/Intermediates.noindex/GeneratedModuleMaps-xros/UIKitNavigationShim.modulemap -DXcode -enable-upcoming-feature ExistentialAny -plugin-path /Applications/Xcode-27.0.0-Release.Candidate.app/Contents/Developer/Toolchains/XcodeDefault.xctoolchain/usr/lib/swift/host/plugins/testing -enable-experimental-feature DebugDescriptionMacro -sdk /Applications/Xcode-27.0.0-Release.Candidate.app/Contents/Developer/Platforms/XROS.platform/Developer/SDKs/XROS27.0.sdk -target arm64-apple-xros1.0 -g -module-cache-path /Users/admin/builder/spi-builder-workspace/.derivedData/ModuleCache.noindex -Xfrontend -serialize-debugging-options -profile-coverage-mapping -profile-generate -enable-testing -suppress-warnings -index-store-path /Users/admin/builder/spi-builder-workspace/.derivedData/Index.noindex/DataStore -Xcc -D_LIBCPP_HARDENING_MODE\=_LIBCPP_HARDENING_MODE_DEBUG -swift-version 6 -I /Users/admin/builder/spi-builder-workspace/.derivedData/Build/Products/Debug-xros -Isystem /Applications/Xcode-27.0.0-Release.Candidate.app/Contents/Developer/Platforms/XROS.platform/Developer/usr/lib -F /Users/admin/builder/spi-builder-workspace/.derivedData/Build/Products/Debug-xros/PackageFrameworks -F /Users/admin/builder/spi-builder-workspace/.derivedData/Build/Products/Debug-xros -F /Applications/Xcode-27.0.0-Release.Candidate.app/Contents/Developer/Platforms/XROS.platform/Developer/Library/Frameworks -F /Applications/Xcode-27.0.0-Release.Candidate.app/Contents/Developer/Platforms/XROS.platform/Developer/SDKs/XROS27.0.sdk/Developer/Library/Frameworks -Xfrontend -load-plugin-executable -Xfrontend /Users/admin/builder/spi-builder-workspace/.derivedData/Build/Products/Debug/CasePathsMacros\#CasePathsMacros -Xfrontend -load-plugin-executable -Xfrontend /Users/admin/builder/spi-builder-workspace/.derivedData/Build/Products/Debug/ComposableArchitectureMacros\#ComposableArchitectureMacros -Xfrontend -load-plugin-executable -Xfrontend /Users/admin/builder/spi-builder-workspace/.derivedData/Build/Products/Debug/DependenciesMacrosPlugin\#DependenciesMacrosPlugin -Xfrontend -load-plugin-executable -Xfrontend /Users/admin/builder/spi-builder-workspace/.derivedData/Build/Products/Debug/PerceptionMacros\#PerceptionMacros -Xfrontend -load-plugin-executable -Xfrontend /Users/admin/builder/spi-builder-workspace/.derivedData/Build/Products/Debug/SwiftNavigationMacros\#SwiftNavigationMacros -c -j10 -enable-batch-mode -incremental -Xcc -ivfsstatcache -Xcc /Users/admin/builder/spi-builder-workspace/.derivedData/SDKStatCaches.noindex/xros27.0-24M361-e829b21a6f8c9b70876ba0858053c044735bd543db762f57723cac368afd1ce4.sdkstatcache -output-file-map /Users/admin/builder/spi-builder-workspace/.derivedData/Build/Intermediates.noindex/swift-composable-architecture.build/Debug-xros/ComposableArchitecture-t.build/Objects-normal/arm64/ComposableArchitecture-OutputFileMap.json -save-temps -no-color-diagnostics -explicit-module-build -module-cache-path /Users/admin/builder/spi-builder-workspace/.derivedData/Build/Intermediates.noindex/SwiftExplicitPrecompiledModules -clang-scanner-module-cache-path /Users/admin/builder/spi-builder-workspace/.derivedData/ModuleCache.noindex -sdk-module-cache-path /Users/admin/builder/spi-builder-workspace/.derivedData/SDKExplicitPrecompiledModules -emit-dependencies -emit-module -emit-module-path /Users/admin/builder/spi-builder-workspace/.derivedData/Build/Intermediates.noindex/swift-composable-architecture.build/Debug-xros/ComposableArchitecture-t.build/Objects-normal/arm64/ComposableArchitecture.swiftmodule -serialize-diagnostics -dependency-scan-serialize-diagnostics-path /Users/admin/builder/spi-builder-workspace/.derivedData/Build/Intermediates.noindex/swift-composable-architecture.build/Debug-xros/ComposableArchitecture-t.build/Objects-normal/arm64/ComposableArchitecture-dependency-scan.dia -user-module-version 1.26.2 -validate-clang-modules-once -clang-build-session-file /Users/admin/builder/spi-builder-workspace/.derivedData/ModuleCache.noindex/Session.modulevalidation -Xcc -fmodules-prune-interval\=86400 -Xcc -fmodules-prune-after\=345600 -package-name swift_composable_architecture -emit-const-values -const-gather-protocols-list /Users/admin/builder/spi-builder-workspace/.derivedData/Build/Intermediates.noindex/swift-composable-architecture.build/Debug-xros/ComposableArchitecture-t.build/Objects-normal/arm64/ComposableArchitecture_const_extract_protocols.json -Xcc -I/Users/admin/builder/spi-builder-workspace/.dependencies/checkouts/swift-navigation/Sources/UIKitNavigationShim/include -Xcc -I/Users/admin/builder/spi-builder-workspace/.derivedData/Build/Products/Debug-xros/include -Xcc -I/Users/admin/builder/spi-builder-workspace/.derivedData/Build/Intermediates.noindex/swift-composable-architecture.build/Debug-xros/ComposableArchitecture-t.build/DerivedSources-normal/arm64 -Xcc -I/Users/admin/builder/spi-builder-workspace/.derivedData/Build/Intermediates.noindex/swift-composable-architecture.build/Debug-xros/ComposableArchitecture-t.build/DerivedSources/arm64 -Xcc -I/Users/admin/builder/spi-builder-workspace/.derivedData/Build/Intermediates.noindex/swift-composable-architecture.build/Debug-xros/ComposableArchitecture-t.build/DerivedSources -Xcc -DSWIFT_PACKAGE -Xcc -DDEBUG\=1 -emit-objc-header -emit-objc-header-path /Users/admin/builder/spi-builder-workspace/.derivedData/Build/Intermediates.noindex/swift-composable-architecture.build/Debug-xros/ComposableArchitecture-t.build/Objects-normal/arm64/ComposableArchitecture-Swift.h -working-directory /Users/admin/builder/spi-builder-workspace -experimental-emit-module-separately -disable-cmo
SwiftMergeGeneratedHeaders /Users/admin/builder/spi-builder-workspace/.derivedData/Build/Intermediates.noindex/GeneratedModuleMaps-xros/ComposableArchitecture-Swift.h /Users/admin/builder/spi-builder-workspace/.derivedData/Build/Intermediates.noindex/swift-composable-architecture.build/Debug-xros/ComposableArchitecture-t.build/Objects-normal/arm64/ComposableArchitecture-Swift.h (in target 'ComposableArchitecture' from project 'swift-composable-architecture')
    cd /Users/admin/builder/spi-builder-workspace/.dependencies/checkouts/swift-composable-architecture
    builtin-swiftHeaderTool -arch arm64 /Users/admin/builder/spi-builder-workspace/.derivedData/Build/Intermediates.noindex/swift-composable-architecture.build/Debug-xros/ComposableArchitecture-t.build/Objects-normal/arm64/ComposableArchitecture-Swift.h -o /Users/admin/builder/spi-builder-workspace/.derivedData/Build/Intermediates.noindex/GeneratedModuleMaps-xros/ComposableArchitecture-Swift.h
Copy /Users/admin/builder/spi-builder-workspace/.derivedData/Build/Products/Debug-xros/ComposableArchitecture.swiftmodule/arm64-apple-xros.swiftdoc /Users/admin/builder/spi-builder-workspace/.derivedData/Build/Intermediates.noindex/swift-composable-architecture.build/Debug-xros/ComposableArchitecture-t.build/Objects-normal/arm64/ComposableArchitecture.swiftdoc (in target 'ComposableArchitecture' from project 'swift-composable-architecture')
    cd /Users/admin/builder/spi-builder-workspace/.dependencies/checkouts/swift-composable-architecture
    builtin-copy -exclude .DS_Store -exclude CVS -exclude .svn -exclude .git -exclude .hg -resolve-src-symlinks -rename /Users/admin/builder/spi-builder-workspace/.derivedData/Build/Intermediates.noindex/swift-composable-architecture.build/Debug-xros/ComposableArchitecture-t.build/Objects-normal/arm64/ComposableArchitecture.swiftdoc /Users/admin/builder/spi-builder-workspace/.derivedData/Build/Products/Debug-xros/ComposableArchitecture.swiftmodule/arm64-apple-xros.swiftdoc
Copy /Users/admin/builder/spi-builder-workspace/.derivedData/Build/Products/Debug-xros/ComposableArchitecture.swiftmodule/arm64-apple-xros.abi.json /Users/admin/builder/spi-builder-workspace/.derivedData/Build/Intermediates.noindex/swift-composable-architecture.build/Debug-xros/ComposableArchitecture-t.build/Objects-normal/arm64/ComposableArchitecture.abi.json (in target 'ComposableArchitecture' from project 'swift-composable-architecture')
    cd /Users/admin/builder/spi-builder-workspace/.dependencies/checkouts/swift-composable-architecture
    builtin-copy -exclude .DS_Store -exclude CVS -exclude .svn -exclude .git -exclude .hg -resolve-src-symlinks -rename /Users/admin/builder/spi-builder-workspace/.derivedData/Build/Intermediates.noindex/swift-composable-architecture.build/Debug-xros/ComposableArchitecture-t.build/Objects-normal/arm64/ComposableArchitecture.abi.json /Users/admin/builder/spi-builder-workspace/.derivedData/Build/Products/Debug-xros/ComposableArchitecture.swiftmodule/arm64-apple-xros.abi.json
Copy /Users/admin/builder/spi-builder-workspace/.derivedData/Build/Products/Debug-xros/ComposableArchitecture.swiftmodule/arm64-apple-xros.swiftmodule /Users/admin/builder/spi-builder-workspace/.derivedData/Build/Intermediates.noindex/swift-composable-architecture.build/Debug-xros/ComposableArchitecture-t.build/Objects-normal/arm64/ComposableArchitecture.swiftmodule (in target 'ComposableArchitecture' from project 'swift-composable-architecture')
    cd /Users/admin/builder/spi-builder-workspace/.dependencies/checkouts/swift-composable-architecture
    builtin-copy -exclude .DS_Store -exclude CVS -exclude .svn -exclude .git -exclude .hg -resolve-src-symlinks -rename /Users/admin/builder/spi-builder-workspace/.derivedData/Build/Intermediates.noindex/swift-composable-architecture.build/Debug-xros/ComposableArchitecture-t.build/Objects-normal/arm64/ComposableArchitecture.swiftmodule /Users/admin/builder/spi-builder-workspace/.derivedData/Build/Products/Debug-xros/ComposableArchitecture.swiftmodule/arm64-apple-xros.swiftmodule
Copy /Users/admin/builder/spi-builder-workspace/.derivedData/Build/Products/Debug-xros/ComposableArchitecture.swiftmodule/Project/arm64-apple-xros.swiftsourceinfo /Users/admin/builder/spi-builder-workspace/.derivedData/Build/Intermediates.noindex/swift-composable-architecture.build/Debug-xros/ComposableArchitecture-t.build/Objects-normal/arm64/ComposableArchitecture.swiftsourceinfo (in target 'ComposableArchitecture' from project 'swift-composable-architecture')
    cd /Users/admin/builder/spi-builder-workspace/.dependencies/checkouts/swift-composable-architecture
    builtin-copy -exclude .DS_Store -exclude CVS -exclude .svn -exclude .git -exclude .hg -resolve-src-symlinks -rename /Users/admin/builder/spi-builder-workspace/.derivedData/Build/Intermediates.noindex/swift-composable-architecture.build/Debug-xros/ComposableArchitecture-t.build/Objects-normal/arm64/ComposableArchitecture.swiftsourceinfo /Users/admin/builder/spi-builder-workspace/.derivedData/Build/Products/Debug-xros/ComposableArchitecture.swiftmodule/Project/arm64-apple-xros.swiftsourceinfo
SwiftDriver Loadable normal arm64 com.apple.xcode.tools.swift.compiler (in target 'Loadable' from project 'swift-tca-loadable')
    cd /Users/admin/builder/spi-builder-workspace
    builtin-SwiftDriver -- /Applications/Xcode-27.0.0-Release.Candidate.app/Contents/Developer/Toolchains/XcodeDefault.xctoolchain/usr/bin/swiftc -parse-as-library -module-name Loadable -Onone @/Users/admin/builder/spi-builder-workspace/.derivedData/Build/Intermediates.noindex/swift-tca-loadable.build/Debug-xros/Loadable-t.build/Objects-normal/arm64/Loadable.SwiftFileList -DSWIFT_PACKAGE -DDEBUG -DSWIFT_MODULE_RESOURCE_BUNDLE_UNAVAILABLE -Xcc -fmodule-map-file\=/Users/admin/builder/spi-builder-workspace/.derivedData/Build/Intermediates.noindex/GeneratedModuleMaps-xros/UIKitNavigationShim.modulemap -DXcode -plugin-path /Applications/Xcode-27.0.0-Release.Candidate.app/Contents/Developer/Toolchains/XcodeDefault.xctoolchain/usr/lib/swift/host/plugins/testing -enable-experimental-feature DebugDescriptionMacro -sdk /Applications/Xcode-27.0.0-Release.Candidate.app/Contents/Developer/Platforms/XROS.platform/Developer/SDKs/XROS27.0.sdk -target arm64-apple-xros1.0 -g -module-cache-path /Users/admin/builder/spi-builder-workspace/.derivedData/ModuleCache.noindex -Xfrontend -serialize-debugging-options -profile-coverage-mapping -profile-generate -enable-testing -index-store-path /Users/admin/builder/spi-builder-workspace/.derivedData/Index.noindex/DataStore -Xcc -D_LIBCPP_HARDENING_MODE\=_LIBCPP_HARDENING_MODE_DEBUG -swift-version 5 -I /Users/admin/builder/spi-builder-workspace/.derivedData/Build/Products/Debug-xros -Isystem /Applications/Xcode-27.0.0-Release.Candidate.app/Contents/Developer/Platforms/XROS.platform/Developer/usr/lib -F /Users/admin/builder/spi-builder-workspace/.derivedData/Build/Products/Debug-xros/PackageFrameworks -F /Users/admin/builder/spi-builder-workspace/.derivedData/Build/Products/Debug-xros -F /Applications/Xcode-27.0.0-Release.Candidate.app/Contents/Developer/Platforms/XROS.platform/Developer/Library/Frameworks -F /Applications/Xcode-27.0.0-Release.Candidate.app/Contents/Developer/Platforms/XROS.platform/Developer/SDKs/XROS27.0.sdk/Developer/Library/Frameworks -Xfrontend -load-plugin-executable -Xfrontend /Users/admin/builder/spi-builder-workspace/.derivedData/Build/Products/Debug/CasePathsMacros\#CasePathsMacros -Xfrontend -load-plugin-executable -Xfrontend /Users/admin/builder/spi-builder-workspace/.derivedData/Build/Products/Debug/ComposableArchitectureMacros\#ComposableArchitectureMacros -Xfrontend -load-plugin-executable -Xfrontend /Users/admin/builder/spi-builder-workspace/.derivedData/Build/Products/Debug/DependenciesMacrosPlugin\#DependenciesMacrosPlugin -Xfrontend -load-plugin-executable -Xfrontend /Users/admin/builder/spi-builder-workspace/.derivedData/Build/Products/Debug/PerceptionMacros\#PerceptionMacros -Xfrontend -load-plugin-executable -Xfrontend /Users/admin/builder/spi-builder-workspace/.derivedData/Build/Products/Debug/SwiftNavigationMacros\#SwiftNavigationMacros -c -j10 -enable-batch-mode -incremental -Xcc -ivfsstatcache -Xcc /Users/admin/builder/spi-builder-workspace/.derivedData/SDKStatCaches.noindex/xros27.0-24M361-e829b21a6f8c9b70876ba0858053c044735bd543db762f57723cac368afd1ce4.sdkstatcache -output-file-map /Users/admin/builder/spi-builder-workspace/.derivedData/Build/Intermediates.noindex/swift-tca-loadable.build/Debug-xros/Loadable-t.build/Objects-normal/arm64/Loadable-OutputFileMap.json -save-temps -no-color-diagnostics -explicit-module-build -module-cache-path /Users/admin/builder/spi-builder-workspace/.derivedData/Build/Intermediates.noindex/SwiftExplicitPrecompiledModules -clang-scanner-module-cache-path /Users/admin/builder/spi-builder-workspace/.derivedData/ModuleCache.noindex -sdk-module-cache-path /Users/admin/builder/spi-builder-workspace/.derivedData/SDKExplicitPrecompiledModules -emit-dependencies -emit-module -emit-module-path /Users/admin/builder/spi-builder-workspace/.derivedData/Build/Intermediates.noindex/swift-tca-loadable.build/Debug-xros/Loadable-t.build/Objects-normal/arm64/Loadable.swiftmodule -serialize-diagnostics -dependency-scan-serialize-diagnostics-path /Users/admin/builder/spi-builder-workspace/.derivedData/Build/Intermediates.noindex/swift-tca-loadable.build/Debug-xros/Loadable-t.build/Objects-normal/arm64/Loadable-dependency-scan.dia -validate-clang-modules-once -clang-build-session-file /Users/admin/builder/spi-builder-workspace/.derivedData/ModuleCache.noindex/Session.modulevalidation -Xcc -fmodules-prune-interval\=86400 -Xcc -fmodules-prune-after\=345600 -emit-const-values -const-gather-protocols-list /Users/admin/builder/spi-builder-workspace/.derivedData/Build/Intermediates.noindex/swift-tca-loadable.build/Debug-xros/Loadable-t.build/Objects-normal/arm64/Loadable_const_extract_protocols.json -Xcc -I/Users/admin/builder/spi-builder-workspace/.dependencies/checkouts/swift-navigation/Sources/UIKitNavigationShim/include -Xcc -I/Users/admin/builder/spi-builder-workspace/.derivedData/Build/Products/Debug-xros/include -Xcc -I/Users/admin/builder/spi-builder-workspace/.derivedData/Build/Intermediates.noindex/swift-tca-loadable.build/Debug-xros/Loadable-t.build/DerivedSources-normal/arm64 -Xcc -I/Users/admin/builder/spi-builder-workspace/.derivedData/Build/Intermediates.noindex/swift-tca-loadable.build/Debug-xros/Loadable-t.build/DerivedSources/arm64 -Xcc -I/Users/admin/builder/spi-builder-workspace/.derivedData/Build/Intermediates.noindex/swift-tca-loadable.build/Debug-xros/Loadable-t.build/DerivedSources -Xcc -DSWIFT_PACKAGE -Xcc -DDEBUG\=1 -emit-objc-header -emit-objc-header-path /Users/admin/builder/spi-builder-workspace/.derivedData/Build/Intermediates.noindex/swift-tca-loadable.build/Debug-xros/Loadable-t.build/Objects-normal/arm64/Loadable-Swift.h -working-directory /Users/admin/builder/spi-builder-workspace -experimental-emit-module-separately -disable-cmo
SwiftDriverJobDiscovery normal arm64 Compiling Optional.swift, PresentationReducer.swift, Reduce.swift, Scope.swift, SignpostReducer.swift, StackReducer.swift (in target 'ComposableArchitecture' from project 'swift-composable-architecture')
SwiftDriverJobDiscovery normal arm64 Compiling AppStorageKeyPathKey.swift, Store.swift, Binding.swift, TestStore.swift, AlertStateUIKit.swift, NavigationStackControllerUIKit.swift (in target 'ComposableArchitecture' from project 'swift-composable-architecture')
SwiftExplicitDependencyGeneratePcm arm64 /Users/admin/builder/spi-builder-workspace/.derivedData/SDKExplicitPrecompiledModules/CloudKit-8H34CCWTKF0HWDZN9I1SWPFRC.pcm
SwiftExplicitDependencyGeneratePcm arm64 /Users/admin/builder/spi-builder-workspace/.derivedData/SDKExplicitPrecompiledModules/BackgroundAssets-7LA0QAAJKNTLEFGRAI5PIWADZ.pcm
SwiftExplicitDependencyGeneratePcm arm64 /Users/admin/builder/spi-builder-workspace/.derivedData/SDKExplicitPrecompiledModules/UserNotificationsUI-2THP6ZDCNYWMDZ6FYTD12X5I6.pcm
SwiftExplicitDependencyGeneratePcm arm64 /Users/admin/builder/spi-builder-workspace/.derivedData/SDKExplicitPrecompiledModules/ExtensionFoundation-E7KNHPOM6BLHXC69S4MS8K7BO.pcm
SwiftExplicitDependencyGeneratePcm arm64 /Users/admin/builder/spi-builder-workspace/.derivedData/SDKExplicitPrecompiledModules/Photos-UP8QA3XPPN8VSNC6O5KK62BK.pcm
SwiftExplicitDependencyGeneratePcm arm64 /Users/admin/builder/spi-builder-workspace/.derivedData/SDKExplicitPrecompiledModules/Speech-CF6HAYHI80K9J2WCJQGKI6SAN.pcm
SwiftExplicitDependencyGeneratePcm arm64 /Users/admin/builder/spi-builder-workspace/.derivedData/SDKExplicitPrecompiledModules/StoreKit-12LD5DPNQ83TE5J4G5TTT7JP8.pcm
SwiftEmitModule normal arm64 Emitting\ module\ for\ Loadable (in target 'Loadable' from project 'swift-tca-loadable')
/Users/admin/builder/spi-builder-workspace/Sources/Loadable/Loadable.swift:300:60: warning: 'reduce(into:action:)' is deprecated: Don't invoke a reducer directly. Reducers are processed by the store. If you need to run a reducer on some child state given some child action, use a 'send' effect:
  − return Child().reduce(&child.state, action: .childAction).map(Action.child)
  + return .send(.child(.childAction))
Or, if you don't want to send a new action through the store, extract helpers that can be invoked by either reducer. [#DeprecatedDeclaration]
298 |   ) -> Effect<Parent.Action> {
299 |
300 |     let parentEffects: Effect<Parent.Action> = self.parent.reduce(into: &state, action: action)
    |                                                            `- warning: 'reduce(into:action:)' is deprecated: Don't invoke a reducer directly. Reducers are processed by the store. If you need to run a reducer on some child state given some child action, use a 'send' effect:
  − return Child().reduce(&child.state, action: .childAction).map(Action.child)
  + return .send(.child(.childAction))
Or, if you don't want to send a new action through the store, extract helpers that can be invoked by either reducer. [#DeprecatedDeclaration]
301 |
302 |     // Short circuit if we are handling the trigger action.
/Users/admin/builder/spi-builder-workspace/Sources/Loadable/LoadableView.swift:92:4: error: initializer 'init(wrappedValue:)' requires that 'Store<LoadableState<State>, LoadableAction<State>>' conform to 'Perceptible'
 90 |   private let notRequested: () -> NotRequested
 91 |
 92 |   @Perception.Bindable private var store: Store<LoadableState<State>, LoadableAction<State>>
    |    `- error: initializer 'init(wrappedValue:)' requires that 'Store<LoadableState<State>, LoadableAction<State>>' conform to 'Perceptible'
 93 |
 94 |   /// Create a ``LoadableView`` without any default view implementations for the ``LoadableState``.
PerceptionCore.Bindable.init:2:19: note: where 'Value' = 'Store<LoadableState<State>, LoadableAction<State>>'
1 | generic struct Bindable {
2 | @MainActor public init(wrappedValue: Value) where Value : AnyObject, Value : PerceptionCore.Perceptible}
  |                   `- note: where 'Value' = 'Store<LoadableState<State>, LoadableAction<State>>'
3 |
/Users/admin/builder/spi-builder-workspace/Sources/Loadable/LoadableView.swift:92:15: error: 'Bindable' is unavailable in visionOS
 90 |   private let notRequested: () -> NotRequested
 91 |
 92 |   @Perception.Bindable private var store: Store<LoadableState<State>, LoadableAction<State>>
    |               `- error: 'Bindable' is unavailable in visionOS
 93 |
 94 |   /// Create a ``LoadableView`` without any default view implementations for the ``LoadableState``.
PerceptionCore.Bindable:6:64: note: 'Bindable' has been explicitly marked unavailable here
 4 | @available(watchOS, introduced: 6, obsoleted: 10, message: "Use @Bindable without the 'Perception.' prefix.")
 5 | @available(visionOS, unavailable)
 6 | @MainActor @dynamicMemberLookup @propertyWrapper public struct Bindable<Value> {
   |                                                                `- note: 'Bindable' has been explicitly marked unavailable here
 7 |     @MainActor public var wrappedValue: Value { get set }
 8 |     @MainActor public var projectedValue: PerceptionCore.Bindable<Value> { get }
[#DeprecatedDeclaration]: <https://docs.swift.org/compiler/documentation/diagnostics/deprecated-declaration>
Failed frontend command:
SwiftCompile normal arm64 (in target 'Loadable' from project 'swift-tca-loadable')
    cd /Users/admin/builder/spi-builder-workspace

/Applications/Xcode-27.0.0-Release.Candidate.app/Contents/Developer/Toolchains/XcodeDefault.xctoolchain/usr/bin/swift-frontend -frontend -emit-module -experimental-skip-non-inlinable-function-bodies-without-types /Users/admin/builder/spi-builder-workspace/Sources/Loadable/Loadable.swift /Users/admin/builder/spi-builder-workspace/Sources/Loadable/LoadableView.swift -target arm64-apple-xros1.0 -disable-cross-import-overlay-search -load-resolved-plugin \#/Users/admin/builder/spi-builder-workspace/.derivedData/Build/Products/Debug/CasePathsMacros\#CasePathsMacros -load-resolved-plugin \#/Users/admin/builder/spi-builder-workspace/.derivedData/Build/Products/Debug/ComposableArchitectureMacros\#ComposableArchitectureMacros -load-resolved-plugin \#/Users/admin/builder/spi-builder-workspace/.derivedData/Build/Products/Debug/DependenciesMacrosPlugin\#DependenciesMacrosPlugin -load-resolved-plugin /Applications/Xcode-27.0.0-Release.Candidate.app/Contents/Developer/Platforms/XROS.platform/Developer/usr/lib/swift/host/plugins/libFoundationMacros.dylib\#/Applications/Xcode-27.0.0-Release.Candidate.app/Contents/Developer/Platforms/XROS.platform/Developer/usr/bin/swift-plugin-server\#FoundationMacros -load-resolved-plugin /Applications/Xcode-27.0.0-Release.Candidate.app/Contents/Developer/Platforms/XROS.platform/Developer/usr/lib/swift/host/plugins/libObservationMacros.dylib\#/Applications/Xcode-27.0.0-Release.Candidate.app/Contents/Developer/Platforms/XROS.platform/Developer/usr/bin/swift-plugin-server\#ObservationMacros -load-resolved-plugin \#/Users/admin/builder/spi-builder-workspace/.derivedData/Build/Products/Debug/PerceptionMacros\#PerceptionMacros -load-resolved-plugin /Applications/Xcode-27.0.0-Release.Candidate.app/Contents/Developer/Platforms/XROS.platform/Developer/usr/lib/swift/host/plugins/libPreviewsMacros.dylib\#/Applications/Xcode-27.0.0-Release.Candidate.app/Contents/Developer/Platforms/XROS.platform/Developer/usr/bin/swift-plugin-server\#PreviewsMacros -load-resolved-plugin /Applications/Xcode-27.0.0-Release.Candidate.app/Contents/Developer/Platforms/XROS.platform/Developer/usr/lib/swift/host/plugins/libSwiftMacros.dylib\#/Applications/Xcode-27.0.0-Release.Candidate.app/Contents/Developer/Platforms/XROS.platform/Developer/usr/bin/swift-plugin-server\#SwiftMacros -load-resolved-plugin \#/Users/admin/builder/spi-builder-workspace/.derivedData/Build/Products/Debug/SwiftNavigationMacros\#SwiftNavigationMacros -load-resolved-plugin /Applications/Xcode-27.0.0-Release.Candidate.app/Contents/Developer/Platforms/XROS.platform/Developer/usr/lib/swift/host/plugins/libSwiftUIMacros.dylib\#/Applications/Xcode-27.0.0-Release.Candidate.app/Contents/Developer/Platforms/XROS.platform/Developer/usr/bin/swift-plugin-server\#SwiftUIMacros -disable-implicit-swift-modules -Xcc -fno-implicit-modules -Xcc -fno-implicit-module-maps -explicit-swift-module-map-file /Users/admin/builder/spi-builder-workspace/.derivedData/Build/Intermediates.noindex/swift-tca-loadable.build/Debug-xros/Loadable-t.build/Objects-normal/arm64/Loadable-dependencies-1.json -Xllvm -aarch64-use-tbi -enable-objc-interop -stack-check -sdk /Applications/Xcode-27.0.0-Release.Candidate.app/Contents/Developer/Platforms/XROS.platform/Developer/SDKs/XROS27.0.sdk -I /Users/admin/builder/spi-builder-workspace/.derivedData/Build/Products/Debug-xros -Isystem /Applications/Xcode-27.0.0-Release.Candidate.app/Contents/Developer/Platforms/XROS.platform/Developer/usr/lib -F /Users/admin/builder/spi-builder-workspace/.derivedData/Build/Products/Debug-xros/PackageFrameworks -F /Users/admin/builder/spi-builder-workspace/.derivedData/Build/Products/Debug-xros -F /Applications/Xcode-27.0.0-Release.Candidate.app/Contents/Developer/Platforms/XROS.platform/Developer/Library/Frameworks -F /Applications/Xcode-27.0.0-Release.Candidate.app/Contents/Developer/Platforms/XROS.platform/Developer/SDKs/XROS27.0.sdk/Developer/Library/Frameworks -module-cache-path /Users/admin/builder/spi-builder-workspace/.derivedData/Build/Intermediates.noindex/SwiftExplicitPrecompiledModules -no-color-diagnostics -Xcc -fno-color-diagnostics -enable-testing -g -debug-info-format\=dwarf -dwarf-version\=4 -profile-generate -profile-coverage-mapping -swift-version 5 -Onone -D SWIFT_PACKAGE -D DEBUG -D SWIFT_MODULE_RESOURCE_BUNDLE_UNAVAILABLE -D Xcode -serialize-debugging-options -load-plugin-executable /Users/admin/builder/spi-builder-workspace/.derivedData/Build/Products/Debug/CasePathsMacros\#CasePathsMacros -load-plugin-executable /Users/admin/builder/spi-builder-workspace/.derivedData/Build/Products/Debug/ComposableArchitectureMacros\#ComposableArchitectureMacros -load-plugin-executable /Users/admin/builder/spi-builder-workspace/.derivedData/Build/Products/Debug/DependenciesMacrosPlugin\#DependenciesMacrosPlugin -load-plugin-executable /Users/admin/builder/spi-builder-workspace/.derivedData/Build/Products/Debug/PerceptionMacros\#PerceptionMacros -load-plugin-executable /Users/admin/builder/spi-builder-workspace/.derivedData/Build/Products/Debug/SwiftNavigationMacros\#SwiftNavigationMacros -enable-experimental-feature DebugDescriptionMacro -empty-abi-descriptor -validate-clang-modules-once -clang-build-session-file /Users/admin/builder/spi-builder-workspace/.derivedData/ModuleCache.noindex/Session.modulevalidation -Xcc -working-directory -Xcc /Users/admin/builder/spi-builder-workspace -enable-anonymous-context-mangled-names -file-compilation-dir /Users/admin/builder/spi-builder-workspace -Xcc -fmodule-map-file\=/Users/admin/builder/spi-builder-workspace/.derivedData/Build/Intermediates.noindex/GeneratedModuleMaps-xros/UIKitNavigationShim.modulemap -Xcc -D_LIBCPP_HARDENING_MODE\=_LIBCPP_HARDENING_MODE_DEBUG -Xcc -ivfsstatcache -Xcc /Users/admin/builder/spi-builder-workspace/.derivedData/SDKStatCaches.noindex/xros27.0-24M361-e829b21a6f8c9b70876ba0858053c044735bd543db762f57723cac368afd1ce4.sdkstatcache -Xcc -fmodules-prune-interval\=86400 -Xcc -fmodules-prune-after\=345600 -Xcc -I/Users/admin/builder/spi-builder-workspace/.dependencies/checkouts/swift-navigation/Sources/UIKitNavigationShim/include -Xcc -I/Users/admin/builder/spi-builder-workspace/.derivedData/Build/Products/Debug-xros/include -Xcc -I/Users/admin/builder/spi-builder-workspace/.derivedData/Build/Intermediates.noindex/swift-tca-loadable.build/Debug-xros/Loadable-t.build/DerivedSources-normal/arm64 -Xcc -I/Users/admin/builder/spi-builder-workspace/.derivedData/Build/Intermediates.noindex/swift-tca-loadable.build/Debug-xros/Loadable-t.build/DerivedSources/arm64 -Xcc -I/Users/admin/builder/spi-builder-workspace/.derivedData/Build/Intermediates.noindex/swift-tca-loadable.build/Debug-xros/Loadable-t.build/DerivedSources -Xcc -DSWIFT_PACKAGE -Xcc -DDEBUG\=1 -no-auto-bridging-header-chaining -module-name Loadable -const-gather-protocols-file /Users/admin/builder/spi-builder-workspace/.derivedData/Build/Intermediates.noindex/swift-tca-loadable.build/Debug-xros/Loadable-t.build/Objects-normal/arm64/Loadable_const_extract_protocols.json -disable-clang-spi -clang-target arm64-apple-xros27.0 -target-sdk-version 27.0 -target-sdk-name xros27.0 -in-process-plugin-server-path /Applications/Xcode-27.0.0-Release.Candidate.app/Contents/Developer/Toolchains/XcodeDefault.xctoolchain/usr/lib/swift/host/libSwiftInProcPluginServer.dylib -emit-module-doc-path /Users/admin/builder/spi-builder-workspace/.derivedData/Build/Intermediates.noindex/swift-tca-loadable.build/Debug-xros/Loadable-t.build/Objects-normal/arm64/Loadable.swiftdoc -emit-module-source-info-path /Users/admin/builder/spi-builder-workspace/.derivedData/Build/Intermediates.noindex/swift-tca-loadable.build/Debug-xros/Loadable-t.build/Objects-normal/arm64/Loadable.swiftsourceinfo -emit-objc-header-path /Users/admin/builder/spi-builder-workspace/.derivedData/Build/Intermediates.noindex/swift-tca-loadable.build/Debug-xros/Loadable-t.build/Objects-normal/arm64/Loadable-Swift.h -serialize-diagnostics-path /Users/admin/builder/spi-builder-workspace/.derivedData/Build/Intermediates.noindex/swift-tca-loadable.build/Debug-xros/Loadable-t.build/Objects-normal/arm64/Loadable-primary-emit-module.dia -emit-dependencies-path /Users/admin/builder/spi-builder-workspace/.derivedData/Build/Intermediates.noindex/swift-tca-loadable.build/Debug-xros/Loadable-t.build/Objects-normal/arm64/Loadable-primary-emit-module.d -parse-as-library -o /Users/admin/builder/spi-builder-workspace/.derivedData/Build/Intermediates.noindex/swift-tca-loadable.build/Debug-xros/Loadable-t.build/Objects-normal/arm64/Loadable.swiftmodule -emit-abi-descriptor-path /Users/admin/builder/spi-builder-workspace/.derivedData/Build/Intermediates.noindex/swift-tca-loadable.build/Debug-xros/Loadable-t.build/Objects-normal/arm64/Loadable.abi.json
SwiftCompile normal arm64 Compiling\ LoadableView.swift /Users/admin/builder/spi-builder-workspace/Sources/Loadable/LoadableView.swift (in target 'Loadable' from project 'swift-tca-loadable')
SwiftCompile normal arm64 /Users/admin/builder/spi-builder-workspace/Sources/Loadable/LoadableView.swift (in target 'Loadable' from project 'swift-tca-loadable')
    cd /Users/admin/builder/spi-builder-workspace
    builtin-SwiftPerFileCompile LoadableView.swift
/Users/admin/builder/spi-builder-workspace/Sources/Loadable/LoadableView.swift:92:4: error: initializer 'init(wrappedValue:)' requires that 'Store<LoadableState<State>, LoadableAction<State>>' conform to 'Perceptible'
 90 |   private let notRequested: () -> NotRequested
 91 |
 92 |   @Perception.Bindable private var store: Store<LoadableState<State>, LoadableAction<State>>
    |    `- error: initializer 'init(wrappedValue:)' requires that 'Store<LoadableState<State>, LoadableAction<State>>' conform to 'Perceptible'
 93 |
 94 |   /// Create a ``LoadableView`` without any default view implementations for the ``LoadableState``.
PerceptionCore.Bindable.init:2:19: note: where 'Value' = 'Store<LoadableState<State>, LoadableAction<State>>'
1 | generic struct Bindable {
2 | @MainActor public init(wrappedValue: Value) where Value : AnyObject, Value : PerceptionCore.Perceptible}
  |                   `- note: where 'Value' = 'Store<LoadableState<State>, LoadableAction<State>>'
3 |
/Users/admin/builder/spi-builder-workspace/Sources/Loadable/LoadableView.swift:92:15: error: 'Bindable' is unavailable in visionOS
 90 |   private let notRequested: () -> NotRequested
 91 |
 92 |   @Perception.Bindable private var store: Store<LoadableState<State>, LoadableAction<State>>
    |               `- error: 'Bindable' is unavailable in visionOS
 93 |
 94 |   /// Create a ``LoadableView`` without any default view implementations for the ``LoadableState``.
PerceptionCore.Bindable:6:64: note: 'Bindable' has been explicitly marked unavailable here
 4 | @available(watchOS, introduced: 6, obsoleted: 10, message: "Use @Bindable without the 'Perception.' prefix.")
 5 | @available(visionOS, unavailable)
 6 | @MainActor @dynamicMemberLookup @propertyWrapper public struct Bindable<Value> {
   |                                                                `- note: 'Bindable' has been explicitly marked unavailable here
 7 |     @MainActor public var wrappedValue: Value { get set }
 8 |     @MainActor public var projectedValue: PerceptionCore.Bindable<Value> { get }
/Users/admin/builder/spi-builder-workspace/Sources/Loadable/LoadableView.swift:110:5: error: setter for 'store' is unavailable in visionOS
 90 |   private let notRequested: () -> NotRequested
 91 |
 92 |   @Perception.Bindable private var store: Store<LoadableState<State>, LoadableAction<State>>
    |                                    `- note: setter for 'store' has been explicitly marked unavailable here
 93 |
 94 |   /// Create a ``LoadableView`` without any default view implementations for the ``LoadableState``.
    :
108 |   ) {
109 |     self.autoload = autoload
110 |     self.store = store
    |     `- error: setter for 'store' is unavailable in visionOS
111 |     self.notRequested = notRequested
112 |     self.isLoading = isLoading
/Users/admin/builder/spi-builder-workspace/Sources/Loadable/LoadableView.swift:173:5: error: setter for 'store' is unavailable in visionOS
 90 |   private let notRequested: () -> NotRequested
 91 |
 92 |   @Perception.Bindable private var store: Store<LoadableState<State>, LoadableAction<State>>
    |                                    `- note: setter for 'store' has been explicitly marked unavailable here
 93 |
 94 |   /// Create a ``LoadableView`` without any default view implementations for the ``LoadableState``.
    :
171 |   ) {
172 |     self.autoload = autoload
173 |     self.store = store
    |     `- error: setter for 'store' is unavailable in visionOS
174 |     self.notRequested = { ProgressView() }
175 |     self.isLoading = isLoading
/Users/admin/builder/spi-builder-workspace/Sources/Loadable/LoadableView.swift:238:5: error: setter for 'store' is unavailable in visionOS
 90 |   private let notRequested: () -> NotRequested
 91 |
 92 |   @Perception.Bindable private var store: Store<LoadableState<State>, LoadableAction<State>>
    |                                    `- note: setter for 'store' has been explicitly marked unavailable here
 93 |
 94 |   /// Create a ``LoadableView`` without any default view implementations for the ``LoadableState``.
    :
236 |   where IsLoading == IsLoadingView<State, NotRequested, Loaded> {
237 |     self.autoload = autoload
238 |     self.store = store
    |     `- error: setter for 'store' is unavailable in visionOS
239 |     self.notRequested = { notRequested(false) }
240 |     self.isLoading = {
/Users/admin/builder/spi-builder-workspace/Sources/Loadable/LoadableView.swift:291:5: error: setter for 'store' is unavailable in visionOS
 90 |   private let notRequested: () -> NotRequested
 91 |
 92 |   @Perception.Bindable private var store: Store<LoadableState<State>, LoadableAction<State>>
    |                                    `- note: setter for 'store' has been explicitly marked unavailable here
 93 |
 94 |   /// Create a ``LoadableView`` without any default view implementations for the ``LoadableState``.
    :
289 |     let notRequested = { (_: Bool) in ProgressView() }
290 |     self.autoload = autoload
291 |     self.store = store
    |     `- error: setter for 'store' is unavailable in visionOS
292 |     self.notRequested = { notRequested(false) }
293 |     self.isLoading = {
SwiftCompile normal arm64 Compiling\ Loadable.swift /Users/admin/builder/spi-builder-workspace/Sources/Loadable/Loadable.swift (in target 'Loadable' from project 'swift-tca-loadable')
SwiftCompile normal arm64 /Users/admin/builder/spi-builder-workspace/Sources/Loadable/Loadable.swift (in target 'Loadable' from project 'swift-tca-loadable')
    cd /Users/admin/builder/spi-builder-workspace
    builtin-SwiftPerFileCompile Loadable.swift
SwiftDriverJobDiscovery normal arm64 Compiling DefaultSubscript.swift, Deprecations.swift, DispatchQueue.swift, EffectActions.swift, EphemeralState.swift, Exports.swift (in target 'ComposableArchitecture' from project 'swift-composable-architecture')
PruneExplicitPrecompiledModules /Users/admin/builder/spi-builder-workspace/.derivedData/Build/Intermediates.noindex/SwiftExplicitPrecompiledModules
PruneExplicitPrecompiledModules /Users/admin/builder/spi-builder-workspace/.derivedData/SDKExplicitPrecompiledModules
PruneExplicitPrecompiledModules /Users/admin/builder/spi-builder-workspace/.derivedData/Build/Intermediates.noindex/ExplicitPrecompiledModules
2026-09-20 12:02:10.681 xcodebuild[1382:7472] [MT] IDERunDestination: Supported platforms for the buildables in the current scheme is empty.
2026-09-20 12:02:10.781 xcodebuild[1382:7472] [MT] IDERunDestination: Supported platforms for the buildables in the current scheme is empty.
** BUILD FAILED **
The following build commands failed:
	SwiftCompile normal arm64 (in target 'Loadable' from project 'swift-tca-loadable')
	SwiftEmitModule normal arm64 Emitting\ module\ for\ Loadable (in target 'Loadable' from project 'swift-tca-loadable')
	Building workspace Loadable with scheme swift-tca-loadable-Package
(3 failures)
Command line invocation:
    /Applications/Xcode-27.0.0-Release.Candidate.app/Contents/Developer/usr/bin/xcodebuild -IDEClonedSourcePackagesDirPathOverride=/Users/admin/builder/spi-builder-workspace/.dependencies -resolvePackageDependencies
Resolve Package Graph
Resolved source packages:
  swift-collections: https://github.com/apple/swift-collections @ 1.6.0
  swift-perception: https://github.com/pointfreeco/swift-perception @ 2.0.12
  swift-tca-loadable: /Users/admin/builder/spi-builder-workspace
  swift-issue-reporting: https://github.com/pointfreeco/swift-issue-reporting @ 2.1.0
  swift-syntax: https://github.com/swiftlang/swift-syntax @ 604.0.0
  swift-composable-architecture: https://github.com/pointfreeco/swift-composable-architecture.git @ 1.26.2
  swift-concurrency-extras: https://github.com/pointfreeco/swift-concurrency-extras @ 1.4.1
  SymbolKit: https://github.com/swiftlang/swift-docc-symbolkit @ 1.0.0
  swift-dependencies: https://github.com/pointfreeco/swift-dependencies @ 1.17.1
  swift-custom-dump: https://github.com/pointfreeco/swift-custom-dump @ 1.7.3
  SwiftDocCPlugin: https://github.com/apple/swift-docc-plugin.git @ 1.5.0
  swift-clocks: https://github.com/pointfreeco/swift-clocks @ 1.1.1
  swift-sharing: https://github.com/pointfreeco/swift-sharing @ 2.10.1
  swift-navigation: https://github.com/pointfreeco/swift-navigation @ 2.11.2
  combine-schedulers: https://github.com/pointfreeco/combine-schedulers @ 1.2.2
  swift-case-paths: https://github.com/pointfreeco/swift-case-paths.git @ 1.10.0
  swift-identified-collections: https://github.com/pointfreeco/swift-identified-collections @ 1.1.1
resolved source packages: swift-collections, swift-perception, swift-tca-loadable, swift-issue-reporting, swift-syntax, swift-composable-architecture, swift-concurrency-extras, SymbolKit, swift-dependencies, swift-custom-dump, SwiftDocCPlugin, swift-clocks, swift-sharing, swift-navigation, combine-schedulers, swift-case-paths, swift-identified-collections
2026-09-20 12:03:26.263 xcodebuild[2976:15627] [MT] IDERunDestination: Supported platforms for the buildables in the current scheme is empty.
2026-09-20 12:03:26.364 xcodebuild[2976:15627] [MT] IDERunDestination: Supported platforms for the buildables in the current scheme is empty.
Running build ...
env DEVELOPER_DIR=/Applications/Xcode-27.0.0-Release.Candidate.app xcrun xcodebuild -IDEClonedSourcePackagesDirPathOverride=$PWD/.dependencies -skipMacroValidation -skipPackagePluginValidation -derivedDataPath $PWD/.derivedData build -scheme swift-tca-loadable-Package -destination generic/platform=xrOS
Command line invocation:
    /Applications/Xcode-27.0.0-Release.Candidate.app/Contents/Developer/usr/bin/xcodebuild -IDEClonedSourcePackagesDirPathOverride=/Users/admin/builder/spi-builder-workspace/.dependencies -skipMacroValidation -skipPackagePluginValidation -derivedDataPath /Users/admin/builder/spi-builder-workspace/.derivedData build -scheme swift-tca-loadable-Package -destination generic/platform=xrOS
Resolve Package Graph
Resolved source packages:
  swift-identified-collections: https://github.com/pointfreeco/swift-identified-collections @ 1.1.1
  swift-clocks: https://github.com/pointfreeco/swift-clocks @ 1.1.1
  swift-sharing: https://github.com/pointfreeco/swift-sharing @ 2.10.1
  swift-syntax: https://github.com/swiftlang/swift-syntax @ 604.0.0
  SwiftDocCPlugin: https://github.com/apple/swift-docc-plugin.git @ 1.5.0
  SymbolKit: https://github.com/swiftlang/swift-docc-symbolkit @ 1.0.0
  swift-custom-dump: https://github.com/pointfreeco/swift-custom-dump @ 1.7.3
  swift-concurrency-extras: https://github.com/pointfreeco/swift-concurrency-extras @ 1.4.1
  swift-issue-reporting: https://github.com/pointfreeco/swift-issue-reporting @ 2.1.0
  swift-composable-architecture: https://github.com/pointfreeco/swift-composable-architecture.git @ 1.26.2
  combine-schedulers: https://github.com/pointfreeco/combine-schedulers @ 1.2.2
  swift-navigation: https://github.com/pointfreeco/swift-navigation @ 2.11.2
  swift-tca-loadable: /Users/admin/builder/spi-builder-workspace
  swift-case-paths: https://github.com/pointfreeco/swift-case-paths.git @ 1.10.0
  swift-collections: https://github.com/apple/swift-collections @ 1.6.0
  swift-dependencies: https://github.com/pointfreeco/swift-dependencies @ 1.17.1
  swift-perception: https://github.com/pointfreeco/swift-perception @ 2.0.12
ComputePackagePrebuildTargetDependencyGraph
Prepare packages
CreateBuildRequest
SendProjectDescription
CreateBuildOperation
ComputeTargetDependencyGraph
note: Building targets in dependency order
note: Target dependency graph (74 targets)
    Target 'LoadableTests-product' in project 'swift-tca-loadable'
        ➜ Explicit dependency on target 'Loadable' in project 'swift-tca-loadable'
        ➜ Explicit dependency on target 'CasePaths-product' in project 'swift-case-paths'
        ➜ Explicit dependency on target 'ComposableArchitecture-product' in project 'swift-composable-architecture'
    Target 'Loadable' in project 'swift-tca-loadable'
        ➜ Explicit dependency on target 'CasePaths-product' in project 'swift-case-paths'
        ➜ Explicit dependency on target 'ComposableArchitecture-product' in project 'swift-composable-architecture'
    Target 'ComposableArchitecture-product' in project 'swift-composable-architecture'
        ➜ Explicit dependency on target 'ComposableArchitecture' in project 'swift-composable-architecture'
        ➜ Explicit dependency on target 'swift-composable-architecture_ComposableArchitecture' in project 'swift-composable-architecture'
        ➜ Explicit dependency on target 'ComposableArchitectureMacros' in project 'swift-composable-architecture'
        ➜ Explicit dependency on target 'CasePaths-product' in project 'swift-case-paths'
        ➜ Explicit dependency on target 'Clocks-product' in project 'swift-clocks'
        ➜ Explicit dependency on target 'CombineSchedulers-product' in project 'combine-schedulers'
        ➜ Explicit dependency on target 'ConcurrencyExtras-product' in project 'swift-concurrency-extras'
        ➜ Explicit dependency on target 'CustomDump-product' in project 'swift-custom-dump'
        ➜ Explicit dependency on target 'Dependencies-product' in project 'swift-dependencies'
        ➜ Explicit dependency on target 'DependenciesMacros-product' in project 'swift-dependencies'
        ➜ Explicit dependency on target 'IdentifiedCollections-product' in project 'swift-identified-collections'
        ➜ Explicit dependency on target 'IssueReporting-product' in project 'swift-issue-reporting'
        ➜ Explicit dependency on target 'OrderedCollections-product' in project 'swift-collections'
        ➜ Explicit dependency on target 'Perception-product' in project 'swift-perception'
        ➜ Explicit dependency on target 'Sharing-product' in project 'swift-sharing'
        ➜ Explicit dependency on target 'SwiftUINavigation-product' in project 'swift-navigation'
        ➜ Explicit dependency on target 'UIKitNavigation-product' in project 'swift-navigation'
    Target 'ComposableArchitecture' in project 'swift-composable-architecture'
        ➜ Explicit dependency on target 'swift-composable-architecture_ComposableArchitecture' in project 'swift-composable-architecture'
        ➜ Explicit dependency on target 'ComposableArchitectureMacros' in project 'swift-composable-architecture'
        ➜ Explicit dependency on target 'CasePaths-product' in project 'swift-case-paths'
        ➜ Explicit dependency on target 'Clocks-product' in project 'swift-clocks'
        ➜ Explicit dependency on target 'CombineSchedulers-product' in project 'combine-schedulers'
        ➜ Explicit dependency on target 'ConcurrencyExtras-product' in project 'swift-concurrency-extras'
        ➜ Explicit dependency on target 'CustomDump-product' in project 'swift-custom-dump'
        ➜ Explicit dependency on target 'Dependencies-product' in project 'swift-dependencies'
        ➜ Explicit dependency on target 'DependenciesMacros-product' in project 'swift-dependencies'
        ➜ Explicit dependency on target 'IdentifiedCollections-product' in project 'swift-identified-collections'
        ➜ Explicit dependency on target 'IssueReporting-product' in project 'swift-issue-reporting'
        ➜ Explicit dependency on target 'OrderedCollections-product' in project 'swift-collections'
        ➜ Explicit dependency on target 'Perception-product' in project 'swift-perception'
        ➜ Explicit dependency on target 'Sharing-product' in project 'swift-sharing'
        ➜ Explicit dependency on target 'SwiftUINavigation-product' in project 'swift-navigation'
        ➜ Explicit dependency on target 'UIKitNavigation-product' in project 'swift-navigation'
    Target 'UIKitNavigation-product' in project 'swift-navigation'
        ➜ Explicit dependency on target 'UIKitNavigation' in project 'swift-navigation'
        ➜ Explicit dependency on target 'SwiftNavigationMacros' in project 'swift-navigation'
        ➜ Explicit dependency on target 'SwiftNavigation' in project 'swift-navigation'
        ➜ Explicit dependency on target 'UIKitNavigationShim' in project 'swift-navigation'
        ➜ Explicit dependency on target 'CasePaths-product' in project 'swift-case-paths'
        ➜ Explicit dependency on target 'CustomDump-product' in project 'swift-custom-dump'
        ➜ Explicit dependency on target 'IssueReporting-product' in project 'swift-issue-reporting'
        ➜ Explicit dependency on target 'Perception-product' in project 'swift-perception'
        ➜ Explicit dependency on target 'PerceptionCore-product' in project 'swift-perception'
    Target 'UIKitNavigation' in project 'swift-navigation'
        ➜ Explicit dependency on target 'SwiftNavigationMacros' in project 'swift-navigation'
        ➜ Explicit dependency on target 'SwiftNavigation' in project 'swift-navigation'
        ➜ Explicit dependency on target 'UIKitNavigationShim' in project 'swift-navigation'
        ➜ Explicit dependency on target 'CasePaths-product' in project 'swift-case-paths'
        ➜ Explicit dependency on target 'CustomDump-product' in project 'swift-custom-dump'
        ➜ Explicit dependency on target 'IssueReporting-product' in project 'swift-issue-reporting'
        ➜ Explicit dependency on target 'Perception-product' in project 'swift-perception'
        ➜ Explicit dependency on target 'PerceptionCore-product' in project 'swift-perception'
    Target 'UIKitNavigationShim' in project 'swift-navigation' (no dependencies)
    Target 'SwiftUINavigation-product' in project 'swift-navigation'
        ➜ Explicit dependency on target 'SwiftUINavigation' in project 'swift-navigation'
        ➜ Explicit dependency on target 'SwiftNavigationMacros' in project 'swift-navigation'
        ➜ Explicit dependency on target 'SwiftNavigation' in project 'swift-navigation'
        ➜ Explicit dependency on target 'CasePaths-product' in project 'swift-case-paths'
        ➜ Explicit dependency on target 'CustomDump-product' in project 'swift-custom-dump'
        ➜ Explicit dependency on target 'IssueReporting-product' in project 'swift-issue-reporting'
        ➜ Explicit dependency on target 'Perception-product' in project 'swift-perception'
        ➜ Explicit dependency on target 'PerceptionCore-product' in project 'swift-perception'
    Target 'SwiftUINavigation' in project 'swift-navigation'
        ➜ Explicit dependency on target 'SwiftNavigationMacros' in project 'swift-navigation'
        ➜ Explicit dependency on target 'SwiftNavigation' in project 'swift-navigation'
        ➜ Explicit dependency on target 'CasePaths-product' in project 'swift-case-paths'
        ➜ Explicit dependency on target 'CustomDump-product' in project 'swift-custom-dump'
        ➜ Explicit dependency on target 'IssueReporting-product' in project 'swift-issue-reporting'
        ➜ Explicit dependency on target 'Perception-product' in project 'swift-perception'
        ➜ Explicit dependency on target 'PerceptionCore-product' in project 'swift-perception'
    Target 'SwiftNavigation' in project 'swift-navigation'
        ➜ Explicit dependency on target 'SwiftNavigationMacros' in project 'swift-navigation'
        ➜ Explicit dependency on target 'CasePaths-product' in project 'swift-case-paths'
        ➜ Explicit dependency on target 'CustomDump-product' in project 'swift-custom-dump'
        ➜ Explicit dependency on target 'IssueReporting-product' in project 'swift-issue-reporting'
        ➜ Explicit dependency on target 'Perception-product' in project 'swift-perception'
        ➜ Explicit dependency on target 'PerceptionCore-product' in project 'swift-perception'
    Target 'SwiftNavigationMacros' in project 'swift-navigation'
        ➜ Explicit dependency on target 'CasePathsMacrosSupport-product' in project 'swift-case-paths'
        ➜ Explicit dependency on target 'SwiftCompilerPlugin-product' in project 'swift-syntax'
        ➜ Explicit dependency on target 'SwiftDiagnostics-product' in project 'swift-syntax'
        ➜ Explicit dependency on target 'SwiftSyntax-product' in project 'swift-syntax'
        ➜ Explicit dependency on target 'SwiftSyntaxBuilder-product' in project 'swift-syntax'
        ➜ Explicit dependency on target 'SwiftSyntaxMacros-product' in project 'swift-syntax'
    Target 'CasePathsMacrosSupport-product' in project 'swift-case-paths'
        ➜ Explicit dependency on target 'CasePathsMacrosSupport' in project 'swift-case-paths'
        ➜ Explicit dependency on target 'SwiftSyntaxMacros-product' in project 'swift-syntax'
        ➜ Explicit dependency on target 'SwiftCompilerPlugin-product' in project 'swift-syntax'
        ➜ Explicit dependency on target 'SwiftDiagnostics-product' in project 'swift-syntax'
        ➜ Explicit dependency on target 'SwiftSyntax-product' in project 'swift-syntax'
        ➜ Explicit dependency on target 'SwiftSyntaxBuilder-product' in project 'swift-syntax'
    Target 'Sharing-product' in project 'swift-sharing'
        ➜ Explicit dependency on target 'Sharing' in project 'swift-sharing'
        ➜ Explicit dependency on target 'swift-sharing_Sharing' in project 'swift-sharing'
        ➜ Explicit dependency on target 'Sharing1' in project 'swift-sharing'
        ➜ Explicit dependency on target 'Sharing2' in project 'swift-sharing'
        ➜ Explicit dependency on target 'ConcurrencyExtras-product' in project 'swift-concurrency-extras'
        ➜ Explicit dependency on target 'CustomDump-product' in project 'swift-custom-dump'
        ➜ Explicit dependency on target 'Dependencies-product' in project 'swift-dependencies'
        ➜ Explicit dependency on target 'IdentifiedCollections-product' in project 'swift-identified-collections'
        ➜ Explicit dependency on target 'IssueReporting-product' in project 'swift-issue-reporting'
        ➜ Explicit dependency on target 'PerceptionCore-product' in project 'swift-perception'
    Target 'Sharing' in project 'swift-sharing'
        ➜ Explicit dependency on target 'swift-sharing_Sharing' in project 'swift-sharing'
        ➜ Explicit dependency on target 'Sharing1' in project 'swift-sharing'
        ➜ Explicit dependency on target 'Sharing2' in project 'swift-sharing'
        ➜ Explicit dependency on target 'ConcurrencyExtras-product' in project 'swift-concurrency-extras'
        ➜ Explicit dependency on target 'CustomDump-product' in project 'swift-custom-dump'
        ➜ Explicit dependency on target 'Dependencies-product' in project 'swift-dependencies'
        ➜ Explicit dependency on target 'IdentifiedCollections-product' in project 'swift-identified-collections'
        ➜ Explicit dependency on target 'IssueReporting-product' in project 'swift-issue-reporting'
        ➜ Explicit dependency on target 'PerceptionCore-product' in project 'swift-perception'
    Target 'PerceptionCore-product' in project 'swift-perception'
        ➜ Explicit dependency on target 'PerceptionCore' in project 'swift-perception'
        ➜ Explicit dependency on target 'IssueReporting-product' in project 'swift-issue-reporting'
    Target 'Sharing2' in project 'swift-sharing' (no dependencies)
    Target 'Sharing1' in project 'swift-sharing' (no dependencies)
    Target 'swift-sharing_Sharing' in project 'swift-sharing' (no dependencies)
    Target 'Perception-product' in project 'swift-perception'
        ➜ Explicit dependency on target 'Perception' in project 'swift-perception'
        ➜ Explicit dependency on target 'PerceptionCore' in project 'swift-perception'
        ➜ Explicit dependency on target 'PerceptionMacros' in project 'swift-perception'
        ➜ Explicit dependency on target 'IssueReporting-product' in project 'swift-issue-reporting'
    Target 'Perception' in project 'swift-perception'
        ➜ Explicit dependency on target 'PerceptionCore' in project 'swift-perception'
        ➜ Explicit dependency on target 'PerceptionMacros' in project 'swift-perception'
        ➜ Explicit dependency on target 'IssueReporting-product' in project 'swift-issue-reporting'
    Target 'PerceptionMacros' in project 'swift-perception'
        ➜ Explicit dependency on target 'SwiftSyntaxMacros-product' in project 'swift-syntax'
        ➜ Explicit dependency on target 'SwiftCompilerPlugin-product' in project 'swift-syntax'
    Target 'PerceptionCore' in project 'swift-perception'
        ➜ Explicit dependency on target 'IssueReporting-product' in project 'swift-issue-reporting'
    Target 'IdentifiedCollections-product' in project 'swift-identified-collections'
        ➜ Explicit dependency on target 'IdentifiedCollections' in project 'swift-identified-collections'
        ➜ Explicit dependency on target 'OrderedCollections-product' in project 'swift-collections'
    Target 'IdentifiedCollections' in project 'swift-identified-collections'
        ➜ Explicit dependency on target 'OrderedCollections-product' in project 'swift-collections'
    Target 'OrderedCollections-product' in project 'swift-collections'
        ➜ Explicit dependency on target 'OrderedCollections' in project 'swift-collections'
        ➜ Explicit dependency on target 'InternalCollectionsUtilities' in project 'swift-collections'
    Target 'OrderedCollections' in project 'swift-collections'
        ➜ Explicit dependency on target 'InternalCollectionsUtilities' in project 'swift-collections'
    Target 'InternalCollectionsUtilities' in project 'swift-collections' (no dependencies)
    Target 'DependenciesMacros-product' in project 'swift-dependencies'
        ➜ Explicit dependency on target 'DependenciesMacros' in project 'swift-dependencies'
        ➜ Explicit dependency on target 'DependenciesMacrosPlugin' in project 'swift-dependencies'
        ➜ Explicit dependency on target 'IssueReporting-product' in project 'swift-issue-reporting'
    Target 'DependenciesMacros' in project 'swift-dependencies'
        ➜ Explicit dependency on target 'DependenciesMacrosPlugin' in project 'swift-dependencies'
        ➜ Explicit dependency on target 'IssueReporting-product' in project 'swift-issue-reporting'
    Target 'DependenciesMacrosPlugin' in project 'swift-dependencies'
        ➜ Explicit dependency on target 'SwiftSyntaxMacros-product' in project 'swift-syntax'
        ➜ Explicit dependency on target 'SwiftCompilerPlugin-product' in project 'swift-syntax'
    Target 'Dependencies-product' in project 'swift-dependencies'
        ➜ Explicit dependency on target 'Dependencies' in project 'swift-dependencies'
        ➜ Explicit dependency on target 'Clocks-product' in project 'swift-clocks'
        ➜ Explicit dependency on target 'CombineSchedulers-product' in project 'combine-schedulers'
        ➜ Explicit dependency on target 'ConcurrencyExtras-product' in project 'swift-concurrency-extras'
        ➜ Explicit dependency on target 'IssueReporting-product' in project 'swift-issue-reporting'
    Target 'Dependencies' in project 'swift-dependencies'
        ➜ Explicit dependency on target 'Clocks-product' in project 'swift-clocks'
        ➜ Explicit dependency on target 'CombineSchedulers-product' in project 'combine-schedulers'
        ➜ Explicit dependency on target 'ConcurrencyExtras-product' in project 'swift-concurrency-extras'
        ➜ Explicit dependency on target 'IssueReporting-product' in project 'swift-issue-reporting'
    Target 'CustomDump-product' in project 'swift-custom-dump'
        ➜ Explicit dependency on target 'CustomDump' in project 'swift-custom-dump'
        ➜ Explicit dependency on target 'IssueReporting-product' in project 'swift-issue-reporting'
    Target 'CustomDump' in project 'swift-custom-dump'
        ➜ Explicit dependency on target 'IssueReporting-product' in project 'swift-issue-reporting'
    Target 'CombineSchedulers-product' in project 'combine-schedulers'
        ➜ Explicit dependency on target 'CombineSchedulers' in project 'combine-schedulers'
        ➜ Explicit dependency on target 'ConcurrencyExtras-product' in project 'swift-concurrency-extras'
        ➜ Explicit dependency on target 'IssueReporting-product' in project 'swift-issue-reporting'
    Target 'CombineSchedulers' in project 'combine-schedulers'
        ➜ Explicit dependency on target 'ConcurrencyExtras-product' in project 'swift-concurrency-extras'
        ➜ Explicit dependency on target 'IssueReporting-product' in project 'swift-issue-reporting'
    Target 'Clocks-product' in project 'swift-clocks'
        ➜ Explicit dependency on target 'Clocks' in project 'swift-clocks'
        ➜ Explicit dependency on target 'ConcurrencyExtras-product' in project 'swift-concurrency-extras'
        ➜ Explicit dependency on target 'IssueReporting-product' in project 'swift-issue-reporting'
    Target 'Clocks' in project 'swift-clocks'
        ➜ Explicit dependency on target 'ConcurrencyExtras-product' in project 'swift-concurrency-extras'
        ➜ Explicit dependency on target 'IssueReporting-product' in project 'swift-issue-reporting'
    Target 'ConcurrencyExtras-product' in project 'swift-concurrency-extras'
        ➜ Explicit dependency on target 'ConcurrencyExtras' in project 'swift-concurrency-extras'
    Target 'ConcurrencyExtras' in project 'swift-concurrency-extras' (no dependencies)
    Target 'ComposableArchitectureMacros' in project 'swift-composable-architecture'
        ➜ Explicit dependency on target 'SwiftSyntaxMacros-product' in project 'swift-syntax'
        ➜ Explicit dependency on target 'SwiftCompilerPlugin-product' in project 'swift-syntax'
    Target 'swift-composable-architecture_ComposableArchitecture' in project 'swift-composable-architecture' (no dependencies)
    Target 'CasePaths-product' in project 'swift-case-paths'
        ➜ Explicit dependency on target 'CasePaths' in project 'swift-case-paths'
        ➜ Explicit dependency on target 'CasePathsCore' in project 'swift-case-paths'
        ➜ Explicit dependency on target 'CasePathsMacros' in project 'swift-case-paths'
        ➜ Explicit dependency on target 'IssueReporting-product' in project 'swift-issue-reporting'
    Target 'CasePaths' in project 'swift-case-paths'
        ➜ Explicit dependency on target 'CasePathsCore' in project 'swift-case-paths'
        ➜ Explicit dependency on target 'CasePathsMacros' in project 'swift-case-paths'
        ➜ Explicit dependency on target 'IssueReporting-product' in project 'swift-issue-reporting'
    Target 'CasePathsMacros' in project 'swift-case-paths'
        ➜ Explicit dependency on target 'CasePathsMacrosSupport' in project 'swift-case-paths'
        ➜ Explicit dependency on target 'SwiftSyntaxMacros-product' in project 'swift-syntax'
        ➜ Explicit dependency on target 'SwiftCompilerPlugin-product' in project 'swift-syntax'
        ➜ Explicit dependency on target 'SwiftDiagnostics-product' in project 'swift-syntax'
        ➜ Explicit dependency on target 'SwiftSyntax-product' in project 'swift-syntax'
        ➜ Explicit dependency on target 'SwiftSyntaxBuilder-product' in project 'swift-syntax'
    Target 'CasePathsMacrosSupport' in project 'swift-case-paths'
        ➜ Explicit dependency on target 'SwiftSyntaxMacros-product' in project 'swift-syntax'
        ➜ Explicit dependency on target 'SwiftCompilerPlugin-product' in project 'swift-syntax'
        ➜ Explicit dependency on target 'SwiftDiagnostics-product' in project 'swift-syntax'
        ➜ Explicit dependency on target 'SwiftSyntax-product' in project 'swift-syntax'
        ➜ Explicit dependency on target 'SwiftSyntaxBuilder-product' in project 'swift-syntax'
    Target 'SwiftSyntaxBuilder-product' in project 'swift-syntax'
        ➜ Explicit dependency on target 'SwiftSyntaxBuilder' in project 'swift-syntax'
        ➜ Explicit dependency on target '_SwiftSyntaxCShims' in project 'swift-syntax'
        ➜ Explicit dependency on target 'SwiftSyntax509' in project 'swift-syntax'
        ➜ Explicit dependency on target 'SwiftSyntax510' in project 'swift-syntax'
        ➜ Explicit dependency on target 'SwiftSyntax600' in project 'swift-syntax'
        ➜ Explicit dependency on target 'SwiftSyntax601' in project 'swift-syntax'
        ➜ Explicit dependency on target 'SwiftSyntax602' in project 'swift-syntax'
        ➜ Explicit dependency on target 'SwiftSyntax603' in project 'swift-syntax'
        ➜ Explicit dependency on target 'SwiftSyntax604' in project 'swift-syntax'
        ➜ Explicit dependency on target 'SwiftSyntax' in project 'swift-syntax'
        ➜ Explicit dependency on target 'SwiftBasicFormat' in project 'swift-syntax'
        ➜ Explicit dependency on target 'SwiftParser' in project 'swift-syntax'
        ➜ Explicit dependency on target 'SwiftDiagnostics' in project 'swift-syntax'
        ➜ Explicit dependency on target 'SwiftParserDiagnostics' in project 'swift-syntax'
    Target 'SwiftSyntax-product' in project 'swift-syntax'
        ➜ Explicit dependency on target 'SwiftSyntax' in project 'swift-syntax'
        ➜ Explicit dependency on target '_SwiftSyntaxCShims' in project 'swift-syntax'
        ➜ Explicit dependency on target 'SwiftSyntax509' in project 'swift-syntax'
        ➜ Explicit dependency on target 'SwiftSyntax510' in project 'swift-syntax'
        ➜ Explicit dependency on target 'SwiftSyntax600' in project 'swift-syntax'
        ➜ Explicit dependency on target 'SwiftSyntax601' in project 'swift-syntax'
        ➜ Explicit dependency on target 'SwiftSyntax602' in project 'swift-syntax'
        ➜ Explicit dependency on target 'SwiftSyntax603' in project 'swift-syntax'
        ➜ Explicit dependency on target 'SwiftSyntax604' in project 'swift-syntax'
    Target 'SwiftDiagnostics-product' in project 'swift-syntax'
        ➜ Explicit dependency on target 'SwiftDiagnostics' in project 'swift-syntax'
        ➜ Explicit dependency on target '_SwiftSyntaxCShims' in project 'swift-syntax'
        ➜ Explicit dependency on target 'SwiftSyntax509' in project 'swift-syntax'
        ➜ Explicit dependency on target 'SwiftSyntax510' in project 'swift-syntax'
        ➜ Explicit dependency on target 'SwiftSyntax600' in project 'swift-syntax'
        ➜ Explicit dependency on target 'SwiftSyntax601' in project 'swift-syntax'
        ➜ Explicit dependency on target 'SwiftSyntax602' in project 'swift-syntax'
        ➜ Explicit dependency on target 'SwiftSyntax603' in project 'swift-syntax'
        ➜ Explicit dependency on target 'SwiftSyntax604' in project 'swift-syntax'
        ➜ Explicit dependency on target 'SwiftSyntax' in project 'swift-syntax'
    Target 'SwiftCompilerPlugin-product' in project 'swift-syntax'
        ➜ Explicit dependency on target 'SwiftCompilerPlugin' in project 'swift-syntax'
        ➜ Explicit dependency on target '_SwiftSyntaxCShims' in project 'swift-syntax'
        ➜ Explicit dependency on target 'SwiftSyntax509' in project 'swift-syntax'
        ➜ Explicit dependency on target 'SwiftSyntax510' in project 'swift-syntax'
        ➜ Explicit dependency on target 'SwiftSyntax600' in project 'swift-syntax'
        ➜ Explicit dependency on target 'SwiftSyntax601' in project 'swift-syntax'
        ➜ Explicit dependency on target 'SwiftSyntax602' in project 'swift-syntax'
        ➜ Explicit dependency on target 'SwiftSyntax603' in project 'swift-syntax'
        ➜ Explicit dependency on target 'SwiftSyntax604' in project 'swift-syntax'
        ➜ Explicit dependency on target 'SwiftSyntax' in project 'swift-syntax'
        ➜ Explicit dependency on target 'SwiftDiagnostics' in project 'swift-syntax'
        ➜ Explicit dependency on target 'SwiftParser' in project 'swift-syntax'
        ➜ Explicit dependency on target 'SwiftOperators' in project 'swift-syntax'
        ➜ Explicit dependency on target 'SwiftBasicFormat' in project 'swift-syntax'
        ➜ Explicit dependency on target 'SwiftParserDiagnostics' in project 'swift-syntax'
        ➜ Explicit dependency on target 'SwiftSyntaxBuilder' in project 'swift-syntax'
        ➜ Explicit dependency on target 'SwiftIfConfig' in project 'swift-syntax'
        ➜ Explicit dependency on target 'SwiftSyntaxMacros' in project 'swift-syntax'
        ➜ Explicit dependency on target 'SwiftSyntaxMacroExpansion' in project 'swift-syntax'
        ➜ Explicit dependency on target 'SwiftCompilerPluginMessageHandling' in project 'swift-syntax'
    Target 'SwiftCompilerPlugin' in project 'swift-syntax'
        ➜ Explicit dependency on target '_SwiftSyntaxCShims' in project 'swift-syntax'
        ➜ Explicit dependency on target 'SwiftSyntax509' in project 'swift-syntax'
        ➜ Explicit dependency on target 'SwiftSyntax510' in project 'swift-syntax'
        ➜ Explicit dependency on target 'SwiftSyntax600' in project 'swift-syntax'
        ➜ Explicit dependency on target 'SwiftSyntax601' in project 'swift-syntax'
        ➜ Explicit dependency on target 'SwiftSyntax602' in project 'swift-syntax'
        ➜ Explicit dependency on target 'SwiftSyntax603' in project 'swift-syntax'
        ➜ Explicit dependency on target 'SwiftSyntax604' in project 'swift-syntax'
        ➜ Explicit dependency on target 'SwiftSyntax' in project 'swift-syntax'
        ➜ Explicit dependency on target 'SwiftDiagnostics' in project 'swift-syntax'
        ➜ Explicit dependency on target 'SwiftParser' in project 'swift-syntax'
        ➜ Explicit dependency on target 'SwiftOperators' in project 'swift-syntax'
        ➜ Explicit dependency on target 'SwiftBasicFormat' in project 'swift-syntax'
        ➜ Explicit dependency on target 'SwiftParserDiagnostics' in project 'swift-syntax'
        ➜ Explicit dependency on target 'SwiftSyntaxBuilder' in project 'swift-syntax'
        ➜ Explicit dependency on target 'SwiftIfConfig' in project 'swift-syntax'
        ➜ Explicit dependency on target 'SwiftSyntaxMacros' in project 'swift-syntax'
        ➜ Explicit dependency on target 'SwiftSyntaxMacroExpansion' in project 'swift-syntax'
        ➜ Explicit dependency on target 'SwiftCompilerPluginMessageHandling' in project 'swift-syntax'
    Target 'SwiftCompilerPluginMessageHandling' in project 'swift-syntax'
        ➜ Explicit dependency on target '_SwiftSyntaxCShims' in project 'swift-syntax'
        ➜ Explicit dependency on target 'SwiftSyntax509' in project 'swift-syntax'
        ➜ Explicit dependency on target 'SwiftSyntax510' in project 'swift-syntax'
        ➜ Explicit dependency on target 'SwiftSyntax600' in project 'swift-syntax'
        ➜ Explicit dependency on target 'SwiftSyntax601' in project 'swift-syntax'
        ➜ Explicit dependency on target 'SwiftSyntax602' in project 'swift-syntax'
        ➜ Explicit dependency on target 'SwiftSyntax603' in project 'swift-syntax'
        ➜ Explicit dependency on target 'SwiftSyntax604' in project 'swift-syntax'
        ➜ Explicit dependency on target 'SwiftSyntax' in project 'swift-syntax'
        ➜ Explicit dependency on target 'SwiftDiagnostics' in project 'swift-syntax'
        ➜ Explicit dependency on target 'SwiftParser' in project 'swift-syntax'
        ➜ Explicit dependency on target 'SwiftOperators' in project 'swift-syntax'
        ➜ Explicit dependency on target 'SwiftBasicFormat' in project 'swift-syntax'
        ➜ Explicit dependency on target 'SwiftParserDiagnostics' in project 'swift-syntax'
        ➜ Explicit dependency on target 'SwiftSyntaxBuilder' in project 'swift-syntax'
        ➜ Explicit dependency on target 'SwiftIfConfig' in project 'swift-syntax'
        ➜ Explicit dependency on target 'SwiftSyntaxMacros' in project 'swift-syntax'
        ➜ Explicit dependency on target 'SwiftSyntaxMacroExpansion' in project 'swift-syntax'
    Target 'SwiftSyntaxMacroExpansion' in project 'swift-syntax'
        ➜ Explicit dependency on target '_SwiftSyntaxCShims' in project 'swift-syntax'
        ➜ Explicit dependency on target 'SwiftSyntax509' in project 'swift-syntax'
        ➜ Explicit dependency on target 'SwiftSyntax510' in project 'swift-syntax'
        ➜ Explicit dependency on target 'SwiftSyntax600' in project 'swift-syntax'
        ➜ Explicit dependency on target 'SwiftSyntax601' in project 'swift-syntax'
        ➜ Explicit dependency on target 'SwiftSyntax602' in project 'swift-syntax'
        ➜ Explicit dependency on target 'SwiftSyntax603' in project 'swift-syntax'
        ➜ Explicit dependency on target 'SwiftSyntax604' in project 'swift-syntax'
        ➜ Explicit dependency on target 'SwiftSyntax' in project 'swift-syntax'
        ➜ Explicit dependency on target 'SwiftBasicFormat' in project 'swift-syntax'
        ➜ Explicit dependency on target 'SwiftParser' in project 'swift-syntax'
        ➜ Explicit dependency on target 'SwiftDiagnostics' in project 'swift-syntax'
        ➜ Explicit dependency on target 'SwiftParserDiagnostics' in project 'swift-syntax'
        ➜ Explicit dependency on target 'SwiftSyntaxBuilder' in project 'swift-syntax'
        ➜ Explicit dependency on target 'SwiftOperators' in project 'swift-syntax'
        ➜ Explicit dependency on target 'SwiftIfConfig' in project 'swift-syntax'
        ➜ Explicit dependency on target 'SwiftSyntaxMacros' in project 'swift-syntax'
    Target 'SwiftSyntaxMacros-product' in project 'swift-syntax'
        ➜ Explicit dependency on target 'SwiftSyntaxMacros' in project 'swift-syntax'
        ➜ Explicit dependency on target '_SwiftSyntaxCShims' in project 'swift-syntax'
        ➜ Explicit dependency on target 'SwiftSyntax509' in project 'swift-syntax'
        ➜ Explicit dependency on target 'SwiftSyntax510' in project 'swift-syntax'
        ➜ Explicit dependency on target 'SwiftSyntax600' in project 'swift-syntax'
        ➜ Explicit dependency on target 'SwiftSyntax601' in project 'swift-syntax'
        ➜ Explicit dependency on target 'SwiftSyntax602' in project 'swift-syntax'
        ➜ Explicit dependency on target 'SwiftSyntax603' in project 'swift-syntax'
        ➜ Explicit dependency on target 'SwiftSyntax604' in project 'swift-syntax'
        ➜ Explicit dependency on target 'SwiftSyntax' in project 'swift-syntax'
        ➜ Explicit dependency on target 'SwiftDiagnostics' in project 'swift-syntax'
        ➜ Explicit dependency on target 'SwiftBasicFormat' in project 'swift-syntax'
        ➜ Explicit dependency on target 'SwiftParser' in project 'swift-syntax'
        ➜ Explicit dependency on target 'SwiftParserDiagnostics' in project 'swift-syntax'
        ➜ Explicit dependency on target 'SwiftSyntaxBuilder' in project 'swift-syntax'
        ➜ Explicit dependency on target 'SwiftOperators' in project 'swift-syntax'
        ➜ Explicit dependency on target 'SwiftIfConfig' in project 'swift-syntax'
    Target 'SwiftSyntaxMacros' in project 'swift-syntax'
        ➜ Explicit dependency on target '_SwiftSyntaxCShims' in project 'swift-syntax'
        ➜ Explicit dependency on target 'SwiftSyntax509' in project 'swift-syntax'
        ➜ Explicit dependency on target 'SwiftSyntax510' in project 'swift-syntax'
        ➜ Explicit dependency on target 'SwiftSyntax600' in project 'swift-syntax'
        ➜ Explicit dependency on target 'SwiftSyntax601' in project 'swift-syntax'
        ➜ Explicit dependency on target 'SwiftSyntax602' in project 'swift-syntax'
        ➜ Explicit dependency on target 'SwiftSyntax603' in project 'swift-syntax'
        ➜ Explicit dependency on target 'SwiftSyntax604' in project 'swift-syntax'
        ➜ Explicit dependency on target 'SwiftSyntax' in project 'swift-syntax'
        ➜ Explicit dependency on target 'SwiftDiagnostics' in project 'swift-syntax'
        ➜ Explicit dependency on target 'SwiftBasicFormat' in project 'swift-syntax'
        ➜ Explicit dependency on target 'SwiftParser' in project 'swift-syntax'
        ➜ Explicit dependency on target 'SwiftParserDiagnostics' in project 'swift-syntax'
        ➜ Explicit dependency on target 'SwiftSyntaxBuilder' in project 'swift-syntax'
        ➜ Explicit dependency on target 'SwiftOperators' in project 'swift-syntax'
        ➜ Explicit dependency on target 'SwiftIfConfig' in project 'swift-syntax'
    Target 'SwiftIfConfig' in project 'swift-syntax'
        ➜ Explicit dependency on target '_SwiftSyntaxCShims' in project 'swift-syntax'
        ➜ Explicit dependency on target 'SwiftSyntax509' in project 'swift-syntax'
        ➜ Explicit dependency on target 'SwiftSyntax510' in project 'swift-syntax'
        ➜ Explicit dependency on target 'SwiftSyntax600' in project 'swift-syntax'
        ➜ Explicit dependency on target 'SwiftSyntax601' in project 'swift-syntax'
        ➜ Explicit dependency on target 'SwiftSyntax602' in project 'swift-syntax'
        ➜ Explicit dependency on target 'SwiftSyntax603' in project 'swift-syntax'
        ➜ Explicit dependency on target 'SwiftSyntax604' in project 'swift-syntax'
        ➜ Explicit dependency on target 'SwiftSyntax' in project 'swift-syntax'
        ➜ Explicit dependency on target 'SwiftBasicFormat' in project 'swift-syntax'
        ➜ Explicit dependency on target 'SwiftParser' in project 'swift-syntax'
        ➜ Explicit dependency on target 'SwiftDiagnostics' in project 'swift-syntax'
        ➜ Explicit dependency on target 'SwiftParserDiagnostics' in project 'swift-syntax'
        ➜ Explicit dependency on target 'SwiftSyntaxBuilder' in project 'swift-syntax'
        ➜ Explicit dependency on target 'SwiftOperators' in project 'swift-syntax'
    Target 'SwiftOperators' in project 'swift-syntax'
        ➜ Explicit dependency on target '_SwiftSyntaxCShims' in project 'swift-syntax'
        ➜ Explicit dependency on target 'SwiftSyntax509' in project 'swift-syntax'
        ➜ Explicit dependency on target 'SwiftSyntax510' in project 'swift-syntax'
        ➜ Explicit dependency on target 'SwiftSyntax600' in project 'swift-syntax'
        ➜ Explicit dependency on target 'SwiftSyntax601' in project 'swift-syntax'
        ➜ Explicit dependency on target 'SwiftSyntax602' in project 'swift-syntax'
        ➜ Explicit dependency on target 'SwiftSyntax603' in project 'swift-syntax'
        ➜ Explicit dependency on target 'SwiftSyntax604' in project 'swift-syntax'
        ➜ Explicit dependency on target 'SwiftSyntax' in project 'swift-syntax'
        ➜ Explicit dependency on target 'SwiftDiagnostics' in project 'swift-syntax'
        ➜ Explicit dependency on target 'SwiftParser' in project 'swift-syntax'
    Target 'SwiftSyntaxBuilder' in project 'swift-syntax'
        ➜ Explicit dependency on target '_SwiftSyntaxCShims' in project 'swift-syntax'
        ➜ Explicit dependency on target 'SwiftSyntax509' in project 'swift-syntax'
        ➜ Explicit dependency on target 'SwiftSyntax510' in project 'swift-syntax'
        ➜ Explicit dependency on target 'SwiftSyntax600' in project 'swift-syntax'
        ➜ Explicit dependency on target 'SwiftSyntax601' in project 'swift-syntax'
        ➜ Explicit dependency on target 'SwiftSyntax602' in project 'swift-syntax'
        ➜ Explicit dependency on target 'SwiftSyntax603' in project 'swift-syntax'
        ➜ Explicit dependency on target 'SwiftSyntax604' in project 'swift-syntax'
        ➜ Explicit dependency on target 'SwiftSyntax' in project 'swift-syntax'
        ➜ Explicit dependency on target 'SwiftBasicFormat' in project 'swift-syntax'
        ➜ Explicit dependency on target 'SwiftParser' in project 'swift-syntax'
        ➜ Explicit dependency on target 'SwiftDiagnostics' in project 'swift-syntax'
        ➜ Explicit dependency on target 'SwiftParserDiagnostics' in project 'swift-syntax'
    Target 'SwiftParserDiagnostics' in project 'swift-syntax'
        ➜ Explicit dependency on target '_SwiftSyntaxCShims' in project 'swift-syntax'
        ➜ Explicit dependency on target 'SwiftSyntax509' in project 'swift-syntax'
        ➜ Explicit dependency on target 'SwiftSyntax510' in project 'swift-syntax'
        ➜ Explicit dependency on target 'SwiftSyntax600' in project 'swift-syntax'
        ➜ Explicit dependency on target 'SwiftSyntax601' in project 'swift-syntax'
        ➜ Explicit dependency on target 'SwiftSyntax602' in project 'swift-syntax'
        ➜ Explicit dependency on target 'SwiftSyntax603' in project 'swift-syntax'
        ➜ Explicit dependency on target 'SwiftSyntax604' in project 'swift-syntax'
        ➜ Explicit dependency on target 'SwiftSyntax' in project 'swift-syntax'
        ➜ Explicit dependency on target 'SwiftBasicFormat' in project 'swift-syntax'
        ➜ Explicit dependency on target 'SwiftDiagnostics' in project 'swift-syntax'
        ➜ Explicit dependency on target 'SwiftParser' in project 'swift-syntax'
    Target 'SwiftParser' in project 'swift-syntax'
        ➜ Explicit dependency on target '_SwiftSyntaxCShims' in project 'swift-syntax'
        ➜ Explicit dependency on target 'SwiftSyntax509' in project 'swift-syntax'
        ➜ Explicit dependency on target 'SwiftSyntax510' in project 'swift-syntax'
        ➜ Explicit dependency on target 'SwiftSyntax600' in project 'swift-syntax'
        ➜ Explicit dependency on target 'SwiftSyntax601' in project 'swift-syntax'
        ➜ Explicit dependency on target 'SwiftSyntax602' in project 'swift-syntax'
        ➜ Explicit dependency on target 'SwiftSyntax603' in project 'swift-syntax'
        ➜ Explicit dependency on target 'SwiftSyntax604' in project 'swift-syntax'
        ➜ Explicit dependency on target 'SwiftSyntax' in project 'swift-syntax'
    Target 'SwiftBasicFormat' in project 'swift-syntax'
        ➜ Explicit dependency on target '_SwiftSyntaxCShims' in project 'swift-syntax'
        ➜ Explicit dependency on target 'SwiftSyntax509' in project 'swift-syntax'
        ➜ Explicit dependency on target 'SwiftSyntax510' in project 'swift-syntax'
        ➜ Explicit dependency on target 'SwiftSyntax600' in project 'swift-syntax'
        ➜ Explicit dependency on target 'SwiftSyntax601' in project 'swift-syntax'
        ➜ Explicit dependency on target 'SwiftSyntax602' in project 'swift-syntax'
        ➜ Explicit dependency on target 'SwiftSyntax603' in project 'swift-syntax'
        ➜ Explicit dependency on target 'SwiftSyntax604' in project 'swift-syntax'
        ➜ Explicit dependency on target 'SwiftSyntax' in project 'swift-syntax'
    Target 'SwiftDiagnostics' in project 'swift-syntax'
        ➜ Explicit dependency on target '_SwiftSyntaxCShims' in project 'swift-syntax'
        ➜ Explicit dependency on target 'SwiftSyntax509' in project 'swift-syntax'
        ➜ Explicit dependency on target 'SwiftSyntax510' in project 'swift-syntax'
        ➜ Explicit dependency on target 'SwiftSyntax600' in project 'swift-syntax'
        ➜ Explicit dependency on target 'SwiftSyntax601' in project 'swift-syntax'
        ➜ Explicit dependency on target 'SwiftSyntax602' in project 'swift-syntax'
        ➜ Explicit dependency on target 'SwiftSyntax603' in project 'swift-syntax'
        ➜ Explicit dependency on target 'SwiftSyntax604' in project 'swift-syntax'
        ➜ Explicit dependency on target 'SwiftSyntax' in project 'swift-syntax'
    Target 'SwiftSyntax' in project 'swift-syntax'
        ➜ Explicit dependency on target '_SwiftSyntaxCShims' in project 'swift-syntax'
        ➜ Explicit dependency on target 'SwiftSyntax509' in project 'swift-syntax'
        ➜ Explicit dependency on target 'SwiftSyntax510' in project 'swift-syntax'
        ➜ Explicit dependency on target 'SwiftSyntax600' in project 'swift-syntax'
        ➜ Explicit dependency on target 'SwiftSyntax601' in project 'swift-syntax'
        ➜ Explicit dependency on target 'SwiftSyntax602' in project 'swift-syntax'
        ➜ Explicit dependency on target 'SwiftSyntax603' in project 'swift-syntax'
        ➜ Explicit dependency on target 'SwiftSyntax604' in project 'swift-syntax'
    Target 'SwiftSyntax604' in project 'swift-syntax' (no dependencies)
    Target 'SwiftSyntax603' in project 'swift-syntax' (no dependencies)
    Target 'SwiftSyntax602' in project 'swift-syntax' (no dependencies)
    Target 'SwiftSyntax601' in project 'swift-syntax' (no dependencies)
    Target 'SwiftSyntax600' in project 'swift-syntax' (no dependencies)
    Target 'SwiftSyntax510' in project 'swift-syntax' (no dependencies)
    Target 'SwiftSyntax509' in project 'swift-syntax' (no dependencies)
    Target '_SwiftSyntaxCShims' in project 'swift-syntax' (no dependencies)
    Target 'CasePathsCore' in project 'swift-case-paths'
        ➜ Explicit dependency on target 'IssueReporting-product' in project 'swift-issue-reporting'
    Target 'IssueReporting-product' in project 'swift-issue-reporting'
        ➜ Explicit dependency on target 'IssueReporting' in project 'swift-issue-reporting'
    Target 'IssueReporting' in project 'swift-issue-reporting' (no dependencies)
GatherProvisioningInputs
CreateBuildDescription
ClangStatCache /Applications/Xcode-27.0.0-Release.Candidate.app/Contents/Developer/Toolchains/XcodeDefault.xctoolchain/usr/bin/clang-stat-cache /Applications/Xcode-27.0.0-Release.Candidate.app/Contents/Developer/Platforms/XROS.platform/Developer/SDKs/XROS27.0.sdk /Users/admin/builder/spi-builder-workspace/.derivedData/SDKStatCaches.noindex/xros27.0-24M361-e829b21a6f8c9b70876ba0858053c044735bd543db762f57723cac368afd1ce4.sdkstatcache
    cd /Users/admin/builder/spi-builder-workspace
    /Applications/Xcode-27.0.0-Release.Candidate.app/Contents/Developer/Toolchains/XcodeDefault.xctoolchain/usr/bin/clang-stat-cache /Applications/Xcode-27.0.0-Release.Candidate.app/Contents/Developer/Platforms/XROS.platform/Developer/SDKs/XROS27.0.sdk -o /Users/admin/builder/spi-builder-workspace/.derivedData/SDKStatCaches.noindex/xros27.0-24M361-e829b21a6f8c9b70876ba0858053c044735bd543db762f57723cac368afd1ce4.sdkstatcache
ClangStatCache /Applications/Xcode-27.0.0-Release.Candidate.app/Contents/Developer/Toolchains/XcodeDefault.xctoolchain/usr/bin/clang-stat-cache /Applications/Xcode-27.0.0-Release.Candidate.app/Contents/Developer/Platforms/MacOSX.platform/Developer/SDKs/MacOSX27.0.sdk /Users/admin/builder/spi-builder-workspace/.derivedData/SDKStatCaches.noindex/macosx27.0-26A425-e829b21a6f8c9b70876ba0858053c0446a22442a12e9d48fe1a705f55a1adfc4.sdkstatcache
    cd /Users/admin/builder/spi-builder-workspace
    /Applications/Xcode-27.0.0-Release.Candidate.app/Contents/Developer/Toolchains/XcodeDefault.xctoolchain/usr/bin/clang-stat-cache /Applications/Xcode-27.0.0-Release.Candidate.app/Contents/Developer/Platforms/MacOSX.platform/Developer/SDKs/MacOSX27.0.sdk -o /Users/admin/builder/spi-builder-workspace/.derivedData/SDKStatCaches.noindex/macosx27.0-26A425-e829b21a6f8c9b70876ba0858053c0446a22442a12e9d48fe1a705f55a1adfc4.sdkstatcache
SwiftDriver Loadable normal arm64 com.apple.xcode.tools.swift.compiler (in target 'Loadable' from project 'swift-tca-loadable')
    cd /Users/admin/builder/spi-builder-workspace
    builtin-SwiftDriver -- /Applications/Xcode-27.0.0-Release.Candidate.app/Contents/Developer/Toolchains/XcodeDefault.xctoolchain/usr/bin/swiftc -parse-as-library -module-name Loadable -Onone @/Users/admin/builder/spi-builder-workspace/.derivedData/Build/Intermediates.noindex/swift-tca-loadable.build/Debug-xros/Loadable-t.build/Objects-normal/arm64/Loadable.SwiftFileList -DSWIFT_PACKAGE -DDEBUG -DSWIFT_MODULE_RESOURCE_BUNDLE_UNAVAILABLE -Xcc -fmodule-map-file\=/Users/admin/builder/spi-builder-workspace/.derivedData/Build/Intermediates.noindex/GeneratedModuleMaps-xros/UIKitNavigationShim.modulemap -DXcode -plugin-path /Applications/Xcode-27.0.0-Release.Candidate.app/Contents/Developer/Toolchains/XcodeDefault.xctoolchain/usr/lib/swift/host/plugins/testing -enable-experimental-feature DebugDescriptionMacro -sdk /Applications/Xcode-27.0.0-Release.Candidate.app/Contents/Developer/Platforms/XROS.platform/Developer/SDKs/XROS27.0.sdk -target arm64-apple-xros1.0 -g -module-cache-path /Users/admin/builder/spi-builder-workspace/.derivedData/ModuleCache.noindex -Xfrontend -serialize-debugging-options -profile-coverage-mapping -profile-generate -enable-testing -index-store-path /Users/admin/builder/spi-builder-workspace/.derivedData/Index.noindex/DataStore -Xcc -D_LIBCPP_HARDENING_MODE\=_LIBCPP_HARDENING_MODE_DEBUG -swift-version 5 -I /Users/admin/builder/spi-builder-workspace/.derivedData/Build/Products/Debug-xros -Isystem /Applications/Xcode-27.0.0-Release.Candidate.app/Contents/Developer/Platforms/XROS.platform/Developer/usr/lib -F /Users/admin/builder/spi-builder-workspace/.derivedData/Build/Products/Debug-xros/PackageFrameworks -F /Users/admin/builder/spi-builder-workspace/.derivedData/Build/Products/Debug-xros -F /Applications/Xcode-27.0.0-Release.Candidate.app/Contents/Developer/Platforms/XROS.platform/Developer/Library/Frameworks -F /Applications/Xcode-27.0.0-Release.Candidate.app/Contents/Developer/Platforms/XROS.platform/Developer/SDKs/XROS27.0.sdk/Developer/Library/Frameworks -Xfrontend -load-plugin-executable -Xfrontend /Users/admin/builder/spi-builder-workspace/.derivedData/Build/Products/Debug/CasePathsMacros\#CasePathsMacros -Xfrontend -load-plugin-executable -Xfrontend /Users/admin/builder/spi-builder-workspace/.derivedData/Build/Products/Debug/ComposableArchitectureMacros\#ComposableArchitectureMacros -Xfrontend -load-plugin-executable -Xfrontend /Users/admin/builder/spi-builder-workspace/.derivedData/Build/Products/Debug/DependenciesMacrosPlugin\#DependenciesMacrosPlugin -Xfrontend -load-plugin-executable -Xfrontend /Users/admin/builder/spi-builder-workspace/.derivedData/Build/Products/Debug/PerceptionMacros\#PerceptionMacros -Xfrontend -load-plugin-executable -Xfrontend /Users/admin/builder/spi-builder-workspace/.derivedData/Build/Products/Debug/SwiftNavigationMacros\#SwiftNavigationMacros -c -j10 -enable-batch-mode -incremental -Xcc -ivfsstatcache -Xcc /Users/admin/builder/spi-builder-workspace/.derivedData/SDKStatCaches.noindex/xros27.0-24M361-e829b21a6f8c9b70876ba0858053c044735bd543db762f57723cac368afd1ce4.sdkstatcache -output-file-map /Users/admin/builder/spi-builder-workspace/.derivedData/Build/Intermediates.noindex/swift-tca-loadable.build/Debug-xros/Loadable-t.build/Objects-normal/arm64/Loadable-OutputFileMap.json -save-temps -no-color-diagnostics -explicit-module-build -module-cache-path /Users/admin/builder/spi-builder-workspace/.derivedData/Build/Intermediates.noindex/SwiftExplicitPrecompiledModules -clang-scanner-module-cache-path /Users/admin/builder/spi-builder-workspace/.derivedData/ModuleCache.noindex -sdk-module-cache-path /Users/admin/builder/spi-builder-workspace/.derivedData/SDKExplicitPrecompiledModules -emit-dependencies -emit-module -emit-module-path /Users/admin/builder/spi-builder-workspace/.derivedData/Build/Intermediates.noindex/swift-tca-loadable.build/Debug-xros/Loadable-t.build/Objects-normal/arm64/Loadable.swiftmodule -serialize-diagnostics -dependency-scan-serialize-diagnostics-path /Users/admin/builder/spi-builder-workspace/.derivedData/Build/Intermediates.noindex/swift-tca-loadable.build/Debug-xros/Loadable-t.build/Objects-normal/arm64/Loadable-dependency-scan.dia -validate-clang-modules-once -clang-build-session-file /Users/admin/builder/spi-builder-workspace/.derivedData/ModuleCache.noindex/Session.modulevalidation -Xcc -fmodules-prune-interval\=86400 -Xcc -fmodules-prune-after\=345600 -emit-const-values -const-gather-protocols-list /Users/admin/builder/spi-builder-workspace/.derivedData/Build/Intermediates.noindex/swift-tca-loadable.build/Debug-xros/Loadable-t.build/Objects-normal/arm64/Loadable_const_extract_protocols.json -Xcc -I/Users/admin/builder/spi-builder-workspace/.dependencies/checkouts/swift-navigation/Sources/UIKitNavigationShim/include -Xcc -I/Users/admin/builder/spi-builder-workspace/.derivedData/Build/Products/Debug-xros/include -Xcc -I/Users/admin/builder/spi-builder-workspace/.derivedData/Build/Intermediates.noindex/swift-tca-loadable.build/Debug-xros/Loadable-t.build/DerivedSources-normal/arm64 -Xcc -I/Users/admin/builder/spi-builder-workspace/.derivedData/Build/Intermediates.noindex/swift-tca-loadable.build/Debug-xros/Loadable-t.build/DerivedSources/arm64 -Xcc -I/Users/admin/builder/spi-builder-workspace/.derivedData/Build/Intermediates.noindex/swift-tca-loadable.build/Debug-xros/Loadable-t.build/DerivedSources -Xcc -DSWIFT_PACKAGE -Xcc -DDEBUG\=1 -emit-objc-header -emit-objc-header-path /Users/admin/builder/spi-builder-workspace/.derivedData/Build/Intermediates.noindex/swift-tca-loadable.build/Debug-xros/Loadable-t.build/Objects-normal/arm64/Loadable-Swift.h -working-directory /Users/admin/builder/spi-builder-workspace -experimental-emit-module-separately -disable-cmo
SwiftDriver ComposableArchitecture normal arm64 com.apple.xcode.tools.swift.compiler (in target 'ComposableArchitecture' from project 'swift-composable-architecture')
    cd /Users/admin/builder/spi-builder-workspace
    builtin-SwiftDriver -- /Applications/Xcode-27.0.0-Release.Candidate.app/Contents/Developer/Toolchains/XcodeDefault.xctoolchain/usr/bin/swiftc -parse-as-library -module-name ComposableArchitecture -Onone @/Users/admin/builder/spi-builder-workspace/.derivedData/Build/Intermediates.noindex/swift-composable-architecture.build/Debug-xros/ComposableArchitecture-t.build/Objects-normal/arm64/ComposableArchitecture.SwiftFileList -DSWIFT_PACKAGE -DDEBUG -DSWIFT_MODULE_RESOURCE_BUNDLE_AVAILABLE -Xcc -fmodule-map-file\=/Users/admin/builder/spi-builder-workspace/.derivedData/Build/Intermediates.noindex/GeneratedModuleMaps-xros/UIKitNavigationShim.modulemap -DXcode -enable-upcoming-feature ExistentialAny -plugin-path /Applications/Xcode-27.0.0-Release.Candidate.app/Contents/Developer/Toolchains/XcodeDefault.xctoolchain/usr/lib/swift/host/plugins/testing -enable-experimental-feature DebugDescriptionMacro -sdk /Applications/Xcode-27.0.0-Release.Candidate.app/Contents/Developer/Platforms/XROS.platform/Developer/SDKs/XROS27.0.sdk -target arm64-apple-xros1.0 -g -module-cache-path /Users/admin/builder/spi-builder-workspace/.derivedData/ModuleCache.noindex -Xfrontend -serialize-debugging-options -profile-coverage-mapping -profile-generate -enable-testing -suppress-warnings -index-store-path /Users/admin/builder/spi-builder-workspace/.derivedData/Index.noindex/DataStore -Xcc -D_LIBCPP_HARDENING_MODE\=_LIBCPP_HARDENING_MODE_DEBUG -swift-version 6 -I /Users/admin/builder/spi-builder-workspace/.derivedData/Build/Products/Debug-xros -Isystem /Applications/Xcode-27.0.0-Release.Candidate.app/Contents/Developer/Platforms/XROS.platform/Developer/usr/lib -F /Users/admin/builder/spi-builder-workspace/.derivedData/Build/Products/Debug-xros/PackageFrameworks -F /Users/admin/builder/spi-builder-workspace/.derivedData/Build/Products/Debug-xros -F /Applications/Xcode-27.0.0-Release.Candidate.app/Contents/Developer/Platforms/XROS.platform/Developer/Library/Frameworks -F /Applications/Xcode-27.0.0-Release.Candidate.app/Contents/Developer/Platforms/XROS.platform/Developer/SDKs/XROS27.0.sdk/Developer/Library/Frameworks -Xfrontend -load-plugin-executable -Xfrontend /Users/admin/builder/spi-builder-workspace/.derivedData/Build/Products/Debug/CasePathsMacros\#CasePathsMacros -Xfrontend -load-plugin-executable -Xfrontend /Users/admin/builder/spi-builder-workspace/.derivedData/Build/Products/Debug/ComposableArchitectureMacros\#ComposableArchitectureMacros -Xfrontend -load-plugin-executable -Xfrontend /Users/admin/builder/spi-builder-workspace/.derivedData/Build/Products/Debug/DependenciesMacrosPlugin\#DependenciesMacrosPlugin -Xfrontend -load-plugin-executable -Xfrontend /Users/admin/builder/spi-builder-workspace/.derivedData/Build/Products/Debug/PerceptionMacros\#PerceptionMacros -Xfrontend -load-plugin-executable -Xfrontend /Users/admin/builder/spi-builder-workspace/.derivedData/Build/Products/Debug/SwiftNavigationMacros\#SwiftNavigationMacros -c -j10 -enable-batch-mode -incremental -Xcc -ivfsstatcache -Xcc /Users/admin/builder/spi-builder-workspace/.derivedData/SDKStatCaches.noindex/xros27.0-24M361-e829b21a6f8c9b70876ba0858053c044735bd543db762f57723cac368afd1ce4.sdkstatcache -output-file-map /Users/admin/builder/spi-builder-workspace/.derivedData/Build/Intermediates.noindex/swift-composable-architecture.build/Debug-xros/ComposableArchitecture-t.build/Objects-normal/arm64/ComposableArchitecture-OutputFileMap.json -save-temps -no-color-diagnostics -explicit-module-build -module-cache-path /Users/admin/builder/spi-builder-workspace/.derivedData/Build/Intermediates.noindex/SwiftExplicitPrecompiledModules -clang-scanner-module-cache-path /Users/admin/builder/spi-builder-workspace/.derivedData/ModuleCache.noindex -sdk-module-cache-path /Users/admin/builder/spi-builder-workspace/.derivedData/SDKExplicitPrecompiledModules -emit-dependencies -emit-module -emit-module-path /Users/admin/builder/spi-builder-workspace/.derivedData/Build/Intermediates.noindex/swift-composable-architecture.build/Debug-xros/ComposableArchitecture-t.build/Objects-normal/arm64/ComposableArchitecture.swiftmodule -serialize-diagnostics -dependency-scan-serialize-diagnostics-path /Users/admin/builder/spi-builder-workspace/.derivedData/Build/Intermediates.noindex/swift-composable-architecture.build/Debug-xros/ComposableArchitecture-t.build/Objects-normal/arm64/ComposableArchitecture-dependency-scan.dia -user-module-version 1.26.2 -validate-clang-modules-once -clang-build-session-file /Users/admin/builder/spi-builder-workspace/.derivedData/ModuleCache.noindex/Session.modulevalidation -Xcc -fmodules-prune-interval\=86400 -Xcc -fmodules-prune-after\=345600 -package-name swift_composable_architecture -emit-const-values -const-gather-protocols-list /Users/admin/builder/spi-builder-workspace/.derivedData/Build/Intermediates.noindex/swift-composable-architecture.build/Debug-xros/ComposableArchitecture-t.build/Objects-normal/arm64/ComposableArchitecture_const_extract_protocols.json -Xcc -I/Users/admin/builder/spi-builder-workspace/.dependencies/checkouts/swift-navigation/Sources/UIKitNavigationShim/include -Xcc -I/Users/admin/builder/spi-builder-workspace/.derivedData/Build/Products/Debug-xros/include -Xcc -I/Users/admin/builder/spi-builder-workspace/.derivedData/Build/Intermediates.noindex/swift-composable-architecture.build/Debug-xros/ComposableArchitecture-t.build/DerivedSources-normal/arm64 -Xcc -I/Users/admin/builder/spi-builder-workspace/.derivedData/Build/Intermediates.noindex/swift-composable-architecture.build/Debug-xros/ComposableArchitecture-t.build/DerivedSources/arm64 -Xcc -I/Users/admin/builder/spi-builder-workspace/.derivedData/Build/Intermediates.noindex/swift-composable-architecture.build/Debug-xros/ComposableArchitecture-t.build/DerivedSources -Xcc -DSWIFT_PACKAGE -Xcc -DDEBUG\=1 -emit-objc-header -emit-objc-header-path /Users/admin/builder/spi-builder-workspace/.derivedData/Build/Intermediates.noindex/swift-composable-architecture.build/Debug-xros/ComposableArchitecture-t.build/Objects-normal/arm64/ComposableArchitecture-Swift.h -working-directory /Users/admin/builder/spi-builder-workspace -experimental-emit-module-separately -disable-cmo
SwiftCompile normal arm64 Compiling\ LoadableView.swift /Users/admin/builder/spi-builder-workspace/Sources/Loadable/LoadableView.swift (in target 'Loadable' from project 'swift-tca-loadable')
/Users/admin/builder/spi-builder-workspace/Sources/Loadable/LoadableView.swift:92:4: error: initializer 'init(wrappedValue:)' requires that 'Store<LoadableState<State>, LoadableAction<State>>' conform to 'Perceptible'
 90 |   private let notRequested: () -> NotRequested
 91 |
 92 |   @Perception.Bindable private var store: Store<LoadableState<State>, LoadableAction<State>>
    |    `- error: initializer 'init(wrappedValue:)' requires that 'Store<LoadableState<State>, LoadableAction<State>>' conform to 'Perceptible'
 93 |
 94 |   /// Create a ``LoadableView`` without any default view implementations for the ``LoadableState``.
PerceptionCore.Bindable.init:2:19: note: where 'Value' = 'Store<LoadableState<State>, LoadableAction<State>>'
1 | generic struct Bindable {
2 | @MainActor public init(wrappedValue: Value) where Value : AnyObject, Value : PerceptionCore.Perceptible}
  |                   `- note: where 'Value' = 'Store<LoadableState<State>, LoadableAction<State>>'
3 |
/Users/admin/builder/spi-builder-workspace/Sources/Loadable/LoadableView.swift:92:15: error: 'Bindable' is unavailable in visionOS
 90 |   private let notRequested: () -> NotRequested
 91 |
 92 |   @Perception.Bindable private var store: Store<LoadableState<State>, LoadableAction<State>>
    |               `- error: 'Bindable' is unavailable in visionOS
 93 |
 94 |   /// Create a ``LoadableView`` without any default view implementations for the ``LoadableState``.
PerceptionCore.Bindable:6:64: note: 'Bindable' has been explicitly marked unavailable here
 4 | @available(watchOS, introduced: 6, obsoleted: 10, message: "Use @Bindable without the 'Perception.' prefix.")
 5 | @available(visionOS, unavailable)
 6 | @MainActor @dynamicMemberLookup @propertyWrapper public struct Bindable<Value> {
   |                                                                `- note: 'Bindable' has been explicitly marked unavailable here
 7 |     @MainActor public var wrappedValue: Value { get set }
 8 |     @MainActor public var projectedValue: PerceptionCore.Bindable<Value> { get }
/Users/admin/builder/spi-builder-workspace/Sources/Loadable/LoadableView.swift:110:5: error: setter for 'store' is unavailable in visionOS
 90 |   private let notRequested: () -> NotRequested
 91 |
 92 |   @Perception.Bindable private var store: Store<LoadableState<State>, LoadableAction<State>>
    |                                    `- note: setter for 'store' has been explicitly marked unavailable here
 93 |
 94 |   /// Create a ``LoadableView`` without any default view implementations for the ``LoadableState``.
    :
108 |   ) {
109 |     self.autoload = autoload
110 |     self.store = store
    |     `- error: setter for 'store' is unavailable in visionOS
111 |     self.notRequested = notRequested
112 |     self.isLoading = isLoading
/Users/admin/builder/spi-builder-workspace/Sources/Loadable/LoadableView.swift:173:5: error: setter for 'store' is unavailable in visionOS
 90 |   private let notRequested: () -> NotRequested
 91 |
 92 |   @Perception.Bindable private var store: Store<LoadableState<State>, LoadableAction<State>>
    |                                    `- note: setter for 'store' has been explicitly marked unavailable here
 93 |
 94 |   /// Create a ``LoadableView`` without any default view implementations for the ``LoadableState``.
    :
171 |   ) {
172 |     self.autoload = autoload
173 |     self.store = store
    |     `- error: setter for 'store' is unavailable in visionOS
174 |     self.notRequested = { ProgressView() }
175 |     self.isLoading = isLoading
/Users/admin/builder/spi-builder-workspace/Sources/Loadable/LoadableView.swift:238:5: error: setter for 'store' is unavailable in visionOS
 90 |   private let notRequested: () -> NotRequested
 91 |
 92 |   @Perception.Bindable private var store: Store<LoadableState<State>, LoadableAction<State>>
    |                                    `- note: setter for 'store' has been explicitly marked unavailable here
 93 |
 94 |   /// Create a ``LoadableView`` without any default view implementations for the ``LoadableState``.
    :
236 |   where IsLoading == IsLoadingView<State, NotRequested, Loaded> {
237 |     self.autoload = autoload
238 |     self.store = store
    |     `- error: setter for 'store' is unavailable in visionOS
239 |     self.notRequested = { notRequested(false) }
240 |     self.isLoading = {
/Users/admin/builder/spi-builder-workspace/Sources/Loadable/LoadableView.swift:291:5: error: setter for 'store' is unavailable in visionOS
 90 |   private let notRequested: () -> NotRequested
 91 |
 92 |   @Perception.Bindable private var store: Store<LoadableState<State>, LoadableAction<State>>
    |                                    `- note: setter for 'store' has been explicitly marked unavailable here
 93 |
 94 |   /// Create a ``LoadableView`` without any default view implementations for the ``LoadableState``.
    :
289 |     let notRequested = { (_: Bool) in ProgressView() }
290 |     self.autoload = autoload
291 |     self.store = store
    |     `- error: setter for 'store' is unavailable in visionOS
292 |     self.notRequested = { notRequested(false) }
293 |     self.isLoading = {
Failed frontend command:
SwiftCompile normal arm64 /Users/admin/builder/spi-builder-workspace/Sources/Loadable/LoadableView.swift (in target 'Loadable' from project 'swift-tca-loadable')
    cd /Users/admin/builder/spi-builder-workspace
    builtin-SwiftPerFileCompile LoadableView.swift
/Applications/Xcode-27.0.0-Release.Candidate.app/Contents/Developer/Toolchains/XcodeDefault.xctoolchain/usr/bin/swift-frontend -frontend -c /Users/admin/builder/spi-builder-workspace/Sources/Loadable/Loadable.swift -primary-file /Users/admin/builder/spi-builder-workspace/Sources/Loadable/LoadableView.swift -emit-dependencies-path /Users/admin/builder/spi-builder-workspace/.derivedData/Build/Intermediates.noindex/swift-tca-loadable.build/Debug-xros/Loadable-t.build/Objects-normal/arm64/LoadableView.d -emit-const-values-path /Users/admin/builder/spi-builder-workspace/.derivedData/Build/Intermediates.noindex/swift-tca-loadable.build/Debug-xros/Loadable-t.build/Objects-normal/arm64/LoadableView.swiftconstvalues -emit-reference-dependencies-path /Users/admin/builder/spi-builder-workspace/.derivedData/Build/Intermediates.noindex/swift-tca-loadable.build/Debug-xros/Loadable-t.build/Objects-normal/arm64/LoadableView.swiftdeps -serialize-diagnostics-path /Users/admin/builder/spi-builder-workspace/.derivedData/Build/Intermediates.noindex/swift-tca-loadable.build/Debug-xros/Loadable-t.build/Objects-normal/arm64/LoadableView.dia -target arm64-apple-xros1.0 -disable-cross-import-overlay-search -load-resolved-plugin \#/Users/admin/builder/spi-builder-workspace/.derivedData/Build/Products/Debug/CasePathsMacros\#CasePathsMacros -load-resolved-plugin \#/Users/admin/builder/spi-builder-workspace/.derivedData/Build/Products/Debug/ComposableArchitectureMacros\#ComposableArchitectureMacros -load-resolved-plugin \#/Users/admin/builder/spi-builder-workspace/.derivedData/Build/Products/Debug/DependenciesMacrosPlugin\#DependenciesMacrosPlugin -load-resolved-plugin /Applications/Xcode-27.0.0-Release.Candidate.app/Contents/Developer/Platforms/XROS.platform/Developer/usr/lib/swift/host/plugins/libFoundationMacros.dylib\#/Applications/Xcode-27.0.0-Release.Candidate.app/Contents/Developer/Platforms/XROS.platform/Developer/usr/bin/swift-plugin-server\#FoundationMacros -load-resolved-plugin /Applications/Xcode-27.0.0-Release.Candidate.app/Contents/Developer/Platforms/XROS.platform/Developer/usr/lib/swift/host/plugins/libObservationMacros.dylib\#/Applications/Xcode-27.0.0-Release.Candidate.app/Contents/Developer/Platforms/XROS.platform/Developer/usr/bin/swift-plugin-server\#ObservationMacros -load-resolved-plugin \#/Users/admin/builder/spi-builder-workspace/.derivedData/Build/Products/Debug/PerceptionMacros\#PerceptionMacros -load-resolved-plugin /Applications/Xcode-27.0.0-Release.Candidate.app/Contents/Developer/Platforms/XROS.platform/Developer/usr/lib/swift/host/plugins/libPreviewsMacros.dylib\#/Applications/Xcode-27.0.0-Release.Candidate.app/Contents/Developer/Platforms/XROS.platform/Developer/usr/bin/swift-plugin-server\#PreviewsMacros -load-resolved-plugin /Applications/Xcode-27.0.0-Release.Candidate.app/Contents/Developer/Platforms/XROS.platform/Developer/usr/lib/swift/host/plugins/libSwiftMacros.dylib\#/Applications/Xcode-27.0.0-Release.Candidate.app/Contents/Developer/Platforms/XROS.platform/Developer/usr/bin/swift-plugin-server\#SwiftMacros -load-resolved-plugin \#/Users/admin/builder/spi-builder-workspace/.derivedData/Build/Products/Debug/SwiftNavigationMacros\#SwiftNavigationMacros -load-resolved-plugin /Applications/Xcode-27.0.0-Release.Candidate.app/Contents/Developer/Platforms/XROS.platform/Developer/usr/lib/swift/host/plugins/libSwiftUIMacros.dylib\#/Applications/Xcode-27.0.0-Release.Candidate.app/Contents/Developer/Platforms/XROS.platform/Developer/usr/bin/swift-plugin-server\#SwiftUIMacros -disable-implicit-swift-modules -Xcc -fno-implicit-modules -Xcc -fno-implicit-module-maps -explicit-swift-module-map-file /Users/admin/builder/spi-builder-workspace/.derivedData/Build/Intermediates.noindex/swift-tca-loadable.build/Debug-xros/Loadable-t.build/Objects-normal/arm64/Loadable-dependencies-1.json -Xllvm -aarch64-use-tbi -enable-objc-interop -stack-check -sdk /Applications/Xcode-27.0.0-Release.Candidate.app/Contents/Developer/Platforms/XROS.platform/Developer/SDKs/XROS27.0.sdk -I /Users/admin/builder/spi-builder-workspace/.derivedData/Build/Products/Debug-xros -Isystem /Applications/Xcode-27.0.0-Release.Candidate.app/Contents/Developer/Platforms/XROS.platform/Developer/usr/lib -F /Users/admin/builder/spi-builder-workspace/.derivedData/Build/Products/Debug-xros/PackageFrameworks -F /Users/admin/builder/spi-builder-workspace/.derivedData/Build/Products/Debug-xros -F /Applications/Xcode-27.0.0-Release.Candidate.app/Contents/Developer/Platforms/XROS.platform/Developer/Library/Frameworks -F /Applications/Xcode-27.0.0-Release.Candidate.app/Contents/Developer/Platforms/XROS.platform/Developer/SDKs/XROS27.0.sdk/Developer/Library/Frameworks -module-cache-path /Users/admin/builder/spi-builder-workspace/.derivedData/Build/Intermediates.noindex/SwiftExplicitPrecompiledModules -no-color-diagnostics -Xcc -fno-color-diagnostics -enable-testing -g -debug-info-format\=dwarf -dwarf-version\=4 -profile-generate -profile-coverage-mapping -swift-version 5 -Onone -D SWIFT_PACKAGE -D DEBUG -D SWIFT_MODULE_RESOURCE_BUNDLE_UNAVAILABLE -D Xcode -serialize-debugging-options -load-plugin-executable /Users/admin/builder/spi-builder-workspace/.derivedData/Build/Products/Debug/CasePathsMacros\#CasePathsMacros -load-plugin-executable /Users/admin/builder/spi-builder-workspace/.derivedData/Build/Products/Debug/ComposableArchitectureMacros\#ComposableArchitectureMacros -load-plugin-executable /Users/admin/builder/spi-builder-workspace/.derivedData/Build/Products/Debug/DependenciesMacrosPlugin\#DependenciesMacrosPlugin -load-plugin-executable /Users/admin/builder/spi-builder-workspace/.derivedData/Build/Products/Debug/PerceptionMacros\#PerceptionMacros -load-plugin-executable /Users/admin/builder/spi-builder-workspace/.derivedData/Build/Products/Debug/SwiftNavigationMacros\#SwiftNavigationMacros -enable-experimental-feature DebugDescriptionMacro -empty-abi-descriptor -validate-clang-modules-once -clang-build-session-file /Users/admin/builder/spi-builder-workspace/.derivedData/ModuleCache.noindex/Session.modulevalidation -Xcc -working-directory -Xcc /Users/admin/builder/spi-builder-workspace -enable-anonymous-context-mangled-names -file-compilation-dir /Users/admin/builder/spi-builder-workspace -Xcc -fmodule-map-file\=/Users/admin/builder/spi-builder-workspace/.derivedData/Build/Intermediates.noindex/GeneratedModuleMaps-xros/UIKitNavigationShim.modulemap -Xcc -D_LIBCPP_HARDENING_MODE\=_LIBCPP_HARDENING_MODE_DEBUG -Xcc -ivfsstatcache -Xcc /Users/admin/builder/spi-builder-workspace/.derivedData/SDKStatCaches.noindex/xros27.0-24M361-e829b21a6f8c9b70876ba0858053c044735bd543db762f57723cac368afd1ce4.sdkstatcache -Xcc -fmodules-prune-interval\=86400 -Xcc -fmodules-prune-after\=345600 -Xcc -I/Users/admin/builder/spi-builder-workspace/.dependencies/checkouts/swift-navigation/Sources/UIKitNavigationShim/include -Xcc -I/Users/admin/builder/spi-builder-workspace/.derivedData/Build/Products/Debug-xros/include -Xcc -I/Users/admin/builder/spi-builder-workspace/.derivedData/Build/Intermediates.noindex/swift-tca-loadable.build/Debug-xros/Loadable-t.build/DerivedSources-normal/arm64 -Xcc -I/Users/admin/builder/spi-builder-workspace/.derivedData/Build/Intermediates.noindex/swift-tca-loadable.build/Debug-xros/Loadable-t.build/DerivedSources/arm64 -Xcc -I/Users/admin/builder/spi-builder-workspace/.derivedData/Build/Intermediates.noindex/swift-tca-loadable.build/Debug-xros/Loadable-t.build/DerivedSources -Xcc -DSWIFT_PACKAGE -Xcc -DDEBUG\=1 -no-auto-bridging-header-chaining -module-name Loadable -const-gather-protocols-file /Users/admin/builder/spi-builder-workspace/.derivedData/Build/Intermediates.noindex/swift-tca-loadable.build/Debug-xros/Loadable-t.build/Objects-normal/arm64/Loadable_const_extract_protocols.json -disable-clang-spi -clang-target arm64-apple-xros27.0 -target-sdk-version 27.0 -target-sdk-name xros27.0 -in-process-plugin-server-path /Applications/Xcode-27.0.0-Release.Candidate.app/Contents/Developer/Toolchains/XcodeDefault.xctoolchain/usr/lib/swift/host/libSwiftInProcPluginServer.dylib -parse-as-library -o /Users/admin/builder/spi-builder-workspace/.derivedData/Build/Intermediates.noindex/swift-tca-loadable.build/Debug-xros/Loadable-t.build/Objects-normal/arm64/LoadableView.o -debug-module-path /Users/admin/builder/spi-builder-workspace/.derivedData/Build/Intermediates.noindex/swift-tca-loadable.build/Debug-xros/Loadable-t.build/Objects-normal/arm64/Loadable.swiftmodule -index-unit-output-path /swift-tca-loadable.build/Debug-xros/Loadable-t.build/Objects-normal/arm64/LoadableView.o -index-store-path /Users/admin/builder/spi-builder-workspace/.derivedData/Index.noindex/DataStore -index-system-modules
SwiftEmitModule normal arm64 Emitting\ module\ for\ Loadable (in target 'Loadable' from project 'swift-tca-loadable')
/Users/admin/builder/spi-builder-workspace/Sources/Loadable/Loadable.swift:300:60: warning: 'reduce(into:action:)' is deprecated: Don't invoke a reducer directly. Reducers are processed by the store. If you need to run a reducer on some child state given some child action, use a 'send' effect:
  − return Child().reduce(&child.state, action: .childAction).map(Action.child)
  + return .send(.child(.childAction))
Or, if you don't want to send a new action through the store, extract helpers that can be invoked by either reducer. [#DeprecatedDeclaration]
298 |   ) -> Effect<Parent.Action> {
299 |
300 |     let parentEffects: Effect<Parent.Action> = self.parent.reduce(into: &state, action: action)
    |                                                            `- warning: 'reduce(into:action:)' is deprecated: Don't invoke a reducer directly. Reducers are processed by the store. If you need to run a reducer on some child state given some child action, use a 'send' effect:
  − return Child().reduce(&child.state, action: .childAction).map(Action.child)
  + return .send(.child(.childAction))
Or, if you don't want to send a new action through the store, extract helpers that can be invoked by either reducer. [#DeprecatedDeclaration]
301 |
302 |     // Short circuit if we are handling the trigger action.
/Users/admin/builder/spi-builder-workspace/Sources/Loadable/LoadableView.swift:92:4: error: initializer 'init(wrappedValue:)' requires that 'Store<LoadableState<State>, LoadableAction<State>>' conform to 'Perceptible'
 90 |   private let notRequested: () -> NotRequested
 91 |
 92 |   @Perception.Bindable private var store: Store<LoadableState<State>, LoadableAction<State>>
    |    `- error: initializer 'init(wrappedValue:)' requires that 'Store<LoadableState<State>, LoadableAction<State>>' conform to 'Perceptible'
 93 |
 94 |   /// Create a ``LoadableView`` without any default view implementations for the ``LoadableState``.
PerceptionCore.Bindable.init:2:19: note: where 'Value' = 'Store<LoadableState<State>, LoadableAction<State>>'
1 | generic struct Bindable {
2 | @MainActor public init(wrappedValue: Value) where Value : AnyObject, Value : PerceptionCore.Perceptible}
  |                   `- note: where 'Value' = 'Store<LoadableState<State>, LoadableAction<State>>'
3 |
/Users/admin/builder/spi-builder-workspace/Sources/Loadable/LoadableView.swift:92:15: error: 'Bindable' is unavailable in visionOS
 90 |   private let notRequested: () -> NotRequested
 91 |
 92 |   @Perception.Bindable private var store: Store<LoadableState<State>, LoadableAction<State>>
    |               `- error: 'Bindable' is unavailable in visionOS
 93 |
 94 |   /// Create a ``LoadableView`` without any default view implementations for the ``LoadableState``.
PerceptionCore.Bindable:6:64: note: 'Bindable' has been explicitly marked unavailable here
 4 | @available(watchOS, introduced: 6, obsoleted: 10, message: "Use @Bindable without the 'Perception.' prefix.")
 5 | @available(visionOS, unavailable)
 6 | @MainActor @dynamicMemberLookup @propertyWrapper public struct Bindable<Value> {
   |                                                                `- note: 'Bindable' has been explicitly marked unavailable here
 7 |     @MainActor public var wrappedValue: Value { get set }
 8 |     @MainActor public var projectedValue: PerceptionCore.Bindable<Value> { get }
[#DeprecatedDeclaration]: <https://docs.swift.org/compiler/documentation/diagnostics/deprecated-declaration>
Failed frontend command:
/Applications/Xcode-27.0.0-Release.Candidate.app/Contents/Developer/Toolchains/XcodeDefault.xctoolchain/usr/bin/swift-frontend -frontend -emit-module -experimental-skip-non-inlinable-function-bodies-without-types /Users/admin/builder/spi-builder-workspace/Sources/Loadable/Loadable.swift /Users/admin/builder/spi-builder-workspace/Sources/Loadable/LoadableView.swift -target arm64-apple-xros1.0 -disable-cross-import-overlay-search -load-resolved-plugin \#/Users/admin/builder/spi-builder-workspace/.derivedData/Build/Products/Debug/CasePathsMacros\#CasePathsMacros -load-resolved-plugin \#/Users/admin/builder/spi-builder-workspace/.derivedData/Build/Products/Debug/ComposableArchitectureMacros\#ComposableArchitectureMacros -load-resolved-plugin \#/Users/admin/builder/spi-builder-workspace/.derivedData/Build/Products/Debug/DependenciesMacrosPlugin\#DependenciesMacrosPlugin -load-resolved-plugin /Applications/Xcode-27.0.0-Release.Candidate.app/Contents/Developer/Platforms/XROS.platform/Developer/usr/lib/swift/host/plugins/libFoundationMacros.dylib\#/Applications/Xcode-27.0.0-Release.Candidate.app/Contents/Developer/Platforms/XROS.platform/Developer/usr/bin/swift-plugin-server\#FoundationMacros -load-resolved-plugin /Applications/Xcode-27.0.0-Release.Candidate.app/Contents/Developer/Platforms/XROS.platform/Developer/usr/lib/swift/host/plugins/libObservationMacros.dylib\#/Applications/Xcode-27.0.0-Release.Candidate.app/Contents/Developer/Platforms/XROS.platform/Developer/usr/bin/swift-plugin-server\#ObservationMacros -load-resolved-plugin \#/Users/admin/builder/spi-builder-workspace/.derivedData/Build/Products/Debug/PerceptionMacros\#PerceptionMacros -load-resolved-plugin /Applications/Xcode-27.0.0-Release.Candidate.app/Contents/Developer/Platforms/XROS.platform/Developer/usr/lib/swift/host/plugins/libPreviewsMacros.dylib\#/Applications/Xcode-27.0.0-Release.Candidate.app/Contents/Developer/Platforms/XROS.platform/Developer/usr/bin/swift-plugin-server\#PreviewsMacros -load-resolved-plugin /Applications/Xcode-27.0.0-Release.Candidate.app/Contents/Developer/Platforms/XROS.platform/Developer/usr/lib/swift/host/plugins/libSwiftMacros.dylib\#/Applications/Xcode-27.0.0-Release.Candidate.app/Contents/Developer/Platforms/XROS.platform/Developer/usr/bin/swift-plugin-server\#SwiftMacros -load-resolved-plugin \#/Users/admin/builder/spi-builder-workspace/.derivedData/Build/Products/Debug/SwiftNavigationMacros\#SwiftNavigationMacros -load-resolved-plugin /Applications/Xcode-27.0.0-Release.Candidate.app/Contents/Developer/Platforms/XROS.platform/Developer/usr/lib/swift/host/plugins/libSwiftUIMacros.dylib\#/Applications/Xcode-27.0.0-Release.Candidate.app/Contents/Developer/Platforms/XROS.platform/Developer/usr/bin/swift-plugin-server\#SwiftUIMacros -disable-implicit-swift-modules -Xcc -fno-implicit-modules -Xcc -fno-implicit-module-maps -explicit-swift-module-map-file /Users/admin/builder/spi-builder-workspace/.derivedData/Build/Intermediates.noindex/swift-tca-loadable.build/Debug-xros/Loadable-t.build/Objects-normal/arm64/Loadable-dependencies-1.json -Xllvm -aarch64-use-tbi -enable-objc-interop -stack-check -sdk /Applications/Xcode-27.0.0-Release.Candidate.app/Contents/Developer/Platforms/XROS.platform/Developer/SDKs/XROS27.0.sdk -I /Users/admin/builder/spi-builder-workspace/.derivedData/Build/Products/Debug-xros -Isystem /Applications/Xcode-27.0.0-Release.Candidate.app/Contents/Developer/Platforms/XROS.platform/Developer/usr/lib -F /Users/admin/builder/spi-builder-workspace/.derivedData/Build/Products/Debug-xros/PackageFrameworks -F /Users/admin/builder/spi-builder-workspace/.derivedData/Build/Products/Debug-xros -F /Applications/Xcode-27.0.0-Release.Candidate.app/Contents/Developer/Platforms/XROS.platform/Developer/Library/Frameworks -F /Applications/Xcode-27.0.0-Release.Candidate.app/Contents/Developer/Platforms/XROS.platform/Developer/SDKs/XROS27.0.sdk/Developer/Library/Frameworks -module-cache-path /Users/admin/builder/spi-builder-workspace/.derivedData/Build/Intermediates.noindex/SwiftExplicitPrecompiledModules -no-color-diagnostics -Xcc -fno-color-diagnostics -enable-testing -g -debug-info-format\=dwarf -dwarf-version\=4 -profile-generate -profile-coverage-mapping -swift-version 5 -Onone -D SWIFT_PACKAGE -D DEBUG -D SWIFT_MODULE_RESOURCE_BUNDLE_UNAVAILABLE -D Xcode -serialize-debugging-options -load-plugin-executable /Users/admin/builder/spi-builder-workspace/.derivedData/Build/Products/Debug/CasePathsMacros\#CasePathsMacros -load-plugin-executable /Users/admin/builder/spi-builder-workspace/.derivedData/Build/Products/Debug/ComposableArchitectureMacros\#ComposableArchitectureMacros -load-plugin-executable /Users/admin/builder/spi-builder-workspace/.derivedData/Build/Products/Debug/DependenciesMacrosPlugin\#DependenciesMacrosPlugin -load-plugin-executable /Users/admin/builder/spi-builder-workspace/.derivedData/Build/Products/Debug/PerceptionMacros\#PerceptionMacros -load-plugin-executable /Users/admin/builder/spi-builder-workspace/.derivedData/Build/Products/Debug/SwiftNavigationMacros\#SwiftNavigationMacros -enable-experimental-feature DebugDescriptionMacro -empty-abi-descriptor -validate-clang-modules-once -clang-build-session-file /Users/admin/builder/spi-builder-workspace/.derivedData/ModuleCache.noindex/Session.modulevalidation -Xcc -working-directory -Xcc /Users/admin/builder/spi-builder-workspace -enable-anonymous-context-mangled-names -file-compilation-dir /Users/admin/builder/spi-builder-workspace -Xcc -fmodule-map-file\=/Users/admin/builder/spi-builder-workspace/.derivedData/Build/Intermediates.noindex/GeneratedModuleMaps-xros/UIKitNavigationShim.modulemap -Xcc -D_LIBCPP_HARDENING_MODE\=_LIBCPP_HARDENING_MODE_DEBUG -Xcc -ivfsstatcache -Xcc /Users/admin/builder/spi-builder-workspace/.derivedData/SDKStatCaches.noindex/xros27.0-24M361-e829b21a6f8c9b70876ba0858053c044735bd543db762f57723cac368afd1ce4.sdkstatcache -Xcc -fmodules-prune-interval\=86400 -Xcc -fmodules-prune-after\=345600 -Xcc -I/Users/admin/builder/spi-builder-workspace/.dependencies/checkouts/swift-navigation/Sources/UIKitNavigationShim/include -Xcc -I/Users/admin/builder/spi-builder-workspace/.derivedData/Build/Products/Debug-xros/include -Xcc -I/Users/admin/builder/spi-builder-workspace/.derivedData/Build/Intermediates.noindex/swift-tca-loadable.build/Debug-xros/Loadable-t.build/DerivedSources-normal/arm64 -Xcc -I/Users/admin/builder/spi-builder-workspace/.derivedData/Build/Intermediates.noindex/swift-tca-loadable.build/Debug-xros/Loadable-t.build/DerivedSources/arm64 -Xcc -I/Users/admin/builder/spi-builder-workspace/.derivedData/Build/Intermediates.noindex/swift-tca-loadable.build/Debug-xros/Loadable-t.build/DerivedSources -Xcc -DSWIFT_PACKAGE -Xcc -DDEBUG\=1 -no-auto-bridging-header-chaining -module-name Loadable -const-gather-protocols-file /Users/admin/builder/spi-builder-workspace/.derivedData/Build/Intermediates.noindex/swift-tca-loadable.build/Debug-xros/Loadable-t.build/Objects-normal/arm64/Loadable_const_extract_protocols.json -disable-clang-spi -clang-target arm64-apple-xros27.0 -target-sdk-version 27.0 -target-sdk-name xros27.0 -in-process-plugin-server-path /Applications/Xcode-27.0.0-Release.Candidate.app/Contents/Developer/Toolchains/XcodeDefault.xctoolchain/usr/lib/swift/host/libSwiftInProcPluginServer.dylib -emit-module-doc-path /Users/admin/builder/spi-builder-workspace/.derivedData/Build/Intermediates.noindex/swift-tca-loadable.build/Debug-xros/Loadable-t.build/Objects-normal/arm64/Loadable.swiftdoc -emit-module-source-info-path /Users/admin/builder/spi-builder-workspace/.derivedData/Build/Intermediates.noindex/swift-tca-loadable.build/Debug-xros/Loadable-t.build/Objects-normal/arm64/Loadable.swiftsourceinfo -emit-objc-header-path /Users/admin/builder/spi-builder-workspace/.derivedData/Build/Intermediates.noindex/swift-tca-loadable.build/Debug-xros/Loadable-t.build/Objects-normal/arm64/Loadable-Swift.h -serialize-diagnostics-path /Users/admin/builder/spi-builder-workspace/.derivedData/Build/Intermediates.noindex/swift-tca-loadable.build/Debug-xros/Loadable-t.build/Objects-normal/arm64/Loadable-primary-emit-module.dia -emit-dependencies-path /Users/admin/builder/spi-builder-workspace/.derivedData/Build/Intermediates.noindex/swift-tca-loadable.build/Debug-xros/Loadable-t.build/Objects-normal/arm64/Loadable-primary-emit-module.d -parse-as-library -o /Users/admin/builder/spi-builder-workspace/.derivedData/Build/Intermediates.noindex/swift-tca-loadable.build/Debug-xros/Loadable-t.build/Objects-normal/arm64/Loadable.swiftmodule -emit-abi-descriptor-path /Users/admin/builder/spi-builder-workspace/.derivedData/Build/Intermediates.noindex/swift-tca-loadable.build/Debug-xros/Loadable-t.build/Objects-normal/arm64/Loadable.abi.json
SwiftCompile normal arm64 (in target 'Loadable' from project 'swift-tca-loadable')
    cd /Users/admin/builder/spi-builder-workspace

SwiftCompile normal arm64 Compiling\ Loadable.swift /Users/admin/builder/spi-builder-workspace/Sources/Loadable/Loadable.swift (in target 'Loadable' from project 'swift-tca-loadable')
SwiftCompile normal arm64 /Users/admin/builder/spi-builder-workspace/Sources/Loadable/Loadable.swift (in target 'Loadable' from project 'swift-tca-loadable')
    cd /Users/admin/builder/spi-builder-workspace
    builtin-SwiftPerFileCompile Loadable.swift
SwiftDriver\ Compilation ComposableArchitecture normal arm64 com.apple.xcode.tools.swift.compiler (in target 'ComposableArchitecture' from project 'swift-composable-architecture')
    cd /Users/admin/builder/spi-builder-workspace
    builtin-Swift-Compilation -- /Applications/Xcode-27.0.0-Release.Candidate.app/Contents/Developer/Toolchains/XcodeDefault.xctoolchain/usr/bin/swiftc -parse-as-library -module-name ComposableArchitecture -Onone @/Users/admin/builder/spi-builder-workspace/.derivedData/Build/Intermediates.noindex/swift-composable-architecture.build/Debug-xros/ComposableArchitecture-t.build/Objects-normal/arm64/ComposableArchitecture.SwiftFileList -DSWIFT_PACKAGE -DDEBUG -DSWIFT_MODULE_RESOURCE_BUNDLE_AVAILABLE -Xcc -fmodule-map-file\=/Users/admin/builder/spi-builder-workspace/.derivedData/Build/Intermediates.noindex/GeneratedModuleMaps-xros/UIKitNavigationShim.modulemap -DXcode -enable-upcoming-feature ExistentialAny -plugin-path /Applications/Xcode-27.0.0-Release.Candidate.app/Contents/Developer/Toolchains/XcodeDefault.xctoolchain/usr/lib/swift/host/plugins/testing -enable-experimental-feature DebugDescriptionMacro -sdk /Applications/Xcode-27.0.0-Release.Candidate.app/Contents/Developer/Platforms/XROS.platform/Developer/SDKs/XROS27.0.sdk -target arm64-apple-xros1.0 -g -module-cache-path /Users/admin/builder/spi-builder-workspace/.derivedData/ModuleCache.noindex -Xfrontend -serialize-debugging-options -profile-coverage-mapping -profile-generate -enable-testing -suppress-warnings -index-store-path /Users/admin/builder/spi-builder-workspace/.derivedData/Index.noindex/DataStore -Xcc -D_LIBCPP_HARDENING_MODE\=_LIBCPP_HARDENING_MODE_DEBUG -swift-version 6 -I /Users/admin/builder/spi-builder-workspace/.derivedData/Build/Products/Debug-xros -Isystem /Applications/Xcode-27.0.0-Release.Candidate.app/Contents/Developer/Platforms/XROS.platform/Developer/usr/lib -F /Users/admin/builder/spi-builder-workspace/.derivedData/Build/Products/Debug-xros/PackageFrameworks -F /Users/admin/builder/spi-builder-workspace/.derivedData/Build/Products/Debug-xros -F /Applications/Xcode-27.0.0-Release.Candidate.app/Contents/Developer/Platforms/XROS.platform/Developer/Library/Frameworks -F /Applications/Xcode-27.0.0-Release.Candidate.app/Contents/Developer/Platforms/XROS.platform/Developer/SDKs/XROS27.0.sdk/Developer/Library/Frameworks -Xfrontend -load-plugin-executable -Xfrontend /Users/admin/builder/spi-builder-workspace/.derivedData/Build/Products/Debug/CasePathsMacros\#CasePathsMacros -Xfrontend -load-plugin-executable -Xfrontend /Users/admin/builder/spi-builder-workspace/.derivedData/Build/Products/Debug/ComposableArchitectureMacros\#ComposableArchitectureMacros -Xfrontend -load-plugin-executable -Xfrontend /Users/admin/builder/spi-builder-workspace/.derivedData/Build/Products/Debug/DependenciesMacrosPlugin\#DependenciesMacrosPlugin -Xfrontend -load-plugin-executable -Xfrontend /Users/admin/builder/spi-builder-workspace/.derivedData/Build/Products/Debug/PerceptionMacros\#PerceptionMacros -Xfrontend -load-plugin-executable -Xfrontend /Users/admin/builder/spi-builder-workspace/.derivedData/Build/Products/Debug/SwiftNavigationMacros\#SwiftNavigationMacros -c -j10 -enable-batch-mode -incremental -Xcc -ivfsstatcache -Xcc /Users/admin/builder/spi-builder-workspace/.derivedData/SDKStatCaches.noindex/xros27.0-24M361-e829b21a6f8c9b70876ba0858053c044735bd543db762f57723cac368afd1ce4.sdkstatcache -output-file-map /Users/admin/builder/spi-builder-workspace/.derivedData/Build/Intermediates.noindex/swift-composable-architecture.build/Debug-xros/ComposableArchitecture-t.build/Objects-normal/arm64/ComposableArchitecture-OutputFileMap.json -save-temps -no-color-diagnostics -explicit-module-build -module-cache-path /Users/admin/builder/spi-builder-workspace/.derivedData/Build/Intermediates.noindex/SwiftExplicitPrecompiledModules -clang-scanner-module-cache-path /Users/admin/builder/spi-builder-workspace/.derivedData/ModuleCache.noindex -sdk-module-cache-path /Users/admin/builder/spi-builder-workspace/.derivedData/SDKExplicitPrecompiledModules -emit-dependencies -emit-module -emit-module-path /Users/admin/builder/spi-builder-workspace/.derivedData/Build/Intermediates.noindex/swift-composable-architecture.build/Debug-xros/ComposableArchitecture-t.build/Objects-normal/arm64/ComposableArchitecture.swiftmodule -serialize-diagnostics -dependency-scan-serialize-diagnostics-path /Users/admin/builder/spi-builder-workspace/.derivedData/Build/Intermediates.noindex/swift-composable-architecture.build/Debug-xros/ComposableArchitecture-t.build/Objects-normal/arm64/ComposableArchitecture-dependency-scan.dia -user-module-version 1.26.2 -validate-clang-modules-once -clang-build-session-file /Users/admin/builder/spi-builder-workspace/.derivedData/ModuleCache.noindex/Session.modulevalidation -Xcc -fmodules-prune-interval\=86400 -Xcc -fmodules-prune-after\=345600 -package-name swift_composable_architecture -emit-const-values -const-gather-protocols-list /Users/admin/builder/spi-builder-workspace/.derivedData/Build/Intermediates.noindex/swift-composable-architecture.build/Debug-xros/ComposableArchitecture-t.build/Objects-normal/arm64/ComposableArchitecture_const_extract_protocols.json -Xcc -I/Users/admin/builder/spi-builder-workspace/.dependencies/checkouts/swift-navigation/Sources/UIKitNavigationShim/include -Xcc -I/Users/admin/builder/spi-builder-workspace/.derivedData/Build/Products/Debug-xros/include -Xcc -I/Users/admin/builder/spi-builder-workspace/.derivedData/Build/Intermediates.noindex/swift-composable-architecture.build/Debug-xros/ComposableArchitecture-t.build/DerivedSources-normal/arm64 -Xcc -I/Users/admin/builder/spi-builder-workspace/.derivedData/Build/Intermediates.noindex/swift-composable-architecture.build/Debug-xros/ComposableArchitecture-t.build/DerivedSources/arm64 -Xcc -I/Users/admin/builder/spi-builder-workspace/.derivedData/Build/Intermediates.noindex/swift-composable-architecture.build/Debug-xros/ComposableArchitecture-t.build/DerivedSources -Xcc -DSWIFT_PACKAGE -Xcc -DDEBUG\=1 -emit-objc-header -emit-objc-header-path /Users/admin/builder/spi-builder-workspace/.derivedData/Build/Intermediates.noindex/swift-composable-architecture.build/Debug-xros/ComposableArchitecture-t.build/Objects-normal/arm64/ComposableArchitecture-Swift.h -working-directory /Users/admin/builder/spi-builder-workspace -experimental-emit-module-separately -disable-cmo
Ld /Users/admin/builder/spi-builder-workspace/.derivedData/Build/Products/Debug-xros/ComposableArchitecture.o normal (in target 'ComposableArchitecture' from project 'swift-composable-architecture')
    cd /Users/admin/builder/spi-builder-workspace/.dependencies/checkouts/swift-composable-architecture
    /Applications/Xcode-27.0.0-Release.Candidate.app/Contents/Developer/Toolchains/XcodeDefault.xctoolchain/usr/bin/clang -Xlinker -reproducible -target arm64-apple-xros1.0 -r -isysroot /Applications/Xcode-27.0.0-Release.Candidate.app/Contents/Developer/Platforms/XROS.platform/Developer/SDKs/XROS27.0.sdk -O0 -w -Xlinker -no_warn_duplicate_libraries -F/Users/admin/builder/spi-builder-workspace/.derivedData/Build/Intermediates.noindex/EagerLinkingTBDs/Debug-xros -F/Users/admin/builder/spi-builder-workspace/.derivedData/Build/Products/Debug-xros/PackageFrameworks -F/Users/admin/builder/spi-builder-workspace/.derivedData/Build/Products/Debug-xros -iframework /Applications/Xcode-27.0.0-Release.Candidate.app/Contents/Developer/Platforms/XROS.platform/Developer/Library/Frameworks -iframework /Applications/Xcode-27.0.0-Release.Candidate.app/Contents/Developer/Platforms/XROS.platform/Developer/SDKs/XROS27.0.sdk/Developer/Library/Frameworks -filelist /Users/admin/builder/spi-builder-workspace/.derivedData/Build/Intermediates.noindex/swift-composable-architecture.build/Debug-xros/ComposableArchitecture-t.build/Objects-normal/arm64/ComposableArchitecture.LinkFileList -nostdlib -Xlinker -object_path_lto -Xlinker /Users/admin/builder/spi-builder-workspace/.derivedData/Build/Intermediates.noindex/swift-composable-architecture.build/Debug-xros/ComposableArchitecture-t.build/Objects-normal/arm64/ComposableArchitecture_lto.o -Xlinker -no_deduplicate -Xlinker -debug_variant -Xlinker -dependency_info -Xlinker /Users/admin/builder/spi-builder-workspace/.derivedData/Build/Intermediates.noindex/swift-composable-architecture.build/Debug-xros/ComposableArchitecture-t.build/Objects-normal/arm64/ComposableArchitecture_dependency_info.dat -fobjc-link-runtime -L/Applications/Xcode-27.0.0-Release.Candidate.app/Contents/Developer/Toolchains/XcodeDefault.xctoolchain/usr/lib/swift/xros -L/usr/lib/swift -Xlinker -add_ast_path -Xlinker /Users/admin/builder/spi-builder-workspace/.derivedData/Build/Intermediates.noindex/swift-composable-architecture.build/Debug-xros/ComposableArchitecture-t.build/Objects-normal/arm64/ComposableArchitecture.swiftmodule -o /Users/admin/builder/spi-builder-workspace/.derivedData/Build/Products/Debug-xros/ComposableArchitecture.o
ExtractAppIntentsMetadata (in target 'ComposableArchitecture' from project 'swift-composable-architecture')
    cd /Users/admin/builder/spi-builder-workspace/.dependencies/checkouts/swift-composable-architecture
    /Applications/Xcode-27.0.0-Release.Candidate.app/Contents/Developer/Toolchains/XcodeDefault.xctoolchain/usr/bin/appintentsmetadataprocessor --toolchain-dir /var/run/com.apple.security.cryptexd/mnt/com.apple.MobileAsset.MetalToolchain-v27.1.266.1.7rFi4z/Metal.xctoolchain --module-name ComposableArchitecture --sdk-root /Applications/Xcode-27.0.0-Release.Candidate.app/Contents/Developer/Platforms/XROS.platform/Developer/SDKs/XROS27.0.sdk --xcode-version 27A266a --platform-family xrOS --deployment-target 1.0 --bundle-identifier swift-composable-architecture.ComposableArchitecture --output /Users/admin/builder/spi-builder-workspace/.derivedData/Build/Products/Debug-xros/ComposableArchitecture.appintents --target-triple arm64-apple-xros1.0 --binary-file /Users/admin/builder/spi-builder-workspace/.derivedData/Build/Products/Debug-xros/ComposableArchitecture.o --dependency-file /Users/admin/builder/spi-builder-workspace/.derivedData/Build/Intermediates.noindex/swift-composable-architecture.build/Debug-xros/ComposableArchitecture-t.build/Objects-normal/arm64/ComposableArchitecture_dependency_info.dat --stringsdata-file /Users/admin/builder/spi-builder-workspace/.derivedData/Build/Intermediates.noindex/swift-composable-architecture.build/Debug-xros/ComposableArchitecture-t.build/Objects-normal/arm64/ExtractedAppShortcutsMetadata.stringsdata --source-file-list /Users/admin/builder/spi-builder-workspace/.derivedData/Build/Intermediates.noindex/swift-composable-architecture.build/Debug-xros/ComposableArchitecture-t.build/Objects-normal/arm64/ComposableArchitecture.SwiftFileList --metadata-file-list /Users/admin/builder/spi-builder-workspace/.derivedData/Build/Intermediates.noindex/swift-composable-architecture.build/Debug-xros/ComposableArchitecture-t.build/ComposableArchitecture.DependencyMetadataFileList --static-metadata-file-list /Users/admin/builder/spi-builder-workspace/.derivedData/Build/Intermediates.noindex/swift-composable-architecture.build/Debug-xros/ComposableArchitecture-t.build/ComposableArchitecture.DependencyStaticMetadataFileList --swift-const-vals-list /Users/admin/builder/spi-builder-workspace/.derivedData/Build/Intermediates.noindex/swift-composable-architecture.build/Debug-xros/ComposableArchitecture-t.build/Objects-normal/arm64/ComposableArchitecture.SwiftConstValuesFileList --force --compile-time-extraction --deployment-aware-processing --no-app-shortcuts-localization
2026-09-20 12:03:44.454 appintentsmetadataprocessor[3106:16467] Starting appintentsmetadataprocessor export
2026-09-20 12:03:44.521 appintentsmetadataprocessor[3106:16467] Extracted no relevant App Intents symbols, skipping writing output
PruneExplicitPrecompiledModules /Users/admin/builder/spi-builder-workspace/.derivedData/Build/Intermediates.noindex/SwiftExplicitPrecompiledModules
PruneExplicitPrecompiledModules /Users/admin/builder/spi-builder-workspace/.derivedData/SDKExplicitPrecompiledModules
PruneExplicitPrecompiledModules /Users/admin/builder/spi-builder-workspace/.derivedData/Build/Intermediates.noindex/ExplicitPrecompiledModules
2026-09-20 12:03:34.659 xcodebuild[3028:16004] [MT] IDERunDestination: Supported platforms for the buildables in the current scheme is empty.
2026-09-20 12:03:34.759 xcodebuild[3028:16004] [MT] IDERunDestination: Supported platforms for the buildables in the current scheme is empty.
** BUILD FAILED **
The following build commands failed:
	SwiftCompile normal arm64 /Users/admin/builder/spi-builder-workspace/Sources/Loadable/LoadableView.swift (in target 'Loadable' from project 'swift-tca-loadable')
	SwiftCompile normal arm64 Compiling\ LoadableView.swift /Users/admin/builder/spi-builder-workspace/Sources/Loadable/LoadableView.swift (in target 'Loadable' from project 'swift-tca-loadable')
	SwiftEmitModule normal arm64 Emitting\ module\ for\ Loadable (in target 'Loadable' from project 'swift-tca-loadable')
	SwiftCompile normal arm64 (in target 'Loadable' from project 'swift-tca-loadable')
	Building workspace Loadable with scheme swift-tca-loadable-Package
(5 failures)
BUILD FAILURE 6.4 visionOS