The Swift Package Index logo.Swift Package Index

Build Information

Failed to build BoxSdkGen, reference 0.6.3 (5674d1), with Swift 6.4 for Wasm on 22 Sep 2026 23:24:00 UTC.

Build Command

bash -c docker run --pull=always --rm -v "checkouts-53886769-0":/host -w "$PWD" -e JAVA_HOME="/root/.sdkman/candidates/java/current" -e SPI_BUILD="1" -e SPI_PROCESSING="1" registry.gitlab.com/saguaro1/spi-images:wasm-6.4-latest swift build --swift-sdk swift-6.4.x-DEVELOPMENT-SNAPSHOT-2026-09-04-a_wasm 2>&1

Build Log

========================================
RunAll
========================================
Builder version: 5.1.0
Interrupt handler set up.
========================================
Checkout
========================================
Clone URL: https://github.com/box/box-swift-sdk-gen.git
Reference: 0.6.3
Initialized empty Git repository in /host/spi-builder-workspace/.git/
hint: Using 'master' as the name for the initial branch. This default branch name
hint: is subject to change. To configure the initial branch name to use in all
hint: of your new repositories, which will suppress this warning, call:
hint:
hint: 	git config --global init.defaultBranch <name>
hint:
hint: Names commonly chosen instead of 'master' are 'main', 'trunk' and
hint: 'development'. The just-created branch can be renamed via this command:
hint:
hint: 	git branch -m <name>
From https://github.com/box/box-swift-sdk-gen
 * tag               0.6.3      -> FETCH_HEAD
HEAD is now at 5674d13 chore: release version 0.6.3 (#582)
Cloned https://github.com/box/box-swift-sdk-gen.git
Revision (git rev-parse @):
5674d13663b98966192341011c6b5bf908313e5b
SUCCESS checkout https://github.com/box/box-swift-sdk-gen.git at 0.6.3
========================================
Build
========================================
Selected platform:         wasm
Swift version:             6.4
Building package at path:  $PWD
https://github.com/box/box-swift-sdk-gen.git
Running build ...
bash -c docker run --pull=always --rm -v "checkouts-53886769-0":/host -w "$PWD" -e JAVA_HOME="/root/.sdkman/candidates/java/current" -e SPI_BUILD="1" -e SPI_PROCESSING="1" registry.gitlab.com/saguaro1/spi-images:wasm-6.4-latest swift build --swift-sdk swift-6.4.x-DEVELOPMENT-SNAPSHOT-2026-09-04-a_wasm 2>&1
wasm-6.4-latest: Pulling from saguaro1/spi-images
Digest: sha256:4328fdb43c680d205c1d6761b1e3267aa38277eefdda9ddfb17b6a0f1a77857a
Status: Image is up to date for registry.gitlab.com/saguaro1/spi-images:wasm-6.4-latest
warning: 'spi-builder-workspace': found 5 file(s) which are unhandled; explicitly declare them as resources or exclude from the target
    /host/spi-builder-workspace/Tests/BoxSdkGenTests_iOS.xctestplan
    /host/spi-builder-workspace/Tests/BoxSdkGenTests_macOS.xctestplan
    /host/spi-builder-workspace/Tests/BoxSdkGenTests_tvOS.xctestplan
    /host/spi-builder-workspace/Tests/BoxSdkGenTests_visionOS.xctestplan
    /host/spi-builder-workspace/Tests/BoxSdkGenTests_watchOS.xctestplan
Building for debugging...
[Planning 40 / 95]
[Planning deferred tasks]
[24 / 32] BoxSdkGen
[24 / 33] BoxSdkGen
error: SwiftCompile normal wasm32 /host/spi-builder-workspace/Sources/Box/CcgAuth/BoxCCGAuth.swift failed with a nonzero exit code. Command line:     cd /host
    builtin-SwiftPerFileCompile BoxCCGAuth.swift
error: SwiftCompile normal wasm32 /host/spi-builder-workspace/Sources/Box/Errors/BoxAPIError.swift failed with a nonzero exit code. Command line:     cd /host
    builtin-SwiftPerFileCompile BoxAPIError.swift
/host/spi-builder-workspace/Sources/Networking/BoxNetworkClient.swift:21:82: error: type 'URLSessionConfiguration' (aka 'AnyObject') has no member 'default'
 19 |     /// - Parameters:
 20 |     ///   - configuration: A configuration object that specifies certain behaviors, such as caching policies, timeouts, proxies, pipelining, TLS versions to support, cookie policies, and credential storage.
 21 |     public init(configuration: URLSessionConfiguration = URLSessionConfiguration.default) {
    |                                                                                  `- error: type 'URLSessionConfiguration' (aka 'AnyObject') has no member 'default'
 22 |         self.redirectHandler = RedirectHandler()
 23 |         self.session = URLSession(configuration: configuration, delegate: redirectHandler, delegateQueue: nil)
/host/spi-builder-workspace/Sources/Networking/BoxNetworkClient.swift:21:82: error: default argument value of type '_' cannot be converted to type 'AnyObject'
 19 |     /// - Parameters:
 20 |     ///   - configuration: A configuration object that specifies certain behaviors, such as caching policies, timeouts, proxies, pipelining, TLS versions to support, cookie policies, and credential storage.
 21 |     public init(configuration: URLSessionConfiguration = URLSessionConfiguration.default) {
    |                                                                                  `- error: default argument value of type '_' cannot be converted to type 'AnyObject'
 22 |         self.redirectHandler = RedirectHandler()
 23 |         self.session = URLSession(configuration: configuration, delegate: redirectHandler, delegateQueue: nil)
/host/spi-builder-workspace/Sources/Networking/FetchConversation.swift:17:21: error: cannot find type 'URLRequest' in scope
15 |     let options: FetchOptions
16 |     /// Represents an URL request.
17 |     let urlRequest: URLRequest
   |                     `- error: cannot find type 'URLRequest' in scope
18 |     /// Represents a response to an HTTP URL.
19 |     let urlResponse: HTTPURLResponse
/host/spi-builder-workspace/Sources/Box/Errors/BoxAPIError.swift:66:50: error: value of type 'HTTPURLResponse' (aka 'AnyObject') has no member 'statusCode'
 64 |         }
 65 |         let responseInfo = ResponseInfo(
 66 |             statusCode: conversation.urlResponse.statusCode,
    |                                                  `- error: value of type 'HTTPURLResponse' (aka 'AnyObject') has no member 'statusCode'
 67 |             headers: conversation.urlResponse.allHeaderFields as? [String: String] ?? [:],
 68 |             body: body,
/host/spi-builder-workspace/Sources/Box/Errors/BoxAPIError.swift:67:47: error: value of type 'HTTPURLResponse' (aka 'AnyObject') has no member 'allHeaderFields'
 65 |         let responseInfo = ResponseInfo(
 66 |             statusCode: conversation.urlResponse.statusCode,
 67 |             headers: conversation.urlResponse.allHeaderFields as? [String: String] ?? [:],
    |                                               `- error: value of type 'HTTPURLResponse' (aka 'AnyObject') has no member 'allHeaderFields'
 68 |             body: body,
 69 |             rawBody:  try? Utils.Strings.from(data: body?.toJson() ?? Data()),
/host/spi-builder-workspace/Sources/Box/Errors/BoxAPIError.swift:90:63: error: type 'HTTPURLResponse' (aka 'AnyObject') has no member 'localizedString'
 88 |     static func createMessage(fromResponse response: ResponseInfo) -> String {
 89 |         var message = "The API returned an unexpected response: "
 90 |         message += "[\(response.statusCode) \(HTTPURLResponse.localizedString(forStatusCode: response.statusCode).capitalized)"
    |                                                               `- error: type 'HTTPURLResponse' (aka 'AnyObject') has no member 'localizedString'
 91 |
 92 |         if let requestId = response.requestId {
/host/spi-builder-workspace/Sources/Internal/ArrayInputStream.swift:22:35: warning: 'InputStream' was declared with an unavailable 'Sendable' conformance in 'Foundation'; conforming here risks data races [#]8;;https://docs.swift.org/compiler/documentation/diagnostics/unavailable-sendable-conformance\UnavailableSendableConformance]8;;\]
 20 | import Foundation
 21 |
 22 | extension InputStream: @unchecked Sendable {}
    |                                   `- warning: 'InputStream' was declared with an unavailable 'Sendable' conformance in 'Foundation'; conforming here risks data races [#]8;;https://docs.swift.org/compiler/documentation/diagnostics/unavailable-sendable-conformance\UnavailableSendableConformance]8;;\]
 23 |
 24 | class ArrayInputStream: InputStream {
Foundation.InputStream:2:11: note: 'InputStream' declares unavailable conformance to protocol 'Sendable' here
1 | @available(*, unavailable)
2 | extension InputStream : @unchecked Sendable {
  |           `- note: 'InputStream' declares unavailable conformance to protocol 'Sendable' here
3 | }
/host/spi-builder-workspace/Sources/Internal/ArrayInputStream.swift:24:7: warning: class 'ArrayInputStream' must restate inherited '@unchecked Sendable' conformance
 22 | extension InputStream: @unchecked Sendable {}
 23 |
 24 | class ArrayInputStream: InputStream {
    |       `- warning: class 'ArrayInputStream' must restate inherited '@unchecked Sendable' conformance
 25 |     private let inputStreams: [InputStream]
 26 |
[#UnavailableSendableConformance]: <https://docs.swift.org/compiler/documentation/diagnostics/unavailable-sendable-conformance>
Failed frontend command:
/usr/bin/swift-frontend -frontend -c -filelist /host/spi-builder-workspace/.build/out/Intermediates.noindex/BoxSdkGen.build/Debug-webassembly-wasm32/BoxSdkGen-t.build/Objects-normal/wasm32/sources-1 -primary-file /host/spi-builder-workspace/.build/out/Intermediates.noindex/BoxSdkGen.build/Debug-webassembly-wasm32/BoxSdkGen-t.build/DerivedSources/resource_bundle_accessor.swift -primary-file /host/spi-builder-workspace/Sources/Box/CcgAuth/BoxCCGAuth.swift -primary-file /host/spi-builder-workspace/Sources/Box/CcgAuth/CCGConfig.swift -primary-file /host/spi-builder-workspace/Sources/Box/DeveloperTokenAuth/BoxDeveloperTokenAuth.swift -primary-file /host/spi-builder-workspace/Sources/Box/DeveloperTokenAuth/DeveloperTokenConfig.swift -primary-file /host/spi-builder-workspace/Sources/Box/Errors/BoxAPIError.swift -primary-file /host/spi-builder-workspace/Sources/Box/Errors/BoxNetworkError.swift -primary-file /host/spi-builder-workspace/Sources/Box/Errors/BoxSDKError.swift -primary-file /host/spi-builder-workspace/Sources/Box/Errors/RequestInfo.swift -primary-file /host/spi-builder-workspace/Sources/Box/Errors/ResponseInfo.swift -primary-file /host/spi-builder-workspace/Sources/Box/InMemoryTokenStorage.swift -primary-file /host/spi-builder-workspace/Sources/Box/KeychainTokenStorage.swift -primary-file /host/spi-builder-workspace/Sources/Box/Oauth/BoxOAuth+LoginFlow.swift -primary-file /host/spi-builder-workspace/Sources/Box/Oauth/BoxOAuth.swift -primary-file /host/spi-builder-workspace/Sources/Box/Oauth/BoxOAuthWebAuthentication.swift -primary-file /host/spi-builder-workspace/Sources/Box/Oauth/GetAuthorizeUrlOptions.swift -primary-file /host/spi-builder-workspace/Sources/Box/Oauth/OAuthConfig.swift -primary-file /host/spi-builder-workspace/Sources/Box/TokenStorage.swift -primary-file /host/spi-builder-workspace/Sources/Client/BoxClient.swift -primary-file /host/spi-builder-workspace/Sources/Internal/ArrayInputStream.swift -primary-file /host/spi-builder-workspace/Sources/Internal/CodableTriState.swift -primary-file /host/spi-builder-workspace/Sources/Internal/Data+Extensions.swift -primary-file /host/spi-builder-workspace/Sources/Internal/DateFormatter+Convenience.swift -primary-file /host/spi-builder-workspace/Sources/Internal/Hash.swift -primary-file /host/spi-builder-workspace/Sources/Internal/Logging/DataSanitizer.swift -supplementary-output-file-map /host/spi-builder-workspace/.build/out/Intermediates.noindex/BoxSdkGen.build/Debug-webassembly-wasm32/BoxSdkGen-t.build/Objects-normal/wasm32/supplementaryOutputs-1 -target wasm32-unknown-wasip1 -disable-objc-interop -sdk /root/.swiftpm/swift-sdks/swift-6.4.x-DEVELOPMENT-SNAPSHOT-2026-09-04-a_wasm.artifactbundle/swift-6.4.x-DEVELOPMENT-SNAPSHOT-2026-09-04-a_wasm/wasm32-unknown-wasip1/WASI.sdk -sysroot /root/.swiftpm/swift-sdks/swift-6.4.x-DEVELOPMENT-SNAPSHOT-2026-09-04-a_wasm.artifactbundle/swift-6.4.x-DEVELOPMENT-SNAPSHOT-2026-09-04-a_wasm/wasm32-unknown-wasip1/WASI.sdk -I /host/spi-builder-workspace/.build/out/Products/Debug-webassembly-wasm32 -module-cache-path /host/spi-builder-workspace/.build/out/ModuleCache.noindex -color-diagnostics -Xcc -fcolor-diagnostics -enable-testing -g -debug-info-format\=dwarf -dwarf-version\=4 -swift-version 5 -Onone -D SWIFT_PACKAGE -D DEBUG -D SWIFT_MODULE_RESOURCE_BUNDLE_AVAILABLE -D Xcode -serialize-debugging-options -enable-experimental-feature DebugDescriptionMacro -empty-abi-descriptor -external-plugin-path /usr/lib/swift/host/plugins/testing\#/usr/bin/swift-plugin-server -validate-clang-modules-once -clang-build-session-file /host/spi-builder-workspace/.build/out/ModuleCache.noindex/Session.modulevalidation -Xcc -working-directory -Xcc /host -resource-dir /root/.swiftpm/swift-sdks/swift-6.4.x-DEVELOPMENT-SNAPSHOT-2026-09-04-a_wasm.artifactbundle/swift-6.4.x-DEVELOPMENT-SNAPSHOT-2026-09-04-a_wasm/wasm32-unknown-wasip1/swift.xctoolchain/usr/lib/swift_static -use-static-resource-dir -enable-anonymous-context-mangled-names -file-compilation-dir /host -Xcc -resource-dir -Xcc /root/.swiftpm/swift-sdks/swift-6.4.x-DEVELOPMENT-SNAPSHOT-2026-09-04-a_wasm.artifactbundle/swift-6.4.x-DEVELOPMENT-SNAPSHOT-2026-09-04-a_wasm/wasm32-unknown-wasip1/swift.xctoolchain/usr/lib/swift_static/clang -Xcc -D_LIBCPP_HARDENING_MODE\=_LIBCPP_HARDENING_MODE_DEBUG -Xcc -fmodules-prune-interval\=86400 -Xcc -fmodules-prune-after\=345600 -Xcc -I/host/spi-builder-workspace/.build/out/Products/Debug-webassembly-wasm32/include -Xcc -I/host/spi-builder-workspace/.build/out/Intermediates.noindex/BoxSdkGen.build/Debug-webassembly-wasm32/BoxSdkGen-t.build/DerivedSources-normal/wasm32 -Xcc -I/host/spi-builder-workspace/.build/out/Intermediates.noindex/BoxSdkGen.build/Debug-webassembly-wasm32/BoxSdkGen-t.build/DerivedSources/wasm32 -Xcc -I/host/spi-builder-workspace/.build/out/Intermediates.noindex/BoxSdkGen.build/Debug-webassembly-wasm32/BoxSdkGen-t.build/DerivedSources -Xcc -DSWIFT_PACKAGE -Xcc -DDEBUG\=1 -no-auto-bridging-header-chaining -module-name BoxSdkGen -const-gather-protocols-file /host/spi-builder-workspace/.build/out/Intermediates.noindex/BoxSdkGen.build/Debug-webassembly-wasm32/BoxSdkGen-t.build/Objects-normal/wasm32/BoxSdkGen_const_extract_protocols.json -in-process-plugin-server-path /usr/lib/swift/host/libSwiftInProcPluginServer.so -plugin-path /usr/lib/swift/host/plugins -plugin-path /usr/local/lib/swift/host/plugins -parse-as-library -o /host/spi-builder-workspace/.build/out/Intermediates.noindex/BoxSdkGen.build/Debug-webassembly-wasm32/BoxSdkGen-t.build/Objects-normal/wasm32/resource_bundle_accessor.o -o /host/spi-builder-workspace/.build/out/Intermediates.noindex/BoxSdkGen.build/Debug-webassembly-wasm32/BoxSdkGen-t.build/Objects-normal/wasm32/BoxCCGAuth.o -o /host/spi-builder-workspace/.build/out/Intermediates.noindex/BoxSdkGen.build/Debug-webassembly-wasm32/BoxSdkGen-t.build/Objects-normal/wasm32/CCGConfig.o -o /host/spi-builder-workspace/.build/out/Intermediates.noindex/BoxSdkGen.build/Debug-webassembly-wasm32/BoxSdkGen-t.build/Objects-normal/wasm32/BoxDeveloperTokenAuth.o -o /host/spi-builder-workspace/.build/out/Intermediates.noindex/BoxSdkGen.build/Debug-webassembly-wasm32/BoxSdkGen-t.build/Objects-normal/wasm32/DeveloperTokenConfig.o -o /host/spi-builder-workspace/.build/out/Intermediates.noindex/BoxSdkGen.build/Debug-webassembly-wasm32/BoxSdkGen-t.build/Objects-normal/wasm32/BoxAPIError.o -o /host/spi-builder-workspace/.build/out/Intermediates.noindex/BoxSdkGen.build/Debug-webassembly-wasm32/BoxSdkGen-t.build/Objects-normal/wasm32/BoxNetworkError.o -o /host/spi-builder-workspace/.build/out/Intermediates.noindex/BoxSdkGen.build/Debug-webassembly-wasm32/BoxSdkGen-t.build/Objects-normal/wasm32/BoxSDKError.o -o /host/spi-builder-workspace/.build/out/Intermediates.noindex/BoxSdkGen.build/Debug-webassembly-wasm32/BoxSdkGen-t.build/Objects-normal/wasm32/RequestInfo.o -o /host/spi-builder-workspace/.build/out/Intermediates.noindex/BoxSdkGen.build/Debug-webassembly-wasm32/BoxSdkGen-t.build/Objects-normal/wasm32/ResponseInfo.o -o /host/spi-builder-workspace/.build/out/Intermediates.noindex/BoxSdkGen.build/Debug-webassembly-wasm32/BoxSdkGen-t.build/Objects-normal/wasm32/InMemoryTokenStorage.o -o /host/spi-builder-workspace/.build/out/Intermediates.noindex/BoxSdkGen.build/Debug-webassembly-wasm32/BoxSdkGen-t.build/Objects-normal/wasm32/KeychainTokenStorage.o -o /host/spi-builder-workspace/.build/out/Intermediates.noindex/BoxSdkGen.build/Debug-webassembly-wasm32/BoxSdkGen-t.build/Objects-normal/wasm32/BoxOAuth+LoginFlow.o -o /host/spi-builder-workspace/.build/out/Intermediates.noindex/BoxSdkGen.build/Debug-webassembly-wasm32/BoxSdkGen-t.build/Objects-normal/wasm32/BoxOAuth.o -o /host/spi-builder-workspace/.build/out/Intermediates.noindex/BoxSdkGen.build/Debug-webassembly-wasm32/BoxSdkGen-t.build/Objects-normal/wasm32/BoxOAuthWebAuthentication.o -o /host/spi-builder-workspace/.build/out/Intermediates.noindex/BoxSdkGen.build/Debug-webassembly-wasm32/BoxSdkGen-t.build/Objects-normal/wasm32/GetAuthorizeUrlOptions.o -o /host/spi-builder-workspace/.build/out/Intermediates.noindex/BoxSdkGen.build/Debug-webassembly-wasm32/BoxSdkGen-t.build/Objects-normal/wasm32/OAuthConfig.o -o /host/spi-builder-workspace/.build/out/Intermediates.noindex/BoxSdkGen.build/Debug-webassembly-wasm32/BoxSdkGen-t.build/Objects-normal/wasm32/TokenStorage.o -o /host/spi-builder-workspace/.build/out/Intermediates.noindex/BoxSdkGen.build/Debug-webassembly-wasm32/BoxSdkGen-t.build/Objects-normal/wasm32/BoxClient.o -o /host/spi-builder-workspace/.build/out/Intermediates.noindex/BoxSdkGen.build/Debug-webassembly-wasm32/BoxSdkGen-t.build/Objects-normal/wasm32/ArrayInputStream.o -o /host/spi-builder-workspace/.build/out/Intermediates.noindex/BoxSdkGen.build/Debug-webassembly-wasm32/BoxSdkGen-t.build/Objects-normal/wasm32/CodableTriState.o -o /host/spi-builder-workspace/.build/out/Intermediates.noindex/BoxSdkGen.build/Debug-webassembly-wasm32/BoxSdkGen-t.build/Objects-normal/wasm32/Data+Extensions.o -o /host/spi-builder-workspace/.build/out/Intermediates.noindex/BoxSdkGen.build/Debug-webassembly-wasm32/BoxSdkGen-t.build/Objects-normal/wasm32/DateFormatter+Convenience.o -o /host/spi-builder-workspace/.build/out/Intermediates.noindex/BoxSdkGen.build/Debug-webassembly-wasm32/BoxSdkGen-t.build/Objects-normal/wasm32/Hash.o -o /host/spi-builder-workspace/.build/out/Intermediates.noindex/BoxSdkGen.build/Debug-webassembly-wasm32/BoxSdkGen-t.build/Objects-normal/wasm32/DataSanitizer.o -index-unit-output-path /BoxSdkGen.build/Debug-webassembly-wasm32/BoxSdkGen-t.build/Objects-normal/wasm32/resource_bundle_accessor.o -index-unit-output-path /BoxSdkGen.build/Debug-webassembly-wasm32/BoxSdkGen-t.build/Objects-normal/wasm32/BoxCCGAuth.o -index-unit-output-path /BoxSdkGen.build/Debug-webassembly-wasm32/BoxSdkGen-t.build/Objects-normal/wasm32/CCGConfig.o -index-unit-output-path /BoxSdkGen.build/Debug-webassembly-wasm32/BoxSdkGen-t.build/Objects-normal/wasm32/BoxDeveloperTokenAuth.o -index-unit-output-path /BoxSdkGen.build/Debug-webassembly-wasm32/BoxSdkGen-t.build/Objects-normal/wasm32/DeveloperTokenConfig.o -index-unit-output-path /BoxSdkGen.build/Debug-webassembly-wasm32/BoxSdkGen-t.build/Objects-normal/wasm32/BoxAPIError.o -index-unit-output-path /BoxSdkGen.build/Debug-webassembly-wasm32/BoxSdkGen-t.build/Objects-normal/wasm32/BoxNetworkError.o -index-unit-output-path /BoxSdkGen.build/Debug-webassembly-wasm32/BoxSdkGen-t.build/Objects-normal/wasm32/BoxSDKError.o -index-unit-output-path /BoxSdkGen.build/Debug-webassembly-wasm32/BoxSdkGen-t.build/Objects-normal/wasm32/RequestInfo.o -index-unit-output-path /BoxSdkGen.build/Debug-webassembly-wasm32/BoxSdkGen-t.build/Objects-normal/wasm32/ResponseInfo.o -index-unit-output-path /BoxSdkGen.build/Debug-webassembly-wasm32/BoxSdkGen-t.build/Objects-normal/wasm32/InMemoryTokenStorage.o -index-unit-output-path /BoxSdkGen.build/Debug-webassembly-wasm32/BoxSdkGen-t.build/Objects-normal/wasm32/KeychainTokenStorage.o -index-unit-output-path /BoxSdkGen.build/Debug-webassembly-wasm32/BoxSdkGen-t.build/Objects-normal/wasm32/BoxOAuth+LoginFlow.o -index-unit-output-path /BoxSdkGen.build/Debug-webassembly-wasm32/BoxSdkGen-t.build/Objects-normal/wasm32/BoxOAuth.o -index-unit-output-path /BoxSdkGen.build/Debug-webassembly-wasm32/BoxSdkGen-t.build/Objects-normal/wasm32/BoxOAuthWebAuthentication.o -index-unit-output-path /BoxSdkGen.build/Debug-webassembly-wasm32/BoxSdkGen-t.build/Objects-normal/wasm32/GetAuthorizeUrlOptions.o -index-unit-output-path /BoxSdkGen.build/Debug-webassembly-wasm32/BoxSdkGen-t.build/Objects-normal/wasm32/OAuthConfig.o -index-unit-output-path /BoxSdkGen.build/Debug-webassembly-wasm32/BoxSdkGen-t.build/Objects-normal/wasm32/TokenStorage.o -index-unit-output-path /BoxSdkGen.build/Debug-webassembly-wasm32/BoxSdkGen-t.build/Objects-normal/wasm32/BoxClient.o -index-unit-output-path /BoxSdkGen.build/Debug-webassembly-wasm32/BoxSdkGen-t.build/Objects-normal/wasm32/ArrayInputStream.o -index-unit-output-path /BoxSdkGen.build/Debug-webassembly-wasm32/BoxSdkGen-t.build/Objects-normal/wasm32/CodableTriState.o -index-unit-output-path /BoxSdkGen.build/Debug-webassembly-wasm32/BoxSdkGen-t.build/Objects-normal/wasm32/Data+Extensions.o -index-unit-output-path /BoxSdkGen.build/Debug-webassembly-wasm32/BoxSdkGen-t.build/Objects-normal/wasm32/DateFormatter+Convenience.o -index-unit-output-path /BoxSdkGen.build/Debug-webassembly-wasm32/BoxSdkGen-t.build/Objects-normal/wasm32/Hash.o -index-unit-output-path /BoxSdkGen.build/Debug-webassembly-wasm32/BoxSdkGen-t.build/Objects-normal/wasm32/DataSanitizer.o -index-store-path /host/spi-builder-workspace/.build/out -index-system-modules
error: SwiftCompile normal wasm32 /host/spi-builder-workspace/Sources/Managers/Downloads/DownloadsManager.swift failed with a nonzero exit code. Command line:     cd /host
    builtin-SwiftPerFileCompile DownloadsManager.swift
/host/spi-builder-workspace/Sources/Networking/BoxNetworkClient.swift:21:82: error: type 'URLSessionConfiguration' (aka 'AnyObject') has no member 'default'
 19 |     /// - Parameters:
 20 |     ///   - configuration: A configuration object that specifies certain behaviors, such as caching policies, timeouts, proxies, pipelining, TLS versions to support, cookie policies, and credential storage.
 21 |     public init(configuration: URLSessionConfiguration = URLSessionConfiguration.default) {
    |                                                                                  `- error: type 'URLSessionConfiguration' (aka 'AnyObject') has no member 'default'
 22 |         self.redirectHandler = RedirectHandler()
 23 |         self.session = URLSession(configuration: configuration, delegate: redirectHandler, delegateQueue: nil)
/host/spi-builder-workspace/Sources/Networking/BoxNetworkClient.swift:21:82: error: default argument value of type '_' cannot be converted to type 'AnyObject'
 19 |     /// - Parameters:
 20 |     ///   - configuration: A configuration object that specifies certain behaviors, such as caching policies, timeouts, proxies, pipelining, TLS versions to support, cookie policies, and credential storage.
 21 |     public init(configuration: URLSessionConfiguration = URLSessionConfiguration.default) {
    |                                                                                  `- error: default argument value of type '_' cannot be converted to type 'AnyObject'
 22 |         self.redirectHandler = RedirectHandler()
 23 |         self.session = URLSession(configuration: configuration, delegate: redirectHandler, delegateQueue: nil)
/host/spi-builder-workspace/Sources/Managers/EmailAliases/EmailAliasesManager.swift:54:13: warning: immutable value 'response' was never used; consider replacing with '_' or removing it [#]8;;https://docs.swift.org/compiler/documentation/diagnostics/no-usage\NoUsage]8;;\]
52 |     public func deleteUserEmailAliasById(userId: String, emailAliasId: String, headers: DeleteUserEmailAliasByIdHeaders = DeleteUserEmailAliasByIdHeaders()) async throws {
53 |         let headersMap: [String: String] = Utils.Dictionary.prepareParams(map: Utils.Dictionary.merge([:], headers.extraHeaders))
54 |         let response: FetchResponse = try await self.networkSession.networkClient.fetch(options: FetchOptions(url: "\(self.networkSession.baseUrls.baseUrl)\("/2.0/users/")\(userId)\("/email_aliases/")\(emailAliasId)", method: "DELETE", headers: headersMap, responseFormat: ResponseFormat.noContent, auth: self.auth, networkSession: self.networkSession))
   |             `- warning: immutable value 'response' was never used; consider replacing with '_' or removing it [#]8;;https://docs.swift.org/compiler/documentation/diagnostics/no-usage\NoUsage]8;;\]
55 |     }
56 |
/host/spi-builder-workspace/Sources/Managers/FileClassifications/FileClassificationsManager.swift:108:13: warning: immutable value 'response' was never used; consider replacing with '_' or removing it [#]8;;https://docs.swift.org/compiler/documentation/diagnostics/no-usage\NoUsage]8;;\]
106 |     public func deleteClassificationFromFile(fileId: String, headers: DeleteClassificationFromFileHeaders = DeleteClassificationFromFileHeaders()) async throws {
107 |         let headersMap: [String: String] = Utils.Dictionary.prepareParams(map: Utils.Dictionary.merge([:], headers.extraHeaders))
108 |         let response: FetchResponse = try await self.networkSession.networkClient.fetch(options: FetchOptions(url: "\(self.networkSession.baseUrls.baseUrl)\("/2.0/files/")\(fileId)\("/metadata/enterprise/securityClassification-6VMVochwUWo")", method: "DELETE", headers: headersMap, responseFormat: ResponseFormat.noContent, auth: self.auth, networkSession: self.networkSession))
    |             `- warning: immutable value 'response' was never used; consider replacing with '_' or removing it [#]8;;https://docs.swift.org/compiler/documentation/diagnostics/no-usage\NoUsage]8;;\]
109 |     }
110 |
[#NoUsage]: <https://docs.swift.org/compiler/documentation/diagnostics/no-usage>
Failed frontend command:
/usr/bin/swift-frontend -frontend -c -filelist /host/spi-builder-workspace/.build/out/Intermediates.noindex/BoxSdkGen.build/Debug-webassembly-wasm32/BoxSdkGen-t.build/Objects-normal/wasm32/sources-1 -primary-file /host/spi-builder-workspace/Sources/Managers/DocgenTemplate/GetDocgenTemplatesV2025R0QueryParams.swift -primary-file /host/spi-builder-workspace/Sources/Managers/Downloads/DownloadFileHeaders.swift -primary-file /host/spi-builder-workspace/Sources/Managers/Downloads/DownloadFileQueryParams.swift -primary-file /host/spi-builder-workspace/Sources/Managers/Downloads/DownloadsManager.swift -primary-file /host/spi-builder-workspace/Sources/Managers/Downloads/GetDownloadFileUrlHeaders.swift -primary-file /host/spi-builder-workspace/Sources/Managers/Downloads/GetDownloadFileUrlQueryParams.swift -primary-file /host/spi-builder-workspace/Sources/Managers/EmailAliases/CreateUserEmailAliasHeaders.swift -primary-file /host/spi-builder-workspace/Sources/Managers/EmailAliases/CreateUserEmailAliasRequestBody.swift -primary-file /host/spi-builder-workspace/Sources/Managers/EmailAliases/DeleteUserEmailAliasByIdHeaders.swift -primary-file /host/spi-builder-workspace/Sources/Managers/EmailAliases/EmailAliasesManager.swift -primary-file /host/spi-builder-workspace/Sources/Managers/EmailAliases/GetUserEmailAliasesHeaders.swift -primary-file /host/spi-builder-workspace/Sources/Managers/Events/EventsManager.swift -primary-file /host/spi-builder-workspace/Sources/Managers/Events/GetEventsHeaders.swift -primary-file /host/spi-builder-workspace/Sources/Managers/Events/GetEventsQueryParams.swift -primary-file /host/spi-builder-workspace/Sources/Managers/Events/GetEventsQueryParamsEventTypeField.swift -primary-file /host/spi-builder-workspace/Sources/Managers/Events/GetEventsQueryParamsStreamTypeField.swift -primary-file /host/spi-builder-workspace/Sources/Managers/Events/GetEventsWithLongPollingHeaders.swift -primary-file /host/spi-builder-workspace/Sources/Managers/FileClassifications/AddClassificationToFileHeaders.swift -primary-file /host/spi-builder-workspace/Sources/Managers/FileClassifications/AddClassificationToFileRequestBody.swift -primary-file /host/spi-builder-workspace/Sources/Managers/FileClassifications/DeleteClassificationFromFileHeaders.swift -primary-file /host/spi-builder-workspace/Sources/Managers/FileClassifications/FileClassificationsManager.swift -primary-file /host/spi-builder-workspace/Sources/Managers/FileClassifications/GetClassificationOnFileHeaders.swift -primary-file /host/spi-builder-workspace/Sources/Managers/FileClassifications/UpdateClassificationOnFileHeaders.swift -primary-file /host/spi-builder-workspace/Sources/Managers/FileClassifications/UpdateClassificationOnFileRequestBody.swift -primary-file /host/spi-builder-workspace/Sources/Managers/FileClassifications/UpdateClassificationOnFileRequestBodyOpField.swift -supplementary-output-file-map /host/spi-builder-workspace/.build/out/Intermediates.noindex/BoxSdkGen.build/Debug-webassembly-wasm32/BoxSdkGen-t.build/Objects-normal/wasm32/supplementaryOutputs-8 -target wasm32-unknown-wasip1 -disable-objc-interop -sdk /root/.swiftpm/swift-sdks/swift-6.4.x-DEVELOPMENT-SNAPSHOT-2026-09-04-a_wasm.artifactbundle/swift-6.4.x-DEVELOPMENT-SNAPSHOT-2026-09-04-a_wasm/wasm32-unknown-wasip1/WASI.sdk -sysroot /root/.swiftpm/swift-sdks/swift-6.4.x-DEVELOPMENT-SNAPSHOT-2026-09-04-a_wasm.artifactbundle/swift-6.4.x-DEVELOPMENT-SNAPSHOT-2026-09-04-a_wasm/wasm32-unknown-wasip1/WASI.sdk -I /host/spi-builder-workspace/.build/out/Products/Debug-webassembly-wasm32 -module-cache-path /host/spi-builder-workspace/.build/out/ModuleCache.noindex -color-diagnostics -Xcc -fcolor-diagnostics -enable-testing -g -debug-info-format\=dwarf -dwarf-version\=4 -swift-version 5 -Onone -D SWIFT_PACKAGE -D DEBUG -D SWIFT_MODULE_RESOURCE_BUNDLE_AVAILABLE -D Xcode -serialize-debugging-options -enable-experimental-feature DebugDescriptionMacro -empty-abi-descriptor -external-plugin-path /usr/lib/swift/host/plugins/testing\#/usr/bin/swift-plugin-server -validate-clang-modules-once -clang-build-session-file /host/spi-builder-workspace/.build/out/ModuleCache.noindex/Session.modulevalidation -Xcc -working-directory -Xcc /host -resource-dir /root/.swiftpm/swift-sdks/swift-6.4.x-DEVELOPMENT-SNAPSHOT-2026-09-04-a_wasm.artifactbundle/swift-6.4.x-DEVELOPMENT-SNAPSHOT-2026-09-04-a_wasm/wasm32-unknown-wasip1/swift.xctoolchain/usr/lib/swift_static -use-static-resource-dir -enable-anonymous-context-mangled-names -file-compilation-dir /host -Xcc -resource-dir -Xcc /root/.swiftpm/swift-sdks/swift-6.4.x-DEVELOPMENT-SNAPSHOT-2026-09-04-a_wasm.artifactbundle/swift-6.4.x-DEVELOPMENT-SNAPSHOT-2026-09-04-a_wasm/wasm32-unknown-wasip1/swift.xctoolchain/usr/lib/swift_static/clang -Xcc -D_LIBCPP_HARDENING_MODE\=_LIBCPP_HARDENING_MODE_DEBUG -Xcc -fmodules-prune-interval\=86400 -Xcc -fmodules-prune-after\=345600 -Xcc -I/host/spi-builder-workspace/.build/out/Products/Debug-webassembly-wasm32/include -Xcc -I/host/spi-builder-workspace/.build/out/Intermediates.noindex/BoxSdkGen.build/Debug-webassembly-wasm32/BoxSdkGen-t.build/DerivedSources-normal/wasm32 -Xcc -I/host/spi-builder-workspace/.build/out/Intermediates.noindex/BoxSdkGen.build/Debug-webassembly-wasm32/BoxSdkGen-t.build/DerivedSources/wasm32 -Xcc -I/host/spi-builder-workspace/.build/out/Intermediates.noindex/BoxSdkGen.build/Debug-webassembly-wasm32/BoxSdkGen-t.build/DerivedSources -Xcc -DSWIFT_PACKAGE -Xcc -DDEBUG\=1 -no-auto-bridging-header-chaining -module-name BoxSdkGen -const-gather-protocols-file /host/spi-builder-workspace/.build/out/Intermediates.noindex/BoxSdkGen.build/Debug-webassembly-wasm32/BoxSdkGen-t.build/Objects-normal/wasm32/BoxSdkGen_const_extract_protocols.json -in-process-plugin-server-path /usr/lib/swift/host/libSwiftInProcPluginServer.so -plugin-path /usr/lib/swift/host/plugins -plugin-path /usr/local/lib/swift/host/plugins -parse-as-library -o /host/spi-builder-workspace/.build/out/Intermediates.noindex/BoxSdkGen.build/Debug-webassembly-wasm32/BoxSdkGen-t.build/Objects-normal/wasm32/GetDocgenTemplatesV2025R0QueryParams.o -o /host/spi-builder-workspace/.build/out/Intermediates.noindex/BoxSdkGen.build/Debug-webassembly-wasm32/BoxSdkGen-t.build/Objects-normal/wasm32/DownloadFileHeaders.o -o /host/spi-builder-workspace/.build/out/Intermediates.noindex/BoxSdkGen.build/Debug-webassembly-wasm32/BoxSdkGen-t.build/Objects-normal/wasm32/DownloadFileQueryParams.o -o /host/spi-builder-workspace/.build/out/Intermediates.noindex/BoxSdkGen.build/Debug-webassembly-wasm32/BoxSdkGen-t.build/Objects-normal/wasm32/DownloadsManager.o -o /host/spi-builder-workspace/.build/out/Intermediates.noindex/BoxSdkGen.build/Debug-webassembly-wasm32/BoxSdkGen-t.build/Objects-normal/wasm32/GetDownloadFileUrlHeaders.o -o /host/spi-builder-workspace/.build/out/Intermediates.noindex/BoxSdkGen.build/Debug-webassembly-wasm32/BoxSdkGen-t.build/Objects-normal/wasm32/GetDownloadFileUrlQueryParams.o -o /host/spi-builder-workspace/.build/out/Intermediates.noindex/BoxSdkGen.build/Debug-webassembly-wasm32/BoxSdkGen-t.build/Objects-normal/wasm32/CreateUserEmailAliasHeaders.o -o /host/spi-builder-workspace/.build/out/Intermediates.noindex/BoxSdkGen.build/Debug-webassembly-wasm32/BoxSdkGen-t.build/Objects-normal/wasm32/CreateUserEmailAliasRequestBody.o -o /host/spi-builder-workspace/.build/out/Intermediates.noindex/BoxSdkGen.build/Debug-webassembly-wasm32/BoxSdkGen-t.build/Objects-normal/wasm32/DeleteUserEmailAliasByIdHeaders.o -o /host/spi-builder-workspace/.build/out/Intermediates.noindex/BoxSdkGen.build/Debug-webassembly-wasm32/BoxSdkGen-t.build/Objects-normal/wasm32/EmailAliasesManager.o -o /host/spi-builder-workspace/.build/out/Intermediates.noindex/BoxSdkGen.build/Debug-webassembly-wasm32/BoxSdkGen-t.build/Objects-normal/wasm32/GetUserEmailAliasesHeaders.o -o /host/spi-builder-workspace/.build/out/Intermediates.noindex/BoxSdkGen.build/Debug-webassembly-wasm32/BoxSdkGen-t.build/Objects-normal/wasm32/EventsManager.o -o /host/spi-builder-workspace/.build/out/Intermediates.noindex/BoxSdkGen.build/Debug-webassembly-wasm32/BoxSdkGen-t.build/Objects-normal/wasm32/GetEventsHeaders.o -o /host/spi-builder-workspace/.build/out/Intermediates.noindex/BoxSdkGen.build/Debug-webassembly-wasm32/BoxSdkGen-t.build/Objects-normal/wasm32/GetEventsQueryParams.o -o /host/spi-builder-workspace/.build/out/Intermediates.noindex/BoxSdkGen.build/Debug-webassembly-wasm32/BoxSdkGen-t.build/Objects-normal/wasm32/GetEventsQueryParamsEventTypeField.o -o /host/spi-builder-workspace/.build/out/Intermediates.noindex/BoxSdkGen.build/Debug-webassembly-wasm32/BoxSdkGen-t.build/Objects-normal/wasm32/GetEventsQueryParamsStreamTypeField.o -o /host/spi-builder-workspace/.build/out/Intermediates.noindex/BoxSdkGen.build/Debug-webassembly-wasm32/BoxSdkGen-t.build/Objects-normal/wasm32/GetEventsWithLongPollingHeaders.o -o /host/spi-builder-workspace/.build/out/Intermediates.noindex/BoxSdkGen.build/Debug-webassembly-wasm32/BoxSdkGen-t.build/Objects-normal/wasm32/AddClassificationToFileHeaders.o -o /host/spi-builder-workspace/.build/out/Intermediates.noindex/BoxSdkGen.build/Debug-webassembly-wasm32/BoxSdkGen-t.build/Objects-normal/wasm32/AddClassificationToFileRequestBody.o -o /host/spi-builder-workspace/.build/out/Intermediates.noindex/BoxSdkGen.build/Debug-webassembly-wasm32/BoxSdkGen-t.build/Objects-normal/wasm32/DeleteClassificationFromFileHeaders.o -o /host/spi-builder-workspace/.build/out/Intermediates.noindex/BoxSdkGen.build/Debug-webassembly-wasm32/BoxSdkGen-t.build/Objects-normal/wasm32/FileClassificationsManager.o -o /host/spi-builder-workspace/.build/out/Intermediates.noindex/BoxSdkGen.build/Debug-webassembly-wasm32/BoxSdkGen-t.build/Objects-normal/wasm32/GetClassificationOnFileHeaders.o -o /host/spi-builder-workspace/.build/out/Intermediates.noindex/BoxSdkGen.build/Debug-webassembly-wasm32/BoxSdkGen-t.build/Objects-normal/wasm32/UpdateClassificationOnFileHeaders.o -o /host/spi-builder-workspace/.build/out/Intermediates.noindex/BoxSdkGen.build/Debug-webassembly-wasm32/BoxSdkGen-t.build/Objects-normal/wasm32/UpdateClassificationOnFileRequestBody.o -o /host/spi-builder-workspace/.build/out/Intermediates.noindex/BoxSdkGen.build/Debug-webassembly-wasm32/BoxSdkGen-t.build/Objects-normal/wasm32/UpdateClassificationOnFileRequestBodyOpField.o -index-unit-output-path /BoxSdkGen.build/Debug-webassembly-wasm32/BoxSdkGen-t.build/Objects-normal/wasm32/GetDocgenTemplatesV2025R0QueryParams.o -index-unit-output-path /BoxSdkGen.build/Debug-webassembly-wasm32/BoxSdkGen-t.build/Objects-normal/wasm32/DownloadFileHeaders.o -index-unit-output-path /BoxSdkGen.build/Debug-webassembly-wasm32/BoxSdkGen-t.build/Objects-normal/wasm32/DownloadFileQueryParams.o -index-unit-output-path /BoxSdkGen.build/Debug-webassembly-wasm32/BoxSdkGen-t.build/Objects-normal/wasm32/DownloadsManager.o -index-unit-output-path /BoxSdkGen.build/Debug-webassembly-wasm32/BoxSdkGen-t.build/Objects-normal/wasm32/GetDownloadFileUrlHeaders.o -index-unit-output-path /BoxSdkGen.build/Debug-webassembly-wasm32/BoxSdkGen-t.build/Objects-normal/wasm32/GetDownloadFileUrlQueryParams.o -index-unit-output-path /BoxSdkGen.build/Debug-webassembly-wasm32/BoxSdkGen-t.build/Objects-normal/wasm32/CreateUserEmailAliasHeaders.o -index-unit-output-path /BoxSdkGen.build/Debug-webassembly-wasm32/BoxSdkGen-t.build/Objects-normal/wasm32/CreateUserEmailAliasRequestBody.o -index-unit-output-path /BoxSdkGen.build/Debug-webassembly-wasm32/BoxSdkGen-t.build/Objects-normal/wasm32/DeleteUserEmailAliasByIdHeaders.o -index-unit-output-path /BoxSdkGen.build/Debug-webassembly-wasm32/BoxSdkGen-t.build/Objects-normal/wasm32/EmailAliasesManager.o -index-unit-output-path /BoxSdkGen.build/Debug-webassembly-wasm32/BoxSdkGen-t.build/Objects-normal/wasm32/GetUserEmailAliasesHeaders.o -index-unit-output-path /BoxSdkGen.build/Debug-webassembly-wasm32/BoxSdkGen-t.build/Objects-normal/wasm32/EventsManager.o -index-unit-output-path /BoxSdkGen.build/Debug-webassembly-wasm32/BoxSdkGen-t.build/Objects-normal/wasm32/GetEventsHeaders.o -index-unit-output-path /BoxSdkGen.build/Debug-webassembly-wasm32/BoxSdkGen-t.build/Objects-normal/wasm32/GetEventsQueryParams.o -index-unit-output-path /BoxSdkGen.build/Debug-webassembly-wasm32/BoxSdkGen-t.build/Objects-normal/wasm32/GetEventsQueryParamsEventTypeField.o -index-unit-output-path /BoxSdkGen.build/Debug-webassembly-wasm32/BoxSdkGen-t.build/Objects-normal/wasm32/GetEventsQueryParamsStreamTypeField.o -index-unit-output-path /BoxSdkGen.build/Debug-webassembly-wasm32/BoxSdkGen-t.build/Objects-normal/wasm32/GetEventsWithLongPollingHeaders.o -index-unit-output-path /BoxSdkGen.build/Debug-webassembly-wasm32/BoxSdkGen-t.build/Objects-normal/wasm32/AddClassificationToFileHeaders.o -index-unit-output-path /BoxSdkGen.build/Debug-webassembly-wasm32/BoxSdkGen-t.build/Objects-normal/wasm32/AddClassificationToFileRequestBody.o -index-unit-output-path /BoxSdkGen.build/Debug-webassembly-wasm32/BoxSdkGen-t.build/Objects-normal/wasm32/DeleteClassificationFromFileHeaders.o -index-unit-output-path /BoxSdkGen.build/Debug-webassembly-wasm32/BoxSdkGen-t.build/Objects-normal/wasm32/FileClassificationsManager.o -index-unit-output-path /BoxSdkGen.build/Debug-webassembly-wasm32/BoxSdkGen-t.build/Objects-normal/wasm32/GetClassificationOnFileHeaders.o -index-unit-output-path /BoxSdkGen.build/Debug-webassembly-wasm32/BoxSdkGen-t.build/Objects-normal/wasm32/UpdateClassificationOnFileHeaders.o -index-unit-output-path /BoxSdkGen.build/Debug-webassembly-wasm32/BoxSdkGen-t.build/Objects-normal/wasm32/UpdateClassificationOnFileRequestBody.o -index-unit-output-path /BoxSdkGen.build/Debug-webassembly-wasm32/BoxSdkGen-t.build/Objects-normal/wasm32/UpdateClassificationOnFileRequestBodyOpField.o -index-store-path /host/spi-builder-workspace/.build/out -index-system-modules
error: Build failed
BUILD FAILURE 6.4 wasm