The Swift Package Index logo.Swift Package Index

Build Information

Failed to build Atem, reference 1.1.1 (f2af19), with Swift 6.4 for Android on 17 Sep 2026 06:51:28 UTC.

Build Command

bash -c docker run --pull=always --rm -v "checkouts-53886769-1":/host -w "$PWD" -e JAVA_HOME="/root/.sdkman/candidates/java/current" -e SPI_BUILD="1" -e SPI_PROCESSING="1" registry.gitlab.com/saguaro1/spi-images:android-6.4-latest swift build --swift-sdk aarch64-unknown-linux-android28 2>&1

Build Log

========================================
RunAll
========================================
Builder version: 5.1.0
Interrupt handler set up.
========================================
Checkout
========================================
Clone URL: https://github.com/dev1an/swift-atem.git
Reference: 1.1.1
Initialized empty Git repository in /host/spi-builder-workspace/.git/
hint: Using 'master' as the name for the initial branch. This default branch name
hint: is subject to change. To configure the initial branch name to use in all
hint: of your new repositories, which will suppress this warning, call:
hint:
hint: 	git config --global init.defaultBranch <name>
hint:
hint: Names commonly chosen instead of 'master' are 'main', 'trunk' and
hint: 'development'. The just-created branch can be renamed via this command:
hint:
hint: 	git branch -m <name>
From https://github.com/dev1an/swift-atem
 * tag               1.1.1      -> FETCH_HEAD
HEAD is now at f2af195 Use standard random function
Cloned https://github.com/dev1an/swift-atem.git
Revision (git rev-parse @):
f2af195bc8d16bcd91f5e8775b9600a914b9ac0a
SUCCESS checkout https://github.com/dev1an/swift-atem.git at 1.1.1
========================================
Build
========================================
Selected platform:         android
Swift version:             6.4
Building package at path:  $PWD
https://github.com/dev1an/swift-atem.git
Running build ...
bash -c docker run --pull=always --rm -v "checkouts-53886769-1":/host -w "$PWD" -e JAVA_HOME="/root/.sdkman/candidates/java/current" -e SPI_BUILD="1" -e SPI_PROCESSING="1" registry.gitlab.com/saguaro1/spi-images:android-6.4-latest swift build --swift-sdk aarch64-unknown-linux-android28 2>&1
android-6.4-latest: Pulling from saguaro1/spi-images
Digest: sha256:abadcff584c273feba50641b454858d377ba30b35ea7287a94f45ebd8afd0ea0
Status: Image is up to date for registry.gitlab.com/saguaro1/spi-images:android-6.4-latest
Fetching https://github.com/apple/swift-nio.git
[1/85950] Fetching swift-nio
Fetched https://github.com/apple/swift-nio.git (3.37s)
Computing version for https://github.com/apple/swift-nio.git
Computed https://github.com/apple/swift-nio.git at 2.102.0 (3.84s)
Fetching https://github.com/apple/swift-collections.git
Fetching https://github.com/apple/swift-system.git
Fetching https://github.com/apple/swift-atomics.git
[1/1875] Fetching swift-atomics
[1876/8773] Fetching swift-atomics, swift-system
Fetched https://github.com/apple/swift-atomics.git (0.60s)
[207/6898] Fetching swift-system
[1588/34172] Fetching swift-system, swift-collections
Fetched https://github.com/apple/swift-system.git (0.80s)
[7092/27274] Fetching swift-collections
Fetched https://github.com/apple/swift-collections.git (1.25s)
Computing version for https://github.com/apple/swift-atomics.git
Computed https://github.com/apple/swift-atomics.git at 1.3.1 (1.43s)
Computing version for https://github.com/apple/swift-collections.git
Computed https://github.com/apple/swift-collections.git at 1.6.0 (0.32s)
Computing version for https://github.com/apple/swift-system.git
Computed https://github.com/apple/swift-system.git at 1.8.1 (0.27s)
Creating working copy for https://github.com/apple/swift-system.git
Working copy of https://github.com/apple/swift-system.git resolved at 1.8.1
Creating working copy for https://github.com/apple/swift-nio.git
Working copy of https://github.com/apple/swift-nio.git resolved at 2.102.0
Creating working copy for https://github.com/apple/swift-collections.git
Working copy of https://github.com/apple/swift-collections.git resolved at 1.6.0
Creating working copy for https://github.com/apple/swift-atomics.git
Working copy of https://github.com/apple/swift-atomics.git resolved at 1.3.1
Building for debugging...
[Computing dependencies]
[Pre-planning 1 / 716]
[Planning deferred tasks]
[Starting]
[34 / 238] NIOPosix
[128 / 241]
[138 / 264] InternalCollectionsUtilities
[138 / 264] _NIOBase64
[147 / 264] CNIOWASI
[151 / 264] CNIOPosix
[154 / 264] InternalCollectionsUtilities
[165 / 264] _NIOBase64
[174 / 265] InternalCollectionsUtilities
[176 / 265] InternalCollectionsUtilities
[180 / 266] InternalCollectionsUtilities
[183 / 266] InternalCollectionsUtilities
[186 / 266] CNIOOpenBSD
[189 / 266] CNIOLinux
[194 / 268] Atomics
[199 / 286] Atomics
[201 / 286] ContainersPreview
[203 / 286] InternalCollectionsUtilities
[207 / 286] ContainersPreview
[212 / 287] NIOConcurrencyHelpers
[217 / 287] Atomics
[218 / 287] ContainersPreview
[220 / 288] ContainersPreview
[221 / 289] InternalCollectionsUtilities
[222 / 289] Atomics
[226 / 289] InternalCollectionsUtilities
[228 / 289] InternalCollectionsUtilities
[229 / 290]
[233 / 299] DequeModule
[234 / 299] DequeModule
[235 / 299] DequeModule
[237 / 299] DequeModule
[239 / 299] DequeModule
[240 / 299] DequeModule
[241 / 299] DequeModule
[241 / 299] Atomics
[246 / 299] Atomics
[249 / 300] Atomics
[249 / 300] DequeModule
[249 / 301] DequeModule
[258 / 302] DequeModule
[267 / 311] NIOCore
[267 / 311] DequeModule
[267 / 311] NIOCore
[267 / 312] NIOCore
[281 / 318] NIOPosix
[285 / 327] NIOPosix
[286 / 327] NIOPosix
[286 / 327] NIOEmbedded
[288 / 327] NIOEmbedded
[290 / 327] NIOEmbedded
[294 / 327] NIOPosix
[295 / 327] NIOPosix
[295 / 328] NIOEmbedded
[296 / 328] NIOCore
[298 / 328] NIOPosix
[306 / 331] NIO
[313 / 333] NIO
[319 / 342] Atem
[320 / 342] Atem
[321 / 342] Atem
[322 / 342] Atem
[323 / 343] NIOPosix
/host/spi-builder-workspace/Sources/Atem/TallyLight.swift:22:24: warning: static property 'off' produces an empty option set
20 | 	}
21 |
22 | 	public static let     off = TallyLight(rawValue: 0)
   |                        |- warning: static property 'off' produces an empty option set
   |                        `- note: use [] to silence this warning
23 | 	public static let program = TallyLight(rawValue: 1)
24 | 	public static let preview = TallyLight(rawValue: 2)
[327 / 343] NIO
/host/spi-builder-workspace/Sources/Atem/VideoSource.swift:147:21: warning: static property 'none' produces an empty option set
145 | 		public static let sVideo =    ExternalInterfaces(rawValue: 1 << 4)
146 |
147 | 		public static let none = ExternalInterfaces(rawValue: 0)
    |                     |- warning: static property 'none' produces an empty option set
    |                     `- note: use [] to silence this warning
148 |
149 | 		public func describe() -> String? {
/host/spi-builder-workspace/Sources/Atem/VideoSource.swift:194:21: warning: static property 'none' produces an empty option set
192 | 		public static let me2AndFillSources = MixEffects(rawValue: 1 << 1)
193 |
194 | 		public static let none = MixEffects(rawValue: 0)
    |                     |- warning: static property 'none' produces an empty option set
    |                     `- note: use [] to silence this warning
195 |
196 | 		public func describe() -> String? {
[327 / 343] Atem
/host/spi-builder-workspace/Sources/Atem/TallyLight.swift:22:24: warning: static property 'off' produces an empty option set
20 | 	}
21 |
22 | 	public static let     off = TallyLight(rawValue: 0)
   |                        |- warning: static property 'off' produces an empty option set
   |                        `- note: use [] to silence this warning
23 | 	public static let program = TallyLight(rawValue: 1)
24 | 	public static let preview = TallyLight(rawValue: 2)
/host/spi-builder-workspace/Sources/Atem/VideoSource.swift:147:21: warning: static property 'none' produces an empty option set
145 | 		public static let sVideo =    ExternalInterfaces(rawValue: 1 << 4)
146 |
147 | 		public static let none = ExternalInterfaces(rawValue: 0)
    |                     |- warning: static property 'none' produces an empty option set
    |                     `- note: use [] to silence this warning
148 |
149 | 		public func describe() -> String? {
/host/spi-builder-workspace/Sources/Atem/VideoSource.swift:194:21: warning: static property 'none' produces an empty option set
192 | 		public static let me2AndFillSources = MixEffects(rawValue: 1 << 1)
193 |
194 | 		public static let none = MixEffects(rawValue: 0)
    |                     |- warning: static property 'none' produces an empty option set
    |                     `- note: use [] to silence this warning
195 |
196 | 		public func describe() -> String? {
error: SwiftCompile normal aarch64 /host/spi-builder-workspace/Sources/Version\ dump/main.swift failed with a nonzero exit code. Command line:     cd /host
    builtin-SwiftPerFileCompile main.swift
/host/spi-builder-workspace/Sources/Version dump/main.swift:28:4: error: cannot find 'exit' in scope
26 | 		print("Initiation complete")
27 | 		DispatchQueue.main.asyncAfter(deadline: .now() + 0.1) {
28 | 			exit(EXIT_SUCCESS)
   |    `- error: cannot find 'exit' in scope
29 | 		}
30 | 	}
/host/spi-builder-workspace/Sources/Version dump/main.swift:28:9: error: cannot find 'EXIT_SUCCESS' in scope
26 | 		print("Initiation complete")
27 | 		DispatchQueue.main.asyncAfter(deadline: .now() + 0.1) {
28 | 			exit(EXIT_SUCCESS)
   |         `- error: cannot find 'EXIT_SUCCESS' in scope
29 | 		}
30 | 	}
/host/spi-builder-workspace/Sources/Version dump/main.swift:27:57: error: trailing closure passed to parameter of type 'DispatchWorkItem' that does not accept a closure
25 | 	handler.when { (change: InitiationComplete) in
26 | 		print("Initiation complete")
27 | 		DispatchQueue.main.asyncAfter(deadline: .now() + 0.1) {
   |                                                         `- error: trailing closure passed to parameter of type 'DispatchWorkItem' that does not accept a closure
28 | 			exit(EXIT_SUCCESS)
29 | 		}
Dispatch.DispatchQueue.asyncAfter:3:15: note: 'asyncAfter(deadline:execute:)' declared here
1 | class DispatchQueue {
2 | @available(macOS 10.10, iOS 8.0, *)
3 |   public func asyncAfter(deadline: DispatchTime, execute: DispatchWorkItem)}
  |               `- note: 'asyncAfter(deadline:execute:)' declared here
4 |
Failed frontend command:
/root/.local/share/swiftly/toolchains/6.4.x-snapshot-2026-09-04/usr/bin/swift-frontend -frontend -c -primary-file /host/spi-builder-workspace/Sources/Version\ dump/main.swift -emit-dependencies-path /host/spi-builder-workspace/.build/out/Intermediates.noindex/Atem.build/Debug-android-aarch64/Version\ dump-p.build/Objects-normal/aarch64/main.d -emit-const-values-path /host/spi-builder-workspace/.build/out/Intermediates.noindex/Atem.build/Debug-android-aarch64/Version\ dump-p.build/Objects-normal/aarch64/main.swiftconstvalues -emit-reference-dependencies-path /host/spi-builder-workspace/.build/out/Intermediates.noindex/Atem.build/Debug-android-aarch64/Version\ dump-p.build/Objects-normal/aarch64/main.swiftdeps -serialize-diagnostics-path /host/spi-builder-workspace/.build/out/Intermediates.noindex/Atem.build/Debug-android-aarch64/Version\ dump-p.build/Objects-normal/aarch64/main.dia -target aarch64-unknown-linux-android28 -Xllvm -aarch64-use-tbi -disable-objc-interop -sdk /android-ndk/android-ndk-r27d/toolchains/llvm/prebuilt/linux-x86_64/sysroot -sysroot /android-ndk/android-ndk-r27d/toolchains/llvm/prebuilt/linux-x86_64/sysroot -I /host/spi-builder-workspace/.build/out/Products/Debug-android-aarch64 -module-cache-path /host/spi-builder-workspace/.build/out/ModuleCache.noindex -color-diagnostics -Xcc -fcolor-diagnostics -enable-testing -g -debug-info-format\=dwarf -dwarf-version\=4 -swift-version 5 -Onone -D SWIFT_PACKAGE -D DEBUG -D Xcode -serialize-debugging-options -enable-experimental-feature DebugDescriptionMacro -empty-abi-descriptor -external-plugin-path /root/.local/share/swiftly/toolchains/6.4.x-snapshot-2026-09-04/usr/lib/swift/host/plugins/testing\#/root/.local/share/swiftly/toolchains/6.4.x-snapshot-2026-09-04/usr/bin/swift-plugin-server -validate-clang-modules-once -clang-build-session-file /host/spi-builder-workspace/.build/out/ModuleCache.noindex/Session.modulevalidation -Xcc -working-directory -Xcc /host -resource-dir /root/.swiftpm/swift-sdks/swift-6.4.x-DEVELOPMENT-SNAPSHOT-2026-09-04-a_android.artifactbundle/swift-android/swift-resources/usr/lib/swift-aarch64 -enable-anonymous-context-mangled-names -file-compilation-dir /host -Xcc -resource-dir -Xcc /android-ndk/android-ndk-r27d/toolchains/llvm/prebuilt/linux-x86_64/lib/clang/18 -Xcc -fmodule-map-file\=/host/spi-builder-workspace/.build/checkouts/swift-atomics/Sources/_AtomicsShims/include/module.modulemap -Xcc -fmodule-map-file\=/host/spi-builder-workspace/.build/out/Intermediates.noindex/GeneratedModuleMaps-android-aarch64/CNIOPosix.modulemap -Xcc -fmodule-map-file\=/host/spi-builder-workspace/.build/out/Intermediates.noindex/GeneratedModuleMaps-android-aarch64/CNIOWASI.modulemap -Xcc -fmodule-map-file\=/host/spi-builder-workspace/.build/checkouts/swift-nio/Sources/CNIOWindows/include/module.modulemap -Xcc -fmodule-map-file\=/host/spi-builder-workspace/.build/out/Intermediates.noindex/GeneratedModuleMaps-android-aarch64/CNIOLinux.modulemap -Xcc -fmodule-map-file\=/host/spi-builder-workspace/.build/out/Intermediates.noindex/GeneratedModuleMaps-android-aarch64/CNIODarwin.modulemap -Xcc -fmodule-map-file\=/host/spi-builder-workspace/.build/out/Intermediates.noindex/GeneratedModuleMaps-android-aarch64/CNIOFreeBSD.modulemap -Xcc -fmodule-map-file\=/host/spi-builder-workspace/.build/out/Intermediates.noindex/GeneratedModuleMaps-android-aarch64/CNIOOpenBSD.modulemap -Xcc -fmodule-map-file\=/host/spi-builder-workspace/.build/out/Intermediates.noindex/GeneratedModuleMaps-android-aarch64/CNIOAtomics.modulemap -Xcc -fno-omit-frame-pointer -Xcc -D_LIBCPP_HARDENING_MODE\=_LIBCPP_HARDENING_MODE_DEBUG -Xcc -fmodules-prune-interval\=86400 -Xcc -fmodules-prune-after\=345600 -Xcc -I/host/spi-builder-workspace/.build/checkouts/swift-atomics/Sources/_AtomicsShims/include -Xcc -I/host/spi-builder-workspace/.build/checkouts/swift-nio/Sources/CNIOPosix/include -Xcc -I/host/spi-builder-workspace/.build/checkouts/swift-nio/Sources/CNIOWASI/include -Xcc -I/host/spi-builder-workspace/.build/checkouts/swift-nio/Sources/CNIOWindows/include -Xcc -I/host/spi-builder-workspace/.build/checkouts/swift-nio/Sources/CNIOLinux/include -Xcc -I/host/spi-builder-workspace/.build/checkouts/swift-nio/Sources/CNIODarwin/include -Xcc -I/host/spi-builder-workspace/.build/checkouts/swift-nio/Sources/CNIOFreeBSD/include -Xcc -I/host/spi-builder-workspace/.build/checkouts/swift-nio/Sources/CNIOOpenBSD/include -Xcc -I/host/spi-builder-workspace/.build/checkouts/swift-nio/Sources/CNIOAtomics/include -Xcc -I/host/spi-builder-workspace/.build/out/Products/Debug-android-aarch64/include -Xcc -I/host/spi-builder-workspace/.build/out/Intermediates.noindex/Atem.build/Debug-android-aarch64/Version\ dump-p.build/DerivedSources-normal/aarch64 -Xcc -I/host/spi-builder-workspace/.build/out/Intermediates.noindex/Atem.build/Debug-android-aarch64/Version\ dump-p.build/DerivedSources/aarch64 -Xcc -I/host/spi-builder-workspace/.build/out/Intermediates.noindex/Atem.build/Debug-android-aarch64/Version\ dump-p.build/DerivedSources -Xcc -DSWIFT_PACKAGE -Xcc -DDEBUG\=1 -no-auto-bridging-header-chaining -module-name Version_dump -const-gather-protocols-file /host/spi-builder-workspace/.build/out/Intermediates.noindex/Atem.build/Debug-android-aarch64/Version\ dump-p.build/Objects-normal/aarch64/Version\ dump_const_extract_protocols.json -in-process-plugin-server-path /root/.local/share/swiftly/toolchains/6.4.x-snapshot-2026-09-04/usr/lib/swift/host/libSwiftInProcPluginServer.so -plugin-path /root/.local/share/swiftly/toolchains/6.4.x-snapshot-2026-09-04/usr/lib/swift/host/plugins -plugin-path /root/.local/share/swiftly/toolchains/6.4.x-snapshot-2026-09-04/usr/local/lib/swift/host/plugins -o /host/spi-builder-workspace/.build/out/Intermediates.noindex/Atem.build/Debug-android-aarch64/Version\ dump-p.build/Objects-normal/aarch64/main.o -index-unit-output-path /Atem.build/Debug-android-aarch64/Version\ dump-p.build/Objects-normal/aarch64/main.o -index-store-path /host/spi-builder-workspace/.build/out -index-system-modules
[338 / 349] Version dump-product
error: SwiftCompile normal aarch64 failed with a nonzero exit code. Command line:     cd /host

/host/spi-builder-workspace/Sources/Version dump/main.swift:28:4: error: cannot find 'exit' in scope
26 | 		print("Initiation complete")
27 | 		DispatchQueue.main.asyncAfter(deadline: .now() + 0.1) {
28 | 			exit(EXIT_SUCCESS)
   |    `- error: cannot find 'exit' in scope
29 | 		}
30 | 	}
/host/spi-builder-workspace/Sources/Version dump/main.swift:28:9: error: cannot find 'EXIT_SUCCESS' in scope
26 | 		print("Initiation complete")
27 | 		DispatchQueue.main.asyncAfter(deadline: .now() + 0.1) {
28 | 			exit(EXIT_SUCCESS)
   |         `- error: cannot find 'EXIT_SUCCESS' in scope
29 | 		}
30 | 	}
/host/spi-builder-workspace/Sources/Version dump/main.swift:27:57: error: trailing closure passed to parameter of type 'DispatchWorkItem' that does not accept a closure
25 | 	handler.when { (change: InitiationComplete) in
26 | 		print("Initiation complete")
27 | 		DispatchQueue.main.asyncAfter(deadline: .now() + 0.1) {
   |                                                         `- error: trailing closure passed to parameter of type 'DispatchWorkItem' that does not accept a closure
28 | 			exit(EXIT_SUCCESS)
29 | 		}
Dispatch.DispatchQueue.asyncAfter:3:15: note: 'asyncAfter(deadline:execute:)' declared here
1 | class DispatchQueue {
2 | @available(macOS 10.10, iOS 8.0, *)
3 |   public func asyncAfter(deadline: DispatchTime, execute: DispatchWorkItem)}
  |               `- note: 'asyncAfter(deadline:execute:)' declared here
4 |
Failed frontend command:
/root/.local/share/swiftly/toolchains/6.4.x-snapshot-2026-09-04/usr/bin/swift-frontend -frontend -emit-module -experimental-skip-non-inlinable-function-bodies-without-types /host/spi-builder-workspace/Sources/Version\ dump/main.swift -target aarch64-unknown-linux-android28 -Xllvm -aarch64-use-tbi -disable-objc-interop -sdk /android-ndk/android-ndk-r27d/toolchains/llvm/prebuilt/linux-x86_64/sysroot -sysroot /android-ndk/android-ndk-r27d/toolchains/llvm/prebuilt/linux-x86_64/sysroot -I /host/spi-builder-workspace/.build/out/Products/Debug-android-aarch64 -module-cache-path /host/spi-builder-workspace/.build/out/ModuleCache.noindex -color-diagnostics -Xcc -fcolor-diagnostics -enable-testing -g -debug-info-format\=dwarf -dwarf-version\=4 -swift-version 5 -Onone -D SWIFT_PACKAGE -D DEBUG -D Xcode -serialize-debugging-options -enable-experimental-feature DebugDescriptionMacro -empty-abi-descriptor -external-plugin-path /root/.local/share/swiftly/toolchains/6.4.x-snapshot-2026-09-04/usr/lib/swift/host/plugins/testing\#/root/.local/share/swiftly/toolchains/6.4.x-snapshot-2026-09-04/usr/bin/swift-plugin-server -validate-clang-modules-once -clang-build-session-file /host/spi-builder-workspace/.build/out/ModuleCache.noindex/Session.modulevalidation -Xcc -working-directory -Xcc /host -resource-dir /root/.swiftpm/swift-sdks/swift-6.4.x-DEVELOPMENT-SNAPSHOT-2026-09-04-a_android.artifactbundle/swift-android/swift-resources/usr/lib/swift-aarch64 -enable-anonymous-context-mangled-names -file-compilation-dir /host -Xcc -resource-dir -Xcc /android-ndk/android-ndk-r27d/toolchains/llvm/prebuilt/linux-x86_64/lib/clang/18 -Xcc -fmodule-map-file\=/host/spi-builder-workspace/.build/checkouts/swift-atomics/Sources/_AtomicsShims/include/module.modulemap -Xcc -fmodule-map-file\=/host/spi-builder-workspace/.build/out/Intermediates.noindex/GeneratedModuleMaps-android-aarch64/CNIOPosix.modulemap -Xcc -fmodule-map-file\=/host/spi-builder-workspace/.build/out/Intermediates.noindex/GeneratedModuleMaps-android-aarch64/CNIOWASI.modulemap -Xcc -fmodule-map-file\=/host/spi-builder-workspace/.build/checkouts/swift-nio/Sources/CNIOWindows/include/module.modulemap -Xcc -fmodule-map-file\=/host/spi-builder-workspace/.build/out/Intermediates.noindex/GeneratedModuleMaps-android-aarch64/CNIOLinux.modulemap -Xcc -fmodule-map-file\=/host/spi-builder-workspace/.build/out/Intermediates.noindex/GeneratedModuleMaps-android-aarch64/CNIODarwin.modulemap -Xcc -fmodule-map-file\=/host/spi-builder-workspace/.build/out/Intermediates.noindex/GeneratedModuleMaps-android-aarch64/CNIOFreeBSD.modulemap -Xcc -fmodule-map-file\=/host/spi-builder-workspace/.build/out/Intermediates.noindex/GeneratedModuleMaps-android-aarch64/CNIOOpenBSD.modulemap -Xcc -fmodule-map-file\=/host/spi-builder-workspace/.build/out/Intermediates.noindex/GeneratedModuleMaps-android-aarch64/CNIOAtomics.modulemap -Xcc -fno-omit-frame-pointer -Xcc -D_LIBCPP_HARDENING_MODE\=_LIBCPP_HARDENING_MODE_DEBUG -Xcc -fmodules-prune-interval\=86400 -Xcc -fmodules-prune-after\=345600 -Xcc -I/host/spi-builder-workspace/.build/checkouts/swift-atomics/Sources/_AtomicsShims/include -Xcc -I/host/spi-builder-workspace/.build/checkouts/swift-nio/Sources/CNIOPosix/include -Xcc -I/host/spi-builder-workspace/.build/checkouts/swift-nio/Sources/CNIOWASI/include -Xcc -I/host/spi-builder-workspace/.build/checkouts/swift-nio/Sources/CNIOWindows/include -Xcc -I/host/spi-builder-workspace/.build/checkouts/swift-nio/Sources/CNIOLinux/include -Xcc -I/host/spi-builder-workspace/.build/checkouts/swift-nio/Sources/CNIODarwin/include -Xcc -I/host/spi-builder-workspace/.build/checkouts/swift-nio/Sources/CNIOFreeBSD/include -Xcc -I/host/spi-builder-workspace/.build/checkouts/swift-nio/Sources/CNIOOpenBSD/include -Xcc -I/host/spi-builder-workspace/.build/checkouts/swift-nio/Sources/CNIOAtomics/include -Xcc -I/host/spi-builder-workspace/.build/out/Products/Debug-android-aarch64/include -Xcc -I/host/spi-builder-workspace/.build/out/Intermediates.noindex/Atem.build/Debug-android-aarch64/Version\ dump-p.build/DerivedSources-normal/aarch64 -Xcc -I/host/spi-builder-workspace/.build/out/Intermediates.noindex/Atem.build/Debug-android-aarch64/Version\ dump-p.build/DerivedSources/aarch64 -Xcc -I/host/spi-builder-workspace/.build/out/Intermediates.noindex/Atem.build/Debug-android-aarch64/Version\ dump-p.build/DerivedSources -Xcc -DSWIFT_PACKAGE -Xcc -DDEBUG\=1 -no-auto-bridging-header-chaining -module-name Version_dump -const-gather-protocols-file /host/spi-builder-workspace/.build/out/Intermediates.noindex/Atem.build/Debug-android-aarch64/Version\ dump-p.build/Objects-normal/aarch64/Version\ dump_const_extract_protocols.json -in-process-plugin-server-path /root/.local/share/swiftly/toolchains/6.4.x-snapshot-2026-09-04/usr/lib/swift/host/libSwiftInProcPluginServer.so -plugin-path /root/.local/share/swiftly/toolchains/6.4.x-snapshot-2026-09-04/usr/lib/swift/host/plugins -plugin-path /root/.local/share/swiftly/toolchains/6.4.x-snapshot-2026-09-04/usr/local/lib/swift/host/plugins -emit-module-doc-path /host/spi-builder-workspace/.build/out/Intermediates.noindex/Atem.build/Debug-android-aarch64/Version\ dump-p.build/Objects-normal/aarch64/Modules/Version_dump.swiftdoc -emit-module-source-info-path /host/spi-builder-workspace/.build/out/Intermediates.noindex/Atem.build/Debug-android-aarch64/Version\ dump-p.build/Objects-normal/aarch64/Modules/Version_dump.swiftsourceinfo -serialize-diagnostics-path /host/spi-builder-workspace/.build/out/Intermediates.noindex/Atem.build/Debug-android-aarch64/Version\ dump-p.build/Objects-normal/aarch64/Version\ dump-primary-emit-module.dia -emit-dependencies-path /host/spi-builder-workspace/.build/out/Intermediates.noindex/Atem.build/Debug-android-aarch64/Version\ dump-p.build/Objects-normal/aarch64/Version\ dump-primary-emit-module.d -o /host/spi-builder-workspace/.build/out/Intermediates.noindex/Atem.build/Debug-android-aarch64/Version\ dump-p.build/Objects-normal/aarch64/Modules/Version_dump.swiftmodule
error: Build failed
BUILD FAILURE 6.4 android