The Swift Package Index logo.Swift Package Index

Build Information

Failed to build javascript-core-extras, reference main (dbd8d7), with Swift 6.1 for watchOS using Xcode 16.3 on 17 Sep 2026 11:09:13 UTC.

Build Command

env DEVELOPER_DIR=/Applications/Xcode-16.3.0.app xcrun xcodebuild -IDEClonedSourcePackagesDirPathOverride=$PWD/.dependencies -skipMacroValidation -skipPackagePluginValidation -derivedDataPath $PWD/.derivedData build -scheme javascript-core-extras -destination generic/platform=watchOS

Build Log

SwiftDriverJobDiscovery normal arm64_32 Compiling ReportIssue.swift, _Test.swift (in target 'IssueReporting' from project 'xctest-dynamic-overlay')
SwiftDriver JavaScriptCoreExtras normal armv7k com.apple.xcode.tools.swift.compiler (in target 'JavaScriptCoreExtras' from project 'javascript-core-extras')
    cd /Users/admin/builder/spi-builder-workspace/.swiftpm/xcode
    builtin-SwiftDriver -- /Applications/Xcode-16.3.0.app/Contents/Developer/Toolchains/XcodeDefault.xctoolchain/usr/bin/swiftc -module-name JavaScriptCoreExtras -Onone -enforce-exclusivity\=checked @/Users/admin/builder/spi-builder-workspace/.derivedData/Build/Intermediates.noindex/javascript-core-extras.build/Debug-watchos/JavaScriptCoreExtras.build/Objects-normal/armv7k/JavaScriptCoreExtras.SwiftFileList -DSWIFT_PACKAGE -DDEBUG -Xcc -fmodule-map-file\=/Users/admin/builder/spi-builder-workspace/.derivedData/Build/Intermediates.noindex/GeneratedModuleMaps-watchos/_CJavaScriptCoreExtras.modulemap -stats-output-dir .stats -plugin-path /Applications/Xcode-16.3.0.app/Contents/Developer/Toolchains/XcodeDefault.xctoolchain/usr/lib/swift/host/plugins/testing -enable-experimental-feature DebugDescriptionMacro -sdk /Applications/Xcode-16.3.0.app/Contents/Developer/Platforms/WatchOS.platform/Developer/SDKs/WatchOS11.4.sdk -target armv7k-apple-watchos6.0 -g -module-cache-path /Users/admin/builder/spi-builder-workspace/.derivedData/ModuleCache.noindex -Xfrontend -serialize-debugging-options -profile-coverage-mapping -profile-generate -enable-testing -index-store-path /Users/admin/builder/spi-builder-workspace/.derivedData/Index.noindex/DataStore -swift-version 6 -I /Users/admin/builder/spi-builder-workspace/.derivedData/Build/Products/Debug-watchos -I /Applications/Xcode-16.3.0.app/Contents/Developer/Platforms/WatchOS.platform/Developer/usr/lib -F /Users/admin/builder/spi-builder-workspace/.derivedData/Build/Products/Debug-watchos/PackageFrameworks -F /Users/admin/builder/spi-builder-workspace/.derivedData/Build/Products/Debug-watchos/PackageFrameworks -F /Users/admin/builder/spi-builder-workspace/.derivedData/Build/Products/Debug-watchos -F /Applications/Xcode-16.3.0.app/Contents/Developer/Platforms/WatchOS.platform/Developer/Library/Frameworks -F /Applications/Xcode-16.3.0.app/Contents/Developer/Platforms/WatchOS.platform/Developer/SDKs/WatchOS11.4.sdk/Developer/Library/Frameworks -c -j10 -enable-batch-mode -incremental -Xcc -ivfsstatcache -Xcc /Users/admin/builder/spi-builder-workspace/.derivedData/SDKStatCaches.noindex/watchos11.4-22T246-43efb940ff07ba2497b70ec94253f576.sdkstatcache -output-file-map /Users/admin/builder/spi-builder-workspace/.derivedData/Build/Intermediates.noindex/javascript-core-extras.build/Debug-watchos/JavaScriptCoreExtras.build/Objects-normal/armv7k/JavaScriptCoreExtras-OutputFileMap.json -use-frontend-parseable-output -save-temps -no-color-diagnostics -serialize-diagnostics -emit-dependencies -emit-module -emit-module-path /Users/admin/builder/spi-builder-workspace/.derivedData/Build/Intermediates.noindex/javascript-core-extras.build/Debug-watchos/JavaScriptCoreExtras.build/Objects-normal/armv7k/JavaScriptCoreExtras.swiftmodule -validate-clang-modules-once -clang-build-session-file /Users/admin/builder/spi-builder-workspace/.derivedData/ModuleCache.noindex/Session.modulevalidation -package-name spi_builder_workspace -Xcc -I/Users/admin/builder/spi-builder-workspace/.derivedData/Build/Intermediates.noindex/javascript-core-extras.build/Debug-watchos/JavaScriptCoreExtras.build/swift-overrides.hmap -emit-const-values -Xfrontend -const-gather-protocols-file -Xfrontend /Users/admin/builder/spi-builder-workspace/.derivedData/Build/Intermediates.noindex/javascript-core-extras.build/Debug-watchos/JavaScriptCoreExtras.build/Objects-normal/armv7k/JavaScriptCoreExtras_const_extract_protocols.json -Xcc -I/Users/admin/builder/spi-builder-workspace/Sources/_CJavaScriptCoreExtras/include -Xcc -I/Users/admin/builder/spi-builder-workspace/.derivedData/Build/Products/Debug-watchos/include -Xcc -I/Users/admin/builder/spi-builder-workspace/.derivedData/Build/Intermediates.noindex/javascript-core-extras.build/Debug-watchos/JavaScriptCoreExtras.build/DerivedSources-normal/armv7k -Xcc -I/Users/admin/builder/spi-builder-workspace/.derivedData/Build/Intermediates.noindex/javascript-core-extras.build/Debug-watchos/JavaScriptCoreExtras.build/DerivedSources/armv7k -Xcc -I/Users/admin/builder/spi-builder-workspace/.derivedData/Build/Intermediates.noindex/javascript-core-extras.build/Debug-watchos/JavaScriptCoreExtras.build/DerivedSources -Xcc -DSWIFT_PACKAGE -Xcc -DDEBUG\=1 -emit-objc-header -emit-objc-header-path /Users/admin/builder/spi-builder-workspace/.derivedData/Build/Intermediates.noindex/javascript-core-extras.build/Debug-watchos/JavaScriptCoreExtras.build/Objects-normal/armv7k/JavaScriptCoreExtras-Swift.h -working-directory /Users/admin/builder/spi-builder-workspace/.swiftpm/xcode -experimental-emit-module-separately -disable-cmo
PrecompileModule /Users/admin/builder/spi-builder-workspace/.derivedData/Build/Intermediates.noindex/ExplicitPrecompiledModules/Foundation-3EEECB0N7RJAVT1Y1RJ4SKGNX.scan
    cd /Users/admin/builder/spi-builder-workspace/.swiftpm/xcode
    builtin-precompileModule /Users/admin/builder/spi-builder-workspace/.derivedData/Build/Intermediates.noindex/ExplicitPrecompiledModules/Foundation-3EEECB0N7RJAVT1Y1RJ4SKGNX.scan
PrecompileModule /Users/admin/builder/spi-builder-workspace/.derivedData/Build/Intermediates.noindex/ExplicitPrecompiledModules/CoreFoundation-5FWTJXCLV1RMP6VPAD9S93GL7.scan
    cd /Users/admin/builder/spi-builder-workspace/.swiftpm/xcode
    builtin-precompileModule /Users/admin/builder/spi-builder-workspace/.derivedData/Build/Intermediates.noindex/ExplicitPrecompiledModules/CoreFoundation-5FWTJXCLV1RMP6VPAD9S93GL7.scan
PrecompileModule /Users/admin/builder/spi-builder-workspace/.derivedData/Build/Intermediates.noindex/ExplicitPrecompiledModules/Foundation-4LZ39CUVUK846C8YUA28PKTQY.scan
    cd /Users/admin/builder/spi-builder-workspace/.swiftpm/xcode
    builtin-precompileModule /Users/admin/builder/spi-builder-workspace/.derivedData/Build/Intermediates.noindex/ExplicitPrecompiledModules/Foundation-4LZ39CUVUK846C8YUA28PKTQY.scan
SwiftDriverJobDiscovery normal armv7k Compiling IsTesting.swift, IssueReporter.swift (in target 'IssueReporting' from project 'xctest-dynamic-overlay')
SwiftEmitModule normal arm64_32 Emitting\ module\ for\ JavaScriptCoreExtras (in target 'JavaScriptCoreExtras' from project 'javascript-core-extras')
EmitSwiftModule normal arm64_32 (in target 'JavaScriptCoreExtras' from project 'javascript-core-extras')
    cd /Users/admin/builder/spi-builder-workspace/.swiftpm/xcode

SwiftCompile normal arm64_32 Compiling\ UnsafeTransfer.swift,\ JSAbortController.swift,\ JSConsoleLogger.swift,\ JSContext+SetObject.swift,\ JSContextInstallable.swift /Users/admin/builder/spi-builder-workspace/Sources/JavaScriptCoreExtras/Internal/UnsafeTransfer.swift /Users/admin/builder/spi-builder-workspace/Sources/JavaScriptCoreExtras/JSAbortController.swift /Users/admin/builder/spi-builder-workspace/Sources/JavaScriptCoreExtras/JSConsoleLogger.swift /Users/admin/builder/spi-builder-workspace/Sources/JavaScriptCoreExtras/JSContext+SetObject.swift /Users/admin/builder/spi-builder-workspace/Sources/JavaScriptCoreExtras/JSContextInstallable.swift (in target 'JavaScriptCoreExtras' from project 'javascript-core-extras')
SwiftCompile normal arm64_32 /Users/admin/builder/spi-builder-workspace/Sources/JavaScriptCoreExtras/Internal/UnsafeTransfer.swift (in target 'JavaScriptCoreExtras' from project 'javascript-core-extras')
    cd /Users/admin/builder/spi-builder-workspace/.swiftpm/xcode

/Users/admin/builder/spi-builder-workspace/Sources/JavaScriptCoreExtras/Blob/JSBlob.swift:1:24: error: no such module 'JavaScriptCore'
@preconcurrency import JavaScriptCore
                       ^
SwiftCompile normal arm64_32 /Users/admin/builder/spi-builder-workspace/Sources/JavaScriptCoreExtras/JSAbortController.swift (in target 'JavaScriptCoreExtras' from project 'javascript-core-extras')
    cd /Users/admin/builder/spi-builder-workspace/.swiftpm/xcode

/Users/admin/builder/spi-builder-workspace/Sources/JavaScriptCoreExtras/Blob/JSBlob.swift:1:24: error: no such module 'JavaScriptCore'
@preconcurrency import JavaScriptCore
                       ^
SwiftCompile normal arm64_32 /Users/admin/builder/spi-builder-workspace/Sources/JavaScriptCoreExtras/JSConsoleLogger.swift (in target 'JavaScriptCoreExtras' from project 'javascript-core-extras')
    cd /Users/admin/builder/spi-builder-workspace/.swiftpm/xcode

/Users/admin/builder/spi-builder-workspace/Sources/JavaScriptCoreExtras/Blob/JSBlob.swift:1:24: error: no such module 'JavaScriptCore'
@preconcurrency import JavaScriptCore
                       ^
SwiftCompile normal arm64_32 /Users/admin/builder/spi-builder-workspace/Sources/JavaScriptCoreExtras/JSContext+SetObject.swift (in target 'JavaScriptCoreExtras' from project 'javascript-core-extras')
    cd /Users/admin/builder/spi-builder-workspace/.swiftpm/xcode

/Users/admin/builder/spi-builder-workspace/Sources/JavaScriptCoreExtras/Blob/JSBlob.swift:1:24: error: no such module 'JavaScriptCore'
@preconcurrency import JavaScriptCore
                       ^
SwiftCompile normal arm64_32 /Users/admin/builder/spi-builder-workspace/Sources/JavaScriptCoreExtras/JSContextInstallable.swift (in target 'JavaScriptCoreExtras' from project 'javascript-core-extras')
    cd /Users/admin/builder/spi-builder-workspace/.swiftpm/xcode

/Users/admin/builder/spi-builder-workspace/Sources/JavaScriptCoreExtras/Blob/JSBlob.swift:1:24: error: no such module 'JavaScriptCore'
@preconcurrency import JavaScriptCore
                       ^
SwiftCompile normal arm64_32 Compiling\ Foundation+JSValueConvertible.swift,\ JSFunctionValue+Async.swift,\ JSFunctionValue.swift,\ JSPromiseValue.swift,\ JSTypeMismatchError.swift /Users/admin/builder/spi-builder-workspace/Sources/JavaScriptCoreExtras/Values/Foundation+JSValueConvertible.swift /Users/admin/builder/spi-builder-workspace/Sources/JavaScriptCoreExtras/Values/Functions/JSFunctionValue+Async.swift /Users/admin/builder/spi-builder-workspace/Sources/JavaScriptCoreExtras/Values/Functions/JSFunctionValue.swift /Users/admin/builder/spi-builder-workspace/Sources/JavaScriptCoreExtras/Values/JSPromiseValue.swift /Users/admin/builder/spi-builder-workspace/Sources/JavaScriptCoreExtras/Values/JSTypeMismatchError.swift (in target 'JavaScriptCoreExtras' from project 'javascript-core-extras')
SwiftCompile normal arm64_32 /Users/admin/builder/spi-builder-workspace/Sources/JavaScriptCoreExtras/Values/Foundation+JSValueConvertible.swift (in target 'JavaScriptCoreExtras' from project 'javascript-core-extras')
    cd /Users/admin/builder/spi-builder-workspace/.swiftpm/xcode

SwiftCompile normal arm64_32 /Users/admin/builder/spi-builder-workspace/Sources/JavaScriptCoreExtras/Values/Functions/JSFunctionValue+Async.swift (in target 'JavaScriptCoreExtras' from project 'javascript-core-extras')
    cd /Users/admin/builder/spi-builder-workspace/.swiftpm/xcode

SwiftCompile normal arm64_32 /Users/admin/builder/spi-builder-workspace/Sources/JavaScriptCoreExtras/Values/Functions/JSFunctionValue.swift (in target 'JavaScriptCoreExtras' from project 'javascript-core-extras')
    cd /Users/admin/builder/spi-builder-workspace/.swiftpm/xcode

SwiftCompile normal arm64_32 /Users/admin/builder/spi-builder-workspace/Sources/JavaScriptCoreExtras/Values/JSPromiseValue.swift (in target 'JavaScriptCoreExtras' from project 'javascript-core-extras')
    cd /Users/admin/builder/spi-builder-workspace/.swiftpm/xcode

SwiftCompile normal arm64_32 /Users/admin/builder/spi-builder-workspace/Sources/JavaScriptCoreExtras/Values/JSTypeMismatchError.swift (in target 'JavaScriptCoreExtras' from project 'javascript-core-extras')
    cd /Users/admin/builder/spi-builder-workspace/.swiftpm/xcode

SwiftEmitModule normal armv7k Emitting\ module\ for\ JavaScriptCoreExtras (in target 'JavaScriptCoreExtras' from project 'javascript-core-extras')
EmitSwiftModule normal armv7k (in target 'JavaScriptCoreExtras' from project 'javascript-core-extras')
    cd /Users/admin/builder/spi-builder-workspace/.swiftpm/xcode

SwiftEmitModule normal arm64 Emitting\ module\ for\ JavaScriptCoreExtras (in target 'JavaScriptCoreExtras' from project 'javascript-core-extras')
EmitSwiftModule normal arm64 (in target 'JavaScriptCoreExtras' from project 'javascript-core-extras')
    cd /Users/admin/builder/spi-builder-workspace/.swiftpm/xcode

SwiftDriverJobDiscovery normal arm64 Compiling SwiftTesting.swift, UncheckedSendable.swift (in target 'IssueReporting' from project 'xctest-dynamic-overlay')
PrecompileModule /Users/admin/builder/spi-builder-workspace/.derivedData/Build/Intermediates.noindex/ExplicitPrecompiledModules/Security-3GXPTULTC08O11IT2ML7V6YCS.scan
    cd /Users/admin/builder/spi-builder-workspace/.swiftpm/xcode
    builtin-precompileModule /Users/admin/builder/spi-builder-workspace/.derivedData/Build/Intermediates.noindex/ExplicitPrecompiledModules/Security-3GXPTULTC08O11IT2ML7V6YCS.scan
SwiftDriverJobDiscovery normal arm64 Compiling FailureObserver.swift, LockIsolated.swift, Rethrows.swift (in target 'IssueReporting' from project 'xctest-dynamic-overlay')
SwiftCompile normal arm64_32 Compiling\ JSVirtualMachineExecutorPool.swift,\ JSPromise.swift,\ JSVirtualMachinePool.swift,\ UnsafeJSValueTransfer.swift,\ Exports.swift /Users/admin/builder/spi-builder-workspace/Sources/JavaScriptCoreExtras/Concurrency/JSVirtualMachineExecutorPool.swift /Users/admin/builder/spi-builder-workspace/Sources/JavaScriptCoreExtras/Deprecated/JSPromise.swift /Users/admin/builder/spi-builder-workspace/Sources/JavaScriptCoreExtras/Deprecated/JSVirtualMachinePool.swift /Users/admin/builder/spi-builder-workspace/Sources/JavaScriptCoreExtras/Deprecated/UnsafeJSValueTransfer.swift /Users/admin/builder/spi-builder-workspace/Sources/JavaScriptCoreExtras/Exports.swift (in target 'JavaScriptCoreExtras' from project 'javascript-core-extras')
SwiftCompile normal arm64_32 /Users/admin/builder/spi-builder-workspace/Sources/JavaScriptCoreExtras/Concurrency/JSVirtualMachineExecutorPool.swift (in target 'JavaScriptCoreExtras' from project 'javascript-core-extras')
    cd /Users/admin/builder/spi-builder-workspace/.swiftpm/xcode

SwiftCompile normal arm64_32 /Users/admin/builder/spi-builder-workspace/Sources/JavaScriptCoreExtras/Deprecated/JSPromise.swift (in target 'JavaScriptCoreExtras' from project 'javascript-core-extras')
    cd /Users/admin/builder/spi-builder-workspace/.swiftpm/xcode

SwiftCompile normal arm64_32 /Users/admin/builder/spi-builder-workspace/Sources/JavaScriptCoreExtras/Deprecated/JSVirtualMachinePool.swift (in target 'JavaScriptCoreExtras' from project 'javascript-core-extras')
    cd /Users/admin/builder/spi-builder-workspace/.swiftpm/xcode

SwiftCompile normal arm64_32 /Users/admin/builder/spi-builder-workspace/Sources/JavaScriptCoreExtras/Deprecated/UnsafeJSValueTransfer.swift (in target 'JavaScriptCoreExtras' from project 'javascript-core-extras')
    cd /Users/admin/builder/spi-builder-workspace/.swiftpm/xcode

SwiftCompile normal arm64_32 /Users/admin/builder/spi-builder-workspace/Sources/JavaScriptCoreExtras/Exports.swift (in target 'JavaScriptCoreExtras' from project 'javascript-core-extras')
    cd /Users/admin/builder/spi-builder-workspace/.swiftpm/xcode

PrecompileModule /Users/admin/builder/spi-builder-workspace/.derivedData/Build/Intermediates.noindex/ExplicitPrecompiledModules/Foundation-653DZMIZJTAWEWN2LC950RVKM.scan
    cd /Users/admin/builder/spi-builder-workspace/.swiftpm/xcode
    builtin-precompileModule /Users/admin/builder/spi-builder-workspace/.derivedData/Build/Intermediates.noindex/ExplicitPrecompiledModules/Foundation-653DZMIZJTAWEWN2LC950RVKM.scan
SwiftDriverJobDiscovery normal arm64_32 Compiling ErrorReporting.swift, AppHostWarning.swift, Deprecations.swift (in target 'IssueReporting' from project 'xctest-dynamic-overlay')
SwiftCompile normal arm64 Compiling\ JSActor.swift,\ JSGlobalActor.swift,\ JSValue+IsOnCurrentExecutor.swift,\ JSVirtualMachine+ThreadLocal.swift,\ JSVirtualMachineExecutor.swift /Users/admin/builder/spi-builder-workspace/Sources/JavaScriptCoreExtras/Concurrency/JSActor.swift /Users/admin/builder/spi-builder-workspace/Sources/JavaScriptCoreExtras/Concurrency/JSGlobalActor.swift /Users/admin/builder/spi-builder-workspace/Sources/JavaScriptCoreExtras/Concurrency/JSValue+IsOnCurrentExecutor.swift /Users/admin/builder/spi-builder-workspace/Sources/JavaScriptCoreExtras/Concurrency/JSVirtualMachine+ThreadLocal.swift /Users/admin/builder/spi-builder-workspace/Sources/JavaScriptCoreExtras/Concurrency/JSVirtualMachineExecutor.swift (in target 'JavaScriptCoreExtras' from project 'javascript-core-extras')
Failed frontend command:
/Applications/Xcode-16.3.0.app/Contents/Developer/Toolchains/XcodeDefault.xctoolchain/usr/bin/swift-frontend -frontend -c /Users/admin/builder/spi-builder-workspace/.derivedData/Build/Intermediates.noindex/javascript-core-extras.build/Debug-watchos/JavaScriptCoreExtras.build/DerivedSources/resource_bundle_accessor.swift /Users/admin/builder/spi-builder-workspace/Sources/JavaScriptCoreExtras/Blob/JSBlob.swift /Users/admin/builder/spi-builder-workspace/Sources/JavaScriptCoreExtras/Blob/JSBlobStorage.swift /Users/admin/builder/spi-builder-workspace/Sources/JavaScriptCoreExtras/Blob/JSFile.swift /Users/admin/builder/spi-builder-workspace/Sources/JavaScriptCoreExtras/Blob/MIMEType.swift -primary-file /Users/admin/builder/spi-builder-workspace/Sources/JavaScriptCoreExtras/Concurrency/JSActor.swift -primary-file /Users/admin/builder/spi-builder-workspace/Sources/JavaScriptCoreExtras/Concurrency/JSGlobalActor.swift -primary-file /Users/admin/builder/spi-builder-workspace/Sources/JavaScriptCoreExtras/Concurrency/JSValue+IsOnCurrentExecutor.swift -primary-file /Users/admin/builder/spi-builder-workspace/Sources/JavaScriptCoreExtras/Concurrency/JSVirtualMachine+ThreadLocal.swift -primary-file /Users/admin/builder/spi-builder-workspace/Sources/JavaScriptCoreExtras/Concurrency/JSVirtualMachineExecutor.swift /Users/admin/builder/spi-builder-workspace/Sources/JavaScriptCoreExtras/Concurrency/JSVirtualMachineExecutorPool.swift /Users/admin/builder/spi-builder-workspace/Sources/JavaScriptCoreExtras/Deprecated/JSPromise.swift /Users/admin/builder/spi-builder-workspace/Sources/JavaScriptCoreExtras/Deprecated/JSVirtualMachinePool.swift /Users/admin/builder/spi-builder-workspace/Sources/JavaScriptCoreExtras/Deprecated/UnsafeJSValueTransfer.swift /Users/admin/builder/spi-builder-workspace/Sources/JavaScriptCoreExtras/Exports.swift /Users/admin/builder/spi-builder-workspace/Sources/JavaScriptCoreExtras/Fetch/JSFetch.swift /Users/admin/builder/spi-builder-workspace/Sources/JavaScriptCoreExtras/Fetch/JSReponse.swift /Users/admin/builder/spi-builder-workspace/Sources/JavaScriptCoreExtras/Fetch/JSRequest.swift /Users/admin/builder/spi-builder-workspace/Sources/JavaScriptCoreExtras/Internal/Box.swift /Users/admin/builder/spi-builder-workspace/Sources/JavaScriptCoreExtras/Internal/Error+JSValue.swift /Users/admin/builder/spi-builder-workspace/Sources/JavaScriptCoreExtras/Internal/FileTextOutputStream.swift /Users/admin/builder/spi-builder-workspace/Sources/JavaScriptCoreExtras/Internal/Lock.swift /Users/admin/builder/spi-builder-workspace/Sources/JavaScriptCoreExtras/Internal/NSFileCoordinator+Coordinate.swift /Users/admin/builder/spi-builder-workspace/Sources/JavaScriptCoreExtras/Internal/RunLoopFallbackContext.swift /Users/admin/builder/spi-builder-workspace/Sources/JavaScriptCoreExtras/Internal/URL+HasHTTPScheme.swift /Users/admin/builder/spi-builder-workspace/Sources/JavaScriptCoreExtras/Internal/UnsafeTransfer.swift /Users/admin/builder/spi-builder-workspace/Sources/JavaScriptCoreExtras/JSAbortController.swift /Users/admin/builder/spi-builder-workspace/Sources/JavaScriptCoreExtras/JSConsoleLogger.swift /Users/admin/builder/spi-builder-workspace/Sources/JavaScriptCoreExtras/JSContext+SetObject.swift /Users/admin/builder/spi-builder-workspace/Sources/JavaScriptCoreExtras/JSContextInstallable.swift /Users/admin/builder/spi-builder-workspace/Sources/JavaScriptCoreExtras/JSCrypto.swift /Users/admin/builder/spi-builder-workspace/Sources/JavaScriptCoreExtras/JSError.swift /Users/admin/builder/spi-builder-workspace/Sources/JavaScriptCoreExtras/JSValue+PrivateSymbol.swift /Users/admin/builder/spi-builder-workspace/Sources/JavaScriptCoreExtras/JSValue+TypeError.swift /Users/admin/builder/spi-builder-workspace/Sources/JavaScriptCoreExtras/JSValue+Utils.swift /Users/admin/builder/spi-builder-workspace/Sources/JavaScriptCoreExtras/JSValueError.swift /Users/admin/builder/spi-builder-workspace/Sources/JavaScriptCoreExtras/Values/Codable/Decodable+JSValueConvertible.swift /Users/admin/builder/spi-builder-workspace/Sources/JavaScriptCoreExtras/Values/Codable/Encodable+JSValueConvertible.swift /Users/admin/builder/spi-builder-workspace/Sources/JavaScriptCoreExtras/Values/Codable/JSBigIntNotSupportedError.swift /Users/admin/builder/spi-builder-workspace/Sources/JavaScriptCoreExtras/Values/CoreGraphics+JSValueConvertible.swift /Users/admin/builder/spi-builder-workspace/Sources/JavaScriptCoreExtras/Values/Foundation+JSValueConvertible.swift /Users/admin/builder/spi-builder-workspace/Sources/JavaScriptCoreExtras/Values/Functions/JSFunctionValue+Async.swift /Users/admin/builder/spi-builder-workspace/Sources/JavaScriptCoreExtras/Values/Functions/JSFunctionValue.swift /Users/admin/builder/spi-builder-workspace/Sources/JavaScriptCoreExtras/Values/JSPromiseValue.swift /Users/admin/builder/spi-builder-workspace/Sources/JavaScriptCoreExtras/Values/JSTypeMismatchError.swift /Users/admin/builder/spi-builder-workspace/Sources/JavaScriptCoreExtras/Values/JSUndefinedValue.swift /Users/admin/builder/spi-builder-workspace/Sources/JavaScriptCoreExtras/Values/JSValue+SubscriptConversions.swift /Users/admin/builder/spi-builder-workspace/Sources/JavaScriptCoreExtras/Values/JSValueConvertible.swift /Users/admin/builder/spi-builder-workspace/Sources/JavaScriptCoreExtras/Values/StandardLibrary+JSValueConvertible.swift -supplementary-output-file-map /Users/admin/builder/spi-builder-workspace/.derivedData/Build/Intermediates.noindex/javascript-core-extras.build/Debug-watchos/JavaScriptCoreExtras.build/Objects-normal/arm64/supplementaryOutputs-29 -target arm64-apple-watchos6.0 -Xllvm -aarch64-use-tbi -enable-objc-interop -stack-check -sdk /Applications/Xcode-16.3.0.app/Contents/Developer/Platforms/WatchOS.platform/Developer/SDKs/WatchOS11.4.sdk -I /Users/admin/builder/spi-builder-workspace/.derivedData/Build/Products/Debug-watchos -I /Applications/Xcode-16.3.0.app/Contents/Developer/Platforms/WatchOS.platform/Developer/usr/lib -F /Users/admin/builder/spi-builder-workspace/.derivedData/Build/Products/Debug-watchos/PackageFrameworks -F /Users/admin/builder/spi-builder-workspace/.derivedData/Build/Products/Debug-watchos/PackageFrameworks -F /Users/admin/builder/spi-builder-workspace/.derivedData/Build/Products/Debug-watchos -F /Applications/Xcode-16.3.0.app/Contents/Developer/Platforms/WatchOS.platform/Developer/Library/Frameworks -F /Applications/Xcode-16.3.0.app/Contents/Developer/Platforms/WatchOS.platform/Developer/SDKs/WatchOS11.4.sdk/Developer/Library/Frameworks -no-color-diagnostics -enable-testing -g -debug-info-format\=dwarf -dwarf-version\=4 -module-cache-path /Users/admin/builder/spi-builder-workspace/.derivedData/ModuleCache.noindex -profile-generate -profile-coverage-mapping -swift-version 6 -enforce-exclusivity\=checked -stats-output-dir /Users/admin/builder/spi-builder-workspace/.swiftpm/xcode/.stats -Onone -D SWIFT_PACKAGE -D DEBUG -serialize-debugging-options -const-gather-protocols-file /Users/admin/builder/spi-builder-workspace/.derivedData/Build/Intermediates.noindex/javascript-core-extras.build/Debug-watchos/JavaScriptCoreExtras.build/Objects-normal/arm64/JavaScriptCoreExtras_const_extract_protocols.json -enable-experimental-feature DebugDescriptionMacro -empty-abi-descriptor -plugin-path /Applications/Xcode-16.3.0.app/Contents/Developer/Toolchains/XcodeDefault.xctoolchain/usr/lib/swift/host/plugins/testing -validate-clang-modules-once -clang-build-session-file /Users/admin/builder/spi-builder-workspace/.derivedData/ModuleCache.noindex/Session.modulevalidation -Xcc -working-directory -Xcc /Users/admin/builder/spi-builder-workspace/.swiftpm/xcode -resource-dir /Applications/Xcode-16.3.0.app/Contents/Developer/Toolchains/XcodeDefault.xctoolchain/usr/lib/swift -enable-anonymous-context-mangled-names -file-compilation-dir /Users/admin/builder/spi-builder-workspace/.swiftpm/xcode -Xcc -fmodule-map-file\=/Users/admin/builder/spi-builder-workspace/.derivedData/Build/Intermediates.noindex/GeneratedModuleMaps-watchos/_CJavaScriptCoreExtras.modulemap -Xcc -ivfsstatcache -Xcc /Users/admin/builder/spi-builder-workspace/.derivedData/SDKStatCaches.noindex/watchos11.4-22T246-43efb940ff07ba2497b70ec94253f576.sdkstatcache -Xcc -I/Users/admin/builder/spi-builder-workspace/.derivedData/Build/Intermediates.noindex/javascript-core-extras.build/Debug-watchos/JavaScriptCoreExtras.build/swift-overrides.hmap -Xcc -I/Users/admin/builder/spi-builder-workspace/Sources/_CJavaScriptCoreExtras/include -Xcc -I/Users/admin/builder/spi-builder-workspace/.derivedData/Build/Products/Debug-watchos/include -Xcc -I/Users/admin/builder/spi-builder-workspace/.derivedData/Build/Intermediates.noindex/javascript-core-extras.build/Debug-watchos/JavaScriptCoreExtras.build/DerivedSources-normal/arm64 -Xcc -I/Users/admin/builder/spi-builder-workspace/.derivedData/Build/Intermediates.noindex/javascript-core-extras.build/Debug-watchos/JavaScriptCoreExtras.build/DerivedSources/arm64 -Xcc -I/Users/admin/builder/spi-builder-workspace/.derivedData/Build/Intermediates.noindex/javascript-core-extras.build/Debug-watchos/JavaScriptCoreExtras.build/DerivedSources -Xcc -DSWIFT_PACKAGE -Xcc -DDEBUG\=1 -module-name JavaScriptCoreExtras -package-name spi_builder_workspace -frontend-parseable-output -disable-clang-spi -target-sdk-version 11.4 -target-sdk-name watchos11.4 -external-plugin-path /Applications/Xcode-16.3.0.app/Contents/Developer/Platforms/WatchOS.platform/Developer/usr/lib/swift/host/plugins\#/Applications/Xcode-16.3.0.app/Contents/Developer/Platforms/WatchOS.platform/Developer/usr/bin/swift-plugin-server -external-plugin-path /Applications/Xcode-16.3.0.app/Contents/Developer/Platforms/WatchOS.platform/Developer/usr/local/lib/swift/host/plugins\#/Applications/Xcode-16.3.0.app/Contents/Developer/Platforms/WatchOS.platform/Developer/usr/bin/swift-plugin-server -in-process-plugin-server-path /Applications/Xcode-16.3.0.app/Contents/Developer/Toolchains/XcodeDefault.xctoolchain/usr/lib/swift/host/libSwiftInProcPluginServer.dylib -plugin-path /Applications/Xcode-16.3.0.app/Contents/Developer/Toolchains/XcodeDefault.xctoolchain/usr/lib/swift/host/plugins -plugin-path /Applications/Xcode-16.3.0.app/Contents/Developer/Toolchains/XcodeDefault.xctoolchain/usr/local/lib/swift/host/plugins -o /Users/admin/builder/spi-builder-workspace/.derivedData/Build/Intermediates.noindex/javascript-core-extras.build/Debug-watchos/JavaScriptCoreExtras.build/Objects-normal/arm64/JSActor.o -o /Users/admin/builder/spi-builder-workspace/.derivedData/Build/Intermediates.noindex/javascript-core-extras.build/Debug-watchos/JavaScriptCoreExtras.build/Objects-normal/arm64/JSGlobalActor.o -o /Users/admin/builder/spi-builder-workspace/.derivedData/Build/Intermediates.noindex/javascript-core-extras.build/Debug-watchos/JavaScriptCoreExtras.build/Objects-normal/arm64/JSValue+IsOnCurrentExecutor.o -o /Users/admin/builder/spi-builder-workspace/.derivedData/Build/Intermediates.noindex/javascript-core-extras.build/Debug-watchos/JavaScriptCoreExtras.build/Objects-normal/arm64/JSVirtualMachine+ThreadLocal.o -o /Users/admin/builder/spi-builder-workspace/.derivedData/Build/Intermediates.noindex/javascript-core-extras.build/Debug-watchos/JavaScriptCoreExtras.build/Objects-normal/arm64/JSVirtualMachineExecutor.o -index-unit-output-path /javascript-core-extras.build/Debug-watchos/JavaScriptCoreExtras.build/Objects-normal/arm64/JSActor.o -index-unit-output-path /javascript-core-extras.build/Debug-watchos/JavaScriptCoreExtras.build/Objects-normal/arm64/JSGlobalActor.o -index-unit-output-path /javascript-core-extras.build/Debug-watchos/JavaScriptCoreExtras.build/Objects-normal/arm64/JSValue+IsOnCurrentExecutor.o -index-unit-output-path /javascript-core-extras.build/Debug-watchos/JavaScriptCoreExtras.build/Objects-normal/arm64/JSVirtualMachine+ThreadLocal.o -index-unit-output-path /javascript-core-extras.build/Debug-watchos/JavaScriptCoreExtras.build/Objects-normal/arm64/JSVirtualMachineExecutor.o -index-store-path /Users/admin/builder/spi-builder-workspace/.derivedData/Index.noindex/DataStore -index-system-modules
SwiftCompile normal arm64 /Users/admin/builder/spi-builder-workspace/Sources/JavaScriptCoreExtras/Concurrency/JSActor.swift (in target 'JavaScriptCoreExtras' from project 'javascript-core-extras')
    cd /Users/admin/builder/spi-builder-workspace/.swiftpm/xcode

/Users/admin/builder/spi-builder-workspace/Sources/JavaScriptCoreExtras/Blob/JSBlob.swift:1:24: error: no such module 'JavaScriptCore'
@preconcurrency import JavaScriptCore
                       ^
SwiftCompile normal arm64 /Users/admin/builder/spi-builder-workspace/Sources/JavaScriptCoreExtras/Concurrency/JSGlobalActor.swift (in target 'JavaScriptCoreExtras' from project 'javascript-core-extras')
    cd /Users/admin/builder/spi-builder-workspace/.swiftpm/xcode

/Users/admin/builder/spi-builder-workspace/Sources/JavaScriptCoreExtras/Blob/JSBlob.swift:1:24: error: no such module 'JavaScriptCore'
@preconcurrency import JavaScriptCore
                       ^
SwiftCompile normal arm64 /Users/admin/builder/spi-builder-workspace/Sources/JavaScriptCoreExtras/Concurrency/JSValue+IsOnCurrentExecutor.swift (in target 'JavaScriptCoreExtras' from project 'javascript-core-extras')
    cd /Users/admin/builder/spi-builder-workspace/.swiftpm/xcode

/Users/admin/builder/spi-builder-workspace/Sources/JavaScriptCoreExtras/Blob/JSBlob.swift:1:24: error: no such module 'JavaScriptCore'
@preconcurrency import JavaScriptCore
                       ^
SwiftCompile normal arm64 /Users/admin/builder/spi-builder-workspace/Sources/JavaScriptCoreExtras/Concurrency/JSVirtualMachine+ThreadLocal.swift (in target 'JavaScriptCoreExtras' from project 'javascript-core-extras')
    cd /Users/admin/builder/spi-builder-workspace/.swiftpm/xcode

/Users/admin/builder/spi-builder-workspace/Sources/JavaScriptCoreExtras/Blob/JSBlob.swift:1:24: error: no such module 'JavaScriptCore'
@preconcurrency import JavaScriptCore
                       ^
SwiftCompile normal arm64 /Users/admin/builder/spi-builder-workspace/Sources/JavaScriptCoreExtras/Concurrency/JSVirtualMachineExecutor.swift (in target 'JavaScriptCoreExtras' from project 'javascript-core-extras')
    cd /Users/admin/builder/spi-builder-workspace/.swiftpm/xcode

/Users/admin/builder/spi-builder-workspace/Sources/JavaScriptCoreExtras/Blob/JSBlob.swift:1:24: error: no such module 'JavaScriptCore'
@preconcurrency import JavaScriptCore
                       ^
CompileC /Users/admin/builder/spi-builder-workspace/.derivedData/Build/Intermediates.noindex/javascript-core-extras.build/Debug-watchos/_CJavaScriptCoreExtras.build/Objects-normal/armv7k/JSCoreExtrasFileHandle.o /Users/admin/builder/spi-builder-workspace/Sources/_CJavaScriptCoreExtras/JSCoreExtrasFileHandle.m normal armv7k objective-c com.apple.compilers.llvm.clang.1_0.compiler (in target '_CJavaScriptCoreExtras' from project 'javascript-core-extras')
    cd /Users/admin/builder/spi-builder-workspace/.swiftpm/xcode

    Using response file: /Users/admin/builder/spi-builder-workspace/.derivedData/Build/Intermediates.noindex/javascript-core-extras.build/Debug-watchos/_CJavaScriptCoreExtras.build/Objects-normal/armv7k/e6072d4f65d7061329687fe24e3d63a7-common-args.resp

    /Applications/Xcode-16.3.0.app/Contents/Developer/Toolchains/XcodeDefault.xctoolchain/usr/bin/clang -x objective-c -ivfsstatcache /Users/admin/builder/spi-builder-workspace/.derivedData/SDKStatCaches.noindex/watchos11.4-22T246-43efb940ff07ba2497b70ec94253f576.sdkstatcache -fmessage-length\=0 -fdiagnostics-show-note-include-stack -fmacro-backtrace-limit\=0 -fno-color-diagnostics -fmodules-prune-interval\=86400 -fmodules-prune-after\=345600 -fbuild-session-file\=/Users/admin/builder/spi-builder-workspace/.derivedData/ModuleCache.noindex/Session.modulevalidation -fmodules-validate-once-per-build-session -Wnon-modular-include-in-framework-module -Werror\=non-modular-include-in-framework-module -Wno-trigraphs -Wno-missing-field-initializers -Wno-missing-prototypes -Wno-return-type -Wno-implicit-atomic-properties -Wno-objc-interface-ivars -Wno-arc-repeated-use-of-weak -Wno-missing-braces -Wparentheses -Wswitch -Wno-unused-function -Wno-unused-label -Wno-unused-parameter -Wno-unused-variable -Wunused-value -Wno-empty-body -Wno-uninitialized -Wno-unknown-pragmas -Wno-shadow -Wno-four-char-constants -Wno-conversion -Wno-constant-conversion -Wno-int-conversion -Wno-bool-conversion -Wno-enum-conversion -Wno-float-conversion -Wno-non-literal-null-conversion -Wno-objc-literal-conversion -Wno-shorten-64-to-32 -Wpointer-sign -Wno-newline-eof -Wno-selector -Wno-strict-selector-match -Wno-undeclared-selector -Wno-deprecated-implementations -Wno-implicit-fallthrough -fstrict-aliasing -Wprotocol -Wdeprecated-declarations -Wno-sign-conversion -Wno-infinite-recursion -Wno-comma -Wno-block-capture-autoreleasing -Wno-strict-prototypes -Wno-semicolon-before-method-body -index-store-path /Users/admin/builder/spi-builder-workspace/.derivedData/Index.noindex/DataStore @/Users/admin/builder/spi-builder-workspace/.derivedData/Build/Intermediates.noindex/javascript-core-extras.build/Debug-watchos/_CJavaScriptCoreExtras.build/Objects-normal/armv7k/e6072d4f65d7061329687fe24e3d63a7-common-args.resp -MMD -MT dependencies -MF /Users/admin/builder/spi-builder-workspace/.derivedData/Build/Intermediates.noindex/javascript-core-extras.build/Debug-watchos/_CJavaScriptCoreExtras.build/Objects-normal/armv7k/JSCoreExtrasFileHandle.d --serialize-diagnostics /Users/admin/builder/spi-builder-workspace/.derivedData/Build/Intermediates.noindex/javascript-core-extras.build/Debug-watchos/_CJavaScriptCoreExtras.build/Objects-normal/armv7k/JSCoreExtrasFileHandle.dia -c /Users/admin/builder/spi-builder-workspace/Sources/_CJavaScriptCoreExtras/JSCoreExtrasFileHandle.m -o /Users/admin/builder/spi-builder-workspace/.derivedData/Build/Intermediates.noindex/javascript-core-extras.build/Debug-watchos/_CJavaScriptCoreExtras.build/Objects-normal/armv7k/JSCoreExtrasFileHandle.o -index-unit-output-path /javascript-core-extras.build/Debug-watchos/_CJavaScriptCoreExtras.build/Objects-normal/armv7k/JSCoreExtrasFileHandle.o
CompileC /Users/admin/builder/spi-builder-workspace/.derivedData/Build/Intermediates.noindex/javascript-core-extras.build/Debug-watchos/_CJavaScriptCoreExtras.build/Objects-normal/arm64/JSCoreExtrasFileHandle.o /Users/admin/builder/spi-builder-workspace/Sources/_CJavaScriptCoreExtras/JSCoreExtrasFileHandle.m normal arm64 objective-c com.apple.compilers.llvm.clang.1_0.compiler (in target '_CJavaScriptCoreExtras' from project 'javascript-core-extras')
    cd /Users/admin/builder/spi-builder-workspace/.swiftpm/xcode

    Using response file: /Users/admin/builder/spi-builder-workspace/.derivedData/Build/Intermediates.noindex/javascript-core-extras.build/Debug-watchos/_CJavaScriptCoreExtras.build/Objects-normal/arm64/e6072d4f65d7061329687fe24e3d63a7-common-args.resp

    /Applications/Xcode-16.3.0.app/Contents/Developer/Toolchains/XcodeDefault.xctoolchain/usr/bin/clang -x objective-c -ivfsstatcache /Users/admin/builder/spi-builder-workspace/.derivedData/SDKStatCaches.noindex/watchos11.4-22T246-43efb940ff07ba2497b70ec94253f576.sdkstatcache -fmessage-length\=0 -fdiagnostics-show-note-include-stack -fmacro-backtrace-limit\=0 -fno-color-diagnostics -fmodules-prune-interval\=86400 -fmodules-prune-after\=345600 -fbuild-session-file\=/Users/admin/builder/spi-builder-workspace/.derivedData/ModuleCache.noindex/Session.modulevalidation -fmodules-validate-once-per-build-session -Wnon-modular-include-in-framework-module -Werror\=non-modular-include-in-framework-module -Wno-trigraphs -Wno-missing-field-initializers -Wno-missing-prototypes -Wno-return-type -Wno-implicit-atomic-properties -Wno-objc-interface-ivars -Wno-arc-repeated-use-of-weak -Wno-missing-braces -Wparentheses -Wswitch -Wno-unused-function -Wno-unused-label -Wno-unused-parameter -Wno-unused-variable -Wunused-value -Wno-empty-body -Wno-uninitialized -Wno-unknown-pragmas -Wno-shadow -Wno-four-char-constants -Wno-conversion -Wno-constant-conversion -Wno-int-conversion -Wno-bool-conversion -Wno-enum-conversion -Wno-float-conversion -Wno-non-literal-null-conversion -Wno-objc-literal-conversion -Wshorten-64-to-32 -Wpointer-sign -Wno-newline-eof -Wno-selector -Wno-strict-selector-match -Wno-undeclared-selector -Wno-deprecated-implementations -Wno-implicit-fallthrough -fstrict-aliasing -Wprotocol -Wdeprecated-declarations -Wno-sign-conversion -Wno-infinite-recursion -Wno-comma -Wno-block-capture-autoreleasing -Wno-strict-prototypes -Wno-semicolon-before-method-body -index-store-path /Users/admin/builder/spi-builder-workspace/.derivedData/Index.noindex/DataStore @/Users/admin/builder/spi-builder-workspace/.derivedData/Build/Intermediates.noindex/javascript-core-extras.build/Debug-watchos/_CJavaScriptCoreExtras.build/Objects-normal/arm64/e6072d4f65d7061329687fe24e3d63a7-common-args.resp -MMD -MT dependencies -MF /Users/admin/builder/spi-builder-workspace/.derivedData/Build/Intermediates.noindex/javascript-core-extras.build/Debug-watchos/_CJavaScriptCoreExtras.build/Objects-normal/arm64/JSCoreExtrasFileHandle.d --serialize-diagnostics /Users/admin/builder/spi-builder-workspace/.derivedData/Build/Intermediates.noindex/javascript-core-extras.build/Debug-watchos/_CJavaScriptCoreExtras.build/Objects-normal/arm64/JSCoreExtrasFileHandle.dia -c /Users/admin/builder/spi-builder-workspace/Sources/_CJavaScriptCoreExtras/JSCoreExtrasFileHandle.m -o /Users/admin/builder/spi-builder-workspace/.derivedData/Build/Intermediates.noindex/javascript-core-extras.build/Debug-watchos/_CJavaScriptCoreExtras.build/Objects-normal/arm64/JSCoreExtrasFileHandle.o -index-unit-output-path /javascript-core-extras.build/Debug-watchos/_CJavaScriptCoreExtras.build/Objects-normal/arm64/JSCoreExtrasFileHandle.o
SwiftDriverJobDiscovery normal armv7k Compiling BreakpointReporter.swift, DefaultReporter.swift (in target 'IssueReporting' from project 'xctest-dynamic-overlay')
SwiftCompile normal arm64_32 Compiling\ JSValueError.swift,\ Decodable+JSValueConvertible.swift,\ Encodable+JSValueConvertible.swift,\ JSBigIntNotSupportedError.swift,\ CoreGraphics+JSValueConvertible.swift /Users/admin/builder/spi-builder-workspace/Sources/JavaScriptCoreExtras/JSValueError.swift /Users/admin/builder/spi-builder-workspace/Sources/JavaScriptCoreExtras/Values/Codable/Decodable+JSValueConvertible.swift /Users/admin/builder/spi-builder-workspace/Sources/JavaScriptCoreExtras/Values/Codable/Encodable+JSValueConvertible.swift /Users/admin/builder/spi-builder-workspace/Sources/JavaScriptCoreExtras/Values/Codable/JSBigIntNotSupportedError.swift /Users/admin/builder/spi-builder-workspace/Sources/JavaScriptCoreExtras/Values/CoreGraphics+JSValueConvertible.swift (in target 'JavaScriptCoreExtras' from project 'javascript-core-extras')
SwiftCompile normal arm64_32 /Users/admin/builder/spi-builder-workspace/Sources/JavaScriptCoreExtras/JSValueError.swift (in target 'JavaScriptCoreExtras' from project 'javascript-core-extras')
    cd /Users/admin/builder/spi-builder-workspace/.swiftpm/xcode

SwiftCompile normal arm64_32 /Users/admin/builder/spi-builder-workspace/Sources/JavaScriptCoreExtras/Values/Codable/Decodable+JSValueConvertible.swift (in target 'JavaScriptCoreExtras' from project 'javascript-core-extras')
    cd /Users/admin/builder/spi-builder-workspace/.swiftpm/xcode

SwiftCompile normal arm64_32 /Users/admin/builder/spi-builder-workspace/Sources/JavaScriptCoreExtras/Values/Codable/Encodable+JSValueConvertible.swift (in target 'JavaScriptCoreExtras' from project 'javascript-core-extras')
    cd /Users/admin/builder/spi-builder-workspace/.swiftpm/xcode

SwiftCompile normal arm64_32 /Users/admin/builder/spi-builder-workspace/Sources/JavaScriptCoreExtras/Values/Codable/JSBigIntNotSupportedError.swift (in target 'JavaScriptCoreExtras' from project 'javascript-core-extras')
    cd /Users/admin/builder/spi-builder-workspace/.swiftpm/xcode

SwiftCompile normal arm64_32 /Users/admin/builder/spi-builder-workspace/Sources/JavaScriptCoreExtras/Values/CoreGraphics+JSValueConvertible.swift (in target 'JavaScriptCoreExtras' from project 'javascript-core-extras')
    cd /Users/admin/builder/spi-builder-workspace/.swiftpm/xcode

SwiftCompile normal arm64_32 Compiling\ FileTextOutputStream.swift,\ Lock.swift,\ NSFileCoordinator+Coordinate.swift,\ RunLoopFallbackContext.swift,\ URL+HasHTTPScheme.swift /Users/admin/builder/spi-builder-workspace/Sources/JavaScriptCoreExtras/Internal/FileTextOutputStream.swift /Users/admin/builder/spi-builder-workspace/Sources/JavaScriptCoreExtras/Internal/Lock.swift /Users/admin/builder/spi-builder-workspace/Sources/JavaScriptCoreExtras/Internal/NSFileCoordinator+Coordinate.swift /Users/admin/builder/spi-builder-workspace/Sources/JavaScriptCoreExtras/Internal/RunLoopFallbackContext.swift /Users/admin/builder/spi-builder-workspace/Sources/JavaScriptCoreExtras/Internal/URL+HasHTTPScheme.swift (in target 'JavaScriptCoreExtras' from project 'javascript-core-extras')
SwiftCompile normal arm64_32 /Users/admin/builder/spi-builder-workspace/Sources/JavaScriptCoreExtras/Internal/FileTextOutputStream.swift (in target 'JavaScriptCoreExtras' from project 'javascript-core-extras')
    cd /Users/admin/builder/spi-builder-workspace/.swiftpm/xcode

SwiftCompile normal arm64_32 /Users/admin/builder/spi-builder-workspace/Sources/JavaScriptCoreExtras/Internal/Lock.swift (in target 'JavaScriptCoreExtras' from project 'javascript-core-extras')
    cd /Users/admin/builder/spi-builder-workspace/.swiftpm/xcode

SwiftCompile normal arm64_32 /Users/admin/builder/spi-builder-workspace/Sources/JavaScriptCoreExtras/Internal/NSFileCoordinator+Coordinate.swift (in target 'JavaScriptCoreExtras' from project 'javascript-core-extras')
    cd /Users/admin/builder/spi-builder-workspace/.swiftpm/xcode

SwiftCompile normal arm64_32 /Users/admin/builder/spi-builder-workspace/Sources/JavaScriptCoreExtras/Internal/RunLoopFallbackContext.swift (in target 'JavaScriptCoreExtras' from project 'javascript-core-extras')
    cd /Users/admin/builder/spi-builder-workspace/.swiftpm/xcode

SwiftCompile normal arm64_32 /Users/admin/builder/spi-builder-workspace/Sources/JavaScriptCoreExtras/Internal/URL+HasHTTPScheme.swift (in target 'JavaScriptCoreExtras' from project 'javascript-core-extras')
    cd /Users/admin/builder/spi-builder-workspace/.swiftpm/xcode

Ld /Users/admin/builder/spi-builder-workspace/.derivedData/Build/Intermediates.noindex/javascript-core-extras.build/Debug-watchos/_CJavaScriptCoreExtras.build/Objects-normal/armv7k/Binary/_CJavaScriptCoreExtras.o normal armv7k (in target '_CJavaScriptCoreExtras' from project 'javascript-core-extras')
    cd /Users/admin/builder/spi-builder-workspace
    /Applications/Xcode-16.3.0.app/Contents/Developer/Toolchains/XcodeDefault.xctoolchain/usr/bin/clang -Xlinker -reproducible -target armv7k-apple-watchos6.0 -r -isysroot /Applications/Xcode-16.3.0.app/Contents/Developer/Platforms/WatchOS.platform/Developer/SDKs/WatchOS11.4.sdk -O0 -L/Users/admin/builder/spi-builder-workspace/.derivedData/Build/Intermediates.noindex/EagerLinkingTBDs/Debug-watchos -L/Users/admin/builder/spi-builder-workspace/.derivedData/Build/Products/Debug-watchos -L/Applications/Xcode-16.3.0.app/Contents/Developer/Platforms/WatchOS.platform/Developer/usr/lib -F/Users/admin/builder/spi-builder-workspace/.derivedData/Build/Intermediates.noindex/EagerLinkingTBDs/Debug-watchos -F/Users/admin/builder/spi-builder-workspace/.derivedData/Build/Products/Debug-watchos -iframework /Applications/Xcode-16.3.0.app/Contents/Developer/Platforms/WatchOS.platform/Developer/Library/Frameworks -iframework /Applications/Xcode-16.3.0.app/Contents/Developer/Platforms/WatchOS.platform/Developer/SDKs/WatchOS11.4.sdk/Developer/Library/Frameworks -filelist /Users/admin/builder/spi-builder-workspace/.derivedData/Build/Intermediates.noindex/javascript-core-extras.build/Debug-watchos/_CJavaScriptCoreExtras.build/Objects-normal/armv7k/_CJavaScriptCoreExtras.LinkFileList -nostdlib -Xlinker -object_path_lto -Xlinker /Users/admin/builder/spi-builder-workspace/.derivedData/Build/Intermediates.noindex/javascript-core-extras.build/Debug-watchos/_CJavaScriptCoreExtras.build/Objects-normal/armv7k/_CJavaScriptCoreExtras_lto.o -rdynamic -Xlinker -no_deduplicate -Xlinker -debug_variant -Xlinker -dependency_info -Xlinker /Users/admin/builder/spi-builder-workspace/.derivedData/Build/Intermediates.noindex/javascript-core-extras.build/Debug-watchos/_CJavaScriptCoreExtras.build/Objects-normal/armv7k/_CJavaScriptCoreExtras_dependency_info.dat -fobjc-arc -fobjc-link-runtime -o /Users/admin/builder/spi-builder-workspace/.derivedData/Build/Intermediates.noindex/javascript-core-extras.build/Debug-watchos/_CJavaScriptCoreExtras.build/Objects-normal/armv7k/Binary/_CJavaScriptCoreExtras.o
Ld /Users/admin/builder/spi-builder-workspace/.derivedData/Build/Intermediates.noindex/javascript-core-extras.build/Debug-watchos/_CJavaScriptCoreExtras.build/Objects-normal/arm64/Binary/_CJavaScriptCoreExtras.o normal arm64 (in target '_CJavaScriptCoreExtras' from project 'javascript-core-extras')
    cd /Users/admin/builder/spi-builder-workspace
    /Applications/Xcode-16.3.0.app/Contents/Developer/Toolchains/XcodeDefault.xctoolchain/usr/bin/clang -Xlinker -reproducible -target arm64-apple-watchos6.0 -r -isysroot /Applications/Xcode-16.3.0.app/Contents/Developer/Platforms/WatchOS.platform/Developer/SDKs/WatchOS11.4.sdk -O0 -L/Users/admin/builder/spi-builder-workspace/.derivedData/Build/Intermediates.noindex/EagerLinkingTBDs/Debug-watchos -L/Users/admin/builder/spi-builder-workspace/.derivedData/Build/Products/Debug-watchos -L/Applications/Xcode-16.3.0.app/Contents/Developer/Platforms/WatchOS.platform/Developer/usr/lib -F/Users/admin/builder/spi-builder-workspace/.derivedData/Build/Intermediates.noindex/EagerLinkingTBDs/Debug-watchos -F/Users/admin/builder/spi-builder-workspace/.derivedData/Build/Products/Debug-watchos -iframework /Applications/Xcode-16.3.0.app/Contents/Developer/Platforms/WatchOS.platform/Developer/Library/Frameworks -iframework /Applications/Xcode-16.3.0.app/Contents/Developer/Platforms/WatchOS.platform/Developer/SDKs/WatchOS11.4.sdk/Developer/Library/Frameworks -filelist /Users/admin/builder/spi-builder-workspace/.derivedData/Build/Intermediates.noindex/javascript-core-extras.build/Debug-watchos/_CJavaScriptCoreExtras.build/Objects-normal/arm64/_CJavaScriptCoreExtras.LinkFileList -nostdlib -Xlinker -object_path_lto -Xlinker /Users/admin/builder/spi-builder-workspace/.derivedData/Build/Intermediates.noindex/javascript-core-extras.build/Debug-watchos/_CJavaScriptCoreExtras.build/Objects-normal/arm64/_CJavaScriptCoreExtras_lto.o -rdynamic -Xlinker -no_deduplicate -Xlinker -debug_variant -Xlinker -dependency_info -Xlinker /Users/admin/builder/spi-builder-workspace/.derivedData/Build/Intermediates.noindex/javascript-core-extras.build/Debug-watchos/_CJavaScriptCoreExtras.build/Objects-normal/arm64/_CJavaScriptCoreExtras_dependency_info.dat -fobjc-arc -fobjc-link-runtime -o /Users/admin/builder/spi-builder-workspace/.derivedData/Build/Intermediates.noindex/javascript-core-extras.build/Debug-watchos/_CJavaScriptCoreExtras.build/Objects-normal/arm64/Binary/_CJavaScriptCoreExtras.o
** BUILD FAILED **
The following build commands failed:
	SwiftCompile normal arm64_32 /Users/admin/builder/spi-builder-workspace/Sources/JavaScriptCoreExtras/Internal/UnsafeTransfer.swift (in target 'JavaScriptCoreExtras' from project 'javascript-core-extras')
	SwiftCompile normal arm64_32 /Users/admin/builder/spi-builder-workspace/Sources/JavaScriptCoreExtras/JSAbortController.swift (in target 'JavaScriptCoreExtras' from project 'javascript-core-extras')
	SwiftCompile normal arm64_32 /Users/admin/builder/spi-builder-workspace/Sources/JavaScriptCoreExtras/JSConsoleLogger.swift (in target 'JavaScriptCoreExtras' from project 'javascript-core-extras')
	SwiftCompile normal arm64_32 /Users/admin/builder/spi-builder-workspace/Sources/JavaScriptCoreExtras/JSContext+SetObject.swift (in target 'JavaScriptCoreExtras' from project 'javascript-core-extras')
	SwiftCompile normal arm64_32 /Users/admin/builder/spi-builder-workspace/Sources/JavaScriptCoreExtras/JSContextInstallable.swift (in target 'JavaScriptCoreExtras' from project 'javascript-core-extras')
	SwiftCompile normal arm64 Compiling\ JSActor.swift,\ JSGlobalActor.swift,\ JSValue+IsOnCurrentExecutor.swift,\ JSVirtualMachine+ThreadLocal.swift,\ JSVirtualMachineExecutor.swift /Users/admin/builder/spi-builder-workspace/Sources/JavaScriptCoreExtras/Concurrency/JSActor.swift /Users/admin/builder/spi-builder-workspace/Sources/JavaScriptCoreExtras/Concurrency/JSGlobalActor.swift /Users/admin/builder/spi-builder-workspace/Sources/JavaScriptCoreExtras/Concurrency/JSValue+IsOnCurrentExecutor.swift /Users/admin/builder/spi-builder-workspace/Sources/JavaScriptCoreExtras/Concurrency/JSVirtualMachine+ThreadLocal.swift /Users/admin/builder/spi-builder-workspace/Sources/JavaScriptCoreExtras/Concurrency/JSVirtualMachineExecutor.swift (in target 'JavaScriptCoreExtras' from project 'javascript-core-extras')
	SwiftCompile normal arm64 /Users/admin/builder/spi-builder-workspace/Sources/JavaScriptCoreExtras/Concurrency/JSActor.swift (in target 'JavaScriptCoreExtras' from project 'javascript-core-extras')
	SwiftCompile normal arm64 /Users/admin/builder/spi-builder-workspace/Sources/JavaScriptCoreExtras/Concurrency/JSGlobalActor.swift (in target 'JavaScriptCoreExtras' from project 'javascript-core-extras')
	SwiftCompile normal arm64 /Users/admin/builder/spi-builder-workspace/Sources/JavaScriptCoreExtras/Concurrency/JSValue+IsOnCurrentExecutor.swift (in target 'JavaScriptCoreExtras' from project 'javascript-core-extras')
	SwiftCompile normal arm64 /Users/admin/builder/spi-builder-workspace/Sources/JavaScriptCoreExtras/Concurrency/JSVirtualMachine+ThreadLocal.swift (in target 'JavaScriptCoreExtras' from project 'javascript-core-extras')
	SwiftCompile normal arm64 /Users/admin/builder/spi-builder-workspace/Sources/JavaScriptCoreExtras/Concurrency/JSVirtualMachineExecutor.swift (in target 'JavaScriptCoreExtras' from project 'javascript-core-extras')
	Building workspace spi-builder-workspace with scheme javascript-core-extras
(12 failures)
Command line invocation:
    /Applications/Xcode-16.3.0.app/Contents/Developer/usr/bin/xcodebuild -IDEClonedSourcePackagesDirPathOverride=/Users/admin/builder/spi-builder-workspace/.dependencies -resolvePackageDependencies
Resolve Package Graph
Resolved source packages:
  swift-clocks: https://github.com/pointfreeco/swift-clocks @ 1.1.1
  swift-snapshot-testing: https://github.com/pointfreeco/swift-snapshot-testing @ 1.19.5
  swift-syntax: https://github.com/swiftlang/swift-syntax @ 604.0.0
  javascript-core-extras: /Users/admin/builder/spi-builder-workspace
  swift-concurrency-extras: https://github.com/pointfreeco/swift-concurrency-extras @ 1.4.1
  xctest-dynamic-overlay: https://github.com/pointfreeco/xctest-dynamic-overlay @ 1.13.1
  swift-custom-dump: https://github.com/pointfreeco/swift-custom-dump @ 1.7.3
resolved source packages: swift-clocks, swift-snapshot-testing, swift-syntax, javascript-core-extras, swift-concurrency-extras, xctest-dynamic-overlay, swift-custom-dump
{
  "dependencies" : [
    {
      "identity" : "swift-clocks",
      "requirement" : {
        "range" : [
          {
            "lower_bound" : "1.0.4",
            "upper_bound" : "2.0.0"
          }
        ]
      },
      "type" : "sourceControl",
      "url" : "https://github.com/pointfreeco/swift-clocks"
    },
    {
      "identity" : "swift-snapshot-testing",
      "requirement" : {
        "range" : [
          {
            "lower_bound" : "1.17.6",
            "upper_bound" : "2.0.0"
          }
        ]
      },
      "type" : "sourceControl",
      "url" : "https://github.com/pointfreeco/swift-snapshot-testing"
    },
    {
      "identity" : "xctest-dynamic-overlay",
      "requirement" : {
        "range" : [
          {
            "lower_bound" : "1.2.2",
            "upper_bound" : "2.0.0"
          }
        ]
      },
      "type" : "sourceControl",
      "url" : "https://github.com/pointfreeco/xctest-dynamic-overlay"
    },
    {
      "identity" : "swift-custom-dump",
      "requirement" : {
        "range" : [
          {
            "lower_bound" : "1.3.3",
            "upper_bound" : "2.0.0"
          }
        ]
      },
      "type" : "sourceControl",
      "url" : "https://github.com/pointfreeco/swift-custom-dump"
    }
  ],
  "manifest_display_name" : "javascript-core-extras",
  "name" : "javascript-core-extras",
  "path" : "/Users/admin/builder/spi-builder-workspace",
  "platforms" : [
    {
      "name" : "macos",
      "version" : "10.15"
    },
    {
      "name" : "ios",
      "version" : "13.0"
    },
    {
      "name" : "tvos",
      "version" : "13.0"
    },
    {
      "name" : "maccatalyst",
      "version" : "13.0"
    },
    {
      "name" : "visionos",
      "version" : "1.0"
    }
  ],
  "products" : [
    {
      "name" : "JavaScriptCoreExtras",
      "targets" : [
        "JavaScriptCoreExtras"
      ],
      "type" : {
        "library" : [
          "automatic"
        ]
      }
    }
  ],
  "swift_languages_versions" : [
    "6"
  ],
  "targets" : [
    {
      "c99name" : "_CJavaScriptCoreExtras",
      "module_type" : "ClangTarget",
      "name" : "_CJavaScriptCoreExtras",
      "path" : "Sources/_CJavaScriptCoreExtras",
      "product_memberships" : [
        "JavaScriptCoreExtras"
      ],
      "sources" : [
        "JSCoreExtrasFileHandle.m"
      ],
      "type" : "library"
    },
    {
      "c99name" : "JavaScriptCoreExtrasTests",
      "module_type" : "SwiftTarget",
      "name" : "JavaScriptCoreExtrasTests",
      "path" : "Tests/JavaScriptCoreExtrasTests",
      "product_dependencies" : [
        "Clocks",
        "SnapshotTesting",
        "IssueReporting",
        "IssueReportingTestSupport",
        "CustomDump"
      ],
      "sources" : [
        "BlobTests/JSBlobTests.swift",
        "BlobTests/JSFileTests.swift",
        "ConcurrencyTests/DeprecatedTests/JSVirtualMachinePoolTests.swift",
        "ConcurrencyTests/JSActorTests.swift",
        "ConcurrencyTests/JSGlobalActorTests.swift",
        "ConcurrencyTests/JSVirtualMachineExecutorPoolTests.swift",
        "ConcurrencyTests/JSVirtualMachineExecutorTests.swift",
        "ExpectErrorMessage.swift",
        "FetchTests/ExpectHeaders.swift",
        "FetchTests/JSFetchTests.swift",
        "FetchTests/JSHeadersTests.swift",
        "FetchTests/JSRequestTests.swift",
        "FetchTests/JSResponseTests.swift",
        "FetchTests/Snapshotting+HTMLString.swift",
        "JSAbortControllerTests.swift",
        "JSConsoleLoggerTests.swift",
        "JSContext+SetObjectTests.swift",
        "JSContextInstallableTests.swift",
        "JSCryptoTests.swift",
        "JSFormDataTests.swift",
        "JSPromiseTests.swift",
        "TestLogger.swift",
        "TestURLSession.swift",
        "ValuesTests/Codable+JSValueConvertibleTests.swift",
        "ValuesTests/CoreGraphics+JSValueConvertibleTests.swift",
        "ValuesTests/Foundation+JSValueConvertibleTests.swift",
        "ValuesTests/JSFunctionValueTests.swift",
        "ValuesTests/JSPromiseValueTests.swift",
        "ValuesTests/StandardLibrary+JSValueConvertibleTests.swift",
        "WithContextActor.swift"
      ],
      "target_dependencies" : [
        "JavaScriptCoreExtras"
      ],
      "type" : "test"
    },
    {
      "c99name" : "JavaScriptCoreExtras",
      "module_type" : "SwiftTarget",
      "name" : "JavaScriptCoreExtras",
      "path" : "Sources/JavaScriptCoreExtras",
      "product_dependencies" : [
        "IssueReporting"
      ],
      "product_memberships" : [
        "JavaScriptCoreExtras"
      ],
      "resources" : [
        {
          "path" : "/Users/admin/builder/spi-builder-workspace/Sources/JavaScriptCoreExtras/PrivacyInfo.xcprivacy",
          "rule" : {
            "process" : {
            }
          }
        },
        {
          "path" : "/Users/admin/builder/spi-builder-workspace/Sources/JavaScriptCoreExtras/js/AbortController.js",
          "rule" : {
            "process" : {
            }
          }
        },
        {
          "path" : "/Users/admin/builder/spi-builder-workspace/Sources/JavaScriptCoreExtras/js/Crypto.js",
          "rule" : {
            "process" : {
            }
          }
        },
        {
          "path" : "/Users/admin/builder/spi-builder-workspace/Sources/JavaScriptCoreExtras/js/DOMException.js",
          "rule" : {
            "process" : {
            }
          }
        },
        {
          "path" : "/Users/admin/builder/spi-builder-workspace/Sources/JavaScriptCoreExtras/js/FormData.js",
          "rule" : {
            "process" : {
            }
          }
        },
        {
          "path" : "/Users/admin/builder/spi-builder-workspace/Sources/JavaScriptCoreExtras/js/HTTPBody.js",
          "rule" : {
            "process" : {
            }
          }
        },
        {
          "path" : "/Users/admin/builder/spi-builder-workspace/Sources/JavaScriptCoreExtras/js/HTTPOptions.js",
          "rule" : {
            "process" : {
            }
          }
        },
        {
          "path" : "/Users/admin/builder/spi-builder-workspace/Sources/JavaScriptCoreExtras/js/Headers.js",
          "rule" : {
            "process" : {
            }
          }
        },
        {
          "path" : "/Users/admin/builder/spi-builder-workspace/Sources/JavaScriptCoreExtras/js/Request.js",
          "rule" : {
            "process" : {
            }
          }
        },
        {
          "path" : "/Users/admin/builder/spi-builder-workspace/Sources/JavaScriptCoreExtras/js/Response.js",
          "rule" : {
            "process" : {
            }
          }
        },
        {
          "path" : "/Users/admin/builder/spi-builder-workspace/Sources/JavaScriptCoreExtras/js/Utils.js",
          "rule" : {
            "process" : {
            }
          }
        },
        {
          "path" : "/Users/admin/builder/spi-builder-workspace/Sources/JavaScriptCoreExtras/js/fetch.js",
          "rule" : {
            "process" : {
            }
          }
        }
      ],
      "sources" : [
        "Blob/JSBlob.swift",
        "Blob/JSBlobStorage.swift",
        "Blob/JSFile.swift",
        "Blob/MIMEType.swift",
        "Concurrency/JSActor.swift",
        "Concurrency/JSGlobalActor.swift",
        "Concurrency/JSValue+IsOnCurrentExecutor.swift",
        "Concurrency/JSVirtualMachine+ThreadLocal.swift",
        "Concurrency/JSVirtualMachineExecutor.swift",
        "Concurrency/JSVirtualMachineExecutorPool.swift",
        "Deprecated/JSPromise.swift",
        "Deprecated/JSVirtualMachinePool.swift",
        "Deprecated/UnsafeJSValueTransfer.swift",
        "Exports.swift",
        "Fetch/JSFetch.swift",
        "Fetch/JSReponse.swift",
        "Fetch/JSRequest.swift",
        "Internal/Box.swift",
        "Internal/Error+JSValue.swift",
        "Internal/FileTextOutputStream.swift",
        "Internal/Lock.swift",
        "Internal/NSFileCoordinator+Coordinate.swift",
        "Internal/RunLoopFallbackContext.swift",
        "Internal/URL+HasHTTPScheme.swift",
        "Internal/UnsafeTransfer.swift",
        "JSAbortController.swift",
        "JSConsoleLogger.swift",
        "JSContext+SetObject.swift",
        "JSContextInstallable.swift",
        "JSCrypto.swift",
        "JSError.swift",
        "JSValue+PrivateSymbol.swift",
        "JSValue+TypeError.swift",
        "JSValue+Utils.swift",
        "JSValueError.swift",
        "Values/Codable/Decodable+JSValueConvertible.swift",
        "Values/Codable/Encodable+JSValueConvertible.swift",
        "Values/Codable/JSBigIntNotSupportedError.swift",
        "Values/CoreGraphics+JSValueConvertible.swift",
        "Values/Foundation+JSValueConvertible.swift",
        "Values/Functions/JSFunctionValue+Async.swift",
        "Values/Functions/JSFunctionValue.swift",
        "Values/JSPromiseValue.swift",
        "Values/JSTypeMismatchError.swift",
        "Values/JSUndefinedValue.swift",
        "Values/JSValue+SubscriptConversions.swift",
        "Values/JSValueConvertible.swift",
        "Values/StandardLibrary+JSValueConvertible.swift"
      ],
      "target_dependencies" : [
        "_CJavaScriptCoreExtras"
      ],
      "type" : "library"
    }
  ],
  "tools_version" : "6.0"
}
{
  "workspace" : {
    "name" : "spi-builder-workspace",
    "schemes" : [
      "javascript-core-extras"
    ]
  }
}
Running build ...
env DEVELOPER_DIR=/Applications/Xcode-16.3.0.app xcrun xcodebuild -IDEClonedSourcePackagesDirPathOverride=$PWD/.dependencies -skipMacroValidation -skipPackagePluginValidation -derivedDataPath $PWD/.derivedData build -scheme javascript-core-extras -destination generic/platform=watchOS
Command line invocation:
    /Applications/Xcode-16.3.0.app/Contents/Developer/usr/bin/xcodebuild -IDEClonedSourcePackagesDirPathOverride=/Users/admin/builder/spi-builder-workspace/.dependencies -skipMacroValidation -skipPackagePluginValidation -derivedDataPath /Users/admin/builder/spi-builder-workspace/.derivedData build -scheme javascript-core-extras -destination generic/platform=watchOS
Resolve Package Graph
Resolved source packages:
  swift-clocks: https://github.com/pointfreeco/swift-clocks @ 1.1.1
  swift-concurrency-extras: https://github.com/pointfreeco/swift-concurrency-extras @ 1.4.1
  swift-snapshot-testing: https://github.com/pointfreeco/swift-snapshot-testing @ 1.19.5
  swift-syntax: https://github.com/swiftlang/swift-syntax @ 604.0.0
  swift-custom-dump: https://github.com/pointfreeco/swift-custom-dump @ 1.7.3
  javascript-core-extras: /Users/admin/builder/spi-builder-workspace
  xctest-dynamic-overlay: https://github.com/pointfreeco/xctest-dynamic-overlay @ 1.13.1
ComputePackagePrebuildTargetDependencyGraph
Prepare packages
CreateBuildRequest
SendProjectDescription
CreateBuildOperation
ComputeTargetDependencyGraph
note: Building targets in dependency order
note: Target dependency graph (6 targets)
    Target 'JavaScriptCoreExtras' in project 'javascript-core-extras'
        ➜ Explicit dependency on target 'JavaScriptCoreExtras' in project 'javascript-core-extras'
        ➜ Explicit dependency on target 'javascript-core-extras_JavaScriptCoreExtras' in project 'javascript-core-extras'
        ➜ Explicit dependency on target '_CJavaScriptCoreExtras' in project 'javascript-core-extras'
        ➜ Explicit dependency on target 'IssueReporting' in project 'xctest-dynamic-overlay'
    Target 'JavaScriptCoreExtras' in project 'javascript-core-extras'
        ➜ Explicit dependency on target 'javascript-core-extras_JavaScriptCoreExtras' in project 'javascript-core-extras'
        ➜ Explicit dependency on target '_CJavaScriptCoreExtras' in project 'javascript-core-extras'
        ➜ Explicit dependency on target 'IssueReporting' in project 'xctest-dynamic-overlay'
    Target 'IssueReporting' in project 'xctest-dynamic-overlay'
        ➜ Explicit dependency on target 'IssueReporting' in project 'xctest-dynamic-overlay'
    Target 'IssueReporting' in project 'xctest-dynamic-overlay' (no dependencies)
    Target '_CJavaScriptCoreExtras' in project 'javascript-core-extras' (no dependencies)
    Target 'javascript-core-extras_JavaScriptCoreExtras' in project 'javascript-core-extras' (no dependencies)
GatherProvisioningInputs
CreateBuildDescription
ExecuteExternalTool /Applications/Xcode-16.3.0.app/Contents/Developer/Toolchains/XcodeDefault.xctoolchain/usr/bin/clang -v -E -dM -arch arm64 -isysroot /Applications/Xcode-16.3.0.app/Contents/Developer/Platforms/WatchOS.platform/Developer/SDKs/WatchOS11.4.sdk -x objective-c -c /dev/null
ExecuteExternalTool /Applications/Xcode-16.3.0.app/Contents/Developer/Toolchains/XcodeDefault.xctoolchain/usr/bin/clang -v -E -dM -isysroot /Applications/Xcode-16.3.0.app/Contents/Developer/Platforms/WatchOS.platform/Developer/SDKs/WatchOS11.4.sdk -x c -c /dev/null
ExecuteExternalTool /Applications/Xcode-16.3.0.app/Contents/Developer/Toolchains/XcodeDefault.xctoolchain/usr/bin/swiftc --version
ExecuteExternalTool /Applications/Xcode-16.3.0.app/Contents/Developer/Toolchains/XcodeDefault.xctoolchain/usr/bin/ld -version_details
ExecuteExternalTool /Applications/Xcode-16.3.0.app/Contents/Developer/Toolchains/XcodeDefault.xctoolchain/usr/bin/clang -v -E -dM -arch arm64 -isysroot /Applications/Xcode-16.3.0.app/Contents/Developer/Platforms/WatchOS.platform/Developer/SDKs/WatchOS11.4.sdk -x c -c /dev/null
ExecuteExternalTool /Applications/Xcode-16.3.0.app/Contents/Developer/Toolchains/XcodeDefault.xctoolchain/usr/bin/clang -v -E -dM -arch armv7k -isysroot /Applications/Xcode-16.3.0.app/Contents/Developer/Platforms/WatchOS.platform/Developer/SDKs/WatchOS11.4.sdk -x objective-c -c /dev/null
ExecuteExternalTool /Applications/Xcode-16.3.0.app/Contents/Developer/Toolchains/XcodeDefault.xctoolchain/usr/bin/clang -v -E -dM -arch armv7k -isysroot /Applications/Xcode-16.3.0.app/Contents/Developer/Platforms/WatchOS.platform/Developer/SDKs/WatchOS11.4.sdk -x c -c /dev/null
ExecuteExternalTool /Applications/Xcode-16.3.0.app/Contents/Developer/Toolchains/XcodeDefault.xctoolchain/usr/bin/clang -v -E -dM -arch arm64_32 -isysroot /Applications/Xcode-16.3.0.app/Contents/Developer/Platforms/WatchOS.platform/Developer/SDKs/WatchOS11.4.sdk -x objective-c -c /dev/null
ReadFileContents /Applications/Xcode-16.3.0.app/Contents/Developer/Toolchains/XcodeDefault.xctoolchain/usr/share/docc/features.json
ExecuteExternalTool /Applications/Xcode-16.3.0.app/Contents/Developer/Toolchains/XcodeDefault.xctoolchain/usr/bin/clang -v -E -dM -arch arm64_32 -isysroot /Applications/Xcode-16.3.0.app/Contents/Developer/Platforms/WatchOS.platform/Developer/SDKs/WatchOS11.4.sdk -x c -c /dev/null
Build description signature: a0e3bc24217b10e97e357d07747f1fc9
Build description path: /Users/admin/builder/spi-builder-workspace/.derivedData/Build/Intermediates.noindex/XCBuildData/a0e3bc24217b10e97e357d07747f1fc9.xcbuilddata
ClangStatCache /Applications/Xcode-16.3.0.app/Contents/Developer/Toolchains/XcodeDefault.xctoolchain/usr/bin/clang-stat-cache /Applications/Xcode-16.3.0.app/Contents/Developer/Platforms/WatchOS.platform/Developer/SDKs/WatchOS11.4.sdk /Users/admin/builder/spi-builder-workspace/.derivedData/SDKStatCaches.noindex/watchos11.4-22T246-43efb940ff07ba2497b70ec94253f576.sdkstatcache
    cd /Users/admin/builder/spi-builder-workspace/.swiftpm/xcode
    /Applications/Xcode-16.3.0.app/Contents/Developer/Toolchains/XcodeDefault.xctoolchain/usr/bin/clang-stat-cache /Applications/Xcode-16.3.0.app/Contents/Developer/Platforms/WatchOS.platform/Developer/SDKs/WatchOS11.4.sdk -o /Users/admin/builder/spi-builder-workspace/.derivedData/SDKStatCaches.noindex/watchos11.4-22T246-43efb940ff07ba2497b70ec94253f576.sdkstatcache
ProcessInfoPlistFile /Users/admin/builder/spi-builder-workspace/.derivedData/Build/Products/Debug-watchos/javascript-core-extras_JavaScriptCoreExtras.bundle/Info.plist /Users/admin/builder/spi-builder-workspace/.derivedData/Build/Intermediates.noindex/javascript-core-extras.build/Debug-watchos/javascript-core-extras_JavaScriptCoreExtras.build/empty-javascript-core-extras_JavaScriptCoreExtras.plist (in target 'javascript-core-extras_JavaScriptCoreExtras' from project 'javascript-core-extras')
    cd /Users/admin/builder/spi-builder-workspace
    builtin-infoPlistUtility /Users/admin/builder/spi-builder-workspace/.derivedData/Build/Intermediates.noindex/javascript-core-extras.build/Debug-watchos/javascript-core-extras_JavaScriptCoreExtras.build/empty-javascript-core-extras_JavaScriptCoreExtras.plist -producttype com.apple.product-type.bundle -expandbuildsettings -format binary -platform watchos -o /Users/admin/builder/spi-builder-workspace/.derivedData/Build/Products/Debug-watchos/javascript-core-extras_JavaScriptCoreExtras.bundle/Info.plist
Ld /Users/admin/builder/spi-builder-workspace/.derivedData/Build/Intermediates.noindex/javascript-core-extras.build/Debug-watchos/_CJavaScriptCoreExtras.build/Objects-normal/arm64/Binary/_CJavaScriptCoreExtras.o normal arm64 (in target '_CJavaScriptCoreExtras' from project 'javascript-core-extras')
    cd /Users/admin/builder/spi-builder-workspace
    /Applications/Xcode-16.3.0.app/Contents/Developer/Toolchains/XcodeDefault.xctoolchain/usr/bin/clang -Xlinker -reproducible -target arm64-apple-watchos6.0 -r -isysroot /Applications/Xcode-16.3.0.app/Contents/Developer/Platforms/WatchOS.platform/Developer/SDKs/WatchOS11.4.sdk -O0 -L/Users/admin/builder/spi-builder-workspace/.derivedData/Build/Intermediates.noindex/EagerLinkingTBDs/Debug-watchos -L/Users/admin/builder/spi-builder-workspace/.derivedData/Build/Products/Debug-watchos -L/Applications/Xcode-16.3.0.app/Contents/Developer/Platforms/WatchOS.platform/Developer/usr/lib -F/Users/admin/builder/spi-builder-workspace/.derivedData/Build/Intermediates.noindex/EagerLinkingTBDs/Debug-watchos -F/Users/admin/builder/spi-builder-workspace/.derivedData/Build/Products/Debug-watchos -iframework /Applications/Xcode-16.3.0.app/Contents/Developer/Platforms/WatchOS.platform/Developer/Library/Frameworks -iframework /Applications/Xcode-16.3.0.app/Contents/Developer/Platforms/WatchOS.platform/Developer/SDKs/WatchOS11.4.sdk/Developer/Library/Frameworks -filelist /Users/admin/builder/spi-builder-workspace/.derivedData/Build/Intermediates.noindex/javascript-core-extras.build/Debug-watchos/_CJavaScriptCoreExtras.build/Objects-normal/arm64/_CJavaScriptCoreExtras.LinkFileList -nostdlib -Xlinker -object_path_lto -Xlinker /Users/admin/builder/spi-builder-workspace/.derivedData/Build/Intermediates.noindex/javascript-core-extras.build/Debug-watchos/_CJavaScriptCoreExtras.build/Objects-normal/arm64/_CJavaScriptCoreExtras_lto.o -rdynamic -Xlinker -no_deduplicate -Xlinker -debug_variant -Xlinker -dependency_info -Xlinker /Users/admin/builder/spi-builder-workspace/.derivedData/Build/Intermediates.noindex/javascript-core-extras.build/Debug-watchos/_CJavaScriptCoreExtras.build/Objects-normal/arm64/_CJavaScriptCoreExtras_dependency_info.dat -fobjc-arc -fobjc-link-runtime -o /Users/admin/builder/spi-builder-workspace/.derivedData/Build/Intermediates.noindex/javascript-core-extras.build/Debug-watchos/_CJavaScriptCoreExtras.build/Objects-normal/arm64/Binary/_CJavaScriptCoreExtras.o
Ld /Users/admin/builder/spi-builder-workspace/.derivedData/Build/Intermediates.noindex/javascript-core-extras.build/Debug-watchos/_CJavaScriptCoreExtras.build/Objects-normal/armv7k/Binary/_CJavaScriptCoreExtras.o normal armv7k (in target '_CJavaScriptCoreExtras' from project 'javascript-core-extras')
    cd /Users/admin/builder/spi-builder-workspace
    /Applications/Xcode-16.3.0.app/Contents/Developer/Toolchains/XcodeDefault.xctoolchain/usr/bin/clang -Xlinker -reproducible -target armv7k-apple-watchos6.0 -r -isysroot /Applications/Xcode-16.3.0.app/Contents/Developer/Platforms/WatchOS.platform/Developer/SDKs/WatchOS11.4.sdk -O0 -L/Users/admin/builder/spi-builder-workspace/.derivedData/Build/Intermediates.noindex/EagerLinkingTBDs/Debug-watchos -L/Users/admin/builder/spi-builder-workspace/.derivedData/Build/Products/Debug-watchos -L/Applications/Xcode-16.3.0.app/Contents/Developer/Platforms/WatchOS.platform/Developer/usr/lib -F/Users/admin/builder/spi-builder-workspace/.derivedData/Build/Intermediates.noindex/EagerLinkingTBDs/Debug-watchos -F/Users/admin/builder/spi-builder-workspace/.derivedData/Build/Products/Debug-watchos -iframework /Applications/Xcode-16.3.0.app/Contents/Developer/Platforms/WatchOS.platform/Developer/Library/Frameworks -iframework /Applications/Xcode-16.3.0.app/Contents/Developer/Platforms/WatchOS.platform/Developer/SDKs/WatchOS11.4.sdk/Developer/Library/Frameworks -filelist /Users/admin/builder/spi-builder-workspace/.derivedData/Build/Intermediates.noindex/javascript-core-extras.build/Debug-watchos/_CJavaScriptCoreExtras.build/Objects-normal/armv7k/_CJavaScriptCoreExtras.LinkFileList -nostdlib -Xlinker -object_path_lto -Xlinker /Users/admin/builder/spi-builder-workspace/.derivedData/Build/Intermediates.noindex/javascript-core-extras.build/Debug-watchos/_CJavaScriptCoreExtras.build/Objects-normal/armv7k/_CJavaScriptCoreExtras_lto.o -rdynamic -Xlinker -no_deduplicate -Xlinker -debug_variant -Xlinker -dependency_info -Xlinker /Users/admin/builder/spi-builder-workspace/.derivedData/Build/Intermediates.noindex/javascript-core-extras.build/Debug-watchos/_CJavaScriptCoreExtras.build/Objects-normal/armv7k/_CJavaScriptCoreExtras_dependency_info.dat -fobjc-arc -fobjc-link-runtime -o /Users/admin/builder/spi-builder-workspace/.derivedData/Build/Intermediates.noindex/javascript-core-extras.build/Debug-watchos/_CJavaScriptCoreExtras.build/Objects-normal/armv7k/Binary/_CJavaScriptCoreExtras.o
SwiftDriver IssueReporting normal arm64 com.apple.xcode.tools.swift.compiler (in target 'IssueReporting' from project 'xctest-dynamic-overlay')
    cd /Users/admin/builder/spi-builder-workspace/.swiftpm/xcode
    builtin-SwiftDriver -- /Applications/Xcode-16.3.0.app/Contents/Developer/Toolchains/XcodeDefault.xctoolchain/usr/bin/swiftc -module-name IssueReporting -Onone -enforce-exclusivity\=checked @/Users/admin/builder/spi-builder-workspace/.derivedData/Build/Intermediates.noindex/xctest-dynamic-overlay.build/Debug-watchos/IssueReporting.build/Objects-normal/arm64/IssueReporting.SwiftFileList -DSWIFT_PACKAGE -DDEBUG -DXcode -enable-upcoming-feature ExistentialAny -enable-upcoming-feature ImmutableWeakCaptures -enable-upcoming-feature InferIsolatedConformances -enable-upcoming-feature InternalImportsByDefault -enable-upcoming-feature MemberImportVisibility -enable-upcoming-feature NonisolatedNonsendingByDefault -plugin-path /Applications/Xcode-16.3.0.app/Contents/Developer/Toolchains/XcodeDefault.xctoolchain/usr/lib/swift/host/plugins/testing -enable-experimental-feature DebugDescriptionMacro -sdk /Applications/Xcode-16.3.0.app/Contents/Developer/Platforms/WatchOS.platform/Developer/SDKs/WatchOS11.4.sdk -target arm64-apple-watchos6.0 -g -module-cache-path /Users/admin/builder/spi-builder-workspace/.derivedData/ModuleCache.noindex -Xfrontend -serialize-debugging-options -profile-coverage-mapping -profile-generate -enable-testing -suppress-warnings -index-store-path /Users/admin/builder/spi-builder-workspace/.derivedData/Index.noindex/DataStore -swift-version 6 -I /Users/admin/builder/spi-builder-workspace/.derivedData/Build/Products/Debug-watchos -I /Applications/Xcode-16.3.0.app/Contents/Developer/Platforms/WatchOS.platform/Developer/usr/lib -F /Users/admin/builder/spi-builder-workspace/.derivedData/Build/Products/Debug-watchos -F /Applications/Xcode-16.3.0.app/Contents/Developer/Platforms/WatchOS.platform/Developer/Library/Frameworks -F /Applications/Xcode-16.3.0.app/Contents/Developer/Platforms/WatchOS.platform/Developer/SDKs/WatchOS11.4.sdk/Developer/Library/Frameworks -c -j10 -enable-batch-mode -incremental -Xcc -ivfsstatcache -Xcc /Users/admin/builder/spi-builder-workspace/.derivedData/SDKStatCaches.noindex/watchos11.4-22T246-43efb940ff07ba2497b70ec94253f576.sdkstatcache -output-file-map /Users/admin/builder/spi-builder-workspace/.derivedData/Build/Intermediates.noindex/xctest-dynamic-overlay.build/Debug-watchos/IssueReporting.build/Objects-normal/arm64/IssueReporting-OutputFileMap.json -use-frontend-parseable-output -save-temps -no-color-diagnostics -serialize-diagnostics -emit-dependencies -emit-module -emit-module-path /Users/admin/builder/spi-builder-workspace/.derivedData/Build/Intermediates.noindex/xctest-dynamic-overlay.build/Debug-watchos/IssueReporting.build/Objects-normal/arm64/IssueReporting.swiftmodule -user-module-version 1.13.1 -validate-clang-modules-once -clang-build-session-file /Users/admin/builder/spi-builder-workspace/.derivedData/ModuleCache.noindex/Session.modulevalidation -package-name xctest_dynamic_overlay -Xcc -I/Users/admin/builder/spi-builder-workspace/.derivedData/Build/Intermediates.noindex/xctest-dynamic-overlay.build/Debug-watchos/IssueReporting.build/swift-overrides.hmap -emit-const-values -Xfrontend -const-gather-protocols-file -Xfrontend /Users/admin/builder/spi-builder-workspace/.derivedData/Build/Intermediates.noindex/xctest-dynamic-overlay.build/Debug-watchos/IssueReporting.build/Objects-normal/arm64/IssueReporting_const_extract_protocols.json -Xcc -I/Users/admin/builder/spi-builder-workspace/.derivedData/Build/Products/Debug-watchos/include -Xcc -I/Users/admin/builder/spi-builder-workspace/.derivedData/Build/Intermediates.noindex/xctest-dynamic-overlay.build/Debug-watchos/IssueReporting.build/DerivedSources-normal/arm64 -Xcc -I/Users/admin/builder/spi-builder-workspace/.derivedData/Build/Intermediates.noindex/xctest-dynamic-overlay.build/Debug-watchos/IssueReporting.build/DerivedSources/arm64 -Xcc -I/Users/admin/builder/spi-builder-workspace/.derivedData/Build/Intermediates.noindex/xctest-dynamic-overlay.build/Debug-watchos/IssueReporting.build/DerivedSources -Xcc -DSWIFT_PACKAGE -Xcc -DDEBUG\=1 -emit-objc-header -emit-objc-header-path /Users/admin/builder/spi-builder-workspace/.derivedData/Build/Intermediates.noindex/xctest-dynamic-overlay.build/Debug-watchos/IssueReporting.build/Objects-normal/arm64/IssueReporting-Swift.h -working-directory /Users/admin/builder/spi-builder-workspace/.swiftpm/xcode -experimental-emit-module-separately -disable-cmo
SwiftDriver IssueReporting normal arm64_32 com.apple.xcode.tools.swift.compiler (in target 'IssueReporting' from project 'xctest-dynamic-overlay')
    cd /Users/admin/builder/spi-builder-workspace/.swiftpm/xcode
    builtin-SwiftDriver -- /Applications/Xcode-16.3.0.app/Contents/Developer/Toolchains/XcodeDefault.xctoolchain/usr/bin/swiftc -module-name IssueReporting -Onone -enforce-exclusivity\=checked @/Users/admin/builder/spi-builder-workspace/.derivedData/Build/Intermediates.noindex/xctest-dynamic-overlay.build/Debug-watchos/IssueReporting.build/Objects-normal/arm64_32/IssueReporting.SwiftFileList -DSWIFT_PACKAGE -DDEBUG -DXcode -enable-upcoming-feature ExistentialAny -enable-upcoming-feature ImmutableWeakCaptures -enable-upcoming-feature InferIsolatedConformances -enable-upcoming-feature InternalImportsByDefault -enable-upcoming-feature MemberImportVisibility -enable-upcoming-feature NonisolatedNonsendingByDefault -plugin-path /Applications/Xcode-16.3.0.app/Contents/Developer/Toolchains/XcodeDefault.xctoolchain/usr/lib/swift/host/plugins/testing -enable-experimental-feature DebugDescriptionMacro -sdk /Applications/Xcode-16.3.0.app/Contents/Developer/Platforms/WatchOS.platform/Developer/SDKs/WatchOS11.4.sdk -target arm64_32-apple-watchos6.0 -g -module-cache-path /Users/admin/builder/spi-builder-workspace/.derivedData/ModuleCache.noindex -Xfrontend -serialize-debugging-options -profile-coverage-mapping -profile-generate -enable-testing -suppress-warnings -index-store-path /Users/admin/builder/spi-builder-workspace/.derivedData/Index.noindex/DataStore -swift-version 6 -I /Users/admin/builder/spi-builder-workspace/.derivedData/Build/Products/Debug-watchos -I /Applications/Xcode-16.3.0.app/Contents/Developer/Platforms/WatchOS.platform/Developer/usr/lib -F /Users/admin/builder/spi-builder-workspace/.derivedData/Build/Products/Debug-watchos -F /Applications/Xcode-16.3.0.app/Contents/Developer/Platforms/WatchOS.platform/Developer/Library/Frameworks -F /Applications/Xcode-16.3.0.app/Contents/Developer/Platforms/WatchOS.platform/Developer/SDKs/WatchOS11.4.sdk/Developer/Library/Frameworks -c -j10 -enable-batch-mode -incremental -Xcc -ivfsstatcache -Xcc /Users/admin/builder/spi-builder-workspace/.derivedData/SDKStatCaches.noindex/watchos11.4-22T246-43efb940ff07ba2497b70ec94253f576.sdkstatcache -output-file-map /Users/admin/builder/spi-builder-workspace/.derivedData/Build/Intermediates.noindex/xctest-dynamic-overlay.build/Debug-watchos/IssueReporting.build/Objects-normal/arm64_32/IssueReporting-OutputFileMap.json -use-frontend-parseable-output -save-temps -no-color-diagnostics -serialize-diagnostics -emit-dependencies -emit-module -emit-module-path /Users/admin/builder/spi-builder-workspace/.derivedData/Build/Intermediates.noindex/xctest-dynamic-overlay.build/Debug-watchos/IssueReporting.build/Objects-normal/arm64_32/IssueReporting.swiftmodule -user-module-version 1.13.1 -validate-clang-modules-once -clang-build-session-file /Users/admin/builder/spi-builder-workspace/.derivedData/ModuleCache.noindex/Session.modulevalidation -package-name xctest_dynamic_overlay -Xcc -I/Users/admin/builder/spi-builder-workspace/.derivedData/Build/Intermediates.noindex/xctest-dynamic-overlay.build/Debug-watchos/IssueReporting.build/swift-overrides.hmap -emit-const-values -Xfrontend -const-gather-protocols-file -Xfrontend /Users/admin/builder/spi-builder-workspace/.derivedData/Build/Intermediates.noindex/xctest-dynamic-overlay.build/Debug-watchos/IssueReporting.build/Objects-normal/arm64_32/IssueReporting_const_extract_protocols.json -Xcc -I/Users/admin/builder/spi-builder-workspace/.derivedData/Build/Products/Debug-watchos/include -Xcc -I/Users/admin/builder/spi-builder-workspace/.derivedData/Build/Intermediates.noindex/xctest-dynamic-overlay.build/Debug-watchos/IssueReporting.build/DerivedSources-normal/arm64_32 -Xcc -I/Users/admin/builder/spi-builder-workspace/.derivedData/Build/Intermediates.noindex/xctest-dynamic-overlay.build/Debug-watchos/IssueReporting.build/DerivedSources/arm64_32 -Xcc -I/Users/admin/builder/spi-builder-workspace/.derivedData/Build/Intermediates.noindex/xctest-dynamic-overlay.build/Debug-watchos/IssueReporting.build/DerivedSources -Xcc -DSWIFT_PACKAGE -Xcc -DDEBUG\=1 -emit-objc-header -emit-objc-header-path /Users/admin/builder/spi-builder-workspace/.derivedData/Build/Intermediates.noindex/xctest-dynamic-overlay.build/Debug-watchos/IssueReporting.build/Objects-normal/arm64_32/IssueReporting-Swift.h -working-directory /Users/admin/builder/spi-builder-workspace/.swiftpm/xcode -experimental-emit-module-separately -disable-cmo
SwiftDriver IssueReporting normal armv7k com.apple.xcode.tools.swift.compiler (in target 'IssueReporting' from project 'xctest-dynamic-overlay')
    cd /Users/admin/builder/spi-builder-workspace/.swiftpm/xcode
    builtin-SwiftDriver -- /Applications/Xcode-16.3.0.app/Contents/Developer/Toolchains/XcodeDefault.xctoolchain/usr/bin/swiftc -module-name IssueReporting -Onone -enforce-exclusivity\=checked @/Users/admin/builder/spi-builder-workspace/.derivedData/Build/Intermediates.noindex/xctest-dynamic-overlay.build/Debug-watchos/IssueReporting.build/Objects-normal/armv7k/IssueReporting.SwiftFileList -DSWIFT_PACKAGE -DDEBUG -DXcode -enable-upcoming-feature ExistentialAny -enable-upcoming-feature ImmutableWeakCaptures -enable-upcoming-feature InferIsolatedConformances -enable-upcoming-feature InternalImportsByDefault -enable-upcoming-feature MemberImportVisibility -enable-upcoming-feature NonisolatedNonsendingByDefault -plugin-path /Applications/Xcode-16.3.0.app/Contents/Developer/Toolchains/XcodeDefault.xctoolchain/usr/lib/swift/host/plugins/testing -enable-experimental-feature DebugDescriptionMacro -sdk /Applications/Xcode-16.3.0.app/Contents/Developer/Platforms/WatchOS.platform/Developer/SDKs/WatchOS11.4.sdk -target armv7k-apple-watchos6.0 -g -module-cache-path /Users/admin/builder/spi-builder-workspace/.derivedData/ModuleCache.noindex -Xfrontend -serialize-debugging-options -profile-coverage-mapping -profile-generate -enable-testing -suppress-warnings -index-store-path /Users/admin/builder/spi-builder-workspace/.derivedData/Index.noindex/DataStore -swift-version 6 -I /Users/admin/builder/spi-builder-workspace/.derivedData/Build/Products/Debug-watchos -I /Applications/Xcode-16.3.0.app/Contents/Developer/Platforms/WatchOS.platform/Developer/usr/lib -F /Users/admin/builder/spi-builder-workspace/.derivedData/Build/Products/Debug-watchos -F /Applications/Xcode-16.3.0.app/Contents/Developer/Platforms/WatchOS.platform/Developer/Library/Frameworks -F /Applications/Xcode-16.3.0.app/Contents/Developer/Platforms/WatchOS.platform/Developer/SDKs/WatchOS11.4.sdk/Developer/Library/Frameworks -c -j10 -enable-batch-mode -incremental -Xcc -ivfsstatcache -Xcc /Users/admin/builder/spi-builder-workspace/.derivedData/SDKStatCaches.noindex/watchos11.4-22T246-43efb940ff07ba2497b70ec94253f576.sdkstatcache -output-file-map /Users/admin/builder/spi-builder-workspace/.derivedData/Build/Intermediates.noindex/xctest-dynamic-overlay.build/Debug-watchos/IssueReporting.build/Objects-normal/armv7k/IssueReporting-OutputFileMap.json -use-frontend-parseable-output -save-temps -no-color-diagnostics -serialize-diagnostics -emit-dependencies -emit-module -emit-module-path /Users/admin/builder/spi-builder-workspace/.derivedData/Build/Intermediates.noindex/xctest-dynamic-overlay.build/Debug-watchos/IssueReporting.build/Objects-normal/armv7k/IssueReporting.swiftmodule -user-module-version 1.13.1 -validate-clang-modules-once -clang-build-session-file /Users/admin/builder/spi-builder-workspace/.derivedData/ModuleCache.noindex/Session.modulevalidation -package-name xctest_dynamic_overlay -Xcc -I/Users/admin/builder/spi-builder-workspace/.derivedData/Build/Intermediates.noindex/xctest-dynamic-overlay.build/Debug-watchos/IssueReporting.build/swift-overrides.hmap -emit-const-values -Xfrontend -const-gather-protocols-file -Xfrontend /Users/admin/builder/spi-builder-workspace/.derivedData/Build/Intermediates.noindex/xctest-dynamic-overlay.build/Debug-watchos/IssueReporting.build/Objects-normal/armv7k/IssueReporting_const_extract_protocols.json -Xcc -I/Users/admin/builder/spi-builder-workspace/.derivedData/Build/Products/Debug-watchos/include -Xcc -I/Users/admin/builder/spi-builder-workspace/.derivedData/Build/Intermediates.noindex/xctest-dynamic-overlay.build/Debug-watchos/IssueReporting.build/DerivedSources-normal/armv7k -Xcc -I/Users/admin/builder/spi-builder-workspace/.derivedData/Build/Intermediates.noindex/xctest-dynamic-overlay.build/Debug-watchos/IssueReporting.build/DerivedSources/armv7k -Xcc -I/Users/admin/builder/spi-builder-workspace/.derivedData/Build/Intermediates.noindex/xctest-dynamic-overlay.build/Debug-watchos/IssueReporting.build/DerivedSources -Xcc -DSWIFT_PACKAGE -Xcc -DDEBUG\=1 -emit-objc-header -emit-objc-header-path /Users/admin/builder/spi-builder-workspace/.derivedData/Build/Intermediates.noindex/xctest-dynamic-overlay.build/Debug-watchos/IssueReporting.build/Objects-normal/armv7k/IssueReporting-Swift.h -working-directory /Users/admin/builder/spi-builder-workspace/.swiftpm/xcode -experimental-emit-module-separately -disable-cmo
CompileC /Users/admin/builder/spi-builder-workspace/.derivedData/Build/Intermediates.noindex/javascript-core-extras.build/Debug-watchos/_CJavaScriptCoreExtras.build/Objects-normal/arm64_32/JSCoreExtrasFileHandle.o /Users/admin/builder/spi-builder-workspace/Sources/_CJavaScriptCoreExtras/JSCoreExtrasFileHandle.m normal arm64_32 objective-c com.apple.compilers.llvm.clang.1_0.compiler (in target '_CJavaScriptCoreExtras' from project 'javascript-core-extras')
    cd /Users/admin/builder/spi-builder-workspace/.swiftpm/xcode

    Using response file: /Users/admin/builder/spi-builder-workspace/.derivedData/Build/Intermediates.noindex/javascript-core-extras.build/Debug-watchos/_CJavaScriptCoreExtras.build/Objects-normal/arm64_32/e6072d4f65d7061329687fe24e3d63a7-common-args.resp

    /Applications/Xcode-16.3.0.app/Contents/Developer/Toolchains/XcodeDefault.xctoolchain/usr/bin/clang -x objective-c -ivfsstatcache /Users/admin/builder/spi-builder-workspace/.derivedData/SDKStatCaches.noindex/watchos11.4-22T246-43efb940ff07ba2497b70ec94253f576.sdkstatcache -fmessage-length\=0 -fdiagnostics-show-note-include-stack -fmacro-backtrace-limit\=0 -fno-color-diagnostics -fmodules-prune-interval\=86400 -fmodules-prune-after\=345600 -fbuild-session-file\=/Users/admin/builder/spi-builder-workspace/.derivedData/ModuleCache.noindex/Session.modulevalidation -fmodules-validate-once-per-build-session -Wnon-modular-include-in-framework-module -Werror\=non-modular-include-in-framework-module -Wno-trigraphs -Wno-missing-field-initializers -Wno-missing-prototypes -Wno-return-type -Wno-implicit-atomic-properties -Wno-objc-interface-ivars -Wno-arc-repeated-use-of-weak -Wno-missing-braces -Wparentheses -Wswitch -Wno-unused-function -Wno-unused-label -Wno-unused-parameter -Wno-unused-variable -Wunused-value -Wno-empty-body -Wno-uninitialized -Wno-unknown-pragmas -Wno-shadow -Wno-four-char-constants -Wno-conversion -Wno-constant-conversion -Wno-int-conversion -Wno-bool-conversion -Wno-enum-conversion -Wno-float-conversion -Wno-non-literal-null-conversion -Wno-objc-literal-conversion -Wno-shorten-64-to-32 -Wpointer-sign -Wno-newline-eof -Wno-selector -Wno-strict-selector-match -Wno-undeclared-selector -Wno-deprecated-implementations -Wno-implicit-fallthrough -fstrict-aliasing -Wprotocol -Wdeprecated-declarations -Wno-sign-conversion -Wno-infinite-recursion -Wno-comma -Wno-block-capture-autoreleasing -Wno-strict-prototypes -Wno-semicolon-before-method-body -index-store-path /Users/admin/builder/spi-builder-workspace/.derivedData/Index.noindex/DataStore @/Users/admin/builder/spi-builder-workspace/.derivedData/Build/Intermediates.noindex/javascript-core-extras.build/Debug-watchos/_CJavaScriptCoreExtras.build/Objects-normal/arm64_32/e6072d4f65d7061329687fe24e3d63a7-common-args.resp -MMD -MT dependencies -MF /Users/admin/builder/spi-builder-workspace/.derivedData/Build/Intermediates.noindex/javascript-core-extras.build/Debug-watchos/_CJavaScriptCoreExtras.build/Objects-normal/arm64_32/JSCoreExtrasFileHandle.d --serialize-diagnostics /Users/admin/builder/spi-builder-workspace/.derivedData/Build/Intermediates.noindex/javascript-core-extras.build/Debug-watchos/_CJavaScriptCoreExtras.build/Objects-normal/arm64_32/JSCoreExtrasFileHandle.dia -c /Users/admin/builder/spi-builder-workspace/Sources/_CJavaScriptCoreExtras/JSCoreExtrasFileHandle.m -o /Users/admin/builder/spi-builder-workspace/.derivedData/Build/Intermediates.noindex/javascript-core-extras.build/Debug-watchos/_CJavaScriptCoreExtras.build/Objects-normal/arm64_32/JSCoreExtrasFileHandle.o -index-unit-output-path /javascript-core-extras.build/Debug-watchos/_CJavaScriptCoreExtras.build/Objects-normal/arm64_32/JSCoreExtrasFileHandle.o
Ld /Users/admin/builder/spi-builder-workspace/.derivedData/Build/Intermediates.noindex/javascript-core-extras.build/Debug-watchos/_CJavaScriptCoreExtras.build/Objects-normal/arm64_32/Binary/_CJavaScriptCoreExtras.o normal arm64_32 (in target '_CJavaScriptCoreExtras' from project 'javascript-core-extras')
    cd /Users/admin/builder/spi-builder-workspace
    /Applications/Xcode-16.3.0.app/Contents/Developer/Toolchains/XcodeDefault.xctoolchain/usr/bin/clang -Xlinker -reproducible -target arm64_32-apple-watchos6.0 -r -isysroot /Applications/Xcode-16.3.0.app/Contents/Developer/Platforms/WatchOS.platform/Developer/SDKs/WatchOS11.4.sdk -O0 -L/Users/admin/builder/spi-builder-workspace/.derivedData/Build/Intermediates.noindex/EagerLinkingTBDs/Debug-watchos -L/Users/admin/builder/spi-builder-workspace/.derivedData/Build/Products/Debug-watchos -L/Applications/Xcode-16.3.0.app/Contents/Developer/Platforms/WatchOS.platform/Developer/usr/lib -F/Users/admin/builder/spi-builder-workspace/.derivedData/Build/Intermediates.noindex/EagerLinkingTBDs/Debug-watchos -F/Users/admin/builder/spi-builder-workspace/.derivedData/Build/Products/Debug-watchos -iframework /Applications/Xcode-16.3.0.app/Contents/Developer/Platforms/WatchOS.platform/Developer/Library/Frameworks -iframework /Applications/Xcode-16.3.0.app/Contents/Developer/Platforms/WatchOS.platform/Developer/SDKs/WatchOS11.4.sdk/Developer/Library/Frameworks -filelist /Users/admin/builder/spi-builder-workspace/.derivedData/Build/Intermediates.noindex/javascript-core-extras.build/Debug-watchos/_CJavaScriptCoreExtras.build/Objects-normal/arm64_32/_CJavaScriptCoreExtras.LinkFileList -nostdlib -Xlinker -object_path_lto -Xlinker /Users/admin/builder/spi-builder-workspace/.derivedData/Build/Intermediates.noindex/javascript-core-extras.build/Debug-watchos/_CJavaScriptCoreExtras.build/Objects-normal/arm64_32/_CJavaScriptCoreExtras_lto.o -rdynamic -Xlinker -no_deduplicate -Xlinker -debug_variant -Xlinker -dependency_info -Xlinker /Users/admin/builder/spi-builder-workspace/.derivedData/Build/Intermediates.noindex/javascript-core-extras.build/Debug-watchos/_CJavaScriptCoreExtras.build/Objects-normal/arm64_32/_CJavaScriptCoreExtras_dependency_info.dat -fobjc-arc -fobjc-link-runtime -o /Users/admin/builder/spi-builder-workspace/.derivedData/Build/Intermediates.noindex/javascript-core-extras.build/Debug-watchos/_CJavaScriptCoreExtras.build/Objects-normal/arm64_32/Binary/_CJavaScriptCoreExtras.o
CreateUniversalBinary /Users/admin/builder/spi-builder-workspace/.derivedData/Build/Products/Debug-watchos/_CJavaScriptCoreExtras.o normal arm64\ armv7k\ arm64_32 (in target '_CJavaScriptCoreExtras' from project 'javascript-core-extras')
    cd /Users/admin/builder/spi-builder-workspace
    /Applications/Xcode-16.3.0.app/Contents/Developer/Toolchains/XcodeDefault.xctoolchain/usr/bin/lipo -create /Users/admin/builder/spi-builder-workspace/.derivedData/Build/Intermediates.noindex/javascript-core-extras.build/Debug-watchos/_CJavaScriptCoreExtras.build/Objects-normal/arm64/Binary/_CJavaScriptCoreExtras.o /Users/admin/builder/spi-builder-workspace/.derivedData/Build/Intermediates.noindex/javascript-core-extras.build/Debug-watchos/_CJavaScriptCoreExtras.build/Objects-normal/armv7k/Binary/_CJavaScriptCoreExtras.o /Users/admin/builder/spi-builder-workspace/.derivedData/Build/Intermediates.noindex/javascript-core-extras.build/Debug-watchos/_CJavaScriptCoreExtras.build/Objects-normal/arm64_32/Binary/_CJavaScriptCoreExtras.o -output /Users/admin/builder/spi-builder-workspace/.derivedData/Build/Products/Debug-watchos/_CJavaScriptCoreExtras.o
RegisterExecutionPolicyException /Users/admin/builder/spi-builder-workspace/.derivedData/Build/Products/Debug-watchos/_CJavaScriptCoreExtras.o (in target '_CJavaScriptCoreExtras' from project 'javascript-core-extras')
    cd /Users/admin/builder/spi-builder-workspace
    builtin-RegisterExecutionPolicyException /Users/admin/builder/spi-builder-workspace/.derivedData/Build/Products/Debug-watchos/_CJavaScriptCoreExtras.o
SwiftCompile normal arm64_32 Compiling\ ErrorReporting.swift,\ AppHostWarning.swift,\ Deprecations.swift /Users/admin/builder/spi-builder-workspace/.dependencies/checkouts/xctest-dynamic-overlay/Sources/IssueReporting/ErrorReporting.swift /Users/admin/builder/spi-builder-workspace/.dependencies/checkouts/xctest-dynamic-overlay/Sources/IssueReporting/Internal/AppHostWarning.swift /Users/admin/builder/spi-builder-workspace/.dependencies/checkouts/xctest-dynamic-overlay/Sources/IssueReporting/Internal/Deprecations.swift (in target 'IssueReporting' from project 'xctest-dynamic-overlay')
SwiftCompile normal arm64_32 /Users/admin/builder/spi-builder-workspace/.dependencies/checkouts/xctest-dynamic-overlay/Sources/IssueReporting/ErrorReporting.swift (in target 'IssueReporting' from project 'xctest-dynamic-overlay')
    cd /Users/admin/builder/spi-builder-workspace/.swiftpm/xcode

SwiftCompile normal arm64_32 /Users/admin/builder/spi-builder-workspace/.dependencies/checkouts/xctest-dynamic-overlay/Sources/IssueReporting/Internal/AppHostWarning.swift (in target 'IssueReporting' from project 'xctest-dynamic-overlay')
    cd /Users/admin/builder/spi-builder-workspace/.swiftpm/xcode

SwiftCompile normal arm64_32 /Users/admin/builder/spi-builder-workspace/.dependencies/checkouts/xctest-dynamic-overlay/Sources/IssueReporting/Internal/Deprecations.swift (in target 'IssueReporting' from project 'xctest-dynamic-overlay')
    cd /Users/admin/builder/spi-builder-workspace/.swiftpm/xcode

SwiftCompile normal arm64_32 Compiling\ BreakpointReporter.swift,\ DefaultReporter.swift /Users/admin/builder/spi-builder-workspace/.dependencies/checkouts/xctest-dynamic-overlay/Sources/IssueReporting/IssueReporters/BreakpointReporter.swift /Users/admin/builder/spi-builder-workspace/.dependencies/checkouts/xctest-dynamic-overlay/Sources/IssueReporting/IssueReporters/DefaultReporter.swift (in target 'IssueReporting' from project 'xctest-dynamic-overlay')
SwiftCompile normal arm64_32 /Users/admin/builder/spi-builder-workspace/.dependencies/checkouts/xctest-dynamic-overlay/Sources/IssueReporting/IssueReporters/BreakpointReporter.swift (in target 'IssueReporting' from project 'xctest-dynamic-overlay')
    cd /Users/admin/builder/spi-builder-workspace/.swiftpm/xcode

SwiftCompile normal arm64_32 /Users/admin/builder/spi-builder-workspace/.dependencies/checkouts/xctest-dynamic-overlay/Sources/IssueReporting/IssueReporters/DefaultReporter.swift (in target 'IssueReporting' from project 'xctest-dynamic-overlay')
    cd /Users/admin/builder/spi-builder-workspace/.swiftpm/xcode

SwiftCompile normal arm64_32 Compiling\ IsTesting.swift,\ IssueReporter.swift /Users/admin/builder/spi-builder-workspace/.dependencies/checkouts/xctest-dynamic-overlay/Sources/IssueReporting/IsTesting.swift /Users/admin/builder/spi-builder-workspace/.dependencies/checkouts/xctest-dynamic-overlay/Sources/IssueReporting/IssueReporter.swift (in target 'IssueReporting' from project 'xctest-dynamic-overlay')
SwiftCompile normal arm64_32 /Users/admin/builder/spi-builder-workspace/.dependencies/checkouts/xctest-dynamic-overlay/Sources/IssueReporting/IsTesting.swift (in target 'IssueReporting' from project 'xctest-dynamic-overlay')
    cd /Users/admin/builder/spi-builder-workspace/.swiftpm/xcode

SwiftCompile normal arm64_32 /Users/admin/builder/spi-builder-workspace/.dependencies/checkouts/xctest-dynamic-overlay/Sources/IssueReporting/IssueReporter.swift (in target 'IssueReporting' from project 'xctest-dynamic-overlay')
    cd /Users/admin/builder/spi-builder-workspace/.swiftpm/xcode

SwiftCompile normal arm64_32 Compiling\ ReportIssue.swift,\ _Test.swift /Users/admin/builder/spi-builder-workspace/.dependencies/checkouts/xctest-dynamic-overlay/Sources/IssueReporting/ReportIssue.swift /Users/admin/builder/spi-builder-workspace/.dependencies/checkouts/xctest-dynamic-overlay/Sources/IssueReporting/Symbolic\ Links/IssueReportingPackageSupport/_Test.swift (in target 'IssueReporting' from project 'xctest-dynamic-overlay')
SwiftCompile normal arm64_32 /Users/admin/builder/spi-builder-workspace/.dependencies/checkouts/xctest-dynamic-overlay/Sources/IssueReporting/ReportIssue.swift (in target 'IssueReporting' from project 'xctest-dynamic-overlay')
    cd /Users/admin/builder/spi-builder-workspace/.swiftpm/xcode

SwiftCompile normal arm64_32 /Users/admin/builder/spi-builder-workspace/.dependencies/checkouts/xctest-dynamic-overlay/Sources/IssueReporting/Symbolic\ Links/IssueReportingPackageSupport/_Test.swift (in target 'IssueReporting' from project 'xctest-dynamic-overlay')
    cd /Users/admin/builder/spi-builder-workspace/.swiftpm/xcode

SwiftCompile normal arm64_32 Compiling\ FailureObserver.swift,\ LockIsolated.swift,\ Rethrows.swift /Users/admin/builder/spi-builder-workspace/.dependencies/checkouts/xctest-dynamic-overlay/Sources/IssueReporting/Internal/FailureObserver.swift /Users/admin/builder/spi-builder-workspace/.dependencies/checkouts/xctest-dynamic-overlay/Sources/IssueReporting/Internal/LockIsolated.swift /Users/admin/builder/spi-builder-workspace/.dependencies/checkouts/xctest-dynamic-overlay/Sources/IssueReporting/Internal/Rethrows.swift (in target 'IssueReporting' from project 'xctest-dynamic-overlay')
SwiftCompile normal arm64_32 /Users/admin/builder/spi-builder-workspace/.dependencies/checkouts/xctest-dynamic-overlay/Sources/IssueReporting/Internal/FailureObserver.swift (in target 'IssueReporting' from project 'xctest-dynamic-overlay')
    cd /Users/admin/builder/spi-builder-workspace/.swiftpm/xcode

SwiftCompile normal arm64_32 /Users/admin/builder/spi-builder-workspace/.dependencies/checkouts/xctest-dynamic-overlay/Sources/IssueReporting/Internal/LockIsolated.swift (in target 'IssueReporting' from project 'xctest-dynamic-overlay')
    cd /Users/admin/builder/spi-builder-workspace/.swiftpm/xcode

SwiftCompile normal arm64_32 /Users/admin/builder/spi-builder-workspace/.dependencies/checkouts/xctest-dynamic-overlay/Sources/IssueReporting/Internal/Rethrows.swift (in target 'IssueReporting' from project 'xctest-dynamic-overlay')
    cd /Users/admin/builder/spi-builder-workspace/.swiftpm/xcode

SwiftCompile normal arm64_32 Compiling\ Warn.swift,\ XCTest.swift /Users/admin/builder/spi-builder-workspace/.dependencies/checkouts/xctest-dynamic-overlay/Sources/IssueReporting/Internal/Warn.swift /Users/admin/builder/spi-builder-workspace/.dependencies/checkouts/xctest-dynamic-overlay/Sources/IssueReporting/Internal/XCTest.swift (in target 'IssueReporting' from project 'xctest-dynamic-overlay')
SwiftCompile normal arm64_32 /Users/admin/builder/spi-builder-workspace/.dependencies/checkouts/xctest-dynamic-overlay/Sources/IssueReporting/Internal/Warn.swift (in target 'IssueReporting' from project 'xctest-dynamic-overlay')
    cd /Users/admin/builder/spi-builder-workspace/.swiftpm/xcode

SwiftCompile normal arm64_32 /Users/admin/builder/spi-builder-workspace/.dependencies/checkouts/xctest-dynamic-overlay/Sources/IssueReporting/Internal/XCTest.swift (in target 'IssueReporting' from project 'xctest-dynamic-overlay')
    cd /Users/admin/builder/spi-builder-workspace/.swiftpm/xcode

SwiftCompile normal arm64_32 Compiling\ FatalErrorReporter.swift,\ IssueSeverity.swift /Users/admin/builder/spi-builder-workspace/.dependencies/checkouts/xctest-dynamic-overlay/Sources/IssueReporting/IssueReporters/FatalErrorReporter.swift /Users/admin/builder/spi-builder-workspace/.dependencies/checkouts/xctest-dynamic-overlay/Sources/IssueReporting/IssueSeverity.swift (in target 'IssueReporting' from project 'xctest-dynamic-overlay')
SwiftCompile normal arm64_32 /Users/admin/builder/spi-builder-workspace/.dependencies/checkouts/xctest-dynamic-overlay/Sources/IssueReporting/IssueReporters/FatalErrorReporter.swift (in target 'IssueReporting' from project 'xctest-dynamic-overlay')
    cd /Users/admin/builder/spi-builder-workspace/.swiftpm/xcode

SwiftCompile normal arm64_32 /Users/admin/builder/spi-builder-workspace/.dependencies/checkouts/xctest-dynamic-overlay/Sources/IssueReporting/IssueSeverity.swift (in target 'IssueReporting' from project 'xctest-dynamic-overlay')
    cd /Users/admin/builder/spi-builder-workspace/.swiftpm/xcode

SwiftCompile normal arm64_32 Compiling\ WithExpectedIssue.swift,\ WithIssueContext.swift /Users/admin/builder/spi-builder-workspace/.dependencies/checkouts/xctest-dynamic-overlay/Sources/IssueReporting/WithExpectedIssue.swift /Users/admin/builder/spi-builder-workspace/.dependencies/checkouts/xctest-dynamic-overlay/Sources/IssueReporting/WithIssueContext.swift (in target 'IssueReporting' from project 'xctest-dynamic-overlay')
SwiftCompile normal arm64_32 /Users/admin/builder/spi-builder-workspace/.dependencies/checkouts/xctest-dynamic-overlay/Sources/IssueReporting/WithExpectedIssue.swift (in target 'IssueReporting' from project 'xctest-dynamic-overlay')
    cd /Users/admin/builder/spi-builder-workspace/.swiftpm/xcode

SwiftCompile normal arm64_32 /Users/admin/builder/spi-builder-workspace/.dependencies/checkouts/xctest-dynamic-overlay/Sources/IssueReporting/WithIssueContext.swift (in target 'IssueReporting' from project 'xctest-dynamic-overlay')
    cd /Users/admin/builder/spi-builder-workspace/.swiftpm/xcode

SwiftCompile normal arm64_32 Compiling\ SwiftTesting.swift,\ UncheckedSendable.swift /Users/admin/builder/spi-builder-workspace/.dependencies/checkouts/xctest-dynamic-overlay/Sources/IssueReporting/Internal/SwiftTesting.swift /Users/admin/builder/spi-builder-workspace/.dependencies/checkouts/xctest-dynamic-overlay/Sources/IssueReporting/Internal/UncheckedSendable.swift (in target 'IssueReporting' from project 'xctest-dynamic-overlay')
SwiftCompile normal arm64_32 /Users/admin/builder/spi-builder-workspace/.dependencies/checkouts/xctest-dynamic-overlay/Sources/IssueReporting/Internal/SwiftTesting.swift (in target 'IssueReporting' from project 'xctest-dynamic-overlay')
    cd /Users/admin/builder/spi-builder-workspace/.swiftpm/xcode

SwiftCompile normal arm64_32 /Users/admin/builder/spi-builder-workspace/.dependencies/checkouts/xctest-dynamic-overlay/Sources/IssueReporting/Internal/UncheckedSendable.swift (in target 'IssueReporting' from project 'xctest-dynamic-overlay')
    cd /Users/admin/builder/spi-builder-workspace/.swiftpm/xcode

SwiftCompile normal arm64_32 Compiling\ TestContext.swift,\ Unimplemented.swift /Users/admin/builder/spi-builder-workspace/.dependencies/checkouts/xctest-dynamic-overlay/Sources/IssueReporting/TestContext.swift /Users/admin/builder/spi-builder-workspace/.dependencies/checkouts/xctest-dynamic-overlay/Sources/IssueReporting/Unimplemented.swift (in target 'IssueReporting' from project 'xctest-dynamic-overlay')
SwiftCompile normal arm64_32 /Users/admin/builder/spi-builder-workspace/.dependencies/checkouts/xctest-dynamic-overlay/Sources/IssueReporting/TestContext.swift (in target 'IssueReporting' from project 'xctest-dynamic-overlay')
    cd /Users/admin/builder/spi-builder-workspace/.swiftpm/xcode

SwiftCompile normal arm64_32 /Users/admin/builder/spi-builder-workspace/.dependencies/checkouts/xctest-dynamic-overlay/Sources/IssueReporting/Unimplemented.swift (in target 'IssueReporting' from project 'xctest-dynamic-overlay')
    cd /Users/admin/builder/spi-builder-workspace/.swiftpm/xcode

SwiftEmitModule normal arm64_32 Emitting\ module\ for\ IssueReporting (in target 'IssueReporting' from project 'xctest-dynamic-overlay')
EmitSwiftModule normal arm64_32 (in target 'IssueReporting' from project 'xctest-dynamic-overlay')
    cd /Users/admin/builder/spi-builder-workspace/.swiftpm/xcode

SwiftDriverJobDiscovery normal arm64_32 Compiling FatalErrorReporter.swift, IssueSeverity.swift (in target 'IssueReporting' from project 'xctest-dynamic-overlay')
SwiftEmitModule normal arm64 Emitting\ module\ for\ IssueReporting (in target 'IssueReporting' from project 'xctest-dynamic-overlay')
EmitSwiftModule normal arm64 (in target 'IssueReporting' from project 'xctest-dynamic-overlay')
    cd /Users/admin/builder/spi-builder-workspace/.swiftpm/xcode

SwiftDriverJobDiscovery normal arm64_32 Compiling Warn.swift, XCTest.swift (in target 'IssueReporting' from project 'xctest-dynamic-overlay')
SwiftEmitModule normal armv7k Emitting\ module\ for\ IssueReporting (in target 'IssueReporting' from project 'xctest-dynamic-overlay')
EmitSwiftModule normal armv7k (in target 'IssueReporting' from project 'xctest-dynamic-overlay')
    cd /Users/admin/builder/spi-builder-workspace/.swiftpm/xcode

SwiftDriverJobDiscovery normal arm64_32 Compiling TestContext.swift, Unimplemented.swift (in target 'IssueReporting' from project 'xctest-dynamic-overlay')
SwiftCompile normal armv7k Compiling\ Warn.swift,\ XCTest.swift /Users/admin/builder/spi-builder-workspace/.dependencies/checkouts/xctest-dynamic-overlay/Sources/IssueReporting/Internal/Warn.swift /Users/admin/builder/spi-builder-workspace/.dependencies/checkouts/xctest-dynamic-overlay/Sources/IssueReporting/Internal/XCTest.swift (in target 'IssueReporting' from project 'xctest-dynamic-overlay')
SwiftCompile normal armv7k /Users/admin/builder/spi-builder-workspace/.dependencies/checkouts/xctest-dynamic-overlay/Sources/IssueReporting/Internal/Warn.swift (in target 'IssueReporting' from project 'xctest-dynamic-overlay')
    cd /Users/admin/builder/spi-builder-workspace/.swiftpm/xcode

SwiftCompile normal armv7k /Users/admin/builder/spi-builder-workspace/.dependencies/checkouts/xctest-dynamic-overlay/Sources/IssueReporting/Internal/XCTest.swift (in target 'IssueReporting' from project 'xctest-dynamic-overlay')
    cd /Users/admin/builder/spi-builder-workspace/.swiftpm/xcode

SwiftDriverJobDiscovery normal arm64_32 Compiling FailureObserver.swift, LockIsolated.swift, Rethrows.swift (in target 'IssueReporting' from project 'xctest-dynamic-overlay')
SwiftCompile normal armv7k Compiling\ BreakpointReporter.swift,\ DefaultReporter.swift /Users/admin/builder/spi-builder-workspace/.dependencies/checkouts/xctest-dynamic-overlay/Sources/IssueReporting/IssueReporters/BreakpointReporter.swift /Users/admin/builder/spi-builder-workspace/.dependencies/checkouts/xctest-dynamic-overlay/Sources/IssueReporting/IssueReporters/DefaultReporter.swift (in target 'IssueReporting' from project 'xctest-dynamic-overlay')
SwiftCompile normal armv7k /Users/admin/builder/spi-builder-workspace/.dependencies/checkouts/xctest-dynamic-overlay/Sources/IssueReporting/IssueReporters/BreakpointReporter.swift (in target 'IssueReporting' from project 'xctest-dynamic-overlay')
    cd /Users/admin/builder/spi-builder-workspace/.swiftpm/xcode

SwiftCompile normal armv7k /Users/admin/builder/spi-builder-workspace/.dependencies/checkouts/xctest-dynamic-overlay/Sources/IssueReporting/IssueReporters/DefaultReporter.swift (in target 'IssueReporting' from project 'xctest-dynamic-overlay')
    cd /Users/admin/builder/spi-builder-workspace/.swiftpm/xcode

SwiftDriverJobDiscovery normal arm64_32 Compiling ReportIssue.swift, _Test.swift (in target 'IssueReporting' from project 'xctest-dynamic-overlay')
SwiftCompile normal arm64 Compiling\ FailureObserver.swift,\ LockIsolated.swift,\ Rethrows.swift /Users/admin/builder/spi-builder-workspace/.dependencies/checkouts/xctest-dynamic-overlay/Sources/IssueReporting/Internal/FailureObserver.swift /Users/admin/builder/spi-builder-workspace/.dependencies/checkouts/xctest-dynamic-overlay/Sources/IssueReporting/Internal/LockIsolated.swift /Users/admin/builder/spi-builder-workspace/.dependencies/checkouts/xctest-dynamic-overlay/Sources/IssueReporting/Internal/Rethrows.swift (in target 'IssueReporting' from project 'xctest-dynamic-overlay')
SwiftCompile normal arm64 /Users/admin/builder/spi-builder-workspace/.dependencies/checkouts/xctest-dynamic-overlay/Sources/IssueReporting/Internal/FailureObserver.swift (in target 'IssueReporting' from project 'xctest-dynamic-overlay')
    cd /Users/admin/builder/spi-builder-workspace/.swiftpm/xcode

SwiftCompile normal arm64 /Users/admin/builder/spi-builder-workspace/.dependencies/checkouts/xctest-dynamic-overlay/Sources/IssueReporting/Internal/LockIsolated.swift (in target 'IssueReporting' from project 'xctest-dynamic-overlay')
    cd /Users/admin/builder/spi-builder-workspace/.swiftpm/xcode

SwiftCompile normal arm64 /Users/admin/builder/spi-builder-workspace/.dependencies/checkouts/xctest-dynamic-overlay/Sources/IssueReporting/Internal/Rethrows.swift (in target 'IssueReporting' from project 'xctest-dynamic-overlay')
    cd /Users/admin/builder/spi-builder-workspace/.swiftpm/xcode

SwiftDriverJobDiscovery normal arm64_32 Compiling ErrorReporting.swift, AppHostWarning.swift, Deprecations.swift (in target 'IssueReporting' from project 'xctest-dynamic-overlay')
SwiftCompile normal arm64 Compiling\ BreakpointReporter.swift,\ DefaultReporter.swift /Users/admin/builder/spi-builder-workspace/.dependencies/checkouts/xctest-dynamic-overlay/Sources/IssueReporting/IssueReporters/BreakpointReporter.swift /Users/admin/builder/spi-builder-workspace/.dependencies/checkouts/xctest-dynamic-overlay/Sources/IssueReporting/IssueReporters/DefaultReporter.swift (in target 'IssueReporting' from project 'xctest-dynamic-overlay')
SwiftCompile normal arm64 /Users/admin/builder/spi-builder-workspace/.dependencies/checkouts/xctest-dynamic-overlay/Sources/IssueReporting/IssueReporters/BreakpointReporter.swift (in target 'IssueReporting' from project 'xctest-dynamic-overlay')
    cd /Users/admin/builder/spi-builder-workspace/.swiftpm/xcode

SwiftCompile normal arm64 /Users/admin/builder/spi-builder-workspace/.dependencies/checkouts/xctest-dynamic-overlay/Sources/IssueReporting/IssueReporters/DefaultReporter.swift (in target 'IssueReporting' from project 'xctest-dynamic-overlay')
    cd /Users/admin/builder/spi-builder-workspace/.swiftpm/xcode

SwiftDriverJobDiscovery normal arm64_32 Compiling IsTesting.swift, IssueReporter.swift (in target 'IssueReporting' from project 'xctest-dynamic-overlay')
SwiftCompile normal arm64 Compiling\ TestContext.swift,\ Unimplemented.swift /Users/admin/builder/spi-builder-workspace/.dependencies/checkouts/xctest-dynamic-overlay/Sources/IssueReporting/TestContext.swift /Users/admin/builder/spi-builder-workspace/.dependencies/checkouts/xctest-dynamic-overlay/Sources/IssueReporting/Unimplemented.swift (in target 'IssueReporting' from project 'xctest-dynamic-overlay')
SwiftCompile normal arm64 /Users/admin/builder/spi-builder-workspace/.dependencies/checkouts/xctest-dynamic-overlay/Sources/IssueReporting/TestContext.swift (in target 'IssueReporting' from project 'xctest-dynamic-overlay')
    cd /Users/admin/builder/spi-builder-workspace/.swiftpm/xcode

SwiftCompile normal arm64 /Users/admin/builder/spi-builder-workspace/.dependencies/checkouts/xctest-dynamic-overlay/Sources/IssueReporting/Unimplemented.swift (in target 'IssueReporting' from project 'xctest-dynamic-overlay')
    cd /Users/admin/builder/spi-builder-workspace/.swiftpm/xcode

SwiftDriverJobDiscovery normal arm64_32 Compiling BreakpointReporter.swift, DefaultReporter.swift (in target 'IssueReporting' from project 'xctest-dynamic-overlay')
SwiftCompile normal armv7k Compiling\ TestContext.swift,\ Unimplemented.swift /Users/admin/builder/spi-builder-workspace/.dependencies/checkouts/xctest-dynamic-overlay/Sources/IssueReporting/TestContext.swift /Users/admin/builder/spi-builder-workspace/.dependencies/checkouts/xctest-dynamic-overlay/Sources/IssueReporting/Unimplemented.swift (in target 'IssueReporting' from project 'xctest-dynamic-overlay')
SwiftCompile normal armv7k /Users/admin/builder/spi-builder-workspace/.dependencies/checkouts/xctest-dynamic-overlay/Sources/IssueReporting/TestContext.swift (in target 'IssueReporting' from project 'xctest-dynamic-overlay')
    cd /Users/admin/builder/spi-builder-workspace/.swiftpm/xcode

SwiftCompile normal armv7k /Users/admin/builder/spi-builder-workspace/.dependencies/checkouts/xctest-dynamic-overlay/Sources/IssueReporting/Unimplemented.swift (in target 'IssueReporting' from project 'xctest-dynamic-overlay')
    cd /Users/admin/builder/spi-builder-workspace/.swiftpm/xcode

SwiftDriverJobDiscovery normal arm64_32 Compiling WithExpectedIssue.swift, WithIssueContext.swift (in target 'IssueReporting' from project 'xctest-dynamic-overlay')
SwiftCompile normal armv7k Compiling\ FailureObserver.swift,\ LockIsolated.swift,\ Rethrows.swift /Users/admin/builder/spi-builder-workspace/.dependencies/checkouts/xctest-dynamic-overlay/Sources/IssueReporting/Internal/FailureObserver.swift /Users/admin/builder/spi-builder-workspace/.dependencies/checkouts/xctest-dynamic-overlay/Sources/IssueReporting/Internal/LockIsolated.swift /Users/admin/builder/spi-builder-workspace/.dependencies/checkouts/xctest-dynamic-overlay/Sources/IssueReporting/Internal/Rethrows.swift (in target 'IssueReporting' from project 'xctest-dynamic-overlay')
SwiftCompile normal armv7k /Users/admin/builder/spi-builder-workspace/.dependencies/checkouts/xctest-dynamic-overlay/Sources/IssueReporting/Internal/FailureObserver.swift (in target 'IssueReporting' from project 'xctest-dynamic-overlay')
    cd /Users/admin/builder/spi-builder-workspace/.swiftpm/xcode

SwiftCompile normal armv7k /Users/admin/builder/spi-builder-workspace/.dependencies/checkouts/xctest-dynamic-overlay/Sources/IssueReporting/Internal/LockIsolated.swift (in target 'IssueReporting' from project 'xctest-dynamic-overlay')
    cd /Users/admin/builder/spi-builder-workspace/.swiftpm/xcode

SwiftCompile normal armv7k /Users/admin/builder/spi-builder-workspace/.dependencies/checkouts/xctest-dynamic-overlay/Sources/IssueReporting/Internal/Rethrows.swift (in target 'IssueReporting' from project 'xctest-dynamic-overlay')
    cd /Users/admin/builder/spi-builder-workspace/.swiftpm/xcode

SwiftDriverJobDiscovery normal arm64_32 Compiling SwiftTesting.swift, UncheckedSendable.swift (in target 'IssueReporting' from project 'xctest-dynamic-overlay')
SwiftCompile normal armv7k Compiling\ ErrorReporting.swift,\ AppHostWarning.swift,\ Deprecations.swift /Users/admin/builder/spi-builder-workspace/.dependencies/checkouts/xctest-dynamic-overlay/Sources/IssueReporting/ErrorReporting.swift /Users/admin/builder/spi-builder-workspace/.dependencies/checkouts/xctest-dynamic-overlay/Sources/IssueReporting/Internal/AppHostWarning.swift /Users/admin/builder/spi-builder-workspace/.dependencies/checkouts/xctest-dynamic-overlay/Sources/IssueReporting/Internal/Deprecations.swift (in target 'IssueReporting' from project 'xctest-dynamic-overlay')
SwiftCompile normal armv7k /Users/admin/builder/spi-builder-workspace/.dependencies/checkouts/xctest-dynamic-overlay/Sources/IssueReporting/ErrorReporting.swift (in target 'IssueReporting' from project 'xctest-dynamic-overlay')
    cd /Users/admin/builder/spi-builder-workspace/.swiftpm/xcode

SwiftCompile normal armv7k /Users/admin/builder/spi-builder-workspace/.dependencies/checkouts/xctest-dynamic-overlay/Sources/IssueReporting/Internal/AppHostWarning.swift (in target 'IssueReporting' from project 'xctest-dynamic-overlay')
    cd /Users/admin/builder/spi-builder-workspace/.swiftpm/xcode

SwiftCompile normal armv7k /Users/admin/builder/spi-builder-workspace/.dependencies/checkouts/xctest-dynamic-overlay/Sources/IssueReporting/Internal/Deprecations.swift (in target 'IssueReporting' from project 'xctest-dynamic-overlay')
    cd /Users/admin/builder/spi-builder-workspace/.swiftpm/xcode

SwiftDriverJobDiscovery normal armv7k Compiling Warn.swift, XCTest.swift (in target 'IssueReporting' from project 'xctest-dynamic-overlay')
SwiftCompile normal arm64 Compiling\ ErrorReporting.swift,\ AppHostWarning.swift,\ Deprecations.swift /Users/admin/builder/spi-builder-workspace/.dependencies/checkouts/xctest-dynamic-overlay/Sources/IssueReporting/ErrorReporting.swift /Users/admin/builder/spi-builder-workspace/.dependencies/checkouts/xctest-dynamic-overlay/Sources/IssueReporting/Internal/AppHostWarning.swift /Users/admin/builder/spi-builder-workspace/.dependencies/checkouts/xctest-dynamic-overlay/Sources/IssueReporting/Internal/Deprecations.swift (in target 'IssueReporting' from project 'xctest-dynamic-overlay')
SwiftCompile normal arm64 /Users/admin/builder/spi-builder-workspace/.dependencies/checkouts/xctest-dynamic-overlay/Sources/IssueReporting/ErrorReporting.swift (in target 'IssueReporting' from project 'xctest-dynamic-overlay')
    cd /Users/admin/builder/spi-builder-workspace/.swiftpm/xcode

SwiftCompile normal arm64 /Users/admin/builder/spi-builder-workspace/.dependencies/checkouts/xctest-dynamic-overlay/Sources/IssueReporting/Internal/AppHostWarning.swift (in target 'IssueReporting' from project 'xctest-dynamic-overlay')
    cd /Users/admin/builder/spi-builder-workspace/.swiftpm/xcode

SwiftCompile normal arm64 /Users/admin/builder/spi-builder-workspace/.dependencies/checkouts/xctest-dynamic-overlay/Sources/IssueReporting/Internal/Deprecations.swift (in target 'IssueReporting' from project 'xctest-dynamic-overlay')
    cd /Users/admin/builder/spi-builder-workspace/.swiftpm/xcode

SwiftDriverJobDiscovery normal arm64 Compiling FailureObserver.swift, LockIsolated.swift, Rethrows.swift (in target 'IssueReporting' from project 'xctest-dynamic-overlay')
SwiftCompile normal armv7k Compiling\ IsTesting.swift,\ IssueReporter.swift /Users/admin/builder/spi-builder-workspace/.dependencies/checkouts/xctest-dynamic-overlay/Sources/IssueReporting/IsTesting.swift /Users/admin/builder/spi-builder-workspace/.dependencies/checkouts/xctest-dynamic-overlay/Sources/IssueReporting/IssueReporter.swift (in target 'IssueReporting' from project 'xctest-dynamic-overlay')
SwiftCompile normal armv7k /Users/admin/builder/spi-builder-workspace/.dependencies/checkouts/xctest-dynamic-overlay/Sources/IssueReporting/IsTesting.swift (in target 'IssueReporting' from project 'xctest-dynamic-overlay')
    cd /Users/admin/builder/spi-builder-workspace/.swiftpm/xcode

SwiftCompile normal armv7k /Users/admin/builder/spi-builder-workspace/.dependencies/checkouts/xctest-dynamic-overlay/Sources/IssueReporting/IssueReporter.swift (in target 'IssueReporting' from project 'xctest-dynamic-overlay')
    cd /Users/admin/builder/spi-builder-workspace/.swiftpm/xcode

SwiftDriverJobDiscovery normal arm64 Compiling TestContext.swift, Unimplemented.swift (in target 'IssueReporting' from project 'xctest-dynamic-overlay')
SwiftCompile normal arm64 Compiling\ FatalErrorReporter.swift,\ IssueSeverity.swift /Users/admin/builder/spi-builder-workspace/.dependencies/checkouts/xctest-dynamic-overlay/Sources/IssueReporting/IssueReporters/FatalErrorReporter.swift /Users/admin/builder/spi-builder-workspace/.dependencies/checkouts/xctest-dynamic-overlay/Sources/IssueReporting/IssueSeverity.swift (in target 'IssueReporting' from project 'xctest-dynamic-overlay')
SwiftCompile normal arm64 /Users/admin/builder/spi-builder-workspace/.dependencies/checkouts/xctest-dynamic-overlay/Sources/IssueReporting/IssueReporters/FatalErrorReporter.swift (in target 'IssueReporting' from project 'xctest-dynamic-overlay')
    cd /Users/admin/builder/spi-builder-workspace/.swiftpm/xcode

SwiftCompile normal arm64 /Users/admin/builder/spi-builder-workspace/.dependencies/checkouts/xctest-dynamic-overlay/Sources/IssueReporting/IssueSeverity.swift (in target 'IssueReporting' from project 'xctest-dynamic-overlay')
    cd /Users/admin/builder/spi-builder-workspace/.swiftpm/xcode

SwiftDriverJobDiscovery normal armv7k Compiling TestContext.swift, Unimplemented.swift (in target 'IssueReporting' from project 'xctest-dynamic-overlay')
SwiftCompile normal armv7k Compiling\ FatalErrorReporter.swift,\ IssueSeverity.swift /Users/admin/builder/spi-builder-workspace/.dependencies/checkouts/xctest-dynamic-overlay/Sources/IssueReporting/IssueReporters/FatalErrorReporter.swift /Users/admin/builder/spi-builder-workspace/.dependencies/checkouts/xctest-dynamic-overlay/Sources/IssueReporting/IssueSeverity.swift (in target 'IssueReporting' from project 'xctest-dynamic-overlay')
SwiftCompile normal armv7k /Users/admin/builder/spi-builder-workspace/.dependencies/checkouts/xctest-dynamic-overlay/Sources/IssueReporting/IssueReporters/FatalErrorReporter.swift (in target 'IssueReporting' from project 'xctest-dynamic-overlay')
    cd /Users/admin/builder/spi-builder-workspace/.swiftpm/xcode

SwiftCompile normal armv7k /Users/admin/builder/spi-builder-workspace/.dependencies/checkouts/xctest-dynamic-overlay/Sources/IssueReporting/IssueSeverity.swift (in target 'IssueReporting' from project 'xctest-dynamic-overlay')
    cd /Users/admin/builder/spi-builder-workspace/.swiftpm/xcode

SwiftDriverJobDiscovery normal armv7k Compiling BreakpointReporter.swift, DefaultReporter.swift (in target 'IssueReporting' from project 'xctest-dynamic-overlay')
SwiftCompile normal arm64 Compiling\ Warn.swift,\ XCTest.swift /Users/admin/builder/spi-builder-workspace/.dependencies/checkouts/xctest-dynamic-overlay/Sources/IssueReporting/Internal/Warn.swift /Users/admin/builder/spi-builder-workspace/.dependencies/checkouts/xctest-dynamic-overlay/Sources/IssueReporting/Internal/XCTest.swift (in target 'IssueReporting' from project 'xctest-dynamic-overlay')
SwiftCompile normal arm64 /Users/admin/builder/spi-builder-workspace/.dependencies/checkouts/xctest-dynamic-overlay/Sources/IssueReporting/Internal/Warn.swift (in target 'IssueReporting' from project 'xctest-dynamic-overlay')
    cd /Users/admin/builder/spi-builder-workspace/.swiftpm/xcode

SwiftCompile normal arm64 /Users/admin/builder/spi-builder-workspace/.dependencies/checkouts/xctest-dynamic-overlay/Sources/IssueReporting/Internal/XCTest.swift (in target 'IssueReporting' from project 'xctest-dynamic-overlay')
    cd /Users/admin/builder/spi-builder-workspace/.swiftpm/xcode

SwiftDriverJobDiscovery normal arm64 Compiling BreakpointReporter.swift, DefaultReporter.swift (in target 'IssueReporting' from project 'xctest-dynamic-overlay')
SwiftCompile normal armv7k Compiling\ ReportIssue.swift,\ _Test.swift /Users/admin/builder/spi-builder-workspace/.dependencies/checkouts/xctest-dynamic-overlay/Sources/IssueReporting/ReportIssue.swift /Users/admin/builder/spi-builder-workspace/.dependencies/checkouts/xctest-dynamic-overlay/Sources/IssueReporting/Symbolic\ Links/IssueReportingPackageSupport/_Test.swift (in target 'IssueReporting' from project 'xctest-dynamic-overlay')
SwiftCompile normal armv7k /Users/admin/builder/spi-builder-workspace/.dependencies/checkouts/xctest-dynamic-overlay/Sources/IssueReporting/ReportIssue.swift (in target 'IssueReporting' from project 'xctest-dynamic-overlay')
    cd /Users/admin/builder/spi-builder-workspace/.swiftpm/xcode

SwiftCompile normal armv7k /Users/admin/builder/spi-builder-workspace/.dependencies/checkouts/xctest-dynamic-overlay/Sources/IssueReporting/Symbolic\ Links/IssueReportingPackageSupport/_Test.swift (in target 'IssueReporting' from project 'xctest-dynamic-overlay')
    cd /Users/admin/builder/spi-builder-workspace/.swiftpm/xcode

SwiftDriverJobDiscovery normal armv7k Compiling FailureObserver.swift, LockIsolated.swift, Rethrows.swift (in target 'IssueReporting' from project 'xctest-dynamic-overlay')
SwiftCompile normal arm64 Compiling\ ReportIssue.swift,\ _Test.swift /Users/admin/builder/spi-builder-workspace/.dependencies/checkouts/xctest-dynamic-overlay/Sources/IssueReporting/ReportIssue.swift /Users/admin/builder/spi-builder-workspace/.dependencies/checkouts/xctest-dynamic-overlay/Sources/IssueReporting/Symbolic\ Links/IssueReportingPackageSupport/_Test.swift (in target 'IssueReporting' from project 'xctest-dynamic-overlay')
SwiftCompile normal arm64 /Users/admin/builder/spi-builder-workspace/.dependencies/checkouts/xctest-dynamic-overlay/Sources/IssueReporting/ReportIssue.swift (in target 'IssueReporting' from project 'xctest-dynamic-overlay')
    cd /Users/admin/builder/spi-builder-workspace/.swiftpm/xcode

SwiftCompile normal arm64 /Users/admin/builder/spi-builder-workspace/.dependencies/checkouts/xctest-dynamic-overlay/Sources/IssueReporting/Symbolic\ Links/IssueReportingPackageSupport/_Test.swift (in target 'IssueReporting' from project 'xctest-dynamic-overlay')
    cd /Users/admin/builder/spi-builder-workspace/.swiftpm/xcode

SwiftDriverJobDiscovery normal arm64_32 Emitting module for IssueReporting (in target 'IssueReporting' from project 'xctest-dynamic-overlay')
SwiftDriver\ Compilation\ Requirements IssueReporting normal arm64_32 com.apple.xcode.tools.swift.compiler (in target 'IssueReporting' from project 'xctest-dynamic-overlay')
    cd /Users/admin/builder/spi-builder-workspace/.swiftpm/xcode
    builtin-Swift-Compilation-Requirements -- /Applications/Xcode-16.3.0.app/Contents/Developer/Toolchains/XcodeDefault.xctoolchain/usr/bin/swiftc -module-name IssueReporting -Onone -enforce-exclusivity\=checked @/Users/admin/builder/spi-builder-workspace/.derivedData/Build/Intermediates.noindex/xctest-dynamic-overlay.build/Debug-watchos/IssueReporting.build/Objects-normal/arm64_32/IssueReporting.SwiftFileList -DSWIFT_PACKAGE -DDEBUG -DXcode -enable-upcoming-feature ExistentialAny -enable-upcoming-feature ImmutableWeakCaptures -enable-upcoming-feature InferIsolatedConformances -enable-upcoming-feature InternalImportsByDefault -enable-upcoming-feature MemberImportVisibility -enable-upcoming-feature NonisolatedNonsendingByDefault -plugin-path /Applications/Xcode-16.3.0.app/Contents/Developer/Toolchains/XcodeDefault.xctoolchain/usr/lib/swift/host/plugins/testing -enable-experimental-feature DebugDescriptionMacro -sdk /Applications/Xcode-16.3.0.app/Contents/Developer/Platforms/WatchOS.platform/Developer/SDKs/WatchOS11.4.sdk -target arm64_32-apple-watchos6.0 -g -module-cache-path /Users/admin/builder/spi-builder-workspace/.derivedData/ModuleCache.noindex -Xfrontend -serialize-debugging-options -profile-coverage-mapping -profile-generate -enable-testing -suppress-warnings -index-store-path /Users/admin/builder/spi-builder-workspace/.derivedData/Index.noindex/DataStore -swift-version 6 -I /Users/admin/builder/spi-builder-workspace/.derivedData/Build/Products/Debug-watchos -I /Applications/Xcode-16.3.0.app/Contents/Developer/Platforms/WatchOS.platform/Developer/usr/lib -F /Users/admin/builder/spi-builder-workspace/.derivedData/Build/Products/Debug-watchos -F /Applications/Xcode-16.3.0.app/Contents/Developer/Platforms/WatchOS.platform/Developer/Library/Frameworks -F /Applications/Xcode-16.3.0.app/Contents/Developer/Platforms/WatchOS.platform/Developer/SDKs/WatchOS11.4.sdk/Developer/Library/Frameworks -c -j10 -enable-batch-mode -incremental -Xcc -ivfsstatcache -Xcc /Users/admin/builder/spi-builder-workspace/.derivedData/SDKStatCaches.noindex/watchos11.4-22T246-43efb940ff07ba2497b70ec94253f576.sdkstatcache -output-file-map /Users/admin/builder/spi-builder-workspace/.derivedData/Build/Intermediates.noindex/xctest-dynamic-overlay.build/Debug-watchos/IssueReporting.build/Objects-normal/arm64_32/IssueReporting-OutputFileMap.json -use-frontend-parseable-output -save-temps -no-color-diagnostics -serialize-diagnostics -emit-dependencies -emit-module -emit-module-path /Users/admin/builder/spi-builder-workspace/.derivedData/Build/Intermediates.noindex/xctest-dynamic-overlay.build/Debug-watchos/IssueReporting.build/Objects-normal/arm64_32/IssueReporting.swiftmodule -user-module-version 1.13.1 -validate-clang-modules-once -clang-build-session-file /Users/admin/builder/spi-builder-workspace/.derivedData/ModuleCache.noindex/Session.modulevalidation -package-name xctest_dynamic_overlay -Xcc -I/Users/admin/builder/spi-builder-workspace/.derivedData/Build/Intermediates.noindex/xctest-dynamic-overlay.build/Debug-watchos/IssueReporting.build/swift-overrides.hmap -emit-const-values -Xfrontend -const-gather-protocols-file -Xfrontend /Users/admin/builder/spi-builder-workspace/.derivedData/Build/Intermediates.noindex/xctest-dynamic-overlay.build/Debug-watchos/IssueReporting.build/Objects-normal/arm64_32/IssueReporting_const_extract_protocols.json -Xcc -I/Users/admin/builder/spi-builder-workspace/.derivedData/Build/Products/Debug-watchos/include -Xcc -I/Users/admin/builder/spi-builder-workspace/.derivedData/Build/Intermediates.noindex/xctest-dynamic-overlay.build/Debug-watchos/IssueReporting.build/DerivedSources-normal/arm64_32 -Xcc -I/Users/admin/builder/spi-builder-workspace/.derivedData/Build/Intermediates.noindex/xctest-dynamic-overlay.build/Debug-watchos/IssueReporting.build/DerivedSources/arm64_32 -Xcc -I/Users/admin/builder/spi-builder-workspace/.derivedData/Build/Intermediates.noindex/xctest-dynamic-overlay.build/Debug-watchos/IssueReporting.build/DerivedSources -Xcc -DSWIFT_PACKAGE -Xcc -DDEBUG\=1 -emit-objc-header -emit-objc-header-path /Users/admin/builder/spi-builder-workspace/.derivedData/Build/Intermediates.noindex/xctest-dynamic-overlay.build/Debug-watchos/IssueReporting.build/Objects-normal/arm64_32/IssueReporting-Swift.h -working-directory /Users/admin/builder/spi-builder-workspace/.swiftpm/xcode -experimental-emit-module-separately -disable-cmo
SwiftDriverJobDiscovery normal arm64 Emitting module for IssueReporting (in target 'IssueReporting' from project 'xctest-dynamic-overlay')
SwiftDriver\ Compilation IssueReporting normal arm64_32 com.apple.xcode.tools.swift.compiler (in target 'IssueReporting' from project 'xctest-dynamic-overlay')
    cd /Users/admin/builder/spi-builder-workspace/.swiftpm/xcode
    builtin-Swift-Compilation -- /Applications/Xcode-16.3.0.app/Contents/Developer/Toolchains/XcodeDefault.xctoolchain/usr/bin/swiftc -module-name IssueReporting -Onone -enforce-exclusivity\=checked @/Users/admin/builder/spi-builder-workspace/.derivedData/Build/Intermediates.noindex/xctest-dynamic-overlay.build/Debug-watchos/IssueReporting.build/Objects-normal/arm64_32/IssueReporting.SwiftFileList -DSWIFT_PACKAGE -DDEBUG -DXcode -enable-upcoming-feature ExistentialAny -enable-upcoming-feature ImmutableWeakCaptures -enable-upcoming-feature InferIsolatedConformances -enable-upcoming-feature InternalImportsByDefault -enable-upcoming-feature MemberImportVisibility -enable-upcoming-feature NonisolatedNonsendingByDefault -plugin-path /Applications/Xcode-16.3.0.app/Contents/Developer/Toolchains/XcodeDefault.xctoolchain/usr/lib/swift/host/plugins/testing -enable-experimental-feature DebugDescriptionMacro -sdk /Applications/Xcode-16.3.0.app/Contents/Developer/Platforms/WatchOS.platform/Developer/SDKs/WatchOS11.4.sdk -target arm64_32-apple-watchos6.0 -g -module-cache-path /Users/admin/builder/spi-builder-workspace/.derivedData/ModuleCache.noindex -Xfrontend -serialize-debugging-options -profile-coverage-mapping -profile-generate -enable-testing -suppress-warnings -index-store-path /Users/admin/builder/spi-builder-workspace/.derivedData/Index.noindex/DataStore -swift-version 6 -I /Users/admin/builder/spi-builder-workspace/.derivedData/Build/Products/Debug-watchos -I /Applications/Xcode-16.3.0.app/Contents/Developer/Platforms/WatchOS.platform/Developer/usr/lib -F /Users/admin/builder/spi-builder-workspace/.derivedData/Build/Products/Debug-watchos -F /Applications/Xcode-16.3.0.app/Contents/Developer/Platforms/WatchOS.platform/Developer/Library/Frameworks -F /Applications/Xcode-16.3.0.app/Contents/Developer/Platforms/WatchOS.platform/Developer/SDKs/WatchOS11.4.sdk/Developer/Library/Frameworks -c -j10 -enable-batch-mode -incremental -Xcc -ivfsstatcache -Xcc /Users/admin/builder/spi-builder-workspace/.derivedData/SDKStatCaches.noindex/watchos11.4-22T246-43efb940ff07ba2497b70ec94253f576.sdkstatcache -output-file-map /Users/admin/builder/spi-builder-workspace/.derivedData/Build/Intermediates.noindex/xctest-dynamic-overlay.build/Debug-watchos/IssueReporting.build/Objects-normal/arm64_32/IssueReporting-OutputFileMap.json -use-frontend-parseable-output -save-temps -no-color-diagnostics -serialize-diagnostics -emit-dependencies -emit-module -emit-module-path /Users/admin/builder/spi-builder-workspace/.derivedData/Build/Intermediates.noindex/xctest-dynamic-overlay.build/Debug-watchos/IssueReporting.build/Objects-normal/arm64_32/IssueReporting.swiftmodule -user-module-version 1.13.1 -validate-clang-modules-once -clang-build-session-file /Users/admin/builder/spi-builder-workspace/.derivedData/ModuleCache.noindex/Session.modulevalidation -package-name xctest_dynamic_overlay -Xcc -I/Users/admin/builder/spi-builder-workspace/.derivedData/Build/Intermediates.noindex/xctest-dynamic-overlay.build/Debug-watchos/IssueReporting.build/swift-overrides.hmap -emit-const-values -Xfrontend -const-gather-protocols-file -Xfrontend /Users/admin/builder/spi-builder-workspace/.derivedData/Build/Intermediates.noindex/xctest-dynamic-overlay.build/Debug-watchos/IssueReporting.build/Objects-normal/arm64_32/IssueReporting_const_extract_protocols.json -Xcc -I/Users/admin/builder/spi-builder-workspace/.derivedData/Build/Products/Debug-watchos/include -Xcc -I/Users/admin/builder/spi-builder-workspace/.derivedData/Build/Intermediates.noindex/xctest-dynamic-overlay.build/Debug-watchos/IssueReporting.build/DerivedSources-normal/arm64_32 -Xcc -I/Users/admin/builder/spi-builder-workspace/.derivedData/Build/Intermediates.noindex/xctest-dynamic-overlay.build/Debug-watchos/IssueReporting.build/DerivedSources/arm64_32 -Xcc -I/Users/admin/builder/spi-builder-workspace/.derivedData/Build/Intermediates.noindex/xctest-dynamic-overlay.build/Debug-watchos/IssueReporting.build/DerivedSources -Xcc -DSWIFT_PACKAGE -Xcc -DDEBUG\=1 -emit-objc-header -emit-objc-header-path /Users/admin/builder/spi-builder-workspace/.derivedData/Build/Intermediates.noindex/xctest-dynamic-overlay.build/Debug-watchos/IssueReporting.build/Objects-normal/arm64_32/IssueReporting-Swift.h -working-directory /Users/admin/builder/spi-builder-workspace/.swiftpm/xcode -experimental-emit-module-separately -disable-cmo
SwiftCompile normal arm64 Compiling\ WithExpectedIssue.swift,\ WithIssueContext.swift /Users/admin/builder/spi-builder-workspace/.dependencies/checkouts/xctest-dynamic-overlay/Sources/IssueReporting/WithExpectedIssue.swift /Users/admin/builder/spi-builder-workspace/.dependencies/checkouts/xctest-dynamic-overlay/Sources/IssueReporting/WithIssueContext.swift (in target 'IssueReporting' from project 'xctest-dynamic-overlay')
SwiftCompile normal arm64 /Users/admin/builder/spi-builder-workspace/.dependencies/checkouts/xctest-dynamic-overlay/Sources/IssueReporting/WithExpectedIssue.swift (in target 'IssueReporting' from project 'xctest-dynamic-overlay')
    cd /Users/admin/builder/spi-builder-workspace/.swiftpm/xcode

SwiftCompile normal arm64 /Users/admin/builder/spi-builder-workspace/.dependencies/checkouts/xctest-dynamic-overlay/Sources/IssueReporting/WithIssueContext.swift (in target 'IssueReporting' from project 'xctest-dynamic-overlay')
    cd /Users/admin/builder/spi-builder-workspace/.swiftpm/xcode

SwiftDriverJobDiscovery normal armv7k Emitting module for IssueReporting (in target 'IssueReporting' from project 'xctest-dynamic-overlay')
SwiftCompile normal arm64 Compiling\ SwiftTesting.swift,\ UncheckedSendable.swift /Users/admin/builder/spi-builder-workspace/.dependencies/checkouts/xctest-dynamic-overlay/Sources/IssueReporting/Internal/SwiftTesting.swift /Users/admin/builder/spi-builder-workspace/.dependencies/checkouts/xctest-dynamic-overlay/Sources/IssueReporting/Internal/UncheckedSendable.swift (in target 'IssueReporting' from project 'xctest-dynamic-overlay')
SwiftCompile normal arm64 /Users/admin/builder/spi-builder-workspace/.dependencies/checkouts/xctest-dynamic-overlay/Sources/IssueReporting/Internal/SwiftTesting.swift (in target 'IssueReporting' from project 'xctest-dynamic-overlay')
    cd /Users/admin/builder/spi-builder-workspace/.swiftpm/xcode

SwiftCompile normal arm64 /Users/admin/builder/spi-builder-workspace/.dependencies/checkouts/xctest-dynamic-overlay/Sources/IssueReporting/Internal/UncheckedSendable.swift (in target 'IssueReporting' from project 'xctest-dynamic-overlay')
    cd /Users/admin/builder/spi-builder-workspace/.swiftpm/xcode

SwiftDriver\ Compilation\ Requirements IssueReporting normal armv7k com.apple.xcode.tools.swift.compiler (in target 'IssueReporting' from project 'xctest-dynamic-overlay')
    cd /Users/admin/builder/spi-builder-workspace/.swiftpm/xcode
    builtin-Swift-Compilation-Requirements -- /Applications/Xcode-16.3.0.app/Contents/Developer/Toolchains/XcodeDefault.xctoolchain/usr/bin/swiftc -module-name IssueReporting -Onone -enforce-exclusivity\=checked @/Users/admin/builder/spi-builder-workspace/.derivedData/Build/Intermediates.noindex/xctest-dynamic-overlay.build/Debug-watchos/IssueReporting.build/Objects-normal/armv7k/IssueReporting.SwiftFileList -DSWIFT_PACKAGE -DDEBUG -DXcode -enable-upcoming-feature ExistentialAny -enable-upcoming-feature ImmutableWeakCaptures -enable-upcoming-feature InferIsolatedConformances -enable-upcoming-feature InternalImportsByDefault -enable-upcoming-feature MemberImportVisibility -enable-upcoming-feature NonisolatedNonsendingByDefault -plugin-path /Applications/Xcode-16.3.0.app/Contents/Developer/Toolchains/XcodeDefault.xctoolchain/usr/lib/swift/host/plugins/testing -enable-experimental-feature DebugDescriptionMacro -sdk /Applications/Xcode-16.3.0.app/Contents/Developer/Platforms/WatchOS.platform/Developer/SDKs/WatchOS11.4.sdk -target armv7k-apple-watchos6.0 -g -module-cache-path /Users/admin/builder/spi-builder-workspace/.derivedData/ModuleCache.noindex -Xfrontend -serialize-debugging-options -profile-coverage-mapping -profile-generate -enable-testing -suppress-warnings -index-store-path /Users/admin/builder/spi-builder-workspace/.derivedData/Index.noindex/DataStore -swift-version 6 -I /Users/admin/builder/spi-builder-workspace/.derivedData/Build/Products/Debug-watchos -I /Applications/Xcode-16.3.0.app/Contents/Developer/Platforms/WatchOS.platform/Developer/usr/lib -F /Users/admin/builder/spi-builder-workspace/.derivedData/Build/Products/Debug-watchos -F /Applications/Xcode-16.3.0.app/Contents/Developer/Platforms/WatchOS.platform/Developer/Library/Frameworks -F /Applications/Xcode-16.3.0.app/Contents/Developer/Platforms/WatchOS.platform/Developer/SDKs/WatchOS11.4.sdk/Developer/Library/Frameworks -c -j10 -enable-batch-mode -incremental -Xcc -ivfsstatcache -Xcc /Users/admin/builder/spi-builder-workspace/.derivedData/SDKStatCaches.noindex/watchos11.4-22T246-43efb940ff07ba2497b70ec94253f576.sdkstatcache -output-file-map /Users/admin/builder/spi-builder-workspace/.derivedData/Build/Intermediates.noindex/xctest-dynamic-overlay.build/Debug-watchos/IssueReporting.build/Objects-normal/armv7k/IssueReporting-OutputFileMap.json -use-frontend-parseable-output -save-temps -no-color-diagnostics -serialize-diagnostics -emit-dependencies -emit-module -emit-module-path /Users/admin/builder/spi-builder-workspace/.derivedData/Build/Intermediates.noindex/xctest-dynamic-overlay.build/Debug-watchos/IssueReporting.build/Objects-normal/armv7k/IssueReporting.swiftmodule -user-module-version 1.13.1 -validate-clang-modules-once -clang-build-session-file /Users/admin/builder/spi-builder-workspace/.derivedData/ModuleCache.noindex/Session.modulevalidation -package-name xctest_dynamic_overlay -Xcc -I/Users/admin/builder/spi-builder-workspace/.derivedData/Build/Intermediates.noindex/xctest-dynamic-overlay.build/Debug-watchos/IssueReporting.build/swift-overrides.hmap -emit-const-values -Xfrontend -const-gather-protocols-file -Xfrontend /Users/admin/builder/spi-builder-workspace/.derivedData/Build/Intermediates.noindex/xctest-dynamic-overlay.build/Debug-watchos/IssueReporting.build/Objects-normal/armv7k/IssueReporting_const_extract_protocols.json -Xcc -I/Users/admin/builder/spi-builder-workspace/.derivedData/Build/Products/Debug-watchos/include -Xcc -I/Users/admin/builder/spi-builder-workspace/.derivedData/Build/Intermediates.noindex/xctest-dynamic-overlay.build/Debug-watchos/IssueReporting.build/DerivedSources-normal/armv7k -Xcc -I/Users/admin/builder/spi-builder-workspace/.derivedData/Build/Intermediates.noindex/xctest-dynamic-overlay.build/Debug-watchos/IssueReporting.build/DerivedSources/armv7k -Xcc -I/Users/admin/builder/spi-builder-workspace/.derivedData/Build/Intermediates.noindex/xctest-dynamic-overlay.build/Debug-watchos/IssueReporting.build/DerivedSources -Xcc -DSWIFT_PACKAGE -Xcc -DDEBUG\=1 -emit-objc-header -emit-objc-header-path /Users/admin/builder/spi-builder-workspace/.derivedData/Build/Intermediates.noindex/xctest-dynamic-overlay.build/Debug-watchos/IssueReporting.build/Objects-normal/armv7k/IssueReporting-Swift.h -working-directory /Users/admin/builder/spi-builder-workspace/.swiftpm/xcode -experimental-emit-module-separately -disable-cmo
SwiftDriverJobDiscovery normal arm64 Compiling FatalErrorReporter.swift, IssueSeverity.swift (in target 'IssueReporting' from project 'xctest-dynamic-overlay')
SwiftDriver\ Compilation\ Requirements IssueReporting normal arm64 com.apple.xcode.tools.swift.compiler (in target 'IssueReporting' from project 'xctest-dynamic-overlay')
    cd /Users/admin/builder/spi-builder-workspace/.swiftpm/xcode
    builtin-Swift-Compilation-Requirements -- /Applications/Xcode-16.3.0.app/Contents/Developer/Toolchains/XcodeDefault.xctoolchain/usr/bin/swiftc -module-name IssueReporting -Onone -enforce-exclusivity\=checked @/Users/admin/builder/spi-builder-workspace/.derivedData/Build/Intermediates.noindex/xctest-dynamic-overlay.build/Debug-watchos/IssueReporting.build/Objects-normal/arm64/IssueReporting.SwiftFileList -DSWIFT_PACKAGE -DDEBUG -DXcode -enable-upcoming-feature ExistentialAny -enable-upcoming-feature ImmutableWeakCaptures -enable-upcoming-feature InferIsolatedConformances -enable-upcoming-feature InternalImportsByDefault -enable-upcoming-feature MemberImportVisibility -enable-upcoming-feature NonisolatedNonsendingByDefault -plugin-path /Applications/Xcode-16.3.0.app/Contents/Developer/Toolchains/XcodeDefault.xctoolchain/usr/lib/swift/host/plugins/testing -enable-experimental-feature DebugDescriptionMacro -sdk /Applications/Xcode-16.3.0.app/Contents/Developer/Platforms/WatchOS.platform/Developer/SDKs/WatchOS11.4.sdk -target arm64-apple-watchos6.0 -g -module-cache-path /Users/admin/builder/spi-builder-workspace/.derivedData/ModuleCache.noindex -Xfrontend -serialize-debugging-options -profile-coverage-mapping -profile-generate -enable-testing -suppress-warnings -index-store-path /Users/admin/builder/spi-builder-workspace/.derivedData/Index.noindex/DataStore -swift-version 6 -I /Users/admin/builder/spi-builder-workspace/.derivedData/Build/Products/Debug-watchos -I /Applications/Xcode-16.3.0.app/Contents/Developer/Platforms/WatchOS.platform/Developer/usr/lib -F /Users/admin/builder/spi-builder-workspace/.derivedData/Build/Products/Debug-watchos -F /Applications/Xcode-16.3.0.app/Contents/Developer/Platforms/WatchOS.platform/Developer/Library/Frameworks -F /Applications/Xcode-16.3.0.app/Contents/Developer/Platforms/WatchOS.platform/Developer/SDKs/WatchOS11.4.sdk/Developer/Library/Frameworks -c -j10 -enable-batch-mode -incremental -Xcc -ivfsstatcache -Xcc /Users/admin/builder/spi-builder-workspace/.derivedData/SDKStatCaches.noindex/watchos11.4-22T246-43efb940ff07ba2497b70ec94253f576.sdkstatcache -output-file-map /Users/admin/builder/spi-builder-workspace/.derivedData/Build/Intermediates.noindex/xctest-dynamic-overlay.build/Debug-watchos/IssueReporting.build/Objects-normal/arm64/IssueReporting-OutputFileMap.json -use-frontend-parseable-output -save-temps -no-color-diagnostics -serialize-diagnostics -emit-dependencies -emit-module -emit-module-path /Users/admin/builder/spi-builder-workspace/.derivedData/Build/Intermediates.noindex/xctest-dynamic-overlay.build/Debug-watchos/IssueReporting.build/Objects-normal/arm64/IssueReporting.swiftmodule -user-module-version 1.13.1 -validate-clang-modules-once -clang-build-session-file /Users/admin/builder/spi-builder-workspace/.derivedData/ModuleCache.noindex/Session.modulevalidation -package-name xctest_dynamic_overlay -Xcc -I/Users/admin/builder/spi-builder-workspace/.derivedData/Build/Intermediates.noindex/xctest-dynamic-overlay.build/Debug-watchos/IssueReporting.build/swift-overrides.hmap -emit-const-values -Xfrontend -const-gather-protocols-file -Xfrontend /Users/admin/builder/spi-builder-workspace/.derivedData/Build/Intermediates.noindex/xctest-dynamic-overlay.build/Debug-watchos/IssueReporting.build/Objects-normal/arm64/IssueReporting_const_extract_protocols.json -Xcc -I/Users/admin/builder/spi-builder-workspace/.derivedData/Build/Products/Debug-watchos/include -Xcc -I/Users/admin/builder/spi-builder-workspace/.derivedData/Build/Intermediates.noindex/xctest-dynamic-overlay.build/Debug-watchos/IssueReporting.build/DerivedSources-normal/arm64 -Xcc -I/Users/admin/builder/spi-builder-workspace/.derivedData/Build/Intermediates.noindex/xctest-dynamic-overlay.build/Debug-watchos/IssueReporting.build/DerivedSources/arm64 -Xcc -I/Users/admin/builder/spi-builder-workspace/.derivedData/Build/Intermediates.noindex/xctest-dynamic-overlay.build/Debug-watchos/IssueReporting.build/DerivedSources -Xcc -DSWIFT_PACKAGE -Xcc -DDEBUG\=1 -emit-objc-header -emit-objc-header-path /Users/admin/builder/spi-builder-workspace/.derivedData/Build/Intermediates.noindex/xctest-dynamic-overlay.build/Debug-watchos/IssueReporting.build/Objects-normal/arm64/IssueReporting-Swift.h -working-directory /Users/admin/builder/spi-builder-workspace/.swiftpm/xcode -experimental-emit-module-separately -disable-cmo
Copy /Users/admin/builder/spi-builder-workspace/.derivedData/Build/Products/Debug-watchos/IssueReporting.swiftmodule/arm64_32-apple-watchos.swiftmodule /Users/admin/builder/spi-builder-workspace/.derivedData/Build/Intermediates.noindex/xctest-dynamic-overlay.build/Debug-watchos/IssueReporting.build/Objects-normal/arm64_32/IssueReporting.swiftmodule (in target 'IssueReporting' from project 'xctest-dynamic-overlay')
    cd /Users/admin/builder/spi-builder-workspace/.dependencies/checkouts/xctest-dynamic-overlay
    builtin-copy -exclude .DS_Store -exclude CVS -exclude .svn -exclude .git -exclude .hg -resolve-src-symlinks -rename /Users/admin/builder/spi-builder-workspace/.derivedData/Build/Intermediates.noindex/xctest-dynamic-overlay.build/Debug-watchos/IssueReporting.build/Objects-normal/arm64_32/IssueReporting.swiftmodule /Users/admin/builder/spi-builder-workspace/.derivedData/Build/Products/Debug-watchos/IssueReporting.swiftmodule/arm64_32-apple-watchos.swiftmodule
Copy /Users/admin/builder/spi-builder-workspace/.derivedData/Build/Products/Debug-watchos/IssueReporting.swiftmodule/armv7k-apple-watchos.swiftmodule /Users/admin/builder/spi-builder-workspace/.derivedData/Build/Intermediates.noindex/xctest-dynamic-overlay.build/Debug-watchos/IssueReporting.build/Objects-normal/armv7k/IssueReporting.swiftmodule (in target 'IssueReporting' from project 'xctest-dynamic-overlay')
    cd /Users/admin/builder/spi-builder-workspace/.dependencies/checkouts/xctest-dynamic-overlay
    builtin-copy -exclude .DS_Store -exclude CVS -exclude .svn -exclude .git -exclude .hg -resolve-src-symlinks -rename /Users/admin/builder/spi-builder-workspace/.derivedData/Build/Intermediates.noindex/xctest-dynamic-overlay.build/Debug-watchos/IssueReporting.build/Objects-normal/armv7k/IssueReporting.swiftmodule /Users/admin/builder/spi-builder-workspace/.derivedData/Build/Products/Debug-watchos/IssueReporting.swiftmodule/armv7k-apple-watchos.swiftmodule
Copy /Users/admin/builder/spi-builder-workspace/.derivedData/Build/Products/Debug-watchos/IssueReporting.swiftmodule/armv7k-apple-watchos.abi.json /Users/admin/builder/spi-builder-workspace/.derivedData/Build/Intermediates.noindex/xctest-dynamic-overlay.build/Debug-watchos/IssueReporting.build/Objects-normal/armv7k/IssueReporting.abi.json (in target 'IssueReporting' from project 'xctest-dynamic-overlay')
    cd /Users/admin/builder/spi-builder-workspace/.dependencies/checkouts/xctest-dynamic-overlay
    builtin-copy -exclude .DS_Store -exclude CVS -exclude .svn -exclude .git -exclude .hg -resolve-src-symlinks -rename /Users/admin/builder/spi-builder-workspace/.derivedData/Build/Intermediates.noindex/xctest-dynamic-overlay.build/Debug-watchos/IssueReporting.build/Objects-normal/armv7k/IssueReporting.abi.json /Users/admin/builder/spi-builder-workspace/.derivedData/Build/Products/Debug-watchos/IssueReporting.swiftmodule/armv7k-apple-watchos.abi.json
Copy /Users/admin/builder/spi-builder-workspace/.derivedData/Build/Products/Debug-watchos/IssueReporting.swiftmodule/arm64_32-apple-watchos.abi.json /Users/admin/builder/spi-builder-workspace/.derivedData/Build/Intermediates.noindex/xctest-dynamic-overlay.build/Debug-watchos/IssueReporting.build/Objects-normal/arm64_32/IssueReporting.abi.json (in target 'IssueReporting' from project 'xctest-dynamic-overlay')
    cd /Users/admin/builder/spi-builder-workspace/.dependencies/checkouts/xctest-dynamic-overlay
    builtin-copy -exclude .DS_Store -exclude CVS -exclude .svn -exclude .git -exclude .hg -resolve-src-symlinks -rename /Users/admin/builder/spi-builder-workspace/.derivedData/Build/Intermediates.noindex/xctest-dynamic-overlay.build/Debug-watchos/IssueReporting.build/Objects-normal/arm64_32/IssueReporting.abi.json /Users/admin/builder/spi-builder-workspace/.derivedData/Build/Products/Debug-watchos/IssueReporting.swiftmodule/arm64_32-apple-watchos.abi.json
SwiftDriverJobDiscovery normal armv7k Compiling ErrorReporting.swift, AppHostWarning.swift, Deprecations.swift (in target 'IssueReporting' from project 'xctest-dynamic-overlay')
Copy /Users/admin/builder/spi-builder-workspace/.derivedData/Build/Products/Debug-watchos/IssueReporting.swiftmodule/arm64-apple-watchos.swiftmodule /Users/admin/builder/spi-builder-workspace/.derivedData/Build/Intermediates.noindex/xctest-dynamic-overlay.build/Debug-watchos/IssueReporting.build/Objects-normal/arm64/IssueReporting.swiftmodule (in target 'IssueReporting' from project 'xctest-dynamic-overlay')
    cd /Users/admin/builder/spi-builder-workspace/.dependencies/checkouts/xctest-dynamic-overlay
    builtin-copy -exclude .DS_Store -exclude CVS -exclude .svn -exclude .git -exclude .hg -resolve-src-symlinks -rename /Users/admin/builder/spi-builder-workspace/.derivedData/Build/Intermediates.noindex/xctest-dynamic-overlay.build/Debug-watchos/IssueReporting.build/Objects-normal/arm64/IssueReporting.swiftmodule /Users/admin/builder/spi-builder-workspace/.derivedData/Build/Products/Debug-watchos/IssueReporting.swiftmodule/arm64-apple-watchos.swiftmodule
Copy /Users/admin/builder/spi-builder-workspace/.derivedData/Build/Products/Debug-watchos/IssueReporting.swiftmodule/arm64-apple-watchos.abi.json /Users/admin/builder/spi-builder-workspace/.derivedData/Build/Intermediates.noindex/xctest-dynamic-overlay.build/Debug-watchos/IssueReporting.build/Objects-normal/arm64/IssueReporting.abi.json (in target 'IssueReporting' from project 'xctest-dynamic-overlay')
    cd /Users/admin/builder/spi-builder-workspace/.dependencies/checkouts/xctest-dynamic-overlay
    builtin-copy -exclude .DS_Store -exclude CVS -exclude .svn -exclude .git -exclude .hg -resolve-src-symlinks -rename /Users/admin/builder/spi-builder-workspace/.derivedData/Build/Intermediates.noindex/xctest-dynamic-overlay.build/Debug-watchos/IssueReporting.build/Objects-normal/arm64/IssueReporting.abi.json /Users/admin/builder/spi-builder-workspace/.derivedData/Build/Products/Debug-watchos/IssueReporting.swiftmodule/arm64-apple-watchos.abi.json
SwiftCompile normal arm64 Compiling\ IsTesting.swift,\ IssueReporter.swift /Users/admin/builder/spi-builder-workspace/.dependencies/checkouts/xctest-dynamic-overlay/Sources/IssueReporting/IsTesting.swift /Users/admin/builder/spi-builder-workspace/.dependencies/checkouts/xctest-dynamic-overlay/Sources/IssueReporting/IssueReporter.swift (in target 'IssueReporting' from project 'xctest-dynamic-overlay')
SwiftCompile normal arm64 /Users/admin/builder/spi-builder-workspace/.dependencies/checkouts/xctest-dynamic-overlay/Sources/IssueReporting/IsTesting.swift (in target 'IssueReporting' from project 'xctest-dynamic-overlay')
    cd /Users/admin/builder/spi-builder-workspace/.swiftpm/xcode

SwiftCompile normal arm64 /Users/admin/builder/spi-builder-workspace/.dependencies/checkouts/xctest-dynamic-overlay/Sources/IssueReporting/IssueReporter.swift (in target 'IssueReporting' from project 'xctest-dynamic-overlay')
    cd /Users/admin/builder/spi-builder-workspace/.swiftpm/xcode

SwiftCompile normal armv7k Compiling\ SwiftTesting.swift,\ UncheckedSendable.swift /Users/admin/builder/spi-builder-workspace/.dependencies/checkouts/xctest-dynamic-overlay/Sources/IssueReporting/Internal/SwiftTesting.swift /Users/admin/builder/spi-builder-workspace/.dependencies/checkouts/xctest-dynamic-overlay/Sources/IssueReporting/Internal/UncheckedSendable.swift (in target 'IssueReporting' from project 'xctest-dynamic-overlay')
SwiftCompile normal armv7k /Users/admin/builder/spi-builder-workspace/.dependencies/checkouts/xctest-dynamic-overlay/Sources/IssueReporting/Internal/SwiftTesting.swift (in target 'IssueReporting' from project 'xctest-dynamic-overlay')
    cd /Users/admin/builder/spi-builder-workspace/.swiftpm/xcode

SwiftCompile normal armv7k /Users/admin/builder/spi-builder-workspace/.dependencies/checkouts/xctest-dynamic-overlay/Sources/IssueReporting/Internal/UncheckedSendable.swift (in target 'IssueReporting' from project 'xctest-dynamic-overlay')
    cd /Users/admin/builder/spi-builder-workspace/.swiftpm/xcode

SwiftCompile normal armv7k Compiling\ WithExpectedIssue.swift,\ WithIssueContext.swift /Users/admin/builder/spi-builder-workspace/.dependencies/checkouts/xctest-dynamic-overlay/Sources/IssueReporting/WithExpectedIssue.swift /Users/admin/builder/spi-builder-workspace/.dependencies/checkouts/xctest-dynamic-overlay/Sources/IssueReporting/WithIssueContext.swift (in target 'IssueReporting' from project 'xctest-dynamic-overlay')
SwiftCompile normal armv7k /Users/admin/builder/spi-builder-workspace/.dependencies/checkouts/xctest-dynamic-overlay/Sources/IssueReporting/WithExpectedIssue.swift (in target 'IssueReporting' from project 'xctest-dynamic-overlay')
    cd /Users/admin/builder/spi-builder-workspace/.swiftpm/xcode

SwiftCompile normal armv7k /Users/admin/builder/spi-builder-workspace/.dependencies/checkouts/xctest-dynamic-overlay/Sources/IssueReporting/WithIssueContext.swift (in target 'IssueReporting' from project 'xctest-dynamic-overlay')
    cd /Users/admin/builder/spi-builder-workspace/.swiftpm/xcode

SwiftDriverJobDiscovery normal armv7k Compiling FatalErrorReporter.swift, IssueSeverity.swift (in target 'IssueReporting' from project 'xctest-dynamic-overlay')
SwiftDriver JavaScriptCoreExtras normal arm64_32 com.apple.xcode.tools.swift.compiler (in target 'JavaScriptCoreExtras' from project 'javascript-core-extras')
    cd /Users/admin/builder/spi-builder-workspace/.swiftpm/xcode
    builtin-SwiftDriver -- /Applications/Xcode-16.3.0.app/Contents/Developer/Toolchains/XcodeDefault.xctoolchain/usr/bin/swiftc -module-name JavaScriptCoreExtras -Onone -enforce-exclusivity\=checked @/Users/admin/builder/spi-builder-workspace/.derivedData/Build/Intermediates.noindex/javascript-core-extras.build/Debug-watchos/JavaScriptCoreExtras.build/Objects-normal/arm64_32/JavaScriptCoreExtras.SwiftFileList -DSWIFT_PACKAGE -DDEBUG -Xcc -fmodule-map-file\=/Users/admin/builder/spi-builder-workspace/.derivedData/Build/Intermediates.noindex/GeneratedModuleMaps-watchos/_CJavaScriptCoreExtras.modulemap -DXcode -plugin-path /Applications/Xcode-16.3.0.app/Contents/Developer/Toolchains/XcodeDefault.xctoolchain/usr/lib/swift/host/plugins/testing -enable-experimental-feature DebugDescriptionMacro -sdk /Applications/Xcode-16.3.0.app/Contents/Developer/Platforms/WatchOS.platform/Developer/SDKs/WatchOS11.4.sdk -target arm64_32-apple-watchos6.0 -g -module-cache-path /Users/admin/builder/spi-builder-workspace/.derivedData/ModuleCache.noindex -Xfrontend -serialize-debugging-options -profile-coverage-mapping -profile-generate -enable-testing -index-store-path /Users/admin/builder/spi-builder-workspace/.derivedData/Index.noindex/DataStore -swift-version 6 -I /Users/admin/builder/spi-builder-workspace/.derivedData/Build/Products/Debug-watchos -I /Applications/Xcode-16.3.0.app/Contents/Developer/Platforms/WatchOS.platform/Developer/usr/lib -F /Users/admin/builder/spi-builder-workspace/.derivedData/Build/Products/Debug-watchos/PackageFrameworks -F /Users/admin/builder/spi-builder-workspace/.derivedData/Build/Products/Debug-watchos/PackageFrameworks -F /Users/admin/builder/spi-builder-workspace/.derivedData/Build/Products/Debug-watchos -F /Applications/Xcode-16.3.0.app/Contents/Developer/Platforms/WatchOS.platform/Developer/Library/Frameworks -F /Applications/Xcode-16.3.0.app/Contents/Developer/Platforms/WatchOS.platform/Developer/SDKs/WatchOS11.4.sdk/Developer/Library/Frameworks -c -j10 -enable-batch-mode -incremental -Xcc -ivfsstatcache -Xcc /Users/admin/builder/spi-builder-workspace/.derivedData/SDKStatCaches.noindex/watchos11.4-22T246-43efb940ff07ba2497b70ec94253f576.sdkstatcache -output-file-map /Users/admin/builder/spi-builder-workspace/.derivedData/Build/Intermediates.noindex/javascript-core-extras.build/Debug-watchos/JavaScriptCoreExtras.build/Objects-normal/arm64_32/JavaScriptCoreExtras-OutputFileMap.json -use-frontend-parseable-output -save-temps -no-color-diagnostics -serialize-diagnostics -emit-dependencies -emit-module -emit-module-path /Users/admin/builder/spi-builder-workspace/.derivedData/Build/Intermediates.noindex/javascript-core-extras.build/Debug-watchos/JavaScriptCoreExtras.build/Objects-normal/arm64_32/JavaScriptCoreExtras.swiftmodule -validate-clang-modules-once -clang-build-session-file /Users/admin/builder/spi-builder-workspace/.derivedData/ModuleCache.noindex/Session.modulevalidation -package-name spi_builder_workspace -Xcc -I/Users/admin/builder/spi-builder-workspace/.derivedData/Build/Intermediates.noindex/javascript-core-extras.build/Debug-watchos/JavaScriptCoreExtras.build/swift-overrides.hmap -emit-const-values -Xfrontend -const-gather-protocols-file -Xfrontend /Users/admin/builder/spi-builder-workspace/.derivedData/Build/Intermediates.noindex/javascript-core-extras.build/Debug-watchos/JavaScriptCoreExtras.build/Objects-normal/arm64_32/JavaScriptCoreExtras_const_extract_protocols.json -Xcc -I/Users/admin/builder/spi-builder-workspace/Sources/_CJavaScriptCoreExtras/include -Xcc -I/Users/admin/builder/spi-builder-workspace/.derivedData/Build/Products/Debug-watchos/include -Xcc -I/Users/admin/builder/spi-builder-workspace/.derivedData/Build/Intermediates.noindex/javascript-core-extras.build/Debug-watchos/JavaScriptCoreExtras.build/DerivedSources-normal/arm64_32 -Xcc -I/Users/admin/builder/spi-builder-workspace/.derivedData/Build/Intermediates.noindex/javascript-core-extras.build/Debug-watchos/JavaScriptCoreExtras.build/DerivedSources/arm64_32 -Xcc -I/Users/admin/builder/spi-builder-workspace/.derivedData/Build/Intermediates.noindex/javascript-core-extras.build/Debug-watchos/JavaScriptCoreExtras.build/DerivedSources -Xcc -DSWIFT_PACKAGE -Xcc -DDEBUG\=1 -emit-objc-header -emit-objc-header-path /Users/admin/builder/spi-builder-workspace/.derivedData/Build/Intermediates.noindex/javascript-core-extras.build/Debug-watchos/JavaScriptCoreExtras.build/Objects-normal/arm64_32/JavaScriptCoreExtras-Swift.h -working-directory /Users/admin/builder/spi-builder-workspace/.swiftpm/xcode -experimental-emit-module-separately -disable-cmo
SwiftDriverJobDiscovery normal arm64 Compiling ErrorReporting.swift, AppHostWarning.swift, Deprecations.swift (in target 'IssueReporting' from project 'xctest-dynamic-overlay')
SwiftDriver JavaScriptCoreExtras normal armv7k com.apple.xcode.tools.swift.compiler (in target 'JavaScriptCoreExtras' from project 'javascript-core-extras')
    cd /Users/admin/builder/spi-builder-workspace/.swiftpm/xcode
    builtin-SwiftDriver -- /Applications/Xcode-16.3.0.app/Contents/Developer/Toolchains/XcodeDefault.xctoolchain/usr/bin/swiftc -module-name JavaScriptCoreExtras -Onone -enforce-exclusivity\=checked @/Users/admin/builder/spi-builder-workspace/.derivedData/Build/Intermediates.noindex/javascript-core-extras.build/Debug-watchos/JavaScriptCoreExtras.build/Objects-normal/armv7k/JavaScriptCoreExtras.SwiftFileList -DSWIFT_PACKAGE -DDEBUG -Xcc -fmodule-map-file\=/Users/admin/builder/spi-builder-workspace/.derivedData/Build/Intermediates.noindex/GeneratedModuleMaps-watchos/_CJavaScriptCoreExtras.modulemap -DXcode -plugin-path /Applications/Xcode-16.3.0.app/Contents/Developer/Toolchains/XcodeDefault.xctoolchain/usr/lib/swift/host/plugins/testing -enable-experimental-feature DebugDescriptionMacro -sdk /Applications/Xcode-16.3.0.app/Contents/Developer/Platforms/WatchOS.platform/Developer/SDKs/WatchOS11.4.sdk -target armv7k-apple-watchos6.0 -g -module-cache-path /Users/admin/builder/spi-builder-workspace/.derivedData/ModuleCache.noindex -Xfrontend -serialize-debugging-options -profile-coverage-mapping -profile-generate -enable-testing -index-store-path /Users/admin/builder/spi-builder-workspace/.derivedData/Index.noindex/DataStore -swift-version 6 -I /Users/admin/builder/spi-builder-workspace/.derivedData/Build/Products/Debug-watchos -I /Applications/Xcode-16.3.0.app/Contents/Developer/Platforms/WatchOS.platform/Developer/usr/lib -F /Users/admin/builder/spi-builder-workspace/.derivedData/Build/Products/Debug-watchos/PackageFrameworks -F /Users/admin/builder/spi-builder-workspace/.derivedData/Build/Products/Debug-watchos/PackageFrameworks -F /Users/admin/builder/spi-builder-workspace/.derivedData/Build/Products/Debug-watchos -F /Applications/Xcode-16.3.0.app/Contents/Developer/Platforms/WatchOS.platform/Developer/Library/Frameworks -F /Applications/Xcode-16.3.0.app/Contents/Developer/Platforms/WatchOS.platform/Developer/SDKs/WatchOS11.4.sdk/Developer/Library/Frameworks -c -j10 -enable-batch-mode -incremental -Xcc -ivfsstatcache -Xcc /Users/admin/builder/spi-builder-workspace/.derivedData/SDKStatCaches.noindex/watchos11.4-22T246-43efb940ff07ba2497b70ec94253f576.sdkstatcache -output-file-map /Users/admin/builder/spi-builder-workspace/.derivedData/Build/Intermediates.noindex/javascript-core-extras.build/Debug-watchos/JavaScriptCoreExtras.build/Objects-normal/armv7k/JavaScriptCoreExtras-OutputFileMap.json -use-frontend-parseable-output -save-temps -no-color-diagnostics -serialize-diagnostics -emit-dependencies -emit-module -emit-module-path /Users/admin/builder/spi-builder-workspace/.derivedData/Build/Intermediates.noindex/javascript-core-extras.build/Debug-watchos/JavaScriptCoreExtras.build/Objects-normal/armv7k/JavaScriptCoreExtras.swiftmodule -validate-clang-modules-once -clang-build-session-file /Users/admin/builder/spi-builder-workspace/.derivedData/ModuleCache.noindex/Session.modulevalidation -package-name spi_builder_workspace -Xcc -I/Users/admin/builder/spi-builder-workspace/.derivedData/Build/Intermediates.noindex/javascript-core-extras.build/Debug-watchos/JavaScriptCoreExtras.build/swift-overrides.hmap -emit-const-values -Xfrontend -const-gather-protocols-file -Xfrontend /Users/admin/builder/spi-builder-workspace/.derivedData/Build/Intermediates.noindex/javascript-core-extras.build/Debug-watchos/JavaScriptCoreExtras.build/Objects-normal/armv7k/JavaScriptCoreExtras_const_extract_protocols.json -Xcc -I/Users/admin/builder/spi-builder-workspace/Sources/_CJavaScriptCoreExtras/include -Xcc -I/Users/admin/builder/spi-builder-workspace/.derivedData/Build/Products/Debug-watchos/include -Xcc -I/Users/admin/builder/spi-builder-workspace/.derivedData/Build/Intermediates.noindex/javascript-core-extras.build/Debug-watchos/JavaScriptCoreExtras.build/DerivedSources-normal/armv7k -Xcc -I/Users/admin/builder/spi-builder-workspace/.derivedData/Build/Intermediates.noindex/javascript-core-extras.build/Debug-watchos/JavaScriptCoreExtras.build/DerivedSources/armv7k -Xcc -I/Users/admin/builder/spi-builder-workspace/.derivedData/Build/Intermediates.noindex/javascript-core-extras.build/Debug-watchos/JavaScriptCoreExtras.build/DerivedSources -Xcc -DSWIFT_PACKAGE -Xcc -DDEBUG\=1 -emit-objc-header -emit-objc-header-path /Users/admin/builder/spi-builder-workspace/.derivedData/Build/Intermediates.noindex/javascript-core-extras.build/Debug-watchos/JavaScriptCoreExtras.build/Objects-normal/armv7k/JavaScriptCoreExtras-Swift.h -working-directory /Users/admin/builder/spi-builder-workspace/.swiftpm/xcode -experimental-emit-module-separately -disable-cmo
SwiftDriver JavaScriptCoreExtras normal arm64 com.apple.xcode.tools.swift.compiler (in target 'JavaScriptCoreExtras' from project 'javascript-core-extras')
    cd /Users/admin/builder/spi-builder-workspace/.swiftpm/xcode
    builtin-SwiftDriver -- /Applications/Xcode-16.3.0.app/Contents/Developer/Toolchains/XcodeDefault.xctoolchain/usr/bin/swiftc -module-name JavaScriptCoreExtras -Onone -enforce-exclusivity\=checked @/Users/admin/builder/spi-builder-workspace/.derivedData/Build/Intermediates.noindex/javascript-core-extras.build/Debug-watchos/JavaScriptCoreExtras.build/Objects-normal/arm64/JavaScriptCoreExtras.SwiftFileList -DSWIFT_PACKAGE -DDEBUG -Xcc -fmodule-map-file\=/Users/admin/builder/spi-builder-workspace/.derivedData/Build/Intermediates.noindex/GeneratedModuleMaps-watchos/_CJavaScriptCoreExtras.modulemap -DXcode -plugin-path /Applications/Xcode-16.3.0.app/Contents/Developer/Toolchains/XcodeDefault.xctoolchain/usr/lib/swift/host/plugins/testing -enable-experimental-feature DebugDescriptionMacro -sdk /Applications/Xcode-16.3.0.app/Contents/Developer/Platforms/WatchOS.platform/Developer/SDKs/WatchOS11.4.sdk -target arm64-apple-watchos6.0 -g -module-cache-path /Users/admin/builder/spi-builder-workspace/.derivedData/ModuleCache.noindex -Xfrontend -serialize-debugging-options -profile-coverage-mapping -profile-generate -enable-testing -index-store-path /Users/admin/builder/spi-builder-workspace/.derivedData/Index.noindex/DataStore -swift-version 6 -I /Users/admin/builder/spi-builder-workspace/.derivedData/Build/Products/Debug-watchos -I /Applications/Xcode-16.3.0.app/Contents/Developer/Platforms/WatchOS.platform/Developer/usr/lib -F /Users/admin/builder/spi-builder-workspace/.derivedData/Build/Products/Debug-watchos/PackageFrameworks -F /Users/admin/builder/spi-builder-workspace/.derivedData/Build/Products/Debug-watchos/PackageFrameworks -F /Users/admin/builder/spi-builder-workspace/.derivedData/Build/Products/Debug-watchos -F /Applications/Xcode-16.3.0.app/Contents/Developer/Platforms/WatchOS.platform/Developer/Library/Frameworks -F /Applications/Xcode-16.3.0.app/Contents/Developer/Platforms/WatchOS.platform/Developer/SDKs/WatchOS11.4.sdk/Developer/Library/Frameworks -c -j10 -enable-batch-mode -incremental -Xcc -ivfsstatcache -Xcc /Users/admin/builder/spi-builder-workspace/.derivedData/SDKStatCaches.noindex/watchos11.4-22T246-43efb940ff07ba2497b70ec94253f576.sdkstatcache -output-file-map /Users/admin/builder/spi-builder-workspace/.derivedData/Build/Intermediates.noindex/javascript-core-extras.build/Debug-watchos/JavaScriptCoreExtras.build/Objects-normal/arm64/JavaScriptCoreExtras-OutputFileMap.json -use-frontend-parseable-output -save-temps -no-color-diagnostics -serialize-diagnostics -emit-dependencies -emit-module -emit-module-path /Users/admin/builder/spi-builder-workspace/.derivedData/Build/Intermediates.noindex/javascript-core-extras.build/Debug-watchos/JavaScriptCoreExtras.build/Objects-normal/arm64/JavaScriptCoreExtras.swiftmodule -validate-clang-modules-once -clang-build-session-file /Users/admin/builder/spi-builder-workspace/.derivedData/ModuleCache.noindex/Session.modulevalidation -package-name spi_builder_workspace -Xcc -I/Users/admin/builder/spi-builder-workspace/.derivedData/Build/Intermediates.noindex/javascript-core-extras.build/Debug-watchos/JavaScriptCoreExtras.build/swift-overrides.hmap -emit-const-values -Xfrontend -const-gather-protocols-file -Xfrontend /Users/admin/builder/spi-builder-workspace/.derivedData/Build/Intermediates.noindex/javascript-core-extras.build/Debug-watchos/JavaScriptCoreExtras.build/Objects-normal/arm64/JavaScriptCoreExtras_const_extract_protocols.json -Xcc -I/Users/admin/builder/spi-builder-workspace/Sources/_CJavaScriptCoreExtras/include -Xcc -I/Users/admin/builder/spi-builder-workspace/.derivedData/Build/Products/Debug-watchos/include -Xcc -I/Users/admin/builder/spi-builder-workspace/.derivedData/Build/Intermediates.noindex/javascript-core-extras.build/Debug-watchos/JavaScriptCoreExtras.build/DerivedSources-normal/arm64 -Xcc -I/Users/admin/builder/spi-builder-workspace/.derivedData/Build/Intermediates.noindex/javascript-core-extras.build/Debug-watchos/JavaScriptCoreExtras.build/DerivedSources/arm64 -Xcc -I/Users/admin/builder/spi-builder-workspace/.derivedData/Build/Intermediates.noindex/javascript-core-extras.build/Debug-watchos/JavaScriptCoreExtras.build/DerivedSources -Xcc -DSWIFT_PACKAGE -Xcc -DDEBUG\=1 -emit-objc-header -emit-objc-header-path /Users/admin/builder/spi-builder-workspace/.derivedData/Build/Intermediates.noindex/javascript-core-extras.build/Debug-watchos/JavaScriptCoreExtras.build/Objects-normal/arm64/JavaScriptCoreExtras-Swift.h -working-directory /Users/admin/builder/spi-builder-workspace/.swiftpm/xcode -experimental-emit-module-separately -disable-cmo
SwiftDriverJobDiscovery normal armv7k Compiling IsTesting.swift, IssueReporter.swift (in target 'IssueReporting' from project 'xctest-dynamic-overlay')
SwiftEmitModule normal arm64_32 Emitting\ module\ for\ JavaScriptCoreExtras (in target 'JavaScriptCoreExtras' from project 'javascript-core-extras')
EmitSwiftModule normal arm64_32 (in target 'JavaScriptCoreExtras' from project 'javascript-core-extras')
    cd /Users/admin/builder/spi-builder-workspace/.swiftpm/xcode

SwiftEmitModule normal armv7k Emitting\ module\ for\ JavaScriptCoreExtras (in target 'JavaScriptCoreExtras' from project 'javascript-core-extras')
EmitSwiftModule normal armv7k (in target 'JavaScriptCoreExtras' from project 'javascript-core-extras')
    cd /Users/admin/builder/spi-builder-workspace/.swiftpm/xcode

SwiftDriverJobDiscovery normal arm64 Compiling Warn.swift, XCTest.swift (in target 'IssueReporting' from project 'xctest-dynamic-overlay')
SwiftCompile normal arm64_32 Compiling\ JSActor.swift,\ JSGlobalActor.swift,\ JSValue+IsOnCurrentExecutor.swift,\ JSVirtualMachine+ThreadLocal.swift,\ JSVirtualMachineExecutor.swift /Users/admin/builder/spi-builder-workspace/Sources/JavaScriptCoreExtras/Concurrency/JSActor.swift /Users/admin/builder/spi-builder-workspace/Sources/JavaScriptCoreExtras/Concurrency/JSGlobalActor.swift /Users/admin/builder/spi-builder-workspace/Sources/JavaScriptCoreExtras/Concurrency/JSValue+IsOnCurrentExecutor.swift /Users/admin/builder/spi-builder-workspace/Sources/JavaScriptCoreExtras/Concurrency/JSVirtualMachine+ThreadLocal.swift /Users/admin/builder/spi-builder-workspace/Sources/JavaScriptCoreExtras/Concurrency/JSVirtualMachineExecutor.swift (in target 'JavaScriptCoreExtras' from project 'javascript-core-extras')
Failed frontend command:
/Applications/Xcode-16.3.0.app/Contents/Developer/Toolchains/XcodeDefault.xctoolchain/usr/bin/swift-frontend -frontend -c /Users/admin/builder/spi-builder-workspace/.derivedData/Build/Intermediates.noindex/javascript-core-extras.build/Debug-watchos/JavaScriptCoreExtras.build/DerivedSources/resource_bundle_accessor.swift /Users/admin/builder/spi-builder-workspace/Sources/JavaScriptCoreExtras/Blob/JSBlob.swift /Users/admin/builder/spi-builder-workspace/Sources/JavaScriptCoreExtras/Blob/JSBlobStorage.swift /Users/admin/builder/spi-builder-workspace/Sources/JavaScriptCoreExtras/Blob/JSFile.swift /Users/admin/builder/spi-builder-workspace/Sources/JavaScriptCoreExtras/Blob/MIMEType.swift -primary-file /Users/admin/builder/spi-builder-workspace/Sources/JavaScriptCoreExtras/Concurrency/JSActor.swift -primary-file /Users/admin/builder/spi-builder-workspace/Sources/JavaScriptCoreExtras/Concurrency/JSGlobalActor.swift -primary-file /Users/admin/builder/spi-builder-workspace/Sources/JavaScriptCoreExtras/Concurrency/JSValue+IsOnCurrentExecutor.swift -primary-file /Users/admin/builder/spi-builder-workspace/Sources/JavaScriptCoreExtras/Concurrency/JSVirtualMachine+ThreadLocal.swift -primary-file /Users/admin/builder/spi-builder-workspace/Sources/JavaScriptCoreExtras/Concurrency/JSVirtualMachineExecutor.swift /Users/admin/builder/spi-builder-workspace/Sources/JavaScriptCoreExtras/Concurrency/JSVirtualMachineExecutorPool.swift /Users/admin/builder/spi-builder-workspace/Sources/JavaScriptCoreExtras/Deprecated/JSPromise.swift /Users/admin/builder/spi-builder-workspace/Sources/JavaScriptCoreExtras/Deprecated/JSVirtualMachinePool.swift /Users/admin/builder/spi-builder-workspace/Sources/JavaScriptCoreExtras/Deprecated/UnsafeJSValueTransfer.swift /Users/admin/builder/spi-builder-workspace/Sources/JavaScriptCoreExtras/Exports.swift /Users/admin/builder/spi-builder-workspace/Sources/JavaScriptCoreExtras/Fetch/JSFetch.swift /Users/admin/builder/spi-builder-workspace/Sources/JavaScriptCoreExtras/Fetch/JSReponse.swift /Users/admin/builder/spi-builder-workspace/Sources/JavaScriptCoreExtras/Fetch/JSRequest.swift /Users/admin/builder/spi-builder-workspace/Sources/JavaScriptCoreExtras/Internal/Box.swift /Users/admin/builder/spi-builder-workspace/Sources/JavaScriptCoreExtras/Internal/Error+JSValue.swift /Users/admin/builder/spi-builder-workspace/Sources/JavaScriptCoreExtras/Internal/FileTextOutputStream.swift /Users/admin/builder/spi-builder-workspace/Sources/JavaScriptCoreExtras/Internal/Lock.swift /Users/admin/builder/spi-builder-workspace/Sources/JavaScriptCoreExtras/Internal/NSFileCoordinator+Coordinate.swift /Users/admin/builder/spi-builder-workspace/Sources/JavaScriptCoreExtras/Internal/RunLoopFallbackContext.swift /Users/admin/builder/spi-builder-workspace/Sources/JavaScriptCoreExtras/Internal/URL+HasHTTPScheme.swift /Users/admin/builder/spi-builder-workspace/Sources/JavaScriptCoreExtras/Internal/UnsafeTransfer.swift /Users/admin/builder/spi-builder-workspace/Sources/JavaScriptCoreExtras/JSAbortController.swift /Users/admin/builder/spi-builder-workspace/Sources/JavaScriptCoreExtras/JSConsoleLogger.swift /Users/admin/builder/spi-builder-workspace/Sources/JavaScriptCoreExtras/JSContext+SetObject.swift /Users/admin/builder/spi-builder-workspace/Sources/JavaScriptCoreExtras/JSContextInstallable.swift /Users/admin/builder/spi-builder-workspace/Sources/JavaScriptCoreExtras/JSCrypto.swift /Users/admin/builder/spi-builder-workspace/Sources/JavaScriptCoreExtras/JSError.swift /Users/admin/builder/spi-builder-workspace/Sources/JavaScriptCoreExtras/JSValue+PrivateSymbol.swift /Users/admin/builder/spi-builder-workspace/Sources/JavaScriptCoreExtras/JSValue+TypeError.swift /Users/admin/builder/spi-builder-workspace/Sources/JavaScriptCoreExtras/JSValue+Utils.swift /Users/admin/builder/spi-builder-workspace/Sources/JavaScriptCoreExtras/JSValueError.swift /Users/admin/builder/spi-builder-workspace/Sources/JavaScriptCoreExtras/Values/Codable/Decodable+JSValueConvertible.swift /Users/admin/builder/spi-builder-workspace/Sources/JavaScriptCoreExtras/Values/Codable/Encodable+JSValueConvertible.swift /Users/admin/builder/spi-builder-workspace/Sources/JavaScriptCoreExtras/Values/Codable/JSBigIntNotSupportedError.swift /Users/admin/builder/spi-builder-workspace/Sources/JavaScriptCoreExtras/Values/CoreGraphics+JSValueConvertible.swift /Users/admin/builder/spi-builder-workspace/Sources/JavaScriptCoreExtras/Values/Foundation+JSValueConvertible.swift /Users/admin/builder/spi-builder-workspace/Sources/JavaScriptCoreExtras/Values/Functions/JSFunctionValue+Async.swift /Users/admin/builder/spi-builder-workspace/Sources/JavaScriptCoreExtras/Values/Functions/JSFunctionValue.swift /Users/admin/builder/spi-builder-workspace/Sources/JavaScriptCoreExtras/Values/JSPromiseValue.swift /Users/admin/builder/spi-builder-workspace/Sources/JavaScriptCoreExtras/Values/JSTypeMismatchError.swift /Users/admin/builder/spi-builder-workspace/Sources/JavaScriptCoreExtras/Values/JSUndefinedValue.swift /Users/admin/builder/spi-builder-workspace/Sources/JavaScriptCoreExtras/Values/JSValue+SubscriptConversions.swift /Users/admin/builder/spi-builder-workspace/Sources/JavaScriptCoreExtras/Values/JSValueConvertible.swift /Users/admin/builder/spi-builder-workspace/Sources/JavaScriptCoreExtras/Values/StandardLibrary+JSValueConvertible.swift -supplementary-output-file-map /Users/admin/builder/spi-builder-workspace/.derivedData/Build/Intermediates.noindex/javascript-core-extras.build/Debug-watchos/JavaScriptCoreExtras.build/Objects-normal/arm64_32/supplementaryOutputs-14 -target arm64_32-apple-watchos6.0 -enable-objc-interop -sdk /Applications/Xcode-16.3.0.app/Contents/Developer/Platforms/WatchOS.platform/Developer/SDKs/WatchOS11.4.sdk -I /Users/admin/builder/spi-builder-workspace/.derivedData/Build/Products/Debug-watchos -I /Applications/Xcode-16.3.0.app/Contents/Developer/Platforms/WatchOS.platform/Developer/usr/lib -F /Users/admin/builder/spi-builder-workspace/.derivedData/Build/Products/Debug-watchos/PackageFrameworks -F /Users/admin/builder/spi-builder-workspace/.derivedData/Build/Products/Debug-watchos/PackageFrameworks -F /Users/admin/builder/spi-builder-workspace/.derivedData/Build/Products/Debug-watchos -F /Applications/Xcode-16.3.0.app/Contents/Developer/Platforms/WatchOS.platform/Developer/Library/Frameworks -F /Applications/Xcode-16.3.0.app/Contents/Developer/Platforms/WatchOS.platform/Developer/SDKs/WatchOS11.4.sdk/Developer/Library/Frameworks -no-color-diagnostics -enable-testing -g -debug-info-format\=dwarf -dwarf-version\=4 -module-cache-path /Users/admin/builder/spi-builder-workspace/.derivedData/ModuleCache.noindex -profile-generate -profile-coverage-mapping -swift-version 6 -enforce-exclusivity\=checked -Onone -D SWIFT_PACKAGE -D DEBUG -D Xcode -serialize-debugging-options -const-gather-protocols-file /Users/admin/builder/spi-builder-workspace/.derivedData/Build/Intermediates.noindex/javascript-core-extras.build/Debug-watchos/JavaScriptCoreExtras.build/Objects-normal/arm64_32/JavaScriptCoreExtras_const_extract_protocols.json -enable-experimental-feature DebugDescriptionMacro -empty-abi-descriptor -plugin-path /Applications/Xcode-16.3.0.app/Contents/Developer/Toolchains/XcodeDefault.xctoolchain/usr/lib/swift/host/plugins/testing -validate-clang-modules-once -clang-build-session-file /Users/admin/builder/spi-builder-workspace/.derivedData/ModuleCache.noindex/Session.modulevalidation -Xcc -working-directory -Xcc /Users/admin/builder/spi-builder-workspace/.swiftpm/xcode -resource-dir /Applications/Xcode-16.3.0.app/Contents/Developer/Toolchains/XcodeDefault.xctoolchain/usr/lib/swift -enable-anonymous-context-mangled-names -file-compilation-dir /Users/admin/builder/spi-builder-workspace/.swiftpm/xcode -Xcc -fmodule-map-file\=/Users/admin/builder/spi-builder-workspace/.derivedData/Build/Intermediates.noindex/GeneratedModuleMaps-watchos/_CJavaScriptCoreExtras.modulemap -Xcc -ivfsstatcache -Xcc /Users/admin/builder/spi-builder-workspace/.derivedData/SDKStatCaches.noindex/watchos11.4-22T246-43efb940ff07ba2497b70ec94253f576.sdkstatcache -Xcc -I/Users/admin/builder/spi-builder-workspace/.derivedData/Build/Intermediates.noindex/javascript-core-extras.build/Debug-watchos/JavaScriptCoreExtras.build/swift-overrides.hmap -Xcc -I/Users/admin/builder/spi-builder-workspace/Sources/_CJavaScriptCoreExtras/include -Xcc -I/Users/admin/builder/spi-builder-workspace/.derivedData/Build/Products/Debug-watchos/include -Xcc -I/Users/admin/builder/spi-builder-workspace/.derivedData/Build/Intermediates.noindex/javascript-core-extras.build/Debug-watchos/JavaScriptCoreExtras.build/DerivedSources-normal/arm64_32 -Xcc -I/Users/admin/builder/spi-builder-workspace/.derivedData/Build/Intermediates.noindex/javascript-core-extras.build/Debug-watchos/JavaScriptCoreExtras.build/DerivedSources/arm64_32 -Xcc -I/Users/admin/builder/spi-builder-workspace/.derivedData/Build/Intermediates.noindex/javascript-core-extras.build/Debug-watchos/JavaScriptCoreExtras.build/DerivedSources -Xcc -DSWIFT_PACKAGE -Xcc -DDEBUG\=1 -module-name JavaScriptCoreExtras -package-name spi_builder_workspace -frontend-parseable-output -disable-clang-spi -target-sdk-version 11.4 -target-sdk-name watchos11.4 -external-plugin-path /Applications/Xcode-16.3.0.app/Contents/Developer/Platforms/WatchOS.platform/Developer/usr/lib/swift/host/plugins\#/Applications/Xcode-16.3.0.app/Contents/Developer/Platforms/WatchOS.platform/Developer/usr/bin/swift-plugin-server -external-plugin-path /Applications/Xcode-16.3.0.app/Contents/Developer/Platforms/WatchOS.platform/Developer/usr/local/lib/swift/host/plugins\#/Applications/Xcode-16.3.0.app/Contents/Developer/Platforms/WatchOS.platform/Developer/usr/bin/swift-plugin-server -in-process-plugin-server-path /Applications/Xcode-16.3.0.app/Contents/Developer/Toolchains/XcodeDefault.xctoolchain/usr/lib/swift/host/libSwiftInProcPluginServer.dylib -plugin-path /Applications/Xcode-16.3.0.app/Contents/Developer/Toolchains/XcodeDefault.xctoolchain/usr/lib/swift/host/plugins -plugin-path /Applications/Xcode-16.3.0.app/Contents/Developer/Toolchains/XcodeDefault.xctoolchain/usr/local/lib/swift/host/plugins -o /Users/admin/builder/spi-builder-workspace/.derivedData/Build/Intermediates.noindex/javascript-core-extras.build/Debug-watchos/JavaScriptCoreExtras.build/Objects-normal/arm64_32/JSActor.o -o /Users/admin/builder/spi-builder-workspace/.derivedData/Build/Intermediates.noindex/javascript-core-extras.build/Debug-watchos/JavaScriptCoreExtras.build/Objects-normal/arm64_32/JSGlobalActor.o -o /Users/admin/builder/spi-builder-workspace/.derivedData/Build/Intermediates.noindex/javascript-core-extras.build/Debug-watchos/JavaScriptCoreExtras.build/Objects-normal/arm64_32/JSValue+IsOnCurrentExecutor.o -o /Users/admin/builder/spi-builder-workspace/.derivedData/Build/Intermediates.noindex/javascript-core-extras.build/Debug-watchos/JavaScriptCoreExtras.build/Objects-normal/arm64_32/JSVirtualMachine+ThreadLocal.o -o /Users/admin/builder/spi-builder-workspace/.derivedData/Build/Intermediates.noindex/javascript-core-extras.build/Debug-watchos/JavaScriptCoreExtras.build/Objects-normal/arm64_32/JSVirtualMachineExecutor.o -index-unit-output-path /javascript-core-extras.build/Debug-watchos/JavaScriptCoreExtras.build/Objects-normal/arm64_32/JSActor.o -index-unit-output-path /javascript-core-extras.build/Debug-watchos/JavaScriptCoreExtras.build/Objects-normal/arm64_32/JSGlobalActor.o -index-unit-output-path /javascript-core-extras.build/Debug-watchos/JavaScriptCoreExtras.build/Objects-normal/arm64_32/JSValue+IsOnCurrentExecutor.o -index-unit-output-path /javascript-core-extras.build/Debug-watchos/JavaScriptCoreExtras.build/Objects-normal/arm64_32/JSVirtualMachine+ThreadLocal.o -index-unit-output-path /javascript-core-extras.build/Debug-watchos/JavaScriptCoreExtras.build/Objects-normal/arm64_32/JSVirtualMachineExecutor.o -index-store-path /Users/admin/builder/spi-builder-workspace/.derivedData/Index.noindex/DataStore -index-system-modules
SwiftCompile normal arm64_32 /Users/admin/builder/spi-builder-workspace/Sources/JavaScriptCoreExtras/Concurrency/JSActor.swift (in target 'JavaScriptCoreExtras' from project 'javascript-core-extras')
    cd /Users/admin/builder/spi-builder-workspace/.swiftpm/xcode

/Users/admin/builder/spi-builder-workspace/Sources/JavaScriptCoreExtras/Blob/JSBlob.swift:1:24: error: no such module 'JavaScriptCore'
@preconcurrency import JavaScriptCore
                       ^
SwiftCompile normal arm64_32 /Users/admin/builder/spi-builder-workspace/Sources/JavaScriptCoreExtras/Concurrency/JSGlobalActor.swift (in target 'JavaScriptCoreExtras' from project 'javascript-core-extras')
    cd /Users/admin/builder/spi-builder-workspace/.swiftpm/xcode

/Users/admin/builder/spi-builder-workspace/Sources/JavaScriptCoreExtras/Blob/JSBlob.swift:1:24: error: no such module 'JavaScriptCore'
@preconcurrency import JavaScriptCore
                       ^
SwiftCompile normal arm64_32 /Users/admin/builder/spi-builder-workspace/Sources/JavaScriptCoreExtras/Concurrency/JSValue+IsOnCurrentExecutor.swift (in target 'JavaScriptCoreExtras' from project 'javascript-core-extras')
    cd /Users/admin/builder/spi-builder-workspace/.swiftpm/xcode

/Users/admin/builder/spi-builder-workspace/Sources/JavaScriptCoreExtras/Blob/JSBlob.swift:1:24: error: no such module 'JavaScriptCore'
@preconcurrency import JavaScriptCore
                       ^
SwiftCompile normal arm64_32 /Users/admin/builder/spi-builder-workspace/Sources/JavaScriptCoreExtras/Concurrency/JSVirtualMachine+ThreadLocal.swift (in target 'JavaScriptCoreExtras' from project 'javascript-core-extras')
    cd /Users/admin/builder/spi-builder-workspace/.swiftpm/xcode

/Users/admin/builder/spi-builder-workspace/Sources/JavaScriptCoreExtras/Blob/JSBlob.swift:1:24: error: no such module 'JavaScriptCore'
@preconcurrency import JavaScriptCore
                       ^
SwiftCompile normal arm64_32 /Users/admin/builder/spi-builder-workspace/Sources/JavaScriptCoreExtras/Concurrency/JSVirtualMachineExecutor.swift (in target 'JavaScriptCoreExtras' from project 'javascript-core-extras')
    cd /Users/admin/builder/spi-builder-workspace/.swiftpm/xcode

/Users/admin/builder/spi-builder-workspace/Sources/JavaScriptCoreExtras/Blob/JSBlob.swift:1:24: error: no such module 'JavaScriptCore'
@preconcurrency import JavaScriptCore
                       ^
SwiftEmitModule normal arm64 Emitting\ module\ for\ JavaScriptCoreExtras (in target 'JavaScriptCoreExtras' from project 'javascript-core-extras')
EmitSwiftModule normal arm64 (in target 'JavaScriptCoreExtras' from project 'javascript-core-extras')
    cd /Users/admin/builder/spi-builder-workspace/.swiftpm/xcode

SwiftDriverJobDiscovery normal armv7k Compiling ReportIssue.swift, _Test.swift (in target 'IssueReporting' from project 'xctest-dynamic-overlay')
SwiftCompile normal armv7k Compiling\ JSUndefinedValue.swift,\ JSValue+SubscriptConversions.swift,\ JSValueConvertible.swift,\ StandardLibrary+JSValueConvertible.swift /Users/admin/builder/spi-builder-workspace/Sources/JavaScriptCoreExtras/Values/JSUndefinedValue.swift /Users/admin/builder/spi-builder-workspace/Sources/JavaScriptCoreExtras/Values/JSValue+SubscriptConversions.swift /Users/admin/builder/spi-builder-workspace/Sources/JavaScriptCoreExtras/Values/JSValueConvertible.swift /Users/admin/builder/spi-builder-workspace/Sources/JavaScriptCoreExtras/Values/StandardLibrary+JSValueConvertible.swift (in target 'JavaScriptCoreExtras' from project 'javascript-core-extras')
SwiftCompile normal armv7k /Users/admin/builder/spi-builder-workspace/Sources/JavaScriptCoreExtras/Values/JSUndefinedValue.swift (in target 'JavaScriptCoreExtras' from project 'javascript-core-extras')
    cd /Users/admin/builder/spi-builder-workspace/.swiftpm/xcode

SwiftCompile normal armv7k /Users/admin/builder/spi-builder-workspace/Sources/JavaScriptCoreExtras/Values/JSValue+SubscriptConversions.swift (in target 'JavaScriptCoreExtras' from project 'javascript-core-extras')
    cd /Users/admin/builder/spi-builder-workspace/.swiftpm/xcode

SwiftCompile normal armv7k /Users/admin/builder/spi-builder-workspace/Sources/JavaScriptCoreExtras/Values/JSValueConvertible.swift (in target 'JavaScriptCoreExtras' from project 'javascript-core-extras')
    cd /Users/admin/builder/spi-builder-workspace/.swiftpm/xcode

SwiftCompile normal armv7k /Users/admin/builder/spi-builder-workspace/Sources/JavaScriptCoreExtras/Values/StandardLibrary+JSValueConvertible.swift (in target 'JavaScriptCoreExtras' from project 'javascript-core-extras')
    cd /Users/admin/builder/spi-builder-workspace/.swiftpm/xcode

SwiftDriverJobDiscovery normal arm64 Compiling ReportIssue.swift, _Test.swift (in target 'IssueReporting' from project 'xctest-dynamic-overlay')
SwiftCompile normal arm64 Compiling\ JSFetch.swift,\ JSReponse.swift,\ JSRequest.swift,\ Box.swift,\ Error+JSValue.swift /Users/admin/builder/spi-builder-workspace/Sources/JavaScriptCoreExtras/Fetch/JSFetch.swift /Users/admin/builder/spi-builder-workspace/Sources/JavaScriptCoreExtras/Fetch/JSReponse.swift /Users/admin/builder/spi-builder-workspace/Sources/JavaScriptCoreExtras/Fetch/JSRequest.swift /Users/admin/builder/spi-builder-workspace/Sources/JavaScriptCoreExtras/Internal/Box.swift /Users/admin/builder/spi-builder-workspace/Sources/JavaScriptCoreExtras/Internal/Error+JSValue.swift (in target 'JavaScriptCoreExtras' from project 'javascript-core-extras')
SwiftDriverJobDiscovery normal arm64 Compiling WithExpectedIssue.swift, WithIssueContext.swift (in target 'IssueReporting' from project 'xctest-dynamic-overlay')
SwiftCompile normal armv7k Compiling\ JSActor.swift,\ JSGlobalActor.swift,\ JSValue+IsOnCurrentExecutor.swift,\ JSVirtualMachine+ThreadLocal.swift,\ JSVirtualMachineExecutor.swift /Users/admin/builder/spi-builder-workspace/Sources/JavaScriptCoreExtras/Concurrency/JSActor.swift /Users/admin/builder/spi-builder-workspace/Sources/JavaScriptCoreExtras/Concurrency/JSGlobalActor.swift /Users/admin/builder/spi-builder-workspace/Sources/JavaScriptCoreExtras/Concurrency/JSValue+IsOnCurrentExecutor.swift /Users/admin/builder/spi-builder-workspace/Sources/JavaScriptCoreExtras/Concurrency/JSVirtualMachine+ThreadLocal.swift /Users/admin/builder/spi-builder-workspace/Sources/JavaScriptCoreExtras/Concurrency/JSVirtualMachineExecutor.swift (in target 'JavaScriptCoreExtras' from project 'javascript-core-extras')
SwiftDriverJobDiscovery normal arm64 Compiling IsTesting.swift, IssueReporter.swift (in target 'IssueReporting' from project 'xctest-dynamic-overlay')
SwiftCompile normal arm64_32 Compiling\ JSUndefinedValue.swift,\ JSValue+SubscriptConversions.swift,\ JSValueConvertible.swift,\ StandardLibrary+JSValueConvertible.swift /Users/admin/builder/spi-builder-workspace/Sources/JavaScriptCoreExtras/Values/JSUndefinedValue.swift /Users/admin/builder/spi-builder-workspace/Sources/JavaScriptCoreExtras/Values/JSValue+SubscriptConversions.swift /Users/admin/builder/spi-builder-workspace/Sources/JavaScriptCoreExtras/Values/JSValueConvertible.swift /Users/admin/builder/spi-builder-workspace/Sources/JavaScriptCoreExtras/Values/StandardLibrary+JSValueConvertible.swift (in target 'JavaScriptCoreExtras' from project 'javascript-core-extras')
SwiftDriverJobDiscovery normal armv7k Compiling WithExpectedIssue.swift, WithIssueContext.swift (in target 'IssueReporting' from project 'xctest-dynamic-overlay')
SwiftCompile normal arm64_32 Compiling\ FileTextOutputStream.swift,\ Lock.swift,\ NSFileCoordinator+Coordinate.swift,\ RunLoopFallbackContext.swift,\ URL+HasHTTPScheme.swift /Users/admin/builder/spi-builder-workspace/Sources/JavaScriptCoreExtras/Internal/FileTextOutputStream.swift /Users/admin/builder/spi-builder-workspace/Sources/JavaScriptCoreExtras/Internal/Lock.swift /Users/admin/builder/spi-builder-workspace/Sources/JavaScriptCoreExtras/Internal/NSFileCoordinator+Coordinate.swift /Users/admin/builder/spi-builder-workspace/Sources/JavaScriptCoreExtras/Internal/RunLoopFallbackContext.swift /Users/admin/builder/spi-builder-workspace/Sources/JavaScriptCoreExtras/Internal/URL+HasHTTPScheme.swift (in target 'JavaScriptCoreExtras' from project 'javascript-core-extras')
Command SwiftCompile failed with a nonzero exit code
** BUILD FAILED **
The following build commands failed:
	SwiftCompile normal arm64_32 Compiling\ JSActor.swift,\ JSGlobalActor.swift,\ JSValue+IsOnCurrentExecutor.swift,\ JSVirtualMachine+ThreadLocal.swift,\ JSVirtualMachineExecutor.swift /Users/admin/builder/spi-builder-workspace/Sources/JavaScriptCoreExtras/Concurrency/JSActor.swift /Users/admin/builder/spi-builder-workspace/Sources/JavaScriptCoreExtras/Concurrency/JSGlobalActor.swift /Users/admin/builder/spi-builder-workspace/Sources/JavaScriptCoreExtras/Concurrency/JSValue+IsOnCurrentExecutor.swift /Users/admin/builder/spi-builder-workspace/Sources/JavaScriptCoreExtras/Concurrency/JSVirtualMachine+ThreadLocal.swift /Users/admin/builder/spi-builder-workspace/Sources/JavaScriptCoreExtras/Concurrency/JSVirtualMachineExecutor.swift (in target 'JavaScriptCoreExtras' from project 'javascript-core-extras')
	SwiftCompile normal arm64_32 /Users/admin/builder/spi-builder-workspace/Sources/JavaScriptCoreExtras/Concurrency/JSActor.swift (in target 'JavaScriptCoreExtras' from project 'javascript-core-extras')
	SwiftCompile normal arm64_32 /Users/admin/builder/spi-builder-workspace/Sources/JavaScriptCoreExtras/Concurrency/JSGlobalActor.swift (in target 'JavaScriptCoreExtras' from project 'javascript-core-extras')
	SwiftCompile normal arm64_32 /Users/admin/builder/spi-builder-workspace/Sources/JavaScriptCoreExtras/Concurrency/JSValue+IsOnCurrentExecutor.swift (in target 'JavaScriptCoreExtras' from project 'javascript-core-extras')
	SwiftCompile normal arm64_32 /Users/admin/builder/spi-builder-workspace/Sources/JavaScriptCoreExtras/Concurrency/JSVirtualMachine+ThreadLocal.swift (in target 'JavaScriptCoreExtras' from project 'javascript-core-extras')
	SwiftCompile normal arm64_32 /Users/admin/builder/spi-builder-workspace/Sources/JavaScriptCoreExtras/Concurrency/JSVirtualMachineExecutor.swift (in target 'JavaScriptCoreExtras' from project 'javascript-core-extras')
	SwiftCompile normal arm64_32 Compiling\ FileTextOutputStream.swift,\ Lock.swift,\ NSFileCoordinator+Coordinate.swift,\ RunLoopFallbackContext.swift,\ URL+HasHTTPScheme.swift /Users/admin/builder/spi-builder-workspace/Sources/JavaScriptCoreExtras/Internal/FileTextOutputStream.swift /Users/admin/builder/spi-builder-workspace/Sources/JavaScriptCoreExtras/Internal/Lock.swift /Users/admin/builder/spi-builder-workspace/Sources/JavaScriptCoreExtras/Internal/NSFileCoordinator+Coordinate.swift /Users/admin/builder/spi-builder-workspace/Sources/JavaScriptCoreExtras/Internal/RunLoopFallbackContext.swift /Users/admin/builder/spi-builder-workspace/Sources/JavaScriptCoreExtras/Internal/URL+HasHTTPScheme.swift (in target 'JavaScriptCoreExtras' from project 'javascript-core-extras')
	Building workspace spi-builder-workspace with scheme javascript-core-extras
(8 failures)
BUILD FAILURE 6.1 watchOS