The Swift Package Index logo.Swift Package Index

Build Information

Failed to build Hardware, reference v1.0.1 (ad1632), with Swift 6.4 for Android on 18 Sep 2026 12:08:14 UTC.

Build Command

bash -c docker run --pull=always --rm -v "checkouts-54344845-0":/host -w "$PWD" -e JAVA_HOME="/root/.sdkman/candidates/java/current" -e SPI_BUILD="1" -e SPI_PROCESSING="1" registry.gitlab.com/saguaro1/spi-images:android-6.4-latest swift build --swift-sdk aarch64-unknown-linux-android28 2>&1

Build Log

========================================
RunAll
========================================
Builder version: 5.1.0
Interrupt handler set up.
========================================
Checkout
========================================
Clone URL: https://github.com/elegantchaos/Hardware.git
Reference: v1.0.1
Initialized empty Git repository in /host/spi-builder-workspace/.git/
hint: Using 'master' as the name for the initial branch. This default branch name
hint: is subject to change. To configure the initial branch name to use in all
hint: of your new repositories, which will suppress this warning, call:
hint:
hint: 	git config --global init.defaultBranch <name>
hint:
hint: Names commonly chosen instead of 'master' are 'main', 'trunk' and
hint: 'development'. The just-created branch can be renamed via this command:
hint:
hint: 	git branch -m <name>
From https://github.com/elegantchaos/Hardware
 * tag               v1.0.1     -> FETCH_HEAD
HEAD is now at ad16325 fixed for Swift 5.0
Cloned https://github.com/elegantchaos/Hardware.git
Revision (git rev-parse @):
ad16325e879052c73c8226399ea177e993059fcf
SUCCESS checkout https://github.com/elegantchaos/Hardware.git at v1.0.1
========================================
Build
========================================
Selected platform:         android
Swift version:             6.4
Building package at path:  $PWD
https://github.com/elegantchaos/Hardware.git
Running build ...
bash -c docker run --pull=always --rm -v "checkouts-54344845-0":/host -w "$PWD" -e JAVA_HOME="/root/.sdkman/candidates/java/current" -e SPI_BUILD="1" -e SPI_PROCESSING="1" registry.gitlab.com/saguaro1/spi-images:android-6.4-latest swift build --swift-sdk aarch64-unknown-linux-android28 2>&1
android-6.4-latest: Pulling from saguaro1/spi-images
Digest: sha256:abadcff584c273feba50641b454858d377ba30b35ea7287a94f45ebd8afd0ea0
Status: Image is up to date for registry.gitlab.com/saguaro1/spi-images:android-6.4-latest
Building for debugging...
[Planning deferred tasks]
[27 / 36] Hardware
[28 / 36] Hardware
[33 / 36] Hardware
error: SwiftCompile normal aarch64 /host/spi-builder-workspace/Sources/Hardware/System.swift failed with a nonzero exit code. Command line:     cd /host
    builtin-SwiftPerFileCompile System.swift
/host/spi-builder-workspace/Sources/Hardware/System.swift:44:5: error: return from initializer without initializing all stored properties
18 |
19 | public struct System {
20 |     public let name: String
   |                `- note: 'self.name' not initialized
21 |     public let versionString: String
   |                `- note: 'self.versionString' not initialized
22 |     public let fullVersionString: String
23 |     public let version: OperatingSystemVersion
   :
42 |         #endif
43 |
44 |     }
   |     `- error: return from initializer without initializing all stored properties
45 | }
46 |
Failed frontend command:
/root/.local/share/swiftly/toolchains/6.4.x-snapshot-2026-09-04/usr/bin/swift-frontend -frontend -c /host/spi-builder-workspace/Sources/Hardware/Device.swift /host/spi-builder-workspace/Sources/Hardware/EthernetInterface.swift /host/spi-builder-workspace/Sources/Hardware/IOIterator.swift /host/spi-builder-workspace/Sources/Hardware/IOObject.swift /host/spi-builder-workspace/Sources/Hardware/IORegistryEntry.swift /host/spi-builder-workspace/Sources/Hardware/IOService.swift /host/spi-builder-workspace/Sources/Hardware/MacAddress.swift /host/spi-builder-workspace/Sources/Hardware/Platform.swift -primary-file /host/spi-builder-workspace/Sources/Hardware/System.swift -emit-dependencies-path /host/spi-builder-workspace/.build/out/Intermediates.noindex/Hardware.build/Debug-android-aarch64/Hardware-t.build/Objects-normal/aarch64/System.d -emit-const-values-path /host/spi-builder-workspace/.build/out/Intermediates.noindex/Hardware.build/Debug-android-aarch64/Hardware-t.build/Objects-normal/aarch64/System.swiftconstvalues -emit-reference-dependencies-path /host/spi-builder-workspace/.build/out/Intermediates.noindex/Hardware.build/Debug-android-aarch64/Hardware-t.build/Objects-normal/aarch64/System.swiftdeps -serialize-diagnostics-path /host/spi-builder-workspace/.build/out/Intermediates.noindex/Hardware.build/Debug-android-aarch64/Hardware-t.build/Objects-normal/aarch64/System.dia -target aarch64-unknown-linux-android28 -Xllvm -aarch64-use-tbi -disable-objc-interop -sdk /android-ndk/android-ndk-r27d/toolchains/llvm/prebuilt/linux-x86_64/sysroot -sysroot /android-ndk/android-ndk-r27d/toolchains/llvm/prebuilt/linux-x86_64/sysroot -I /host/spi-builder-workspace/.build/out/Products/Debug-android-aarch64 -module-cache-path /host/spi-builder-workspace/.build/out/ModuleCache.noindex -color-diagnostics -Xcc -fcolor-diagnostics -enable-testing -g -debug-info-format\=dwarf -dwarf-version\=4 -swift-version 5 -Onone -D SWIFT_PACKAGE -D DEBUG -D SWIFT_MODULE_RESOURCE_BUNDLE_UNAVAILABLE -D Xcode -serialize-debugging-options -enable-experimental-feature DebugDescriptionMacro -empty-abi-descriptor -external-plugin-path /root/.local/share/swiftly/toolchains/6.4.x-snapshot-2026-09-04/usr/lib/swift/host/plugins/testing\#/root/.local/share/swiftly/toolchains/6.4.x-snapshot-2026-09-04/usr/bin/swift-plugin-server -validate-clang-modules-once -clang-build-session-file /host/spi-builder-workspace/.build/out/ModuleCache.noindex/Session.modulevalidation -Xcc -working-directory -Xcc /host -resource-dir /root/.swiftpm/swift-sdks/swift-6.4.x-DEVELOPMENT-SNAPSHOT-2026-09-04-a_android.artifactbundle/swift-android/swift-resources/usr/lib/swift-aarch64 -enable-anonymous-context-mangled-names -file-compilation-dir /host -Xcc -resource-dir -Xcc /android-ndk/android-ndk-r27d/toolchains/llvm/prebuilt/linux-x86_64/lib/clang/18 -Xcc -fno-omit-frame-pointer -Xcc -D_LIBCPP_HARDENING_MODE\=_LIBCPP_HARDENING_MODE_DEBUG -Xcc -fmodules-prune-interval\=86400 -Xcc -fmodules-prune-after\=345600 -Xcc -I/host/spi-builder-workspace/.build/out/Products/Debug-android-aarch64/include -Xcc -I/host/spi-builder-workspace/.build/out/Intermediates.noindex/Hardware.build/Debug-android-aarch64/Hardware-t.build/DerivedSources-normal/aarch64 -Xcc -I/host/spi-builder-workspace/.build/out/Intermediates.noindex/Hardware.build/Debug-android-aarch64/Hardware-t.build/DerivedSources/aarch64 -Xcc -I/host/spi-builder-workspace/.build/out/Intermediates.noindex/Hardware.build/Debug-android-aarch64/Hardware-t.build/DerivedSources -Xcc -DSWIFT_PACKAGE -Xcc -DDEBUG\=1 -no-auto-bridging-header-chaining -module-name Hardware -const-gather-protocols-file /host/spi-builder-workspace/.build/out/Intermediates.noindex/Hardware.build/Debug-android-aarch64/Hardware-t.build/Objects-normal/aarch64/Hardware_const_extract_protocols.json -in-process-plugin-server-path /root/.local/share/swiftly/toolchains/6.4.x-snapshot-2026-09-04/usr/lib/swift/host/libSwiftInProcPluginServer.so -plugin-path /root/.local/share/swiftly/toolchains/6.4.x-snapshot-2026-09-04/usr/lib/swift/host/plugins -plugin-path /root/.local/share/swiftly/toolchains/6.4.x-snapshot-2026-09-04/usr/local/lib/swift/host/plugins -parse-as-library -o /host/spi-builder-workspace/.build/out/Intermediates.noindex/Hardware.build/Debug-android-aarch64/Hardware-t.build/Objects-normal/aarch64/System.o -index-unit-output-path /Hardware.build/Debug-android-aarch64/Hardware-t.build/Objects-normal/aarch64/System.o -index-store-path /host/spi-builder-workspace/.build/out -index-system-modules
error: SwiftCompile normal aarch64 /host/spi-builder-workspace/Sources/Hardware/Platform.swift failed with a nonzero exit code. Command line:     cd /host
    builtin-SwiftPerFileCompile Platform.swift
/host/spi-builder-workspace/Sources/Hardware/Platform.swift:59:36: error: type 'Platform.Base' has no member 'unknown'
57 |             return Platform(base: .linux, variant: .normal)
58 |         #else
59 |             return Platform(base: .unknown, variant: .normal)
   |                                    `- error: type 'Platform.Base' has no member 'unknown'
60 |         #endif
61 |     }
Failed frontend command:
/root/.local/share/swiftly/toolchains/6.4.x-snapshot-2026-09-04/usr/bin/swift-frontend -frontend -c /host/spi-builder-workspace/Sources/Hardware/Device.swift /host/spi-builder-workspace/Sources/Hardware/EthernetInterface.swift /host/spi-builder-workspace/Sources/Hardware/IOIterator.swift /host/spi-builder-workspace/Sources/Hardware/IOObject.swift /host/spi-builder-workspace/Sources/Hardware/IORegistryEntry.swift /host/spi-builder-workspace/Sources/Hardware/IOService.swift /host/spi-builder-workspace/Sources/Hardware/MacAddress.swift -primary-file /host/spi-builder-workspace/Sources/Hardware/Platform.swift /host/spi-builder-workspace/Sources/Hardware/System.swift -emit-dependencies-path /host/spi-builder-workspace/.build/out/Intermediates.noindex/Hardware.build/Debug-android-aarch64/Hardware-t.build/Objects-normal/aarch64/Platform.d -emit-const-values-path /host/spi-builder-workspace/.build/out/Intermediates.noindex/Hardware.build/Debug-android-aarch64/Hardware-t.build/Objects-normal/aarch64/Platform.swiftconstvalues -emit-reference-dependencies-path /host/spi-builder-workspace/.build/out/Intermediates.noindex/Hardware.build/Debug-android-aarch64/Hardware-t.build/Objects-normal/aarch64/Platform.swiftdeps -serialize-diagnostics-path /host/spi-builder-workspace/.build/out/Intermediates.noindex/Hardware.build/Debug-android-aarch64/Hardware-t.build/Objects-normal/aarch64/Platform.dia -target aarch64-unknown-linux-android28 -Xllvm -aarch64-use-tbi -disable-objc-interop -sdk /android-ndk/android-ndk-r27d/toolchains/llvm/prebuilt/linux-x86_64/sysroot -sysroot /android-ndk/android-ndk-r27d/toolchains/llvm/prebuilt/linux-x86_64/sysroot -I /host/spi-builder-workspace/.build/out/Products/Debug-android-aarch64 -module-cache-path /host/spi-builder-workspace/.build/out/ModuleCache.noindex -color-diagnostics -Xcc -fcolor-diagnostics -enable-testing -g -debug-info-format\=dwarf -dwarf-version\=4 -swift-version 5 -Onone -D SWIFT_PACKAGE -D DEBUG -D SWIFT_MODULE_RESOURCE_BUNDLE_UNAVAILABLE -D Xcode -serialize-debugging-options -enable-experimental-feature DebugDescriptionMacro -empty-abi-descriptor -external-plugin-path /root/.local/share/swiftly/toolchains/6.4.x-snapshot-2026-09-04/usr/lib/swift/host/plugins/testing\#/root/.local/share/swiftly/toolchains/6.4.x-snapshot-2026-09-04/usr/bin/swift-plugin-server -validate-clang-modules-once -clang-build-session-file /host/spi-builder-workspace/.build/out/ModuleCache.noindex/Session.modulevalidation -Xcc -working-directory -Xcc /host -resource-dir /root/.swiftpm/swift-sdks/swift-6.4.x-DEVELOPMENT-SNAPSHOT-2026-09-04-a_android.artifactbundle/swift-android/swift-resources/usr/lib/swift-aarch64 -enable-anonymous-context-mangled-names -file-compilation-dir /host -Xcc -resource-dir -Xcc /android-ndk/android-ndk-r27d/toolchains/llvm/prebuilt/linux-x86_64/lib/clang/18 -Xcc -fno-omit-frame-pointer -Xcc -D_LIBCPP_HARDENING_MODE\=_LIBCPP_HARDENING_MODE_DEBUG -Xcc -fmodules-prune-interval\=86400 -Xcc -fmodules-prune-after\=345600 -Xcc -I/host/spi-builder-workspace/.build/out/Products/Debug-android-aarch64/include -Xcc -I/host/spi-builder-workspace/.build/out/Intermediates.noindex/Hardware.build/Debug-android-aarch64/Hardware-t.build/DerivedSources-normal/aarch64 -Xcc -I/host/spi-builder-workspace/.build/out/Intermediates.noindex/Hardware.build/Debug-android-aarch64/Hardware-t.build/DerivedSources/aarch64 -Xcc -I/host/spi-builder-workspace/.build/out/Intermediates.noindex/Hardware.build/Debug-android-aarch64/Hardware-t.build/DerivedSources -Xcc -DSWIFT_PACKAGE -Xcc -DDEBUG\=1 -no-auto-bridging-header-chaining -module-name Hardware -const-gather-protocols-file /host/spi-builder-workspace/.build/out/Intermediates.noindex/Hardware.build/Debug-android-aarch64/Hardware-t.build/Objects-normal/aarch64/Hardware_const_extract_protocols.json -in-process-plugin-server-path /root/.local/share/swiftly/toolchains/6.4.x-snapshot-2026-09-04/usr/lib/swift/host/libSwiftInProcPluginServer.so -plugin-path /root/.local/share/swiftly/toolchains/6.4.x-snapshot-2026-09-04/usr/lib/swift/host/plugins -plugin-path /root/.local/share/swiftly/toolchains/6.4.x-snapshot-2026-09-04/usr/local/lib/swift/host/plugins -parse-as-library -o /host/spi-builder-workspace/.build/out/Intermediates.noindex/Hardware.build/Debug-android-aarch64/Hardware-t.build/Objects-normal/aarch64/Platform.o -index-unit-output-path /Hardware.build/Debug-android-aarch64/Hardware-t.build/Objects-normal/aarch64/Platform.o -index-store-path /host/spi-builder-workspace/.build/out -index-system-modules
error: Build failed
BUILD FAILURE 6.4 android