The Swift Package Index logo.Swift Package Index

Build Information

Failed to build SkyPath, reference master (f7c6a3), with Swift 6.1 for Android on 24 Oct 2026 07:38:12 UTC.

Build Command

bash -c docker run --pull=always --rm -v "checkouts-53886769-2":/host -w "$PWD" -e JAVA_HOME="/root/.sdkman/candidates/java/current" -e SPI_BUILD="1" -e SPI_PROCESSING="1" registry.gitlab.com/saguaro1/spi-images:android-6.1-latest swift build --swift-sdk aarch64-unknown-linux-android24 2>&1

Build Log

========================================
RunAll
========================================
Builder version: 5.1.3
Interrupt handler set up.
========================================
Checkout
========================================
Clone URL: https://github.com/Yamasee/skypath-ios-sdk.git
Reference: master
Initialized empty Git repository in /host/spi-builder-workspace/.git/
hint: Using 'master' as the name for the initial branch. This default branch name
hint: is subject to change. To configure the initial branch name to use in all
hint: of your new repositories, which will suppress this warning, call:
hint:
hint: 	git config --global init.defaultBranch <name>
hint:
hint: Names commonly chosen instead of 'master' are 'main', 'trunk' and
hint: 'development'. The just-created branch can be renamed via this command:
hint:
hint: 	git branch -m <name>
From https://github.com/Yamasee/skypath-ios-sdk
 * branch            master     -> FETCH_HEAD
 * [new branch]      master     -> origin/master
HEAD is now at f7c6a33 Update Demo to 4.0.1
Cloned https://github.com/Yamasee/skypath-ios-sdk.git
Revision (git rev-parse @):
f7c6a33a32df0bdbeab836b17a2c2201611958b4
SPI manifest file found: $PWD/.spi.yml
SUCCESS checkout https://github.com/Yamasee/skypath-ios-sdk.git at master
========================================
Build
========================================
Selected platform:         android
Swift version:             6.1
Building package at path:  $PWD
https://github.com/Yamasee/skypath-ios-sdk.git
https://github.com/Yamasee/skypath-ios-sdk.git
WARNING: environment variable SUPPRESS_SWIFT_6_FLAGS is not set
Running build ...
bash -c docker run --pull=always --rm -v "checkouts-53886769-2":/host -w "$PWD" -e JAVA_HOME="/root/.sdkman/candidates/java/current" -e SPI_BUILD="1" -e SPI_PROCESSING="1" registry.gitlab.com/saguaro1/spi-images:android-6.1-latest swift build --swift-sdk aarch64-unknown-linux-android24 -Xswiftc -Xfrontend -Xswiftc -stats-output-dir -Xswiftc -Xfrontend -Xswiftc .stats -Xswiftc -strict-concurrency=complete -Xswiftc -enable-upcoming-feature -Xswiftc StrictConcurrency -Xswiftc -enable-upcoming-feature -Xswiftc DisableOutwardActorInference -Xswiftc -enable-upcoming-feature -Xswiftc GlobalActorIsolatedTypesUsability -Xswiftc -enable-upcoming-feature -Xswiftc InferSendableFromCaptures 2>&1
android-6.1-latest: Pulling from saguaro1/spi-images
Digest: sha256:1af1ef9e2b8f7a959ad4dced2035c22f050ae85f531ed2857472423d8f2ef4d3
Status: Image is up to date for registry.gitlab.com/saguaro1/spi-images:android-6.1-latest
Fetching https://github.com/GEOSwift/geos
Fetching https://github.com/mapbox/turf-swift
[1/6199] Fetching turf-swift
[2171/11059] Fetching turf-swift, geos
Fetched https://github.com/mapbox/turf-swift from cache (0.63s)
Fetched https://github.com/GEOSwift/geos from cache (0.64s)
Computing version for https://github.com/GEOSwift/geos
Computed https://github.com/GEOSwift/geos at 9.0.0 (0.87s)
Computing version for https://github.com/mapbox/turf-swift
Computed https://github.com/mapbox/turf-swift at 4.0.0 (1.01s)
Creating working copy for https://github.com/mapbox/turf-swift
Working copy of https://github.com/mapbox/turf-swift resolved at 4.0.0
Creating working copy for https://github.com/GEOSwift/geos
Working copy of https://github.com/GEOSwift/geos resolved at 9.0.0
Downloading binary artifact https://github.com/Yamasee/skypath-ios-sdk/releases/download/v4.0.1/SkyPathSDK.xcframework.zip
[828/28117951] Downloading https://github.com/Yamasee/skypath-ios-sdk/releases/download/v4.0.1/SkyPathSDK.xcframework.zip
Downloaded https://github.com/Yamasee/skypath-ios-sdk/releases/download/v4.0.1/SkyPathSDK.xcframework.zip (1.76s)
Building for debugging...
[0/443] Write sources
[2/443] Compiling BoundaryNodeRule.cpp
[3/443] Compiling Area.cpp
[4/443] Compiling CircularArcs.cpp
[5/443] Compiling Angle.cpp
[6/443] Compiling string.cpp
[7/443] Compiling ConvexHull.cpp
[8/443] Compiling Interrupt.cpp
[9/443] Compiling math.cpp
[10/443] Compiling Assert.cpp
[11/443] Compiling geos_c.cpp
[12/443] Compiling Profiler.cpp
[13/443] Compiling GeometricShapeFactory.cpp
[14/443] Compiling TriEdge.cpp
[15/443] Compiling TrianglePredicate.cpp
[16/443] Compiling TriangulationBuilder.cpp
[17/443] Compiling Tri.cpp
[18/443] Compiling Vertex.cpp
[19/443] Compiling LocateFailureException.cpp
[20/443] Compiling QuadEdge.cpp
[21/443] Compiling LastFoundQuadEdgeLocator.cpp
[22/443] Compiling TriDelaunayImprover.cpp
[23/443] Compiling PolygonTriangulator.cpp
[24/443] Compiling QuadEdgeSubdivision.cpp
[25/443] Write swift-version-24593BA9C3E375BF.txt
[26/443] Compiling geos_ts_c.cpp
[27/465] Compiling PolygonNoder.cpp
[28/465] Compiling PolygonEarClipper.cpp
[29/465] Compiling ConstrainedDelaunayTriangulator.cpp
[30/465] Compiling IncrementalDelaunayTriangulator.cpp
[31/465] Compiling TaggedLinesSimplifier.cpp
[32/465] Compiling VoronoiDiagramBuilder.cpp
[33/465] Compiling DelaunayTriangulationBuilder.cpp
[34/465] Compiling PolygonHoleJoiner.cpp
[35/465] Compiling TopologyPreservingSimplifier.cpp
[36/465] Compiling TaggedLineStringSimplifier.cpp
[37/465] Compiling TaggedLineString.cpp
[38/465] Compiling TaggedLineSegment.cpp
[39/465] Compiling RingHullIndex.cpp
[40/465] Compiling LinkedRing.cpp
[41/465] Compiling RingHull.cpp
[42/465] Compiling PolygonHullSimplifier.cpp
[43/465] Compiling LinkedLine.cpp
[44/465] Compiling LineSegmentIndex.cpp
[45/465] Compiling DouglasPeuckerSimplifier.cpp
[46/465] Compiling DouglasPeuckerLineSimplifier.cpp
[47/465] Compiling ComponentJumpChecker.cpp
[48/465] Compiling MortonCode.cpp
[49/465] Compiling HilbertCode.cpp
[50/465] Compiling SimpleGeometryPrecisionReducer.cpp
[51/465] Compiling HilbertEncoder.cpp
[52/465] Compiling PrecisionReducerTransformer.cpp
[53/465] Compiling PrecisionReducerCoordinateOperation.cpp
[54/465] Compiling CommonBits.cpp
[55/465] Compiling PointwisePrecisionReducerTransformer.cpp
[56/465] Compiling EnhancedPrecisionOp.cpp
[57/465] Compiling CommonBitsRemover.cpp
[58/465] Compiling GeometryPrecisionReducer.cpp
[59/465] Compiling MinimumClearance.cpp
[60/465] Compiling CommonBitsOp.cpp
error: emit-module command failed with exit code 1 (use -v to see invocation)
[62/465] Emitting module Turf
/host/spi-builder-workspace/.build/checkouts/turf-swift/Sources/Turf/BoundingBox.swift:3:8: error: no such module 'CoreLocation'
 1 | import Foundation
 2 | #if !os(Linux)
 3 | import CoreLocation
   |        `- error: no such module 'CoreLocation'
 4 | #endif
 5 |
[63/468] Compiling Turf Consumer.swift
/host/spi-builder-workspace/.build/checkouts/turf-swift/Sources/Turf/BoundingBox.swift:3:8: error: no such module 'CoreLocation'
 1 | import Foundation
 2 | #if !os(Linux)
 3 | import CoreLocation
   |        `- error: no such module 'CoreLocation'
 4 | #endif
 5 |
[64/468] Compiling Turf CoreLocation.swift
/host/spi-builder-workspace/.build/checkouts/turf-swift/Sources/Turf/BoundingBox.swift:3:8: error: no such module 'CoreLocation'
 1 | import Foundation
 2 | #if !os(Linux)
 3 | import CoreLocation
   |        `- error: no such module 'CoreLocation'
 4 | #endif
 5 |
[65/468] Compiling Turf Feature.swift
/host/spi-builder-workspace/.build/checkouts/turf-swift/Sources/Turf/BoundingBox.swift:3:8: error: no such module 'CoreLocation'
 1 | import Foundation
 2 | #if !os(Linux)
 3 | import CoreLocation
   |        `- error: no such module 'CoreLocation'
 4 | #endif
 5 |
[66/468] Compiling Turf RadianCoordinate2D.swift
/host/spi-builder-workspace/.build/checkouts/turf-swift/Sources/Turf/BoundingBox.swift:3:8: error: no such module 'CoreLocation'
 1 | import Foundation
 2 | #if !os(Linux)
 3 | import CoreLocation
   |        `- error: no such module 'CoreLocation'
 4 | #endif
 5 |
[67/468] Compiling Turf Ring.swift
/host/spi-builder-workspace/.build/checkouts/turf-swift/Sources/Turf/BoundingBox.swift:3:8: error: no such module 'CoreLocation'
 1 | import Foundation
 2 | #if !os(Linux)
 3 | import CoreLocation
   |        `- error: no such module 'CoreLocation'
 4 | #endif
 5 |
[68/468] Compiling Turf Simplifier.swift
/host/spi-builder-workspace/.build/checkouts/turf-swift/Sources/Turf/BoundingBox.swift:3:8: error: no such module 'CoreLocation'
 1 | import Foundation
 2 | #if !os(Linux)
 3 | import CoreLocation
   |        `- error: no such module 'CoreLocation'
 4 | #endif
 5 |
[69/468] Compiling Turf BoundingBox.swift
/host/spi-builder-workspace/.build/checkouts/turf-swift/Sources/Turf/BoundingBox.swift:3:8: error: no such module 'CoreLocation'
 1 | import Foundation
 2 | #if !os(Linux)
 3 | import CoreLocation
   |        `- error: no such module 'CoreLocation'
 4 | #endif
 5 |
[70/468] Compiling Turf Codable.swift
/host/spi-builder-workspace/.build/checkouts/turf-swift/Sources/Turf/BoundingBox.swift:3:8: error: no such module 'CoreLocation'
 1 | import Foundation
 2 | #if !os(Linux)
 3 | import CoreLocation
   |        `- error: no such module 'CoreLocation'
 4 | #endif
 5 |
[71/468] Compiling Turf Consumer+WKT.swift
/host/spi-builder-workspace/.build/checkouts/turf-swift/Sources/Turf/BoundingBox.swift:3:8: error: no such module 'CoreLocation'
 1 | import Foundation
 2 | #if !os(Linux)
 3 | import CoreLocation
   |        `- error: no such module 'CoreLocation'
 4 | #endif
 5 |
[72/468] Compiling Turf MultiPoint.swift
/host/spi-builder-workspace/.build/checkouts/turf-swift/Sources/Turf/BoundingBox.swift:3:8: error: no such module 'CoreLocation'
 1 | import Foundation
 2 | #if !os(Linux)
 3 | import CoreLocation
   |        `- error: no such module 'CoreLocation'
 4 | #endif
 5 |
[73/468] Compiling Turf MultiPolygon.swift
/host/spi-builder-workspace/.build/checkouts/turf-swift/Sources/Turf/BoundingBox.swift:3:8: error: no such module 'CoreLocation'
 1 | import Foundation
 2 | #if !os(Linux)
 3 | import CoreLocation
   |        `- error: no such module 'CoreLocation'
 4 | #endif
 5 |
[74/468] Compiling Turf Point.swift
/host/spi-builder-workspace/.build/checkouts/turf-swift/Sources/Turf/BoundingBox.swift:3:8: error: no such module 'CoreLocation'
 1 | import Foundation
 2 | #if !os(Linux)
 3 | import CoreLocation
   |        `- error: no such module 'CoreLocation'
 4 | #endif
 5 |
[75/468] Compiling Turf GeometryCollection.swift
/host/spi-builder-workspace/.build/checkouts/turf-swift/Sources/Turf/BoundingBox.swift:3:8: error: no such module 'CoreLocation'
 1 | import Foundation
 2 | #if !os(Linux)
 3 | import CoreLocation
   |        `- error: no such module 'CoreLocation'
 4 | #endif
 5 |
[76/468] Compiling Turf LineString.swift
/host/spi-builder-workspace/.build/checkouts/turf-swift/Sources/Turf/BoundingBox.swift:3:8: error: no such module 'CoreLocation'
 1 | import Foundation
 2 | #if !os(Linux)
 3 | import CoreLocation
   |        `- error: no such module 'CoreLocation'
 4 | #endif
 5 |
[77/468] Compiling Turf MultiLineString.swift
/host/spi-builder-workspace/.build/checkouts/turf-swift/Sources/Turf/BoundingBox.swift:3:8: error: no such module 'CoreLocation'
 1 | import Foundation
 2 | #if !os(Linux)
 3 | import CoreLocation
   |        `- error: no such module 'CoreLocation'
 4 | #endif
 5 |
[78/468] Compiling Turf Polygon.swift
/host/spi-builder-workspace/.build/checkouts/turf-swift/Sources/Turf/BoundingBox.swift:3:8: error: no such module 'CoreLocation'
 1 | import Foundation
 2 | #if !os(Linux)
 3 | import CoreLocation
   |        `- error: no such module 'CoreLocation'
 4 | #endif
 5 |
[79/468] Compiling Turf Geometry.swift
/host/spi-builder-workspace/.build/checkouts/turf-swift/Sources/Turf/BoundingBox.swift:3:8: error: no such module 'CoreLocation'
 1 | import Foundation
 2 | #if !os(Linux)
 3 | import CoreLocation
   |        `- error: no such module 'CoreLocation'
 4 | #endif
 5 |
[80/468] Compiling Turf JSON.swift
/host/spi-builder-workspace/.build/checkouts/turf-swift/Sources/Turf/BoundingBox.swift:3:8: error: no such module 'CoreLocation'
 1 | import Foundation
 2 | #if !os(Linux)
 3 | import CoreLocation
   |        `- error: no such module 'CoreLocation'
 4 | #endif
 5 |
[81/468] Compiling Turf FeatureCollection.swift
/host/spi-builder-workspace/.build/checkouts/turf-swift/Sources/Turf/BoundingBox.swift:3:8: error: no such module 'CoreLocation'
 1 | import Foundation
 2 | #if !os(Linux)
 3 | import CoreLocation
   |        `- error: no such module 'CoreLocation'
 4 | #endif
 5 |
[82/468] Compiling Turf FeatureIdentifier.swift
/host/spi-builder-workspace/.build/checkouts/turf-swift/Sources/Turf/BoundingBox.swift:3:8: error: no such module 'CoreLocation'
 1 | import Foundation
 2 | #if !os(Linux)
 3 | import CoreLocation
   |        `- error: no such module 'CoreLocation'
 4 | #endif
 5 |
[83/468] Compiling Turf GeoJSON.swift
/host/spi-builder-workspace/.build/checkouts/turf-swift/Sources/Turf/BoundingBox.swift:3:8: error: no such module 'CoreLocation'
 1 | import Foundation
 2 | #if !os(Linux)
 3 | import CoreLocation
   |        `- error: no such module 'CoreLocation'
 4 | #endif
 5 |
[83/468] Compiling Subgraph.cpp
[84/468] Compiling ConnectedSubgraphFinder.cpp
[86/468] Compiling Turf Spline.swift
/host/spi-builder-workspace/.build/checkouts/turf-swift/Sources/Turf/BoundingBox.swift:3:8: error: no such module 'CoreLocation'
 1 | import Foundation
 2 | #if !os(Linux)
 3 | import CoreLocation
   |        `- error: no such module 'CoreLocation'
 4 | #endif
 5 |
[87/468] Compiling Turf Turf.swift
/host/spi-builder-workspace/.build/checkouts/turf-swift/Sources/Turf/BoundingBox.swift:3:8: error: no such module 'CoreLocation'
 1 | import Foundation
 2 | #if !os(Linux)
 3 | import CoreLocation
   |        `- error: no such module 'CoreLocation'
 4 | #endif
 5 |
[88/468] Compiling Turf WKT.swift
/host/spi-builder-workspace/.build/checkouts/turf-swift/Sources/Turf/BoundingBox.swift:3:8: error: no such module 'CoreLocation'
 1 | import Foundation
 2 | #if !os(Linux)
 3 | import CoreLocation
   |        `- error: no such module 'CoreLocation'
 4 | #endif
 5 |
[88/468] Compiling TopologyValidationError.cpp
[88/468] Compiling DirectedEdgeStar.cpp
[88/468] Compiling PlanarGraph.cpp
[88/468] Compiling Edge.cpp
[88/468] Compiling Node.cpp
[88/468] Compiling DirectedEdge.cpp
[88/468] Compiling NodeMap.cpp
Running build ...
bash -c docker run --pull=always --rm -v "checkouts-53886769-2":/host -w "$PWD" -e JAVA_HOME="/root/.sdkman/candidates/java/current" -e SPI_BUILD="1" -e SPI_PROCESSING="1" registry.gitlab.com/saguaro1/spi-images:android-6.1-latest swift build --swift-sdk aarch64-unknown-linux-android24 2>&1
android-6.1-latest: Pulling from saguaro1/spi-images
Digest: sha256:1af1ef9e2b8f7a959ad4dced2035c22f050ae85f531ed2857472423d8f2ef4d3
Status: Image is up to date for registry.gitlab.com/saguaro1/spi-images:android-6.1-latest
[0/1] Planning build
Building for debugging...
[0/381] Compiling TopologyValidationError.cpp
[1/381] Compiling Node.cpp
[2/381] Compiling NodeMap.cpp
[3/381] Compiling Edge.cpp
[4/381] Compiling DirectedEdgeStar.cpp
[5/381] Write swift-version-24593BA9C3E375BF.txt
[6/381] Compiling PlanarGraph.cpp
[7/381] Compiling DirectedEdge.cpp
[8/381] Compiling RepeatedPointTester.cpp
[10/403] Compiling Turf RadianCoordinate2D.swift
/host/spi-builder-workspace/.build/checkouts/turf-swift/Sources/Turf/BoundingBox.swift:3:8: error: no such module 'CoreLocation'
 1 | import Foundation
 2 | #if !os(Linux)
 3 | import CoreLocation
   |        `- error: no such module 'CoreLocation'
 4 | #endif
 5 |
[11/403] Compiling Turf Ring.swift
/host/spi-builder-workspace/.build/checkouts/turf-swift/Sources/Turf/BoundingBox.swift:3:8: error: no such module 'CoreLocation'
 1 | import Foundation
 2 | #if !os(Linux)
 3 | import CoreLocation
   |        `- error: no such module 'CoreLocation'
 4 | #endif
 5 |
[12/403] Compiling Turf Simplifier.swift
/host/spi-builder-workspace/.build/checkouts/turf-swift/Sources/Turf/BoundingBox.swift:3:8: error: no such module 'CoreLocation'
 1 | import Foundation
 2 | #if !os(Linux)
 3 | import CoreLocation
   |        `- error: no such module 'CoreLocation'
 4 | #endif
 5 |
[13/403] Compiling Turf BoundingBox.swift
/host/spi-builder-workspace/.build/checkouts/turf-swift/Sources/Turf/BoundingBox.swift:3:8: error: no such module 'CoreLocation'
 1 | import Foundation
 2 | #if !os(Linux)
 3 | import CoreLocation
   |        `- error: no such module 'CoreLocation'
 4 | #endif
 5 |
[14/403] Compiling Turf Codable.swift
/host/spi-builder-workspace/.build/checkouts/turf-swift/Sources/Turf/BoundingBox.swift:3:8: error: no such module 'CoreLocation'
 1 | import Foundation
 2 | #if !os(Linux)
 3 | import CoreLocation
   |        `- error: no such module 'CoreLocation'
 4 | #endif
 5 |
[15/403] Compiling Turf Consumer+WKT.swift
/host/spi-builder-workspace/.build/checkouts/turf-swift/Sources/Turf/BoundingBox.swift:3:8: error: no such module 'CoreLocation'
 1 | import Foundation
 2 | #if !os(Linux)
 3 | import CoreLocation
   |        `- error: no such module 'CoreLocation'
 4 | #endif
 5 |
[16/406] Compiling Turf GeometryCollection.swift
/host/spi-builder-workspace/.build/checkouts/turf-swift/Sources/Turf/BoundingBox.swift:3:8: error: no such module 'CoreLocation'
 1 | import Foundation
 2 | #if !os(Linux)
 3 | import CoreLocation
   |        `- error: no such module 'CoreLocation'
 4 | #endif
 5 |
[17/406] Compiling Turf LineString.swift
/host/spi-builder-workspace/.build/checkouts/turf-swift/Sources/Turf/BoundingBox.swift:3:8: error: no such module 'CoreLocation'
 1 | import Foundation
 2 | #if !os(Linux)
 3 | import CoreLocation
   |        `- error: no such module 'CoreLocation'
 4 | #endif
 5 |
[18/406] Compiling Turf MultiLineString.swift
/host/spi-builder-workspace/.build/checkouts/turf-swift/Sources/Turf/BoundingBox.swift:3:8: error: no such module 'CoreLocation'
 1 | import Foundation
 2 | #if !os(Linux)
 3 | import CoreLocation
   |        `- error: no such module 'CoreLocation'
 4 | #endif
 5 |
error: emit-module command failed with exit code 1 (use -v to see invocation)
[19/406] Emitting module Turf
/host/spi-builder-workspace/.build/checkouts/turf-swift/Sources/Turf/BoundingBox.swift:3:8: error: no such module 'CoreLocation'
 1 | import Foundation
 2 | #if !os(Linux)
 3 | import CoreLocation
   |        `- error: no such module 'CoreLocation'
 4 | #endif
 5 |
[20/406] Compiling Turf MultiPoint.swift
/host/spi-builder-workspace/.build/checkouts/turf-swift/Sources/Turf/BoundingBox.swift:3:8: error: no such module 'CoreLocation'
 1 | import Foundation
 2 | #if !os(Linux)
 3 | import CoreLocation
   |        `- error: no such module 'CoreLocation'
 4 | #endif
 5 |
[21/406] Compiling Turf MultiPolygon.swift
/host/spi-builder-workspace/.build/checkouts/turf-swift/Sources/Turf/BoundingBox.swift:3:8: error: no such module 'CoreLocation'
 1 | import Foundation
 2 | #if !os(Linux)
 3 | import CoreLocation
   |        `- error: no such module 'CoreLocation'
 4 | #endif
 5 |
[22/406] Compiling Turf Point.swift
/host/spi-builder-workspace/.build/checkouts/turf-swift/Sources/Turf/BoundingBox.swift:3:8: error: no such module 'CoreLocation'
 1 | import Foundation
 2 | #if !os(Linux)
 3 | import CoreLocation
   |        `- error: no such module 'CoreLocation'
 4 | #endif
 5 |
[23/406] Compiling Turf Polygon.swift
/host/spi-builder-workspace/.build/checkouts/turf-swift/Sources/Turf/BoundingBox.swift:3:8: error: no such module 'CoreLocation'
 1 | import Foundation
 2 | #if !os(Linux)
 3 | import CoreLocation
   |        `- error: no such module 'CoreLocation'
 4 | #endif
 5 |
[24/406] Compiling Turf Geometry.swift
/host/spi-builder-workspace/.build/checkouts/turf-swift/Sources/Turf/BoundingBox.swift:3:8: error: no such module 'CoreLocation'
 1 | import Foundation
 2 | #if !os(Linux)
 3 | import CoreLocation
   |        `- error: no such module 'CoreLocation'
 4 | #endif
 5 |
[25/406] Compiling Turf JSON.swift
/host/spi-builder-workspace/.build/checkouts/turf-swift/Sources/Turf/BoundingBox.swift:3:8: error: no such module 'CoreLocation'
 1 | import Foundation
 2 | #if !os(Linux)
 3 | import CoreLocation
   |        `- error: no such module 'CoreLocation'
 4 | #endif
 5 |
[26/406] Compiling Turf FeatureCollection.swift
/host/spi-builder-workspace/.build/checkouts/turf-swift/Sources/Turf/BoundingBox.swift:3:8: error: no such module 'CoreLocation'
 1 | import Foundation
 2 | #if !os(Linux)
 3 | import CoreLocation
   |        `- error: no such module 'CoreLocation'
 4 | #endif
 5 |
[27/406] Compiling Turf FeatureIdentifier.swift
/host/spi-builder-workspace/.build/checkouts/turf-swift/Sources/Turf/BoundingBox.swift:3:8: error: no such module 'CoreLocation'
 1 | import Foundation
 2 | #if !os(Linux)
 3 | import CoreLocation
   |        `- error: no such module 'CoreLocation'
 4 | #endif
 5 |
[28/406] Compiling Turf GeoJSON.swift
/host/spi-builder-workspace/.build/checkouts/turf-swift/Sources/Turf/BoundingBox.swift:3:8: error: no such module 'CoreLocation'
 1 | import Foundation
 2 | #if !os(Linux)
 3 | import CoreLocation
   |        `- error: no such module 'CoreLocation'
 4 | #endif
 5 |
[29/406] Compiling Turf Consumer.swift
/host/spi-builder-workspace/.build/checkouts/turf-swift/Sources/Turf/BoundingBox.swift:3:8: error: no such module 'CoreLocation'
 1 | import Foundation
 2 | #if !os(Linux)
 3 | import CoreLocation
   |        `- error: no such module 'CoreLocation'
 4 | #endif
 5 |
[30/406] Compiling Turf CoreLocation.swift
/host/spi-builder-workspace/.build/checkouts/turf-swift/Sources/Turf/BoundingBox.swift:3:8: error: no such module 'CoreLocation'
 1 | import Foundation
 2 | #if !os(Linux)
 3 | import CoreLocation
   |        `- error: no such module 'CoreLocation'
 4 | #endif
 5 |
[31/406] Compiling Turf Feature.swift
/host/spi-builder-workspace/.build/checkouts/turf-swift/Sources/Turf/BoundingBox.swift:3:8: error: no such module 'CoreLocation'
 1 | import Foundation
 2 | #if !os(Linux)
 3 | import CoreLocation
   |        `- error: no such module 'CoreLocation'
 4 | #endif
 5 |
[32/406] Compiling Turf Spline.swift
/host/spi-builder-workspace/.build/checkouts/turf-swift/Sources/Turf/BoundingBox.swift:3:8: error: no such module 'CoreLocation'
 1 | import Foundation
 2 | #if !os(Linux)
 3 | import CoreLocation
   |        `- error: no such module 'CoreLocation'
 4 | #endif
 5 |
[33/406] Compiling Turf Turf.swift
/host/spi-builder-workspace/.build/checkouts/turf-swift/Sources/Turf/BoundingBox.swift:3:8: error: no such module 'CoreLocation'
 1 | import Foundation
 2 | #if !os(Linux)
 3 | import CoreLocation
   |        `- error: no such module 'CoreLocation'
 4 | #endif
 5 |
[34/406] Compiling Turf WKT.swift
/host/spi-builder-workspace/.build/checkouts/turf-swift/Sources/Turf/BoundingBox.swift:3:8: error: no such module 'CoreLocation'
 1 | import Foundation
 2 | #if !os(Linux)
 3 | import CoreLocation
   |        `- error: no such module 'CoreLocation'
 4 | #endif
 5 |
[34/406] Compiling PolygonTopologyAnalyzer.cpp
[34/406] Compiling PolygonRing.cpp
[34/406] Compiling PolygonIntersectionAnalyzer.cpp
[34/406] Compiling PolygonRingTouch.cpp
[34/406] Compiling RepeatedPointRemover.cpp
[34/406] Compiling PolygonRingSelfNode.cpp
[34/406] Compiling MakeValid.cpp
BUILD FAILURE 6.1 android